000
CDUS43 KOAX 230655
CLIOMA


CLIMATE REPORT
NATIONAL WEATHER SERVICE OMAHA NEBRASKA
1254 AM CST TUE JAN 23 2018


...................................

...THE OMAHA EPPLEY, NEBRASKA CLIMATE SUMMARY FOR JANUARY 22 2018...

CLIMATE NORMAL PERIOD 1981 TO 2010
CLIMATE RECORD PERIOD 1871 TO 2018


WEATHER ITEM   OBSERVED TIME   RECORD YEAR NORMAL DEPARTURE LAST
                VALUE   (LST)  VALUE       VALUE  FROM      YEAR
                                                  NORMAL
..................................................................
TEMPERATURE (F)
 YESTERDAY
  MAXIMUM         38    429 AM  58    2002  34      4       40
                                      1989
  MINIMUM         30   1159 PM -19    1883  14     16       25
  AVERAGE         34                        24     10       33

PRECIPITATION (IN)
  YESTERDAY        0.40          0.94 1982   0.02   0.38     0.00
  MONTH TO DATE    0.77                      0.49   0.28     0.74
  SINCE DEC 1      1.19                      1.53  -0.34     2.21
  SINCE JAN 1      0.77                      0.49   0.28     0.74

SNOWFALL (IN)
  YESTERDAY        1.0                       0.2    0.8      0.0
  MONTH TO DATE    3.3                       4.2   -0.9      0.6
  SINCE JUL 1      6.9                      13.2   -6.3      3.8
  SNOW DEPTH       0

DEGREE DAYS
 HEATING
  YESTERDAY       31                        41    -10       32
  MONTH TO DATE  981                       923     58      858
  SINCE DEC 1   2140                      2132      8     2031
  SINCE JUL 1   3200                      3402   -202     2782

 COOLING
  YESTERDAY        0                         0      0        0
  MONTH TO DATE    0                         0      0        0
  SINCE DEC 1      0                         0      0        0
  SINCE JAN 1      0                         0      0        0
..................................................................


WIND (MPH)
  HIGHEST WIND SPEED    39   HIGHEST WIND DIRECTION     N (340)
  HIGHEST GUST SPEED    52   HIGHEST GUST DIRECTION     N (350)
  AVERAGE WIND SPEED    20.1


SKY COVER
  POSSIBLE SUNSHINE  MM
  AVERAGE SKY COVER 0.9


WEATHER CONDITIONS
 THE FOLLOWING WEATHER WAS RECORDED YESTERDAY.
  THUNDERSTORM
  HEAVY RAIN
  RAIN
  LIGHT RAIN
  SNOW
  LIGHT SNOW
  SLEET
  FOG
  BLOWING SNOW


RELATIVE HUMIDITY (PERCENT)
 HIGHEST   100           700 AM
 LOWEST     85           400 AM
 AVERAGE    93

..........................................................


THE OMAHA EPPLEY, NEBRASKA CLIMATE NORMALS FOR TODAY
                         NORMAL    RECORD    YEAR
 MAXIMUM TEMPERATURE (F)   34        63      1994
                                             1947
 MINIMUM TEMPERATURE (F)   14       -17      1963
                                             1948


SUNRISE AND SUNSET
JANUARY 23 2018.......SUNRISE   742 AM CST   SUNSET   529 PM CST
JANUARY 24 2018.......SUNRISE   742 AM CST   SUNSET   530 PM CST


-  INDICATES NEGATIVE NUMBERS.
R  INDICATES RECORD WAS SET OR TIED.
MM INDICATES DATA IS MISSING.
T  INDICATES TRACE AMOUNT.




$$
