000
CDUS43 KOAX 250639
CLIOMA


CLIMATE REPORT
NATIONAL WEATHER SERVICE OMAHA NEBRASKA
1237 AM CST THU DEC 25 2014


...................................

...THE OMAHA EPPLEY, NEBRASKA CLIMATE SUMMARY FOR DECEMBER 24 2014...

CLIMATE NORMAL PERIOD 1981 TO 2010
CLIMATE RECORD PERIOD 1871 TO 2014


WEATHER ITEM   OBSERVED TIME   RECORD YEAR NORMAL DEPARTURE LAST
                VALUE   (LST)  VALUE       VALUE  FROM      YEAR
                                                  NORMAL
..................................................................
TEMPERATURE (F)
 YESTERDAY
  MAXIMUM         35    245 AM  68    1889  33      2       25
  MINIMUM         29   1154 PM -19    1983  15     14       -2
  AVERAGE         32                        24      8       12

PRECIPITATION (IN)
  YESTERDAY        T             0.79 1875   0.02  -0.02      T
  MONTH TO DATE    1.63                      0.85   0.78     0.20
  SINCE DEC 1      1.63                      0.85   0.78     0.20
  SINCE JAN 1     39.09                     30.43   8.66    29.00

SNOWFALL (IN)
  YESTERDAY        T                         0.2   -0.2       T
  MONTH TO DATE    0.3                       4.8   -4.5      3.1
  SINCE JUL 1      2.7                       7.6   -4.9      3.5
  SNOW DEPTH       0

DEGREE DAYS
 HEATING
  YESTERDAY       33                        41     -8       53
  MONTH TO DATE  725                       921   -196     1055
  SINCE DEC 1    725                       921   -196     1055
  SINCE JUL 1   2026                      2191   -165     2281

 COOLING
  YESTERDAY        0                         0      0        0
  MONTH TO DATE    0                         0      0        0
  SINCE DEC 1      0                         0      0        0
  SINCE JAN 1   1149                      1113     36     1294
..................................................................


WIND (MPH)
  HIGHEST WIND SPEED    26   HIGHEST WIND DIRECTION     N (340)
  HIGHEST GUST SPEED    32   HIGHEST GUST DIRECTION     N (340)
  AVERAGE WIND SPEED    12.2


SKY COVER
  POSSIBLE SUNSHINE  MM
  AVERAGE SKY COVER 0.5


WEATHER CONDITIONS
 THE FOLLOWING WEATHER WAS RECORDED YESTERDAY.
  LIGHT RAIN
  SNOW
  LIGHT SNOW
  FOG


RELATIVE HUMIDITY (PERCENT)
 HIGHEST    92          1000 AM
 LOWEST     85          1200 PM
 AVERAGE    89

..........................................................


THE OMAHA EPPLEY, NEBRASKA CLIMATE NORMALS FOR TODAY
                         NORMAL    RECORD    YEAR
 MAXIMUM TEMPERATURE (F)   33        57      1946
                                             1936
 MINIMUM TEMPERATURE (F)   15       -17      1983


SUNRISE AND SUNSET
DECEMBER 25 2014......SUNRISE   748 AM CST   SUNSET   500 PM CST
DECEMBER 26 2014......SUNRISE   748 AM CST   SUNSET   500 PM CST


-  INDICATES NEGATIVE NUMBERS.
R  INDICATES RECORD WAS SET OR TIED.
MM INDICATES DATA IS MISSING.
T  INDICATES TRACE AMOUNT.




$$
