000
CDUS43 KOAX 222201
CLIOMA


CLIMATE REPORT
NATIONAL WEATHER SERVICE OMAHA NEBRASKA
450 PM CDT FRI MAY 22 2015


...................................

...THE OMAHA EPPLEY, NEBRASKA CLIMATE SUMMARY FOR MAY 22 2015...
VALID TODAY AS OF 400 PM LOCAL TIME.

CLIMATE NORMAL PERIOD 1981 TO 2010
CLIMATE RECORD PERIOD 1871 TO 2015


WEATHER ITEM   OBSERVED TIME   RECORD YEAR NORMAL DEPARTURE LAST
                VALUE   (LST)  VALUE       VALUE  FROM      YEAR
                                                  NORMAL
..................................................................
TEMPERATURE (F)
 TODAY
  MAXIMUM         70    122 PM  98    1925  76     -6       74
  MINIMUM         47    500 AM  34    1963  53     -6       56
  AVERAGE         59                        64     -5       65

PRECIPITATION (IN)
  TODAY            0.01          3.05 2004   0.16  -0.15     0.17
  MONTH TO DATE    4.78                      3.33   1.45     2.70
  SINCE MAR 1      8.99                      8.28   0.71     5.53
  SINCE JAN 1     10.13                      9.85   0.28     6.39

SNOWFALL (IN)
  TODAY            0.0                       0.0    0.0      0.0
  MONTH TO DATE    0.0                       0.1   -0.1      0.0
  SINCE JUL 1     13.8                      26.5  -12.7     17.8
  SNOW DEPTH       0

DEGREE DAYS
 HEATING
  TODAY            6                         3      3        0
  MONTH TO DATE  122                       125     -3      143
  SINCE MAR 1   1093                      1329   -236     1425
  SINCE JUL 1   5804                      6127   -323     6530

 COOLING
  TODAY            0                         3     -3        0
  MONTH TO DATE   26                        35     -9       44
  SINCE MAR 1     31                        51    -20       59
  SINCE JAN 1     31                        51    -20       59
..................................................................


WIND (MPH)
  HIGHEST WIND SPEED    20   HIGHEST WIND DIRECTION    SW (210)
  HIGHEST GUST SPEED    26   HIGHEST GUST DIRECTION    SW (210)
  AVERAGE WIND SPEED     3.5


SKY COVER
  POSSIBLE SUNSHINE  MM
  AVERAGE SKY COVER 0.8


WEATHER CONDITIONS
 THE FOLLOWING WEATHER WAS RECORDED TODAY.
  LIGHT RAIN


RELATIVE HUMIDITY (PERCENT)
 HIGHEST    80           500 AM
 LOWEST     33           100 PM
 AVERAGE    57

..........................................................


THE OMAHA EPPLEY, NEBRASKA CLIMATE NORMALS FOR TOMORROW
                         NORMAL    RECORD    YEAR
 MAXIMUM TEMPERATURE (F)   76        93      2012
                                             1939
 MINIMUM TEMPERATURE (F)   53        38      1963


SUNRISE AND SUNSET
MAY 22 2015...........SUNRISE   559 AM CDT   SUNSET   842 PM CDT
MAY 23 2015...........SUNRISE   558 AM CDT   SUNSET   843 PM CDT


-  INDICATES NEGATIVE NUMBERS.
R  INDICATES RECORD WAS SET OR TIED.
MM INDICATES DATA IS MISSING.
T  INDICATES TRACE AMOUNT.




$$

KLISH
