000
CDUS43 KOAX 310629
CLIOMA


CLIMATE REPORT
NATIONAL WEATHER SERVICE OMAHA NEBRASKA
128 AM CDT MON AUG 31 2015


...................................

...THE OMAHA EPPLEY, NEBRASKA CLIMATE SUMMARY FOR AUGUST 30 2015...

CLIMATE NORMAL PERIOD 1981 TO 2010
CLIMATE RECORD PERIOD 1871 TO 2015


WEATHER ITEM   OBSERVED TIME   RECORD YEAR NORMAL DEPARTURE LAST
                VALUE   (LST)  VALUE       VALUE  FROM      YEAR
                                                  NORMAL
..................................................................
TEMPERATURE (F)
 YESTERDAY
  MAXIMUM         77    349 PM  99    2013  83     -6       81
                                      2012
                                      2000
  MINIMUM         61    340 AM  44    1915  61      0       63
  AVERAGE         69                        72     -3       72

PRECIPITATION (IN)
  YESTERDAY        0.00          1.61 1962   0.11  -0.11     0.00
  MONTH TO DATE    8.95                      3.71   5.24     9.49
  SINCE JUN 1     15.96                     11.72   4.24    21.73
  SINCE JAN 1     26.65                     23.00   3.65    28.55

SNOWFALL (IN)
  YESTERDAY        0.0                       0.0    0.0      0.0
  MONTH TO DATE    0.0                       0.0    0.0      0.0
  SINCE JUL 1      0.0                       0.0    0.0      0.0
  SNOW DEPTH       0

DEGREE DAYS
 HEATING
  YESTERDAY        0                         1     -1        0
  MONTH TO DATE    3                         2      1        0
  SINCE JUN 1      4                        20    -16       10
  SINCE JUL 1      4                         3      1        4

 COOLING
  YESTERDAY        4                         8     -4        7
  MONTH TO DATE  254                       295    -41      320
  SINCE JUN 1    896                       890      6      868
  SINCE JAN 1    942                       972    -30     1011
..................................................................


WIND (MPH)
  HIGHEST WIND SPEED    16   HIGHEST WIND DIRECTION     S (170)
  HIGHEST GUST SPEED    20   HIGHEST GUST DIRECTION     S (160)
  AVERAGE WIND SPEED     8.0


SKY COVER
  POSSIBLE SUNSHINE  MM
  AVERAGE SKY COVER 0.6


WEATHER CONDITIONS
 THE FOLLOWING WEATHER WAS RECORDED YESTERDAY.
  FOG
  HAZE


RELATIVE HUMIDITY (PERCENT)
 HIGHEST   100           500 AM
 LOWEST     69           300 PM
 AVERAGE    85

..........................................................


THE OMAHA EPPLEY, NEBRASKA CLIMATE NORMALS FOR TODAY
                         NORMAL    RECORD    YEAR
 MAXIMUM TEMPERATURE (F)   83       101      1913
 MINIMUM TEMPERATURE (F)   61        44      1967
                                             1886


SUNRISE AND SUNSET
AUGUST 31 2015........SUNRISE   649 AM CDT   SUNSET   758 PM CDT
SEPTEMBER  1 2015.....SUNRISE   650 AM CDT   SUNSET   757 PM CDT


-  INDICATES NEGATIVE NUMBERS.
R  INDICATES RECORD WAS SET OR TIED.
MM INDICATES DATA IS MISSING.
T  INDICATES TRACE AMOUNT.




$$
