000
CDUS43 KOAX 282154
CLIOMA


CLIMATE REPORT
NATIONAL WEATHER SERVICE OMAHA NEBRASKA
453 PM CDT SAT MAR 28 2015


...................................

...THE OMAHA EPPLEY, NEBRASKA CLIMATE SUMMARY FOR MARCH 28 2015...
VALID TODAY AS OF 0400 PM LOCAL TIME.

CLIMATE NORMAL PERIOD 1981 TO 2010
CLIMATE RECORD PERIOD 1871 TO 2015


WEATHER ITEM   OBSERVED TIME   RECORD YEAR NORMAL DEPARTURE LAST
                VALUE   (LST)  VALUE       VALUE  FROM      YEAR
                                                  NORMAL
..................................................................
TEMPERATURE (F)
 TODAY
  MAXIMUM         53    259 PM  86    1986  57     -4       39
  MINIMUM         32    640 AM  11    1970  33     -1       26
  AVERAGE         43                        44     -1       33

PRECIPITATION (IN)
  TODAY            0.00          1.21 1977   0.09  -0.09     0.00
  MONTH TO DATE    0.54                      1.74  -1.20     0.21
  SINCE MAR 1      0.54                      1.74  -1.20     0.21
  SINCE JAN 1      1.68                      3.31  -1.63     1.07

SNOWFALL (IN)
  TODAY            0.0                       0.1   -0.1      0.0
  MONTH TO DATE    0.2                       3.9   -3.7      2.3
  SINCE JUL 1     13.8                      25.1  -11.3     17.2
  SNOW DEPTH       0

DEGREE DAYS
 HEATING
  TODAY           22                        21      1       32
  MONTH TO DATE  621                       732   -111      835
  SINCE MAR 1    621                       732   -111      835
  SINCE JUL 1   5332                      5530   -198     5940

 COOLING
  TODAY            0                         0      0        0
  MONTH TO DATE    0                         0      0        0
  SINCE MAR 1      0                         0      0        0
  SINCE JAN 1      0                         0      0        0
..................................................................


WIND (MPH)
  HIGHEST WIND SPEED    21   HIGHEST WIND DIRECTION     S (170)
  HIGHEST GUST SPEED    29   HIGHEST GUST DIRECTION    SE (140)
  AVERAGE WIND SPEED    13.4


SKY COVER
  POSSIBLE SUNSHINE  MM
  AVERAGE SKY COVER 0.5


WEATHER CONDITIONS
 THE FOLLOWING WEATHER WAS RECORDED TODAY.
  NO SIGNIFICANT WEATHER WAS OBSERVED.


RELATIVE HUMIDITY (PERCENT)
 HIGHEST    75           300 AM
 LOWEST     38           300 PM
 AVERAGE    57

..........................................................


THE OMAHA EPPLEY, NEBRASKA CLIMATE NORMALS FOR TOMORROW
                         NORMAL    RECORD    YEAR
 MAXIMUM TEMPERATURE (F)   57        88      1986
 MINIMUM TEMPERATURE (F)   33        10      1969


SUNRISE AND SUNSET
MARCH 28 2015.........SUNRISE   714 AM CDT   SUNSET   744 PM CDT
MARCH 29 2015.........SUNRISE   712 AM CDT   SUNSET   745 PM CDT


-  INDICATES NEGATIVE NUMBERS.
R  INDICATES RECORD WAS SET OR TIED.
MM INDICATES DATA IS MISSING.
T  INDICATES TRACE AMOUNT.




$$
