000
CDUS43 KOAX 020626
CLIOMA


CLIMATE REPORT
NATIONAL WEATHER SERVICE OMAHA NEBRASKA
125 AM CDT THU OCT 2 2014


...................................

...THE OMAHA EPPLEY, NEBRASKA CLIMATE SUMMARY FOR OCTOBER 1 2014...

CLIMATE NORMAL PERIOD 1981 TO 2010
CLIMATE RECORD PERIOD 1871 TO 2014


WEATHER ITEM   OBSERVED TIME   RECORD YEAR NORMAL DEPARTURE LAST
                VALUE   (LST)  VALUE       VALUE  FROM      YEAR
                                                  NORMAL
..................................................................
TEMPERATURE (F)
 YESTERDAY
  MAXIMUM         75    540 PM  94    1976  71      4       83
  MINIMUM         62   1159 PM  29    1974  47     15       55
  AVERAGE         69                        59     10       69

PRECIPITATION (IN)
  YESTERDAY        0.75          1.86 1950   0.08   0.67     0.00
  MONTH TO DATE    0.75                      0.08   0.67     0.00
  SINCE SEP 1      6.86                      2.76   4.10     2.72
  SINCE JAN 1     35.51                     25.87   9.64    23.96

SNOWFALL (IN)
  YESTERDAY        0.0                       0.0    0.0      0.0
  MONTH TO DATE    0.0                       0.0    0.0      0.0
  SINCE JUL 1      0.0                       0.0    0.0      0.0
  SNOW DEPTH       0

DEGREE DAYS
 HEATING
  YESTERDAY        0                         7     -7        0
  MONTH TO DATE    0                         7     -7        0
  SINCE SEP 1     74                       102    -28       17
  SINCE JUL 1     78                       110    -32       22

 COOLING
  YESTERDAY        4                         1      3        4
  MONTH TO DATE    4                         1      3        4
  SINCE SEP 1    124                       118      6      211
  SINCE JAN 1   1147                      1098     49     1277
..................................................................


WIND (MPH)
  HIGHEST WIND SPEED    17   HIGHEST WIND DIRECTION    SE (120)
  HIGHEST GUST SPEED    21   HIGHEST GUST DIRECTION    SE (120)
  AVERAGE WIND SPEED     5.1


SKY COVER
  POSSIBLE SUNSHINE  MM
  AVERAGE SKY COVER 0.8


WEATHER CONDITIONS
 THE FOLLOWING WEATHER WAS RECORDED YESTERDAY.
  THUNDERSTORM
  HEAVY RAIN
  RAIN
  LIGHT RAIN
  FOG


RELATIVE HUMIDITY (PERCENT)
 HIGHEST    93           100 AM
 LOWEST     64           300 PM
 AVERAGE    79

..........................................................


THE OMAHA EPPLEY, NEBRASKA CLIMATE NORMALS FOR TODAY
                         NORMAL    RECORD    YEAR
 MAXIMUM TEMPERATURE (F)   71        94      1953
 MINIMUM TEMPERATURE (F)   47        27      1974


SUNRISE AND SUNSET
OCTOBER  2 2014.......SUNRISE   721 AM CDT   SUNSET   704 PM CDT
OCTOBER  3 2014.......SUNRISE   722 AM CDT   SUNSET   702 PM CDT


-  INDICATES NEGATIVE NUMBERS.
R  INDICATES RECORD WAS SET OR TIED.
MM INDICATES DATA IS MISSING.
T  INDICATES TRACE AMOUNT.




$$
