000
CDUS43 KOAX 100623
CLIOMA


CLIMATE REPORT
NATIONAL WEATHER SERVICE OMAHA NEBRASKA
122 AM CDT THU JUL 10 2014


...................................

...THE OMAHA EPPLEY, NEBRASKA CLIMATE SUMMARY FOR JULY 9 2014...

CLIMATE NORMAL PERIOD 1981 TO 2010
CLIMATE RECORD PERIOD 1871 TO 2014


WEATHER ITEM   OBSERVED TIME   RECORD YEAR NORMAL DEPARTURE LAST
                VALUE   (LST)  VALUE       VALUE  FROM      YEAR
                                                  NORMAL
..................................................................
TEMPERATURE (F)
 YESTERDAY
  MAXIMUM         85    411 PM 104    1930  88     -3       96
  MINIMUM         62    528 AM  50    1895  66     -4       76
  AVERAGE         74                        77     -3       86

PRECIPITATION (IN)
  YESTERDAY        0.00          2.54 1991   0.12  -0.12     0.29
  MONTH TO DATE    1.72                      1.10   0.62     0.29
  SINCE JUN 1     12.24                      5.28   6.96     5.03
  SINCE JAN 1     19.06                     16.56   2.50    19.37

SNOWFALL (IN)
  YESTERDAY        0.0                       0.0    0.0      0.0
  MONTH TO DATE    0.0                       0.0    0.0      0.0
  SINCE JUL 1      0.0                       0.0    0.0      0.0
  SNOW DEPTH       0

DEGREE DAYS
 HEATING
  YESTERDAY        0                         0      0        0
  MONTH TO DATE    1                         0      1        0
  SINCE JUN 1      7                        17    -10       16
  SINCE JUL 1      1                         0      1        0

 COOLING
  YESTERDAY        9                        12     -3       21
  MONTH TO DATE   77                       104    -27      114
  SINCE JUN 1    344                       334     10      349
  SINCE JAN 1    487                       416     71      445
..................................................................


WIND (MPH)
  HIGHEST WIND SPEED    12   HIGHEST WIND DIRECTION     S (190)
  HIGHEST GUST SPEED    14   HIGHEST GUST DIRECTION     S (180)
  AVERAGE WIND SPEED     4.3


SKY COVER
  POSSIBLE SUNSHINE  MM
  AVERAGE SKY COVER 0.4


WEATHER CONDITIONS
 THE FOLLOWING WEATHER WAS RECORDED YESTERDAY.
  FOG


RELATIVE HUMIDITY (PERCENT)
 HIGHEST    90           300 AM
 LOWEST     37           400 PM
 AVERAGE    64

..........................................................


THE OMAHA EPPLEY, NEBRASKA CLIMATE NORMALS FOR TODAY
                         NORMAL    RECORD    YEAR
 MAXIMUM TEMPERATURE (F)   88       103      1930
                                             1901
 MINIMUM TEMPERATURE (F)   66        53      1996
                                             1945


SUNRISE AND SUNSET
JULY 10 2014..........SUNRISE   600 AM CDT   SUNSET   858 PM CDT
JULY 11 2014..........SUNRISE   600 AM CDT   SUNSET   857 PM CDT


-  INDICATES NEGATIVE NUMBERS.
R  INDICATES RECORD WAS SET OR TIED.
MM INDICATES DATA IS MISSING.
T  INDICATES TRACE AMOUNT.




$$
