000
CDUS43 KOAX 210626
CLIOMA


CLIMATE REPORT
NATIONAL WEATHER SERVICE OMAHA NEBRASKA
123 AM CDT TUE OCT 21 2014


...................................

...THE OMAHA EPPLEY, NEBRASKA CLIMATE SUMMARY FOR OCTOBER 20 2014...

CLIMATE NORMAL PERIOD 1981 TO 2010
CLIMATE RECORD PERIOD 1871 TO 2014


WEATHER ITEM   OBSERVED TIME   RECORD YEAR NORMAL DEPARTURE LAST
                VALUE   (LST)  VALUE       VALUE  FROM      YEAR
                                                  NORMAL
..................................................................
TEMPERATURE (F)
 YESTERDAY
  MAXIMUM         73    256 PM  89    1947  63     10       66
  MINIMUM         44    718 AM  20    1916  40      4       41
  AVERAGE         59                        52      7       54

PRECIPITATION (IN)
  YESTERDAY        0.00          0.81 1949   0.07  -0.07      T
  MONTH TO DATE    1.46                      1.45   0.01     3.47
  SINCE SEP 1      7.57                      4.13   3.44     6.19
  SINCE JAN 1     36.22                     27.24   8.98    27.43

SNOWFALL (IN)
  YESTERDAY        0.0                       0.0    0.0      0.0
  MONTH TO DATE    0.0                       0.1   -0.1      0.0
  SINCE JUL 1      0.0                       0.1   -0.1      0.0
  SNOW DEPTH       0

DEGREE DAYS
 HEATING
  YESTERDAY        6                        14     -8       11
  MONTH TO DATE  201                       207     -6      167
  SINCE SEP 1    275                       302    -27      184
  SINCE JUL 1    279                       310    -31      189

 COOLING
  YESTERDAY        0                         0      0        0
  MONTH TO DATE    4                        12     -8       21
  SINCE SEP 1    124                       129     -5      228
  SINCE JAN 1   1147                      1109     38     1294
..................................................................


WIND (MPH)
  HIGHEST WIND SPEED    10   HIGHEST WIND DIRECTION    NW (330)
  HIGHEST GUST SPEED    14   HIGHEST GUST DIRECTION     N (360)
  AVERAGE WIND SPEED     3.4


SKY COVER
  POSSIBLE SUNSHINE  MM
  AVERAGE SKY COVER 0.0


WEATHER CONDITIONS
 THE FOLLOWING WEATHER WAS RECORDED YESTERDAY.
  NO SIGNIFICANT WEATHER WAS OBSERVED.


RELATIVE HUMIDITY (PERCENT)
 HIGHEST    93           300 AM
 LOWEST     29           200 PM
 AVERAGE    61

..........................................................


THE OMAHA EPPLEY, NEBRASKA CLIMATE NORMALS FOR TODAY
                         NORMAL    RECORD    YEAR
 MAXIMUM TEMPERATURE (F)   63        90      1947
 MINIMUM TEMPERATURE (F)   40        20      1913


SUNRISE AND SUNSET
OCTOBER 21 2014.......SUNRISE   742 AM CDT   SUNSET   634 PM CDT
OCTOBER 22 2014.......SUNRISE   743 AM CDT   SUNSET   632 PM CDT


-  INDICATES NEGATIVE NUMBERS.
R  INDICATES RECORD WAS SET OR TIED.
MM INDICATES DATA IS MISSING.
T  INDICATES TRACE AMOUNT.


$$

BCM
