000
CDUS43 KOAX 280635
CLIOMA


CLIMATE REPORT
NATIONAL WEATHER SERVICE OMAHA NEBRASKA
132 AM CDT WED JUN 28 2017


...................................

...THE OMAHA EPPLEY, NEBRASKA CLIMATE SUMMARY FOR JUNE 27 2017...

CLIMATE NORMAL PERIOD 1981 TO 2010
CLIMATE RECORD PERIOD 1871 TO 2017


WEATHER ITEM   OBSERVED TIME   RECORD YEAR NORMAL DEPARTURE LAST
                VALUE   (LST)  VALUE       VALUE  FROM      YEAR
                                                  NORMAL
..................................................................
TEMPERATURE (F)
 YESTERDAY
  MAXIMUM         82    442 PM 104    1934  86     -4       90
  MINIMUM         53    254 AM  47    1968  64    -11       69
  AVERAGE         68                        75     -7       80

PRECIPITATION (IN)
  YESTERDAY        0.00          2.45 1949   0.13  -0.13     0.00
  MONTH TO DATE    2.13                      3.82  -1.69     0.87
  SINCE JUN 1      2.13                      3.82  -1.69     0.87
  SINCE JAN 1     13.44                     15.10  -1.66    13.86

SNOWFALL (IN)
  YESTERDAY        0.0                       0.0    0.0      0.0
  MONTH TO DATE    0.0                       0.0    0.0      0.0
  SINCE JUL 1     11.4                      26.4  -15.0     27.4
  SNOW DEPTH       0

DEGREE DAYS
 HEATING
  YESTERDAY        0                         0      0        0
  MONTH TO DATE    0                        15    -15        0
  SINCE JUN 1      0                        15    -15        0
  SINCE JUL 1   4938                      6165  -1227     4927

 COOLING
  YESTERDAY        3                        10     -7       15
  MONTH TO DATE  297                       197    100      381
  SINCE JUN 1    297                       197    100      381
  SINCE JAN 1    382                       279    103      464
..................................................................


WIND (MPH)
  HIGHEST WIND SPEED    29   HIGHEST WIND DIRECTION    SE (150)
  HIGHEST GUST SPEED    34   HIGHEST GUST DIRECTION     S (160)
  AVERAGE WIND SPEED    14.5


SKY COVER
  POSSIBLE SUNSHINE  MM
  AVERAGE SKY COVER 0.5


WEATHER CONDITIONS
 THE FOLLOWING WEATHER WAS RECORDED YESTERDAY.
  NO SIGNIFICANT WEATHER WAS OBSERVED.


RELATIVE HUMIDITY (PERCENT)
 HIGHEST    83           300 AM
 LOWEST     47           300 PM
 AVERAGE    65

..........................................................


THE OMAHA EPPLEY, NEBRASKA CLIMATE NORMALS FOR TODAY
                         NORMAL    RECORD    YEAR
 MAXIMUM TEMPERATURE (F)   86       103      1934
 MINIMUM TEMPERATURE (F)   65        53      2004
                                             1973
                                             1895


SUNRISE AND SUNSET
JUNE 28 2017..........SUNRISE   553 AM CDT   SUNSET   901 PM CDT
JUNE 29 2017..........SUNRISE   553 AM CDT   SUNSET   901 PM CDT


-  INDICATES NEGATIVE NUMBERS.
R  INDICATES RECORD WAS SET OR TIED.
MM INDICATES DATA IS MISSING.
T  INDICATES TRACE AMOUNT.




$$

KLISH
