000
CDUS43 KOAX 180625
CLIOMA


CLIMATE REPORT
NATIONAL WEATHER SERVICE OMAHA NEBRASKA
121 AM CDT THU SEP 18 2014


...................................

...THE OMAHA EPPLEY, NEBRASKA CLIMATE SUMMARY FOR SEPTEMBER 17 2014...

CLIMATE NORMAL PERIOD 1981 TO 2010
CLIMATE RECORD PERIOD 1871 TO 2014


WEATHER ITEM   OBSERVED TIME   RECORD YEAR NORMAL DEPARTURE LAST
                VALUE   (LST)  VALUE       VALUE  FROM      YEAR
                                                  NORMAL
..................................................................
TEMPERATURE (F)
 YESTERDAY
  MAXIMUM         80    304 PM 102    1895  77      3       73
  MINIMUM         57    625 AM  37    1973  53      4       58
                                      1903
  AVERAGE         69                        65      4       66

PRECIPITATION (IN)
  YESTERDAY        0.00          1.13 1978   0.09  -0.09     0.13
  MONTH TO DATE    4.13                      1.62   2.51     2.01
  SINCE SEP 1      4.13                      1.62   2.51     2.01
  SINCE JAN 1     32.78                     24.73   8.05    23.25

SNOWFALL (IN)
  YESTERDAY        0.0                       0.0    0.0      0.0
  MONTH TO DATE    0.0                       0.0    0.0      0.0
  SINCE JUL 1      0.0                       0.0    0.0      0.0
  SNOW DEPTH       0

DEGREE DAYS
 HEATING
  YESTERDAY        0                         3     -3        0
  MONTH TO DATE   68                        29     39        3
  SINCE SEP 1     68                        29     39        3
  SINCE JUL 1     72                        37     35        8

 COOLING
  YESTERDAY        4                         3      1        1
  MONTH TO DATE   59                        88    -29      150
  SINCE SEP 1     59                        88    -29      150
  SINCE JAN 1   1082                      1068     14     1216
..................................................................


WIND (MPH)
  HIGHEST WIND SPEED    12   HIGHEST WIND DIRECTION     E (110)
  HIGHEST GUST SPEED    15   HIGHEST GUST DIRECTION     E (110)
  AVERAGE WIND SPEED     5.0


SKY COVER
  POSSIBLE SUNSHINE  MM
  AVERAGE SKY COVER 0.4


WEATHER CONDITIONS
 THE FOLLOWING WEATHER WAS RECORDED YESTERDAY.
  NO SIGNIFICANT WEATHER WAS OBSERVED.


RELATIVE HUMIDITY (PERCENT)
 HIGHEST    84           800 AM
 LOWEST     52           400 PM
 AVERAGE    68

..........................................................


THE OMAHA EPPLEY, NEBRASKA CLIMATE NORMALS FOR TODAY
                         NORMAL    RECORD    YEAR
 MAXIMUM TEMPERATURE (F)   77       101      1895
 MINIMUM TEMPERATURE (F)   53        32      1901


SUNRISE AND SUNSET
SEPTEMBER 18 2014.....SUNRISE   707 AM CDT   SUNSET   728 PM CDT
SEPTEMBER 19 2014.....SUNRISE   708 AM CDT   SUNSET   726 PM CDT


-  INDICATES NEGATIVE NUMBERS.
R  INDICATES RECORD WAS SET OR TIED.
MM INDICATES DATA IS MISSING.
T  INDICATES TRACE AMOUNT.


$$

BCM
