569
CDAK49 PAFG 200047
CLIOME

CLIMATE REPORT
NATIONAL WEATHER SERVICE FAIRBANKS AK
347 PM AKST SUN FEB 19 2017


...................................

...THE NOME AK CLIMATE SUMMARY FOR FEBRUARY 19 2017...
VALID TODAY AS OF 0300 PM LOCAL TIME.

CLIMATE NORMAL PERIOD 1981 TO 2010
CLIMATE RECORD PERIOD 1906 TO 2017


WEATHER ITEM   OBSERVED TIME   RECORD YEAR NORMAL DEPARTURE LAST
                VALUE   (LST)  VALUE       VALUE  FROM      YEAR
                                                  NORMAL
..................................................................
TEMPERATURE (F)
 TODAY
  MAXIMUM        -13    249 PM  45    1934  16    -29       19
  MINIMUM        -29    436 AM -39    1971   0    -29        2
  AVERAGE        -21                         8    -29       11

PRECIPITATION (IN)
  TODAY            0.00          1.32 1920   0.03  -0.03     0.00
  MONTH TO DATE    T                         0.64  -0.64     0.44
  SINCE DEC 1      1.79                      2.66  -0.87     0.97
  SINCE JAN 1      0.72                      1.58  -0.86     0.97

SNOWFALL (IN)
  TODAY            0.0          14.0  1920   0.5   -0.5      0.0
  MONTH TO DATE    0.1                       8.2   -8.1      6.9
  SINCE DEC 1     26.5                      35.4   -8.9     15.1
  SINCE JUL 1     35.1                      52.7  -17.6     15.1
  SNOW DEPTH      21

DEGREE DAYS
 HEATING
  TODAY           86                        57     29       54
  MONTH TO DATE 1230                      1105    125      974
  SINCE DEC 1   4659                      4680    -21     2354
  SINCE JUL 1   8274                      8773   -499     2354

 COOLING
  TODAY            0                         0      0        0
  MONTH TO DATE    0                         0      0        0
  SINCE DEC 1      0                         0      0        0
  SINCE JAN 1      0                         0      0        0
..................................................................


WIND (MPH)
  HIGHEST GUST SPEED     9   HIGHEST GUST DIRECTION     N (10)


SKY COVER
  AVERAGE SKY COVER 0.4


WEATHER CONDITIONS
 THE FOLLOWING WEATHER WAS RECORDED TODAY.
  NO SIGNIFICANT WEATHER WAS OBSERVED.


RELATIVE HUMIDITY (PERCENT)
 HIGHEST    83
 LOWEST     69
 AVERAGE    76

..........................................................


THE NOME AK CLIMATE NORMALS FOR TOMORROW
                         NORMAL    RECORD    YEAR
 MAXIMUM TEMPERATURE (F)   16        39      1957
 MINIMUM TEMPERATURE (F)    0       -39      1984


SUNRISE AND SUNSET
FEBRUARY 19 2017......SUNRISE   944 AM AKST  SUNSET   649 PM AKST
FEBRUARY 20 2017......SUNRISE   940 AM AKST  SUNSET   653 PM AKST

-  INDICATES NEGATIVE NUMBERS.
R  INDICATES RECORD WAS SET OR TIED.
MM INDICATES DATA IS MISSING.
T  INDICATES TRACE AMOUNT.

&&

SNOW DEPTH IS MEASURED AT 3AM AKST/4AM AKDT.

----------------------------
AVAILABLE DAYLIGHT

AMOUNT OF DAYLIGHT TODAY  (HOUR:MIN)........9:06
GAIN/LOSS SINCE YESTERDAY (HOUR:MIN:SEC)....+0:06:42

NOME TIDAL INFORMATION FOR 20 FEBRUARY 2017
0509  +0.5
1123  +1.1
1646  +0.7
2245  +1.2

$$
FEB 17
