000
CDAK49 PAOM 310908
CLIOME

CLIMATE REPORT
NATIONAL WEATHER SERVICE NOME, AK
108 AM AKDT MON AUG 31 2015

...................................
...THE NOME WSO AP CLIMATE SUMMARY FOR AUGUST 30 2015...

CLIMATE NORMAL PERIOD  1981 TO  2010
CLIMATE RECORD PERIOD  1906 TO  2015

WEATHER ITEM   OBSERVED TIME    RECORD YEAR NORMAL DEPARTURE LAST
               VALUE    (LST)   VALUE       VALUE  FROM      YEAR
                                                   NORMAL
...................................................................
TEMPERATURE
YESTERDAY
 MAXIMUM            48  0545 PM    64  1970     54      -6     50
 MINIMUM            36  1115 PM    23  1913     42      -6     30
 AVERAGE            42                          48      -6     40

PRECIPITATION
(INCHES)
 YESTERDAY        0.00           0.89  1944   0.10   -0.10   0.45
 MONTH TO DATE    3.70                        3.13    0.57   1.42
 SINCE JUN 1      5.80                        6.22   -0.42   4.26
 SINCE JAN 1     10.24                       10.36   -0.12   8.73

SNOWFALL
(INCHES)
 YESTERDAY         0.0              T  1962    0.0     0.0    0.0
 MONTH TO DATE     0.0                         0.0     0.0    0.0
 SINCE JUN 1       0.0                         0.3    -0.3    0.0
 SINCE JUL 1       0.0                         0.0     0.0    0.0
 SNOW DEPTH (IN)     0                                          0

DEGREE DAYS
 HEATING
  YESTERDAY         23                          17       6     25
  MONTH TO DATE    476                         447      29    260
  SINCE JUN 1     1308                        1363     -55   1251
  SINCE JUL 1      783                         847     -64    683

 COOLING
  YESTERDAY          0                           0       0      0
  MONTH TO DATE      0                           0       0      1
  SINCE JUN 1        5                           0       5      3
  SINCE JAN 1        5                           0       5      3
...................................................................

WIND (MPH)
 HIGHEST WIND SPEED    30     HIGHEST WIND DIRECTION    300
 HIGHEST GUST SPEED    37     HIGHEST GUST DIRECTION    300
 AVERAGE WIND SPEED  18.2

SKY COVER
  POSSIBLE SUNSHINE    MM          AVERAGE SKY COVER     MM

WEATHER CONDITIONS
 THE FOLLOWING WEATHER WAS RECORDED YESTERDAY.
  NO SIGNIFICANT WEATHER WAS OBSERVED.

RELATIVE HUMIDITY
 HIGHEST RH     MM PERCENT       MM
 LOWEST  RH     MM PERCENT       MM
 AVERAGE RH     MM PERCENT       MM
...................................................................

THE NOME CLIMATE NORMALS FOR TODAY
                           NORMAL    RECORD   YEAR
 MAXIMUM TEMPERATURE (F)     54        66     1978
 MINIMUM TEMPERATURE (F)     42        26     1919

SUNRISE AND SUNSET
 AUG 31 2015..........SUNRISE  7:40 AM      SUNSET 10:23 PM
 SEP 1 2015..........SUNRISE  7:43 AM      SUNSET 10:19 PM

-  INDICATES NEGATIVE NUMBERS.
R  INDICATES RECORD HAS BEEN SET OR TIED.
MM INDICATES DATA IS MISSING.
T  INDICATES TRACE OF PRECIPITATION.

&&
-------------------------------------------------------------------

AMOUNT OF DAYLIGHT TODAY  (HOUR:MIN)........14 HOURS 43 MINUTES
GAIN/LOSS SINCE YESTERDAY (HOUR:MIN:SEC)....-0:06:37

TIDE INFORMATION FOR MONDAY AUGUST 31 2015
12:12 AM LOW -0.2 FT
 6:53 AM HIGH 1.4 FT
12:24 PM LOW  0.6 FT
 6:25 PM HIGH 1.5 FT

$$
RWM AUG 15
