000
CDAK49 PAFG 261003
CLIOME

CLIMATE REPORT
NATIONAL WEATHER SERVICE FAIRBANKS AK
203 AM AKDT TUE SEP 26 2017


...................................

...THE NOME AK CLIMATE SUMMARY FOR SEPTEMBER 25 2017...

CLIMATE NORMAL PERIOD 1981 TO 2010
CLIMATE RECORD PERIOD 1906 TO 2017


WEATHER ITEM   OBSERVED TIME   RECORD YEAR NORMAL DEPARTURE LAST
                VALUE   (LST)  VALUE       VALUE  FROM      YEAR
                                                  NORMAL
..................................................................
TEMPERATURE (F)
 YESTERDAY
  MAXIMUM         48    451 PM  57    1976  45      3       45
  MINIMUM         32   1150 PM  16    1970  33     -1       32
                                      1968
  AVERAGE         40                        39      1       39

PRECIPITATION (IN)
  YESTERDAY        0.00          0.59 1929   0.08  -0.08     0.56
  MONTH TO DATE    2.73                      2.11   0.62     1.76
  SINCE SEP 1      2.73                      2.11   0.62     1.76
  SINCE JAN 1     12.46                     12.56  -0.10    12.02

SNOWFALL (IN)
  YESTERDAY        0.0           0.6  2004   0.0    0.0      0.0
  MONTH TO DATE    T                         0.3   -0.3      0.0
  SINCE SEP 1      T                         0.3   -0.3      0.0
  SINCE JUL 1      T                         0.3   -0.3      0.0
  SNOW DEPTH       0

DEGREE DAYS
 HEATING
  YESTERDAY       25                        26     -1       26
  MONTH TO DATE  540                       527     13      524
  SINCE SEP 1    540                       527     13      524
  SINCE JUL 1   1386                      1387     -1     1209

 COOLING
  YESTERDAY        0                         0      0        0
  MONTH TO DATE    0                         0      0        0
  SINCE SEP 1      0                         0      0        0
  SINCE JAN 1      4                         3      1        0
..................................................................


WIND (MPH)
  HIGHEST GUST SPEED    23   HIGHEST GUST DIRECTION     N (360)


SKY COVER
  AVERAGE SKY COVER 0.0


WEATHER CONDITIONS
 THE FOLLOWING WEATHER WAS RECORDED YESTERDAY.
  NO SIGNIFICANT WEATHER WAS OBSERVED.


RELATIVE HUMIDITY (PERCENT)
 HIGHEST    89
 LOWEST     49
 AVERAGE    69

..........................................................


THE NOME AK CLIMATE NORMALS FOR TODAY
                         NORMAL    RECORD    YEAR
 MAXIMUM TEMPERATURE (F)   44        58      1966
 MINIMUM TEMPERATURE (F)   33        19      1970


SUNRISE AND SUNSET
SEPTEMBER 26 2017.....SUNRISE   858 AM AKDT  SUNSET   847 PM AKDT
SEPTEMBER 27 2017.....SUNRISE   901 AM AKDT  SUNSET   843 PM AKDT

-  INDICATES NEGATIVE NUMBERS.
R  INDICATES RECORD WAS SET OR TIED.
MM INDICATES DATA IS MISSING.
T  INDICATES TRACE AMOUNT.

&&

SNOW DEPTH IS MEASURED AT 3AM AKST/4AM AKDT.

----------------------------
AVAILABLE DAYLIGHT

AMOUNT OF DAYLIGHT TODAY  (HOUR:MIN)........11:48
GAIN/LOSS SINCE YESTERDAY (HOUR:MIN:SEC)....-0:06:32

NOME TIDAL INFORMATION FOR 26 SEPTEMBER 2017
0309  +0.9
0935  +1.6
1629  +0.7
2252  +1.4

$$
CCC SEP 17
