917
CDAK49 PAFG 230947
CLIOME

CLIMATE REPORT
NATIONAL WEATHER SERVICE FAIRBANKS AK
1247 AM AKST THU NOV 23 2017


...................................

...THE NOME AK CLIMATE SUMMARY FOR NOVEMBER 22 2017...

CLIMATE NORMAL PERIOD 1981 TO 2010
CLIMATE RECORD PERIOD 1906 TO 2017


WEATHER ITEM   OBSERVED TIME   RECORD YEAR NORMAL DEPARTURE LAST
                VALUE   (LST)  VALUE       VALUE  FROM      YEAR
                                                  NORMAL
..................................................................
TEMPERATURE (F)
 YESTERDAY
  MAXIMUM         31    551 AM  44    1949  21     10       16
  MINIMUM         20   1152 PM -27    1988   8     12       -7
  AVERAGE         26                        15     11        5

PRECIPITATION (IN)
  YESTERDAY        0.00          0.28 1959   0.04  -0.04     0.00
  MONTH TO DATE    1.90                      0.93   0.97     0.71
  SINCE SEP 1      7.72                      4.99   2.73     4.70
  SINCE JAN 1     17.45                     15.44   2.01    14.96

SNOWFALL (IN)
  YESTERDAY        0.0           3.5  1997   0.5   -0.5      0.0
  MONTH TO DATE   21.7                       8.8   12.9      8.2
  SINCE SEP 1     31.1                      14.0   17.1      8.3
  SINCE JUL 1     31.1                      14.0   17.1      8.3
  SNOW DEPTH      11

DEGREE DAYS
 HEATING
  YESTERDAY       39                        50    -11       60
  MONTH TO DATE  838                      1032   -194      946
  SINCE SEP 1   2547                      2822   -275     2411
  SINCE JUL 1   3393                      3682   -289     3096

 COOLING
  YESTERDAY        0                         0      0        0
  MONTH TO DATE    0                         0      0        0
  SINCE SEP 1      0                         0      0        0
  SINCE JAN 1      4                         3      1        0
..................................................................


WIND (MPH)
  HIGHEST GUST SPEED    46   HIGHEST GUST DIRECTION     W (270)


SKY COVER
  AVERAGE SKY COVER 0.4


WEATHER CONDITIONS
 THE FOLLOWING WEATHER WAS RECORDED YESTERDAY.
  NO SIGNIFICANT WEATHER WAS OBSERVED.


RELATIVE HUMIDITY (PERCENT)
 HIGHEST    92
 LOWEST     58
 AVERAGE    75

..........................................................


THE NOME AK CLIMATE NORMALS FOR TODAY
                         NORMAL    RECORD    YEAR
 MAXIMUM TEMPERATURE (F)   21        44      1947
 MINIMUM TEMPERATURE (F)    8       -24      1918


SUNRISE AND SUNSET
NOVEMBER 23 2017......SUNRISE  1103 AM AKST  SUNSET   434 PM AKST
NOVEMBER 24 2017......SUNRISE  1106 AM AKST  SUNSET   432 PM AKST

-  INDICATES NEGATIVE NUMBERS.
R  INDICATES RECORD WAS SET OR TIED.
MM INDICATES DATA IS MISSING.
T  INDICATES TRACE AMOUNT.

&&

SNOW DEPTH IS MEASURED AT 3AM AKST/4AM AKDT.

----------------------------
AVAILABLE DAYLIGHT

AMOUNT OF DAYLIGHT TODAY  (HOUR:MIN)........5:32
GAIN/LOSS SINCE YESTERDAY (HOUR:MIN:SEC)....-0:05:52

NOME TIDAL INFORMATION FOR 23 NOVEMBER 2017
0108  +1.4
0645  +1.7
1415  +0.7
2128  +1.8

$$
SDB NOV 17
