000
CDAK49 PAOM 010902
CLIOME

CLIMATE REPORT
NATIONAL WEATHER SERVICE NOME, AK
102 AM AKDT MON SEP 1 2014

...................................
...THE NOME WSO AP CLIMATE SUMMARY FOR AUGUST 31 2014...

CLIMATE NORMAL PERIOD  1981 TO  2010
CLIMATE RECORD PERIOD  1906 TO  2014

WEATHER ITEM   OBSERVED TIME    RECORD YEAR NORMAL DEPARTURE LAST
               VALUE    (LST)   VALUE       VALUE  FROM      YEAR
                                                   NORMAL
...................................................................
TEMPERATURE
YESTERDAY
 MAXIMUM            52  1159 PM    66  1978     54      -2     52
 MINIMUM            38  0549 AM    26  1919     42      -4     43
 AVERAGE            45                          48      -3     48

PRECIPITATION
(INCHES)
 YESTERDAY        0.29           0.94  1927   0.09    0.20   0.07
 MONTH TO DATE    1.71                        3.22   -1.51   4.21
 SINCE JUN 1      4.55                        6.31   -1.76   8.86
 SINCE JAN 1      9.02                       10.45   -1.43  13.11

SNOWFALL
(INCHES)
 YESTERDAY         0.0              T  1980    0.0     0.0    0.0
 MONTH TO DATE     0.0                         0.0     0.0    0.0
 SINCE JUN 1       0.0                         0.3    -0.3    0.1
 SINCE JUL 1       0.0                         0.0     0.0    0.0
 SNOW DEPTH (IN)     0                                          0

DEGREE DAYS
 HEATING
  YESTERDAY         20                          17       3     17
  MONTH TO DATE    280                         464    -184    367
  SINCE JUN 1     1271                        1380    -109   1250
  SINCE JUL 1      703                         864    -161    774

 COOLING
  YESTERDAY          0                           0       0      0
  MONTH TO DATE      1                           0       1      0
  SINCE JUN 1        3                           0       3      7
  SINCE JAN 1        3                           0       3      7
...................................................................

WIND (MPH)
 HIGHEST WIND SPEED    28     HIGHEST WIND DIRECTION    210
 HIGHEST GUST SPEED    32     HIGHEST GUST DIRECTION    210
 AVERAGE WIND SPEED  14.7

SKY COVER
  POSSIBLE SUNSHINE    MM          AVERAGE SKY COVER     MM

WEATHER CONDITIONS
 THE FOLLOWING WEATHER WAS RECORDED YESTERDAY.
  FOG
RAIN


RELATIVE HUMIDITY
 HIGHEST RH     MM PERCENT       MM
 LOWEST  RH     MM PERCENT       MM
 AVERAGE RH     MM PERCENT       MM
...................................................................

THE NOME CLIMATE NORMALS FOR TODAY
                           NORMAL    RECORD   YEAR
 MAXIMUM TEMPERATURE (F)     54        66     2008
 MINIMUM TEMPERATURE (F)     42        26     1983

SUNRISE AND SUNSET
 SEP 1 2014..........SUNRISE  7:44 AM      SUNSET 10:18 PM
 SEP 2 2014..........SUNRISE  7:47 AM      SUNSET 10:15 PM

-  INDICATES NEGATIVE NUMBERS.
R  INDICATES RECORD HAS BEEN SET OR TIED.
MM INDICATES DATA IS MISSING.
T  INDICATES TRACE OF PRECIPITATION.

&&
-------------------------------------------------------------------

AMOUNT OF DAYLIGHT TODAY  (HOUR:MIN)........14 HOURS 34 MINUTES
GAIN/LOSS SINCE YESTERDAY (HOUR:MIN:SEC)....-0:06:37

TIDE INFORMATION FOR MONDAY SEPTEMBER 1 2014

 3:35 AM LOW  0.5 FT
 9:40 AM HIGH 1.3 FT
 4:38 PM LOW  0.3 FT
11:02 PM HIGH 1.0 FT

$$
RWM SEP 14
