000
CDAK49 PAFG 290051
CLIOME

CLIMATE REPORT
NATIONAL WEATHER SERVICE FAIRBANKS AK
451 PM AKDT SUN MAY 28 2017


...................................

...THE NOME AK CLIMATE SUMMARY FOR MAY 28 2017...
VALID TODAY AS OF 0400 PM LOCAL TIME.

CLIMATE NORMAL PERIOD 1981 TO 2010
CLIMATE RECORD PERIOD 1906 TO 2017


WEATHER ITEM   OBSERVED TIME   RECORD YEAR NORMAL DEPARTURE LAST
                VALUE   (LST)  VALUE       VALUE  FROM      YEAR
                                                  NORMAL
..................................................................
TEMPERATURE (F)
 TODAY
  MAXIMUM         44    259 PM  75    2011  49     -5       65
                                      1990
  MINIMUM         34    304 AM  17    1934  35     -1       50
  AVERAGE         39                        42     -3       58

PRECIPITATION (IN)
  TODAY            0.00          0.76 1996   0.02  -0.02     0.00
  MONTH TO DATE    0.94                      0.77   0.17     1.22
  SINCE MAR 1      1.10                      2.18  -1.08     2.06
  SINCE JAN 1      2.85                      4.05  -1.20     3.09

SNOWFALL (IN)
  TODAY            0.0           0.1  2000   0.0    0.0      0.0
                                      1972
  MONTH TO DATE    0.4                       2.2   -1.8      0.0
  SINCE MAR 1      2.4                      18.6  -16.2      0.7
  SINCE JUL 1     54.6                      75.3  -20.7     16.2
  SNOW DEPTH       0

DEGREE DAYS
 HEATING
  TODAY           26                        23      3        7
  MONTH TO DATE  743                       807    -64      611
  SINCE MAR 1   3760                      3838    -78     3133
  SINCE JUL 1  12555                     13117   -562     5924

 COOLING
  TODAY            0                         0      0        0
  MONTH TO DATE    0                         0      0        0
  SINCE MAR 1      0                         0      0        0
  SINCE JAN 1      0                         0      0        0
..................................................................


WIND (MPH)
  HIGHEST GUST SPEED    19   HIGHEST GUST DIRECTION     W (260)


SKY COVER
  AVERAGE SKY COVER 0.7


WEATHER CONDITIONS
 THE FOLLOWING WEATHER WAS RECORDED TODAY.
  NO SIGNIFICANT WEATHER WAS OBSERVED.


RELATIVE HUMIDITY (PERCENT)
 HIGHEST   100
 LOWEST     76
 AVERAGE    88

..........................................................


THE NOME AK CLIMATE NORMALS FOR TOMORROW
                         NORMAL    RECORD    YEAR
 MAXIMUM TEMPERATURE (F)   49        73      2016
 MINIMUM TEMPERATURE (F)   35        22      1976


SUNRISE AND SUNSET
MAY 28 2017...........SUNRISE   500 AM AKDT  SUNSET   102 AM AKDT
MAY 29 2017...........SUNRISE   457 AM AKDT  SUNSET   105 AM AKDT

-  INDICATES NEGATIVE NUMBERS.
R  INDICATES RECORD WAS SET OR TIED.
MM INDICATES DATA IS MISSING.
T  INDICATES TRACE AMOUNT.

&&

SNOW DEPTH IS MEASURED AT 3AM AKST/4AM AKDT.

----------------------------
AVAILABLE DAYLIGHT

AMOUNT OF DAYLIGHT TODAY  (HOUR:MIN)........19:58
GAIN/LOSS SINCE YESTERDAY (HOUR:MIN:SEC)....+0:06:10

NOME TIDAL INFORMATION FOR 29 MAY 2017
0103  -0.6
0816  +1.1
1304  +0.5
1844  +1.2

$$
HFL MAY 17
