000
CDAK49 PAOM 042317
CLIOME

CLIMATE REPORT
NATIONAL WEATHER SERVICE NOME, AK
317 PM AKDT TUE AUG 4 2015

...................................
...THE NOME WSO AP CLIMATE SUMMARY FOR AUGUST 4 2015...
VALID TODAY AS OF 2:00 PM LOCAL TIME

CLIMATE NORMAL PERIOD  1981 TO  2010
CLIMATE RECORD PERIOD  1906 TO  2015

WEATHER ITEM   OBSERVED TIME    RECORD YEAR NORMAL DEPARTURE LAST
               VALUE    (LST)   VALUE       VALUE  FROM      YEAR
                                                   NORMAL
...................................................................
TEMPERATURE
TODAY
 MAXIMUM            53  0217 PM    74  2002     57      -4     69
 MINIMUM            44  0639 AM    29  1922     46      -2     50
 AVERAGE            49                          51      -2     60

PRECIPITATION
(INCHES)
 TODAY            0.00           1.13  1968   0.11   -0.11   0.00
 MONTH TO DATE    0.10                        0.42   -0.32      T
 SINCE JUN 1      2.20                        3.51   -1.31   2.84
 SINCE JAN 1      6.64                        7.65   -1.01   7.31

SNOWFALL
(INCHES)
 TODAY              MM            0.0  2014    0.0      MM    0.0
 MONTH TO DATE      MM                         0.0      MM    0.0
 SINCE JUN 1       0.0                         0.3    -0.3    0.0
 SINCE JUL 1        MM                         0.0      MM    0.0
 SNOW DEPTH (IN)    MM                                          0

DEGREE DAYS
 HEATING
  TODAY             16                          14       2      5
  MONTH TO DATE     61                          56       5     29
  SINCE JUN 1      893                         972     -79   1020
  SINCE JUL 1      368                         456     -88    452

 COOLING
  TODAY              0                           0       0      0
  MONTH TO DATE      0                           0       0      0
  SINCE JUN 1        5                           0       5      2
  SINCE JAN 1        5                           0       5      2
...................................................................

WIND (MPH)
 HIGHEST WIND SPEED    22     HIGHEST WIND DIRECTION    260
 HIGHEST GUST SPEED    25     HIGHEST GUST DIRECTION    250
 AVERAGE WIND SPEED    MM

SKY COVER
  POSSIBLE SUNSHINE  MM            AVERAGE SKY COVER MM

WEATHER CONDITIONS
 THE FOLLOWING WEATHER WAS RECORDED TODAY.
NO SIGNIFICANT WEATHER WAS OBSERVED.

RELATIVE HUMIDITY
 HIGHEST RH     MM PERCENT       MM
 LOWEST  RH     MM PERCENT       MM
 AVERAGE RH     MM PERCENT       MM
...................................................................

THE NOME CLIMATE NORMALS FOR TOMORROW
                        NORMAL    RECORD   YEAR
 MAXIMUM TEMPERATURE      57        78     1981
 MINIMUM TEMPERATURE      46        29     1932

SUNRISE AND SUNSET
 AUG 4 2015..........SUNRISE  6:15 AM      SUNSET 11:59 PM
 AUG 5 2015..........SUNRISE  6:18 AM      SUNSET 11:55 PM

-  INDICATES NEGATIVE NUMBERS.
R  INDICATES RECORD HAS BEEN SET OR TIED.
MM INDICATES DATA IS MISSING.
T  INDICATES TRACE OF PRECIPITATION.

&&
-------------------------------------------------------------------

AMOUNT OF DAYLIGHT TODAY  (HOUR:MIN)........17 HOURS 44 MINUTES
GAIN/LOSS SINCE YESTERDAY (HOUR:MIN:SEC)....-0:08:17

$$
RCT AUG 15
