000
CDUS46 KOTX 130827
CLIOMK


CLIMATE REPORT
NATIONAL WEATHER SERVICE SPOKANE, WA
1226 AM PST SAT FEB 13 2016


...................................

...THE OMAK WA AIRPORT CLIMATE SUMMARY FOR FEBRUARY 12 2016...

CLIMATE NORMAL PERIOD 1981 TO 2010
CLIMATE RECORD PERIOD 9999 TO 9999


WEATHER ITEM   OBSERVED TIME   RECORD YEAR NORMAL DEPARTURE LAST
                VALUE   (LST)  VALUE       VALUE  FROM      YEAR
                                                  NORMAL
..................................................................
TEMPERATURE (F)
 YESTERDAY
  MAXIMUM         39    545 PM  57    2014  39      0       54
  MINIMUM         34   1232 PM  -6    1959  23     11       41
  AVERAGE         37                        31      6       48

PRECIPITATION (IN)
  YESTERDAY        0.05          0.42 1975   0.05   0.00      T
  MONTH TO DATE    0.24                      0.58  -0.34     1.00
  SINCE OCT 1      7.88                      7.36   0.52     8.30
  SINCE JAN 1      2.52                      2.47   0.05     1.73

SNOWFALL (IN)
  YESTERDAY       MM

DEGREE DAYS
 HEATING
  YESTERDAY       28                        34     -6       17
  MONTH TO DATE  398                       417    -19      289
  SINCE DEC 1   2676                      2817   -141     2391
  SINCE JUL 1   3977                      4350   -373     3788

 COOLING
  YESTERDAY        0                         0      0        0
  MONTH TO DATE    0                         0      0        0
  SINCE DEC 1      0                         0      0        0
  SINCE JAN 1      0                         0      0        0
..................................................................


WIND (MPH)
  HIGHEST WIND SPEED    14   HIGHEST WIND DIRECTION    SW (240)
  HIGHEST GUST SPEED    16   HIGHEST GUST DIRECTION    SW (240)
  AVERAGE WIND SPEED     5.0


SKY COVER
  POSSIBLE SUNSHINE  MM
  AVERAGE SKY COVER 1.0


WEATHER CONDITIONS
 THE FOLLOWING WEATHER WAS RECORDED YESTERDAY.
  LIGHT RAIN
  FOG
  FOG W/VISIBILITY <= 1/4 MILE


RELATIVE HUMIDITY (PERCENT)
 HIGHEST   100           500 AM
 LOWEST     85           800 PM
 AVERAGE    93

..........................................................


THE OMAK WA AIRPORT CLIMATE NORMALS FOR TODAY
                         NORMAL    RECORD    YEAR
 MAXIMUM TEMPERATURE (F)   40        54      1977
 MINIMUM TEMPERATURE (F)   23       -14      1933


SUNRISE AND SUNSET
FEBRUARY 13 2016......SUNRISE   709 AM PST   SUNSET   516 PM PST
FEBRUARY 14 2016......SUNRISE   708 AM PST   SUNSET   517 PM PST


-  INDICATES NEGATIVE NUMBERS.
R  INDICATES RECORD WAS SET OR TIED.
MM INDICATES DATA IS MISSING.
T  INDICATES TRACE AMOUNT.




$$
