000
CDUS46 KOTX 020822
CLIOMK


CLIMATE REPORT
NATIONAL WEATHER SERVICE SPOKANE, WA
120 AM PDT WED SEP 2 2015


...................................

...THE OMAK WA AIRPORT CLIMATE SUMMARY FOR SEPTEMBER 1 2015...

CLIMATE NORMAL PERIOD 1981 TO 2010
CLIMATE RECORD PERIOD 9999 TO 9999


WEATHER ITEM   OBSERVED TIME   RECORD YEAR NORMAL DEPARTURE LAST
                VALUE   (LST)  VALUE       VALUE  FROM      YEAR
                                                  NORMAL
..................................................................
TEMPERATURE (F)
 YESTERDAY
  MAXIMUM         79    240 PM  99    1998  83     -4       81
  MINIMUM         54    547 AM  34    1959  53      1       47
  AVERAGE         67                        68     -1       64

PRECIPITATION (IN)
  YESTERDAY        0.00          0.99 1944   0.02  -0.02     0.00
  MONTH TO DATE    0.00                      0.02  -0.02     0.00
  SINCE OCT 1     11.62                     14.19  -2.57     7.41
  SINCE JAN 1      5.05                      9.30  -4.25     6.24

SNOWFALL (IN)
  YESTERDAY       MM

DEGREE DAYS
 HEATING
  YESTERDAY        0                         2     -2        1
  MONTH TO DATE    0                         2     -2        1
  SINCE SEP 1      0                         2     -2        1
  SINCE JUL 1      3                        33    -30        6

 COOLING
  YESTERDAY        2                         5     -3        0
  MONTH TO DATE    2                         5     -3        0
  SINCE SEP 1      2                         5     -3        0
  SINCE JAN 1    953                       611    342      824
..................................................................


WIND (MPH)
  HIGHEST WIND SPEED    23   HIGHEST WIND DIRECTION     S (190)
  HIGHEST GUST SPEED    29   HIGHEST GUST DIRECTION    SW (220)
  AVERAGE WIND SPEED    12.4


SKY COVER
  POSSIBLE SUNSHINE  MM
  AVERAGE SKY COVER 0.3


WEATHER CONDITIONS
 THE FOLLOWING WEATHER WAS RECORDED YESTERDAY.
  HAZE


RELATIVE HUMIDITY (PERCENT)
 HIGHEST    66           500 AM
 LOWEST     28           200 PM
 AVERAGE    47

..........................................................


THE OMAK WA AIRPORT CLIMATE NORMALS FOR TODAY
                         NORMAL    RECORD    YEAR
 MAXIMUM TEMPERATURE (F)   83       101      1938
 MINIMUM TEMPERATURE (F)   52        36      1959


SUNRISE AND SUNSET
SEPTEMBER  2 2015.....SUNRISE   617 AM PDT   SUNSET   738 PM PDT
SEPTEMBER  3 2015.....SUNRISE   618 AM PDT   SUNSET   736 PM PDT


-  INDICATES NEGATIVE NUMBERS.
R  INDICATES RECORD WAS SET OR TIED.
MM INDICATES DATA IS MISSING.
T  INDICATES TRACE AMOUNT.




$$
