000
CDUS46 KOTX 280830
CLIOMK


CLIMATE REPORT
NATIONAL WEATHER SERVICE SPOKANE, WA
129 AM PDT THU JUL 28 2016


...................................

...THE OMAK WA AIRPORT CLIMATE SUMMARY FOR JULY 27 2016...

CLIMATE NORMAL PERIOD 1981 TO 2010
CLIMATE RECORD PERIOD 9999 TO 9999


WEATHER ITEM   OBSERVED TIME   RECORD YEAR NORMAL DEPARTURE LAST
                VALUE   (LST)  VALUE       VALUE  FROM      YEAR
                                                  NORMAL
..................................................................
TEMPERATURE (F)
 YESTERDAY
  MAXIMUM         95    450 PM 109    1939  91      4       81
  MINIMUM         62    352 AM  45    1969  59      3       50
  AVERAGE         79                        75      4       66

PRECIPITATION (IN)
  YESTERDAY        0.00                      0.02  -0.02     0.00
  MONTH TO DATE    0.75                      0.72   0.03     0.26
  SINCE OCT 1     14.83                     13.59   1.24    11.45
  SINCE JAN 1      9.47                      8.70   0.77     4.88

SNOWFALL (IN)
  YESTERDAY       MM

DEGREE DAYS
 HEATING
  YESTERDAY        0                         0      0        0
  MONTH TO DATE    5                        11     -6        0
  SINCE JUN 1     90                        80     10       15
  SINCE JUL 1      5                        11     -6        0

 COOLING
  YESTERDAY       14                        10      4        1
  MONTH TO DATE  147                       213    -66      323
  SINCE JUN 1    284                       297    -13      588
  SINCE JAN 1    309                       320    -11      634
..................................................................


WIND (MPH)
  HIGHEST WIND SPEED    21   HIGHEST WIND DIRECTION    NW (330)
  HIGHEST GUST SPEED    24   HIGHEST GUST DIRECTION     N (360)
  AVERAGE WIND SPEED    10.7


SKY COVER
  POSSIBLE SUNSHINE  MM
  AVERAGE SKY COVER 0.1


WEATHER CONDITIONS
 THE FOLLOWING WEATHER WAS RECORDED YESTERDAY.
  NO SIGNIFICANT WEATHER WAS OBSERVED.


RELATIVE HUMIDITY (PERCENT)
 HIGHEST    73           200 AM
 LOWEST     17           200 PM
 AVERAGE    45

..........................................................


THE OMAK WA AIRPORT CLIMATE NORMALS FOR TODAY
                         NORMAL    RECORD    YEAR
 MAXIMUM TEMPERATURE (F)   91       106      1934
 MINIMUM TEMPERATURE (F)   59        40      1959


SUNRISE AND SUNSET
JULY 28 2016..........SUNRISE   528 AM PDT   SUNSET   840 PM PDT
JULY 29 2016..........SUNRISE   530 AM PDT   SUNSET   839 PM PDT


-  INDICATES NEGATIVE NUMBERS.
R  INDICATES RECORD WAS SET OR TIED.
MM INDICATES DATA IS MISSING.
T  INDICATES TRACE AMOUNT.




$$
