000
CDUS45 KBOI 290932
CLIONO


CLIMATE REPORT
NATIONAL WEATHER SERVICE BOISE ID
331 AM MDT SUN MAR 29 2015


...................................

...THE ONTARIO OR CLIMATE SUMMARY FOR MARCH 28 2015...

CLIMATE NORMAL PERIOD 1981 TO 2010
CLIMATE RECORD PERIOD 1948 TO 2015


WEATHER ITEM   OBSERVED TIME   RECORD YEAR NORMAL DEPARTURE LAST
                VALUE   (LST)  VALUE       VALUE  FROM      YEAR
                                                  NORMAL
..................................................................
TEMPERATURE (F)
 YESTERDAY
  MAXIMUM         65    458 PM  83    1966  60      5       57
  MINIMUM         40   1159 PM  19    1956  33      7       33
  AVERAGE         53                        47      6       45

PRECIPITATION (IN)
  YESTERDAY        T             0.26 1983   0.03  -0.03     0.03
  MONTH TO DATE    0.63                      0.92  -0.29     1.25
  SINCE OCT 1      6.36                      6.31   0.05     4.68
  SINCE JAN 1      1.90                      2.90  -1.00     3.17

DEGREE DAYS
 HEATING
  YESTERDAY       12                        18     -6       20
  MONTH TO DATE  488                       616   -128      538
  SINCE MAR 1    488                       616   -128      538
  SINCE JUL 1   4282                      5246   -964     5294

 COOLING
  YESTERDAY        0                         0      0        0
  MONTH TO DATE    0                         0      0        0
  SINCE MAR 1      0                         0      0        0
  SINCE JAN 1      0                         0      0        0
..................................................................


WIND (MPH)
  HIGHEST WIND SPEED    37   HIGHEST WIND DIRECTION    NW (310)
  HIGHEST GUST SPEED    46   HIGHEST GUST DIRECTION    NW (310)
  AVERAGE WIND SPEED     8.2


SKY COVER
  AVERAGE SKY COVER 0.1


WEATHER CONDITIONS
 THE FOLLOWING WEATHER WAS RECORDED YESTERDAY.
  LIGHT RAIN


RELATIVE HUMIDITY (PERCENT)
 HIGHEST    86           100 AM
 LOWEST     20           600 PM
 AVERAGE    53

..........................................................


THE ONTARIO OR CLIMATE NORMALS FOR TODAY
                         NORMAL    RECORD    YEAR
 MAXIMUM TEMPERATURE (F)   61        82      1966
 MINIMUM TEMPERATURE (F)   33        18      1987


SUNRISE AND SUNSET
MARCH 29 2015.........SUNRISE   735 AM MDT   SUNSET   811 PM MDT
MARCH 30 2015.........SUNRISE   733 AM MDT   SUNSET   812 PM MDT


-  INDICATES NEGATIVE NUMBERS.
R  INDICATES RECORD WAS SET OR TIED.
MM INDICATES DATA IS MISSING.
T  INDICATES TRACE AMOUNT.




$$
