507
CDUS45 KBOI 230932
CLIONO


CLIMATE REPORT
NATIONAL WEATHER SERVICE BOISE ID
332 AM MDT SAT SEP 23 2017


...................................

...THE ONTARIO OR CLIMATE SUMMARY FOR SEPTEMBER 22 2017...

CLIMATE NORMAL PERIOD 1981 TO 2010
CLIMATE RECORD PERIOD 1948 TO 2017


WEATHER ITEM   OBSERVED TIME   RECORD YEAR NORMAL DEPARTURE LAST
                VALUE   (LST)  VALUE       VALUE  FROM      YEAR
                                                  NORMAL
..................................................................
TEMPERATURE (F)
 YESTERDAY
  MAXIMUM         58        MM 100    1966  79    -21       67
  MINIMUM         47        MM  27    1995  43      4       54
  AVERAGE         53                        61     -8       61

PRECIPITATION (IN)
  YESTERDAY        0.01          0.24 2007   0.02  -0.01      T
  MONTH TO DATE    0.40                      0.28   0.12     0.05
  SINCE OCT 1     13.21                      9.93   3.28     7.37
  SINCE JAN 1      9.89                      6.52   3.37     2.62

DEGREE DAYS
 HEATING
  YESTERDAY       12                         5      7        4
  MONTH TO DATE   74                        62     12       58
  SINCE SEP 1     74                        62     12       58
  SINCE JUL 1     74                        78     -4       67

 COOLING
  YESTERDAY        0                         1     -1        0
  MONTH TO DATE  141                        53     88       21
  SINCE SEP 1    141                        53     88       21
  SINCE JAN 1   1254                       846    408      966
..................................................................


WIND (MPH)
  HIGHEST WIND SPEED    15   HIGHEST WIND DIRECTION    NW (300)
  HIGHEST GUST SPEED    MM   HIGHEST GUST DIRECTION    MM
  AVERAGE WIND SPEED     6.9


SKY COVER
  AVERAGE SKY COVER 0.9


WEATHER CONDITIONS
 THE FOLLOWING WEATHER WAS RECORDED YESTERDAY.
  LIGHT RAIN


RELATIVE HUMIDITY (PERCENT)
 HIGHEST    76           500 AM
 LOWEST     47           300 PM
 AVERAGE    62

..........................................................


THE ONTARIO OR CLIMATE NORMALS FOR TODAY
                         NORMAL    RECORD    YEAR
 MAXIMUM TEMPERATURE (F)   78        95      1966
 MINIMUM TEMPERATURE (F)   42        26      1956


SUNRISE AND SUNSET
SEPTEMBER 23 2017.....SUNRISE   737 AM MDT   SUNSET   743 PM MDT
SEPTEMBER 24 2017.....SUNRISE   738 AM MDT   SUNSET   741 PM MDT


-  INDICATES NEGATIVE NUMBERS.
R  INDICATES RECORD WAS SET OR TIED.
MM INDICATES DATA IS MISSING.
T  INDICATES TRACE AMOUNT.




$$
