000
CDUS45 KBOI 290933
CLIONO


CLIMATE REPORT
NATIONAL WEATHER SERVICE BOISE ID
332 AM MDT WED JUL 29 2015


...................................

...THE ONTARIO OR CLIMATE SUMMARY FOR JULY 28 2015...

CLIMATE NORMAL PERIOD 1981 TO 2010
CLIMATE RECORD PERIOD 1948 TO 2015


WEATHER ITEM   OBSERVED TIME   RECORD YEAR NORMAL DEPARTURE LAST
                VALUE   (LST)  VALUE       VALUE  FROM      YEAR
                                                  NORMAL
..................................................................
TEMPERATURE (F)
 YESTERDAY
  MAXIMUM         82    540 PM 107    1996  96    -14       99
  MINIMUM         44    527 AM  43    1948  59    -15       71
  AVERAGE         63                        77    -14       85

PRECIPITATION (IN)
  YESTERDAY        0.00          0.06 1995   0.00   0.00     0.00
  MONTH TO DATE    0.49                      0.28   0.21     0.01
  SINCE OCT 1      9.23                      9.45  -0.22     6.52
  SINCE JAN 1      4.77                      6.04  -1.27     5.01

DEGREE DAYS
 HEATING
  YESTERDAY        2                         0      2        0
  MONTH TO DATE    2                         0      2        0
  SINCE JUN 1      3                        52    -49       28
  SINCE JUL 1      2                         0      2        0

 COOLING
  YESTERDAY        0                        12    -12       20
  MONTH TO DATE  340                       310     30      450
  SINCE JUN 1    705                       449    256      607
  SINCE JAN 1    738                       485    253      655
..................................................................


WIND (MPH)
  HIGHEST WIND SPEED     8   HIGHEST WIND DIRECTION     S (170)
  HIGHEST GUST SPEED    14   HIGHEST GUST DIRECTION    SW (230)
  AVERAGE WIND SPEED     2.8


SKY COVER
  AVERAGE SKY COVER 0.0


WEATHER CONDITIONS
 THE FOLLOWING WEATHER WAS RECORDED YESTERDAY.
  HAZE


RELATIVE HUMIDITY (PERCENT)
 HIGHEST    76           600 AM
 LOWEST     15           400 PM
 AVERAGE    46

..........................................................


THE ONTARIO OR CLIMATE NORMALS FOR TODAY
                         NORMAL    RECORD    YEAR
 MAXIMUM TEMPERATURE (F)   96       109      1968
 MINIMUM TEMPERATURE (F)   59        44      1948


SUNRISE AND SUNSET
JULY 29 2015..........SUNRISE   633 AM MDT   SUNSET   916 PM MDT
JULY 30 2015..........SUNRISE   634 AM MDT   SUNSET   914 PM MDT


-  INDICATES NEGATIVE NUMBERS.
R  INDICATES RECORD WAS SET OR TIED.
MM INDICATES DATA IS MISSING.
T  INDICATES TRACE AMOUNT.




$$
