000
CDUS45 KBOI 240931
CLIONO


CLIMATE REPORT
NATIONAL WEATHER SERVICE BOISE ID
331 AM MDT MON JUL 24 2017


...................................

...THE ONTARIO OR CLIMATE SUMMARY FOR JULY 23 2017...

CLIMATE NORMAL PERIOD 1981 TO 2010
CLIMATE RECORD PERIOD 1948 TO 2017


WEATHER ITEM   OBSERVED TIME   RECORD YEAR NORMAL DEPARTURE LAST
                VALUE   (LST)  VALUE       VALUE  FROM      YEAR
                                                  NORMAL
..................................................................
TEMPERATURE (F)
 YESTERDAY
  MAXIMUM        100    441 PM 108    1959  96      4       88
  MINIMUM         63    634 AM  44    1972  59      4       61
  AVERAGE         82                        77      5       75

PRECIPITATION (IN)
  YESTERDAY        0.00          0.11 1983   0.01  -0.01     0.00
  MONTH TO DATE    0.01                      0.26  -0.25     0.21
  SINCE OCT 1     12.79                      9.43   3.36     7.31
  SINCE JAN 1      9.47                      6.02   3.45     2.56

DEGREE DAYS
 HEATING
  YESTERDAY        0                         0      0        0
  MONTH TO DATE    0                         0      0        9
  SINCE JUN 1     28                        52    -24       35
  SINCE JUL 1      0                         0      0        9

 COOLING
  YESTERDAY       17                        13      4       10
  MONTH TO DATE  391                       247    144      212
  SINCE JUN 1    555                       386    169      443
  SINCE JAN 1    595                       422    173      482
..................................................................


WIND (MPH)
  HIGHEST WIND SPEED     9   HIGHEST WIND DIRECTION    SE (140)
  HIGHEST GUST SPEED    11   HIGHEST GUST DIRECTION    SE (150)
  AVERAGE WIND SPEED     3.3


SKY COVER
  AVERAGE SKY COVER 0.0


WEATHER CONDITIONS
 THE FOLLOWING WEATHER WAS RECORDED YESTERDAY.
  NO SIGNIFICANT WEATHER WAS OBSERVED.


RELATIVE HUMIDITY (PERCENT)
 HIGHEST    58           700 AM
 LOWEST     15           300 PM
 AVERAGE    37

..........................................................


THE ONTARIO OR CLIMATE NORMALS FOR TODAY
                         NORMAL    RECORD    YEAR
 MAXIMUM TEMPERATURE (F)   96       106      1956
 MINIMUM TEMPERATURE (F)   59        45      1970


SUNRISE AND SUNSET
JULY 24 2017..........SUNRISE   628 AM MDT   SUNSET   920 PM MDT
JULY 25 2017..........SUNRISE   629 AM MDT   SUNSET   919 PM MDT


-  INDICATES NEGATIVE NUMBERS.
R  INDICATES RECORD WAS SET OR TIED.
MM INDICATES DATA IS MISSING.
T  INDICATES TRACE AMOUNT.




$$
