000
CDUS45 KBOI 270937
CLIONO


CLIMATE REPORT
NATIONAL WEATHER SERVICE BOISE ID
337 AM MDT MON MAR 27 2017


...................................

...THE ONTARIO OR CLIMATE SUMMARY FOR MARCH 26 2017...

CLIMATE NORMAL PERIOD 1981 TO 2010
CLIMATE RECORD PERIOD 1948 TO 2017


WEATHER ITEM   OBSERVED TIME   RECORD YEAR NORMAL DEPARTURE LAST
                VALUE   (LST)  VALUE       VALUE  FROM      YEAR
                                                  NORMAL
..................................................................
TEMPERATURE (F)
 YESTERDAY
  MAXIMUM         56    409 PM  79    1988  60     -4       53
  MINIMUM         33    719 AM  23    1980  33      0       25
  AVERAGE         45                        46     -1       39

PRECIPITATION (IN)
  YESTERDAY        0.19          0.63 1981   0.04   0.15     0.00
  MONTH TO DATE    1.04                      0.86   0.18     0.43
  SINCE OCT 1      9.18                      6.25   2.93     6.22
  SINCE JAN 1      5.86                      2.84   3.02     1.47

DEGREE DAYS
 HEATING
  YESTERDAY       20                        19      1       26
  MONTH TO DATE  469                       579   -110      470
  SINCE MAR 1    469                       579   -110      470
  SINCE JUL 1   5343                      5209    134     4460

 COOLING
  YESTERDAY        0                         0      0        0
  MONTH TO DATE    0                         0      0        0
  SINCE MAR 1      0                         0      0        0
  SINCE JAN 1      0                         0      0        0
..................................................................


WIND (MPH)
  HIGHEST WIND SPEED    15   HIGHEST WIND DIRECTION     S (190)
  HIGHEST GUST SPEED    19   HIGHEST GUST DIRECTION     S (160)
  AVERAGE WIND SPEED     3.8


SKY COVER
  AVERAGE SKY COVER 0.5


WEATHER CONDITIONS
 THE FOLLOWING WEATHER WAS RECORDED YESTERDAY.
  RAIN
  LIGHT RAIN
  FOG


RELATIVE HUMIDITY (PERCENT)
 HIGHEST    92           400 AM
 LOWEST     50           400 PM
 AVERAGE    71

..........................................................


THE ONTARIO OR CLIMATE NORMALS FOR TODAY
                         NORMAL    RECORD    YEAR
 MAXIMUM TEMPERATURE (F)   60        79      1966
 MINIMUM TEMPERATURE (F)   33        20      1972


SUNRISE AND SUNSET
MARCH 27 2017.........SUNRISE   738 AM MDT   SUNSET   809 PM MDT
MARCH 28 2017.........SUNRISE   736 AM MDT   SUNSET   811 PM MDT


-  INDICATES NEGATIVE NUMBERS.
R  INDICATES RECORD WAS SET OR TIED.
MM INDICATES DATA IS MISSING.
T  INDICATES TRACE AMOUNT.




$$
