000
CDUS45 KBOI 260931
CLIONO


CLIMATE REPORT
NATIONAL WEATHER SERVICE BOISE ID
331 AM MDT FRI MAY 26 2017


...................................

...THE ONTARIO OR CLIMATE SUMMARY FOR MAY 25 2017...

CLIMATE NORMAL PERIOD 1981 TO 2010
CLIMATE RECORD PERIOD 1948 TO 2017


WEATHER ITEM   OBSERVED TIME   RECORD YEAR NORMAL DEPARTURE LAST
                VALUE   (LST)  VALUE       VALUE  FROM      YEAR
                                                  NORMAL
..................................................................
TEMPERATURE (F)
 YESTERDAY
  MAXIMUM         70    306 PM  96    1966  77     -7       78
                                      1961
  MINIMUM         48    419 AM  25    1975  47      1       49
  AVERAGE         59                        62     -3       64

PRECIPITATION (IN)
  YESTERDAY        0.15          0.68 1998   0.05   0.10     0.00
  MONTH TO DATE    1.28                      1.03   0.25     0.30
  SINCE OCT 1     12.18                      8.23   3.95     6.98
  SINCE JAN 1      8.86                      4.82   4.04     2.23

DEGREE DAYS
 HEATING
  YESTERDAY        6                         5      1        1
  MONTH TO DATE  162                       185    -23      102
  SINCE MAR 1   1142                      1296   -154      908
  SINCE JUL 1   6016                      5926     90     4898

 COOLING
  YESTERDAY        0                         2     -2        0
  MONTH TO DATE   14                        23     -9       30
  SINCE MAR 1     14                        24    -10       30
  SINCE JAN 1     14                        24    -10       30
..................................................................


WIND (MPH)
  HIGHEST WIND SPEED    28   HIGHEST WIND DIRECTION     W (260)
  HIGHEST GUST SPEED    34   HIGHEST GUST DIRECTION     W (270)
  AVERAGE WIND SPEED     9.9


SKY COVER
  AVERAGE SKY COVER 0.5


WEATHER CONDITIONS
 THE FOLLOWING WEATHER WAS RECORDED YESTERDAY.
  HEAVY RAIN
  LIGHT RAIN


RELATIVE HUMIDITY (PERCENT)
 HIGHEST    71          1000 PM
 LOWEST     22           300 PM
 AVERAGE    47

..........................................................


THE ONTARIO OR CLIMATE NORMALS FOR TODAY
                         NORMAL    RECORD    YEAR
 MAXIMUM TEMPERATURE (F)   78       102      1966
 MINIMUM TEMPERATURE (F)   47        30      1975


SUNRISE AND SUNSET
MAY 26 2017...........SUNRISE   612 AM MDT   SUNSET   919 PM MDT
MAY 27 2017...........SUNRISE   611 AM MDT   SUNSET   920 PM MDT


-  INDICATES NEGATIVE NUMBERS.
R  INDICATES RECORD WAS SET OR TIED.
MM INDICATES DATA IS MISSING.
T  INDICATES TRACE AMOUNT.




$$
