000
CDUS45 KBOI 270934
CLIONO


CLIMATE REPORT
NATIONAL WEATHER SERVICE BOISE ID
230 AM MST TUE JAN 27 2015


...................................

...THE ONTARIO OR CLIMATE SUMMARY FOR JANUARY 26 2015...

CLIMATE NORMAL PERIOD 1981 TO 2010
CLIMATE RECORD PERIOD 1948 TO 2015


WEATHER ITEM   OBSERVED TIME   RECORD YEAR NORMAL DEPARTURE LAST
                VALUE   (LST)  VALUE       VALUE  FROM      YEAR
                                                  NORMAL
..................................................................
TEMPERATURE (F)
 YESTERDAY
  MAXIMUM         45    411 PM  58    1971  37      8       26
  MINIMUM         28    855 AM -16    1957  20      8       23
  AVERAGE         37                        28      9       25

PRECIPITATION (IN)
  YESTERDAY        0.00          0.39 1970   0.03  -0.03     0.00
  MONTH TO DATE    0.56                      1.04  -0.48     0.31
  SINCE OCT 1      5.02                      4.45   0.57     1.82
  SINCE JAN 1      0.56                      1.04  -0.48     0.31

DEGREE DAYS
 HEATING
  YESTERDAY       28                        37     -9       40
  MONTH TO DATE  894                       983    -89      972
  SINCE DEC 1   1775                      2136   -361     2369
  SINCE JUL 1   3056                      3564   -508     3764

 COOLING
  YESTERDAY        0                         0      0        0
  MONTH TO DATE    0                         0      0        0
  SINCE DEC 1      0                         0      0        0
  SINCE JAN 1      0                         0      0        0
..................................................................


WIND (MPH)
  HIGHEST WIND SPEED     9   HIGHEST WIND DIRECTION     N (10)
  HIGHEST GUST SPEED    13   HIGHEST GUST DIRECTION     N (20)
  AVERAGE WIND SPEED     3.3


SKY COVER
  AVERAGE SKY COVER 0.5


WEATHER CONDITIONS
 THE FOLLOWING WEATHER WAS RECORDED YESTERDAY.
  FOG
  FOG W/VISIBILITY <= 1/4 MILE


RELATIVE HUMIDITY (PERCENT)
 HIGHEST    92           700 AM
 LOWEST     70          1200 PM
 AVERAGE    81

..........................................................


THE ONTARIO OR CLIMATE NORMALS FOR TODAY
                         NORMAL    RECORD    YEAR
 MAXIMUM TEMPERATURE (F)   37        57      1971
 MINIMUM TEMPERATURE (F)   21       -25      1957


SUNRISE AND SUNSET
JANUARY 27 2015.......SUNRISE   811 AM MST   SUNSET   551 PM MST
JANUARY 28 2015.......SUNRISE   810 AM MST   SUNSET   553 PM MST


-  INDICATES NEGATIVE NUMBERS.
R  INDICATES RECORD WAS SET OR TIED.
MM INDICATES DATA IS MISSING.
T  INDICATES TRACE AMOUNT.




$$
