000
CDUS45 KBOI 230933
CLIONO


CLIMATE REPORT
NATIONAL WEATHER SERVICE BOISE ID
232 AM MST FRI FEB 23 2018


...................................

...THE ONTARIO OR CLIMATE SUMMARY FOR FEBRUARY 22 2018...

CLIMATE NORMAL PERIOD 1981 TO 2010
CLIMATE RECORD PERIOD 1948 TO 2018


WEATHER ITEM   OBSERVED TIME   RECORD YEAR NORMAL DEPARTURE LAST
                VALUE   (LST)  VALUE       VALUE  FROM      YEAR
                                                  NORMAL
..................................................................
TEMPERATURE (F)
 YESTERDAY
  MAXIMUM         39    308 PM  64    1991  47     -8       40
  MINIMUM         23   1159 PM  -1    1952  25     -2       25
  AVERAGE         31                        36     -5       33

PRECIPITATION (IN)
  YESTERDAY        T             0.28 1957   0.03  -0.03     0.00
  MONTH TO DATE    0.06                      0.61  -0.55     1.48
  SINCE OCT 1      3.88                      5.20  -1.32     8.11
  SINCE JAN 1      1.17                      1.79  -0.62     4.79

DEGREE DAYS
 HEATING
  YESTERDAY       34                        29      5       32
  MONTH TO DATE  607                       718   -111      710
  SINCE DEC 1   2635                      3033   -398     3574
  SINCE JUL 1   3980                      4461   -481     4665

 COOLING
  YESTERDAY        0                         0      0        0
  MONTH TO DATE    0                         0      0        0
  SINCE DEC 1      0                         0      0        0
  SINCE JAN 1      0                         0      0        0
..................................................................


WIND (MPH)
  HIGHEST WIND SPEED    22   HIGHEST WIND DIRECTION    NW (320)
  HIGHEST GUST SPEED    26   HIGHEST GUST DIRECTION    NW (310)
  AVERAGE WIND SPEED    10.5


SKY COVER
  AVERAGE SKY COVER 0.6


WEATHER CONDITIONS
 THE FOLLOWING WEATHER WAS RECORDED YESTERDAY.
  NO SIGNIFICANT WEATHER WAS OBSERVED.


RELATIVE HUMIDITY (PERCENT)
 HIGHEST    81           500 AM
 LOWEST     32           100 PM
 AVERAGE    57

..........................................................


THE ONTARIO OR CLIMATE NORMALS FOR TODAY
                         NORMAL    RECORD    YEAR
 MAXIMUM TEMPERATURE (F)   47        66      1995
                                             1958
 MINIMUM TEMPERATURE (F)   25        17      2015
                                             1964


SUNRISE AND SUNSET
FEBRUARY 23 2018......SUNRISE   735 AM MST   SUNSET   629 PM MST
FEBRUARY 24 2018......SUNRISE   733 AM MST   SUNSET   630 PM MST


-  INDICATES NEGATIVE NUMBERS.
R  INDICATES RECORD WAS SET OR TIED.
MM INDICATES DATA IS MISSING.
T  INDICATES TRACE AMOUNT.




$$
