000
CDUS46 KSGX 100139
CLIONT


CLIMATE REPORT
NATIONAL WEATHER SERVICE SAN DIEGO, CA
529 PM PST TUE FEB 9 2016


...................................

...THE ONTARIO INTL AIRPORT CA CLIMATE SUMMARY FOR FEBRUARY 9 2016...
VALID TODAY AS OF 0500 PM LOCAL TIME.

CLIMATE NORMAL PERIOD 1981 TO 2010
CLIMATE RECORD PERIOD 1998 TO 2016


WEATHER ITEM   OBSERVED TIME   RECORD YEAR NORMAL DEPARTURE LAST
                VALUE   (LST)  VALUE       VALUE  FROM      YEAR
                                                  NORMAL
..................................................................
TEMPERATURE (F)
 TODAY
  MAXIMUM         88R   339 PM  85    2006  65     23       75
  MINIMUM         48    542 AM  36    2013  45      3       55
  AVERAGE         68                        55     13       65

PRECIPITATION (IN)
  TODAY            0.00          0.82 2009   0.12  -0.12     0.00
  MONTH TO DATE    0.00                      0.85  -0.85      T
  SINCE OCT 1      4.31                      8.33  -4.02     6.58
  SINCE JAN 1      2.19                      4.16  -1.97     0.94

DEGREE DAYS
 HEATING
  TODAY            0                        10    -10        0
  MONTH TO DATE   82                        91     -9       17
  SINCE DEC 1    791                       758     33      457
  SINCE JUL 1    988                       980      8      527

 COOLING
  TODAY            3                         0      3        0
  MONTH TO DATE    8                         0      8        5
  SINCE DEC 1     10                         5      5       20
  SINCE JAN 1      8                         3      5       18
..................................................................


WIND (MPH)
  RESULTANT WIND SPEED   2   RESULTANT WIND DIRECTION  NW (320)
  HIGHEST WIND SPEED     9   HIGHEST WIND DIRECTION     N (350)
  HIGHEST GUST SPEED    10   HIGHEST GUST DIRECTION    NW (330)
  AVERAGE WIND SPEED     3.2


SKY COVER
  POSSIBLE SUNSHINE  MM
  AVERAGE SKY COVER 0.0


WEATHER CONDITIONS
 THE FOLLOWING WEATHER WAS RECORDED TODAY.
  NO SIGNIFICANT WEATHER WAS OBSERVED.


RELATIVE HUMIDITY (PERCENT)
 HIGHEST    44          1200 AM
 LOWEST      8           300 PM
 AVERAGE    26

..........................................................


THE ONTARIO INTL AIRPORT CA CLIMATE NORMALS FOR TOMORROW
                         NORMAL    RECORD    YEAR
 MAXIMUM TEMPERATURE (F)   65        81      2015
 MINIMUM TEMPERATURE (F)   45        33      2009
                                             1979


SUNRISE AND SUNSET
FEBRUARY  9 2016......SUNRISE   641 AM PST   SUNSET   528 PM PST
FEBRUARY 10 2016......SUNRISE   640 AM PST   SUNSET   529 PM PST


-  INDICATES NEGATIVE NUMBERS.
R  INDICATES RECORD WAS SET OR TIED.
MM INDICATES DATA IS MISSING.
T  INDICATES TRACE AMOUNT.




$$
