000
CDUS46 KSGX 241417
CLIONT


CLIMATE REPORT
NATIONAL WEATHER SERVICE SAN DIEGO, CA
717 AM PDT TUE MAY 24 2016


...................................

...THE ONTARIO INTL AIRPORT CA CLIMATE SUMMARY FOR MAY 23 2016...

CLIMATE NORMAL PERIOD 1981 TO 2010
CLIMATE RECORD PERIOD 1998 TO 2016


WEATHER ITEM   OBSERVED TIME   RECORD YEAR NORMAL DEPARTURE LAST
                VALUE   (LST)  VALUE       VALUE  FROM      YEAR
                                                  NORMAL
..................................................................
TEMPERATURE (F)
 YESTERDAY
  MAXIMUM         73    237 PM  97    2001  80     -7       66
  MINIMUM         51    325 AM  50    2010  56     -5       55
  AVERAGE         62                        68     -6       61

PRECIPITATION (IN)
  YESTERDAY        0.00          0.19 2008   0.01  -0.01     0.01
  MONTH TO DATE    1.27                      0.27   1.00     0.94
  SINCE OCT 1      7.71                     14.40  -6.69     9.87
  SINCE JAN 1      5.59                     10.23  -4.64     4.23

DEGREE DAYS
 HEATING
  YESTERDAY        3                         1      2        4
  MONTH TO DATE   39                        31      8       66
  SINCE MAR 1    204                       367   -163      179
  SINCE JUL 1   1213                      1524   -311      779

 COOLING
  YESTERDAY        0                         4     -4        0
  MONTH TO DATE   58                        74    -16       35
  SINCE MAR 1    172                       127     45      231
  SINCE JAN 1    215                       133     82      261
..................................................................


WIND (MPH)
  RESULTANT WIND SPEED   6   RESULTANT WIND DIRECTION   W (250)
  HIGHEST WIND SPEED    17   HIGHEST WIND DIRECTION     W (250)
  HIGHEST GUST SPEED    23   HIGHEST GUST DIRECTION     W (250)
  AVERAGE WIND SPEED     6.7


SKY COVER
  POSSIBLE SUNSHINE  MM
  AVERAGE SKY COVER 0.4


WEATHER CONDITIONS
 THE FOLLOWING WEATHER WAS RECORDED YESTERDAY.
  NO SIGNIFICANT WEATHER WAS OBSERVED.


RELATIVE HUMIDITY (PERCENT)
 HIGHEST    72           600 AM
 LOWEST     40           100 PM
 AVERAGE    56

..........................................................


THE ONTARIO INTL AIRPORT CA CLIMATE NORMALS FOR TODAY
                         NORMAL    RECORD    YEAR
 MAXIMUM TEMPERATURE (F)   80        88      2007
 MINIMUM TEMPERATURE (F)   56        48      2010


SUNRISE AND SUNSET
MAY 24 2016...........SUNRISE   543 AM PDT   SUNSET   752 PM PDT
MAY 25 2016...........SUNRISE   543 AM PDT   SUNSET   753 PM PDT


-  INDICATES NEGATIVE NUMBERS.
R  INDICATES RECORD WAS SET OR TIED.
MM INDICATES DATA IS MISSING.
T  INDICATES TRACE AMOUNT.




$$
