000
CDUS46 KSGX 290019
CLIONT


CLIMATE REPORT
NATIONAL WEATHER SERVICE SAN DIEGO, CA
518 PM PDT MON JUL 28 2014


...................................

...THE ONTARIO INTL AIRPORT CA CLIMATE SUMMARY FOR JULY 28 2014...
VALID TODAY AS OF 0500 PM LOCAL TIME.

CLIMATE NORMAL PERIOD 1981 TO 2010
CLIMATE RECORD PERIOD 1998 TO 2014


WEATHER ITEM   OBSERVED TIME   RECORD YEAR NORMAL DEPARTURE LAST
                VALUE   (LST)  VALUE       VALUE  FROM      YEAR
                                                  NORMAL
..................................................................
TEMPERATURE (F)
 TODAY
  MAXIMUM         96    222 PM 102    1998  93      3       88
  MINIMUM         73    500 AM  57    2012  64      9       61
  AVERAGE         85                        79      6       75

PRECIPITATION (IN)
  TODAY            0.00          T    2003   0.00   0.00     0.00
  MONTH TO DATE    T                         0.08  -0.08     0.04
  SINCE JUL 1      T                         0.08  -0.08     0.04
  SINCE JAN 1      3.49                     10.46  -6.97     2.83

SNOWFALL (IN)
  TODAY            0.0
  MONTH TO DATE    0.0
  SINCE JAN 1      0.0
  SINCE JUL 1      0.0
  SNOW DEPTH       0

DEGREE DAYS
 HEATING
  TODAY            0                         0      0        0
  MONTH TO DATE    0                         0      0        0
  SINCE JUN 1      0                         5     -5        0
  SINCE JUL 1      0                         0      0        0

 COOLING
  TODAY           20                        14      6       10
  MONTH TO DATE  418                       354     64      398
  SINCE JUN 1    704                       577    127      704
  SINCE JAN 1   1098                       743    355      995
..................................................................


WIND (MPH)
  RESULTANT WIND SPEED   6   RESULTANT WIND DIRECTION   W (260)
  HIGHEST WIND SPEED    17   HIGHEST WIND DIRECTION     W (270)
  HIGHEST GUST SPEED    20   HIGHEST GUST DIRECTION     W (280)
  AVERAGE WIND SPEED     6.6


SKY COVER
  POSSIBLE SUNSHINE  MM
  AVERAGE SKY COVER 0.8


WEATHER CONDITIONS
 THE FOLLOWING WEATHER WAS RECORDED TODAY.
  NO SIGNIFICANT WEATHER WAS OBSERVED.


RELATIVE HUMIDITY (PERCENT)
 HIGHEST    50           700 AM
 LOWEST     17           200 PM
 AVERAGE    34

..........................................................


THE ONTARIO INTL AIRPORT CA CLIMATE NORMALS FOR TOMORROW
                         NORMAL    RECORD    YEAR
 MAXIMUM TEMPERATURE (F)   93        95      2005
 MINIMUM TEMPERATURE (F)   64        58      2002


SUNRISE AND SUNSET
JULY 28 2014..........SUNRISE   559 AM PDT   SUNSET   754 PM PDT
JULY 29 2014..........SUNRISE   600 AM PDT   SUNSET   754 PM PDT


-  INDICATES NEGATIVE NUMBERS.
R  INDICATES RECORD WAS SET OR TIED.
MM INDICATES DATA IS MISSING.
T  INDICATES TRACE AMOUNT.




$$
