233
CDUS43 KLOT 030634
CLIORD


CLIMATE REPORT
NATIONAL WEATHER SERVICE CHICAGO IL
133 AM CDT TUE MAY 3 2016


...................................

...THE CHICAGO-OHARE CLIMATE SUMMARY FOR MAY 2 2016...

CLIMATE NORMAL PERIOD 1981 TO 2010
CLIMATE RECORD PERIOD 1871 TO 2016


WEATHER ITEM   OBSERVED TIME   RECORD YEAR NORMAL DEPARTURE LAST
                VALUE   (LST)  VALUE       VALUE  FROM      YEAR
                                                  NORMAL
..................................................................
TEMPERATURE (F)
 YESTERDAY
  MAXIMUM         59    325 PM  91    1959  66     -7       76
  MINIMUM         42   1149 PM  27    1875  44     -2       50
  AVERAGE         51                        55     -4       63

PRECIPITATION (IN)
  YESTERDAY        0.00          1.28 2008   0.12  -0.12     0.00
  MONTH TO DATE    0.51                      0.23   0.28     0.00
  SINCE MAR 1      6.65                      6.11   0.54     3.97
  SINCE JAN 1      8.72                      9.63  -0.91     6.83

SNOWFALL (IN)
  YESTERDAY        0.0           0.6  1940   0.0    0.0      0.0
  MONTH TO DATE    0.0                       0.0    0.0      0.0
  SINCE MAR 1      3.7                       6.8   -3.1      7.1
  SINCE JUL 1     31.2                      36.6   -5.4     50.7
  SNOW DEPTH       0

DEGREE DAYS
 HEATING
  YESTERDAY       14                        11      3        2
  MONTH TO DATE   33                        22     11       14
  SINCE MAR 1   1215                      1355   -140     1384
  SINCE JUL 1   5223                      6089   -866     6564

 COOLING
  YESTERDAY        0                         0      0        0
  MONTH TO DATE    0                         0      0        0
  SINCE MAR 1      7                        10     -3        0
  SINCE JAN 1      7                        10     -3        0
..................................................................


WIND (MPH)
  HIGHEST WIND SPEED    18   HIGHEST WIND DIRECTION    NE (50)
  HIGHEST GUST SPEED    24   HIGHEST GUST DIRECTION    NE (50)
  AVERAGE WIND SPEED    10.4


SKY COVER
  POSSIBLE SUNSHINE  MM
  AVERAGE SKY COVER 0.6


WEATHER CONDITIONS
 THE FOLLOWING WEATHER WAS RECORDED YESTERDAY.
  NO SIGNIFICANT WEATHER WAS OBSERVED.


RELATIVE HUMIDITY (PERCENT)
 HIGHEST    92          1200 AM
 LOWEST     38           600 PM
 AVERAGE    65

..........................................................


THE CHICAGO-OHARE CLIMATE NORMALS FOR TODAY
                         NORMAL    RECORD    YEAR
 MAXIMUM TEMPERATURE (F)   66        92      1955
 MINIMUM TEMPERATURE (F)   45        30      2004


SUNRISE AND SUNSET
MAY  3 2016...........SUNRISE   544 AM CDT   SUNSET   753 PM CDT
MAY  4 2016...........SUNRISE   543 AM CDT   SUNSET   754 PM CDT


-  INDICATES NEGATIVE NUMBERS.
R  INDICATES RECORD WAS SET OR TIED.
MM INDICATES DATA IS MISSING.
T  INDICATES TRACE AMOUNT.




$$
