000
CDUS41 KAKQ 220645
CLIORF


CLIMATE REPORT
NATIONAL WEATHER SERVICE WAKEFIELD, VA
145 AM EST WED NOV 22 2017


...................................

...THE NORFOLK VA CLIMATE SUMMARY FOR NOVEMBER 21 2017...

CLIMATE NORMAL PERIOD 1981 TO 2010
CLIMATE RECORD PERIOD 1871 TO 2017


WEATHER ITEM   OBSERVED TIME   RECORD YEAR NORMAL DEPARTURE LAST
                VALUE   (LST)  VALUE       VALUE  FROM      YEAR
                                                  NORMAL
..................................................................
TEMPERATURE (F)
 YESTERDAY
  MAXIMUM         66    223 PM  80    1991  60      6       50
  MINIMUM         35    200 AM  21    1879  43     -8       36
  AVERAGE         51                        51      0       43

PRECIPITATION (IN)
  YESTERDAY        0.00          3.31 1952   0.10  -0.10     0.00
  MONTH TO DATE    1.16                      2.21  -1.05     0.81
  SINCE SEP 1      8.21                     10.39  -2.18    23.78
  SINCE JAN 1     46.75                     42.33   4.42    66.15

SNOWFALL (IN)
  YESTERDAY        0.0           0.1  1926   0.0    0.0
  MONTH TO DATE    0.0                       0.0    0.0
  SINCE NOV 1      0.0                       0.0    0.0
  SINCE JUL 1      0.0                       0.0    0.0
  SNOW DEPTH       0

DEGREE DAYS
 HEATING
  YESTERDAY       14                        14      0       22
  MONTH TO DATE  212                       233    -21      254
  SINCE SEP 1    286                       390   -104      338
  SINCE JUL 1    286                       390   -104      338

 COOLING
  YESTERDAY        0                         0      0        0
  MONTH TO DATE   12                         1     11        6
  SINCE SEP 1    415                       286    129      441
  SINCE JAN 1   2107                      1621    486     1993
..................................................................


WIND (MPH)
  HIGHEST WIND SPEED    17   HIGHEST WIND DIRECTION    SW (210)
  HIGHEST GUST SPEED    20   HIGHEST GUST DIRECTION     S (200)
  AVERAGE WIND SPEED     7.6


SKY COVER
  POSSIBLE SUNSHINE  MM
  AVERAGE SKY COVER 0.2


WEATHER CONDITIONS
 THE FOLLOWING WEATHER WAS RECORDED YESTERDAY.
  NO SIGNIFICANT WEATHER WAS OBSERVED.


RELATIVE HUMIDITY (PERCENT)
 HIGHEST    92           500 AM
 LOWEST     31           200 PM
 AVERAGE    62

..........................................................


THE NORFOLK VA CLIMATE NORMALS FOR TODAY
                         NORMAL    RECORD    YEAR
 MAXIMUM TEMPERATURE (F)   59        78      2007
                                             1991
 MINIMUM TEMPERATURE (F)   43        21      1879


SUNRISE AND SUNSET
NOVEMBER 22 2017......SUNRISE   651 AM EST   SUNSET   451 PM EST
NOVEMBER 23 2017......SUNRISE   652 AM EST   SUNSET   451 PM EST


-  INDICATES NEGATIVE NUMBERS.
R  INDICATES RECORD WAS SET OR TIED.
MM INDICATES DATA IS MISSING.
T  INDICATES TRACE AMOUNT.




$$
