000
CDUS41 KAKQ 260531
CLIORF


CLIMATE REPORT
NATIONAL WEATHER SERVICE WAKEFIELD, VA
131 AM EDT TUE MAY 26 2015


...................................

...THE NORFOLK VA CLIMATE SUMMARY FOR MAY 25 2015...

CLIMATE NORMAL PERIOD 1981 TO 2010
CLIMATE RECORD PERIOD 1871 TO 2015


WEATHER ITEM   OBSERVED TIME   RECORD YEAR NORMAL DEPARTURE LAST
                VALUE   (LST)  VALUE       VALUE  FROM      YEAR
                                                  NORMAL
..................................................................
TEMPERATURE (F)
 YESTERDAY
  MAXIMUM         85   1240 PM  95    1880  78      7       80
  MINIMUM         60    452 AM  44    1956  61     -1       59
  AVERAGE         73                        69      4       70

PRECIPITATION (IN)
  YESTERDAY        0.00          2.39 1895   0.12  -0.12     0.00
  MONTH TO DATE    1.25                      2.67  -1.42     3.37
  SINCE MAR 1      8.56                      9.76  -1.20    12.06
  SINCE JAN 1     14.74                     16.28  -1.54    18.35

SNOWFALL (IN)
  YESTERDAY        0.0           0.0  2002   0.0    0.0
                                      2001
  MONTH TO DATE    0.0                       0.0    0.0
  SINCE NOV 1     12.7                       5.8    6.9
  SINCE JUL 1     12.7                       5.8    6.9
  SNOW DEPTH       0

DEGREE DAYS
 HEATING
  YESTERDAY        0                         1     -1        0
  MONTH TO DATE   30                        65    -35       24
  SINCE MAR 1    763                       796    -33      829
  SINCE JUL 1   3599                      3365    234     3440

 COOLING
  YESTERDAY        8                         5      3        5
  MONTH TO DATE  132                        85     47      136
  SINCE MAR 1    157                       128     29      163
  SINCE JAN 1    157                       129     28      163
..................................................................


WIND (MPH)
  HIGHEST WIND SPEED    20   HIGHEST WIND DIRECTION     S (160)
  HIGHEST GUST SPEED    31   HIGHEST GUST DIRECTION     S (190)
  AVERAGE WIND SPEED    11.2


SKY COVER
  POSSIBLE SUNSHINE  MM
  AVERAGE SKY COVER 0.1


WEATHER CONDITIONS
 THE FOLLOWING WEATHER WAS RECORDED YESTERDAY.
  NO SIGNIFICANT WEATHER WAS OBSERVED.


RELATIVE HUMIDITY (PERCENT)
 HIGHEST    84           400 AM
 LOWEST     34           200 PM
 AVERAGE    59

..........................................................


THE NORFOLK VA CLIMATE NORMALS FOR TODAY
                         NORMAL    RECORD    YEAR
 MAXIMUM TEMPERATURE (F)   78        98      1880
 MINIMUM TEMPERATURE (F)   61        47      1967


SUNRISE AND SUNSET
MAY 26 2015...........SUNRISE   550 AM EDT   SUNSET   814 PM EDT
MAY 27 2015...........SUNRISE   549 AM EDT   SUNSET   815 PM EDT


-  INDICATES NEGATIVE NUMBERS.
R  INDICATES RECORD WAS SET OR TIED.
MM INDICATES DATA IS MISSING.
T  INDICATES TRACE AMOUNT.




$$
