000
CDUS41 KAKQ 030550
CLIORF


CLIMATE REPORT
NATIONAL WEATHER SERVICE WAKEFIELD, VA
150 AM EDT THU SEP 3 2015


...................................

...THE NORFOLK VA CLIMATE SUMMARY FOR SEPTEMBER 2 2015...

CLIMATE NORMAL PERIOD 1981 TO 2010
CLIMATE RECORD PERIOD 1871 TO 2015


WEATHER ITEM   OBSERVED TIME   RECORD YEAR NORMAL DEPARTURE LAST
                VALUE   (LST)  VALUE       VALUE  FROM      YEAR
                                                  NORMAL
..................................................................
TEMPERATURE (F)
 YESTERDAY
  MAXIMUM         93    127 PM  99    2014  83     10       99
  MINIMUM         71    859 PM  55    1948  69      2       79
  AVERAGE         82                        76      6       89

PRECIPITATION (IN)
  YESTERDAY        0.22          1.40 1903   0.18   0.04     0.00
  MONTH TO DATE    0.22                      0.36  -0.14     0.00
  SINCE SEP 1      0.22                      0.36  -0.14     0.00
  SINCE JAN 1     33.34                     32.30   1.04    32.41

SNOWFALL (IN)
  YESTERDAY        0.0           0.0  2002   0.0    0.0
                                      2001
  MONTH TO DATE    0.0                       0.0    0.0
  SINCE NOV 1     12.7                       5.8    6.9
  SINCE JUL 1      0.0                       0.0    0.0
  SNOW DEPTH       0

DEGREE DAYS
 HEATING
  YESTERDAY        0                         0      0        0
  MONTH TO DATE    0                         0      0        0
  SINCE SEP 1      0                         0      0        0
  SINCE JUL 1      0                         0      0        0

 COOLING
  YESTERDAY       17                        11      6       24
  MONTH TO DATE   32                        22     10       45
  SINCE SEP 1     32                        22     10       45
  SINCE JAN 1   1590                      1357    233     1418
..................................................................


WIND (MPH)
  HIGHEST WIND SPEED    14   HIGHEST WIND DIRECTION    SE (150)
  HIGHEST GUST SPEED    20   HIGHEST GUST DIRECTION    NW (320)
  AVERAGE WIND SPEED     5.8


SKY COVER
  POSSIBLE SUNSHINE  MM
  AVERAGE SKY COVER 0.2


WEATHER CONDITIONS
 THE FOLLOWING WEATHER WAS RECORDED YESTERDAY.
  HEAVY RAIN
  RAIN
  LIGHT RAIN
  FOG


RELATIVE HUMIDITY (PERCENT)
 HIGHEST    93          1200 AM
 LOWEST     39           100 PM
 AVERAGE    66

..........................................................


THE NORFOLK VA CLIMATE NORMALS FOR TODAY
                         NORMAL    RECORD    YEAR
 MAXIMUM TEMPERATURE (F)   82        97      1977
 MINIMUM TEMPERATURE (F)   69        54      1967


SUNRISE AND SUNSET
SEPTEMBER  3 2015.....SUNRISE   637 AM EDT   SUNSET   731 PM EDT
SEPTEMBER  4 2015.....SUNRISE   638 AM EDT   SUNSET   729 PM EDT


-  INDICATES NEGATIVE NUMBERS.
R  INDICATES RECORD WAS SET OR TIED.
MM INDICATES DATA IS MISSING.
T  INDICATES TRACE AMOUNT.




$$
