000
CDUS41 KAKQ 250545
CLIORF


CLIMATE REPORT
NATIONAL WEATHER SERVICE WAKEFIELD, VA
145 AM EDT THU MAY 25 2017


...................................

...THE NORFOLK VA CLIMATE SUMMARY FOR MAY 24 2017...

CLIMATE NORMAL PERIOD 1981 TO 2010
CLIMATE RECORD PERIOD 1871 TO 2017


WEATHER ITEM   OBSERVED TIME   RECORD YEAR NORMAL DEPARTURE LAST
                VALUE   (LST)  VALUE       VALUE  FROM      YEAR
                                                  NORMAL
..................................................................
TEMPERATURE (F)
 YESTERDAY
  MAXIMUM         64    231 PM  92    2011  77    -13       83
                                      1964
                                      1962
  MINIMUM         58    921 PM  46    1931  60     -2       54
  AVERAGE         61                        69     -8       69

PRECIPITATION (IN)
  YESTERDAY        0.26          3.41 1980   0.12   0.14     0.00
  MONTH TO DATE    6.10                      2.55   3.55     4.32
  SINCE MAR 1     14.29                      9.64   4.65    10.56
  SINCE JAN 1     19.36                     16.16   3.20    21.43

SNOWFALL (IN)
  YESTERDAY        0.0           0.0  2002   0.0    0.0
                                      2001
  MONTH TO DATE    0.0                       0.0    0.0
  SINCE NOV 1      5.4                       5.8   -0.4
  SINCE JUL 1      5.4                       5.8   -0.4
  SNOW DEPTH       0

DEGREE DAYS
 HEATING
  YESTERDAY        4                         1      3        0
  MONTH TO DATE   47                        64    -17       70
  SINCE MAR 1    613                       795   -182      606
  SINCE JUL 1   2665                      3364   -699     2522

 COOLING
  YESTERDAY        0                         5     -5        4
  MONTH TO DATE  100                        80     20       37
  SINCE MAR 1    260                       123    137       85
  SINCE JAN 1    263                       124    139       85
..................................................................


WIND (MPH)
  HIGHEST WIND SPEED    17   HIGHEST WIND DIRECTION     E (80)
  HIGHEST GUST SPEED    23   HIGHEST GUST DIRECTION     E (70)
  AVERAGE WIND SPEED    10.8


SKY COVER
  POSSIBLE SUNSHINE  MM
  AVERAGE SKY COVER 1.0


WEATHER CONDITIONS
 THE FOLLOWING WEATHER WAS RECORDED YESTERDAY.
  HEAVY RAIN
  RAIN
  LIGHT RAIN
  FOG


RELATIVE HUMIDITY (PERCENT)
 HIGHEST   100           100 AM
 LOWEST     84          1100 AM
 AVERAGE    92

..........................................................


THE NORFOLK VA CLIMATE NORMALS FOR TODAY
                         NORMAL    RECORD    YEAR
 MAXIMUM TEMPERATURE (F)   78        95      1880
 MINIMUM TEMPERATURE (F)   61        44      1956


SUNRISE AND SUNSET
MAY 25 2017...........SUNRISE   550 AM EDT   SUNSET   814 PM EDT
MAY 26 2017...........SUNRISE   549 AM EDT   SUNSET   815 PM EDT


-  INDICATES NEGATIVE NUMBERS.
R  INDICATES RECORD WAS SET OR TIED.
MM INDICATES DATA IS MISSING.
T  INDICATES TRACE AMOUNT.




$$
