000
CDUS41 KBOX 190633
CLIORH


CLIMATE REPORT
NATIONAL WEATHER SERVICE TAUNTON MA
123 AM EST MON FEB 19 2018


...................................

...THE WORCESTER MA CLIMATE SUMMARY FOR FEBRUARY 18 2018...

CLIMATE NORMAL PERIOD 1981 TO 2010
CLIMATE RECORD PERIOD 1892 TO 2018


WEATHER ITEM   OBSERVED TIME   RECORD YEAR NORMAL DEPARTURE LAST
                VALUE   (LST)  VALUE       VALUE  FROM      YEAR
                                                  NORMAL
..................................................................
TEMPERATURE (F)
 YESTERDAY
  MAXIMUM         39    343 PM  63    1981  35      4       52
  MINIMUM         26   1102 PM -12    1958  20      6       23
  AVERAGE         33                        28      5       38

PRECIPITATION (IN)
  YESTERDAY        0.25          1.10 1998   0.11   0.14     0.00
  MONTH TO DATE    3.57                      2.04   1.53     2.12
  SINCE DEC 1     10.04                      9.35   0.69     9.83
  SINCE JAN 1      7.19                      5.53   1.66     6.03

SNOWFALL (IN)
  YESTERDAY        3.0          11.0  1893   0.6    2.4      0.0
  MONTH TO DATE   10.0                      10.4   -0.4     25.4
  SINCE DEC 1     45.5                      41.9    3.6     57.8
  SINCE JUL 1     45.5                      44.7    0.8     57.8
  SNOW DEPTH      MM

DEGREE DAYS
 HEATING
  YESTERDAY       32                        37     -5       27
  MONTH TO DATE  643                       701    -58      708
  SINCE DEC 1   3135                      3072     63     2882
  SINCE JUL 1   4271                      4474   -203     4069

 COOLING
  YESTERDAY        0                         0      0        0
  MONTH TO DATE    0                         0      0        0
  SINCE DEC 1      0                         0      0        0
  SINCE JAN 1      0                         0      0        0
..................................................................


WIND (MPH)
  RESULTANT WIND SPEED   9   RESULTANT WIND DIRECTION   W (290)
  HIGHEST WIND SPEED    28   HIGHEST WIND DIRECTION    NW (310)
  HIGHEST GUST SPEED    33   HIGHEST GUST DIRECTION    NW (310)
  AVERAGE WIND SPEED    11.0


SKY COVER
  POSSIBLE SUNSHINE  MM
  AVERAGE SKY COVER 0.4


WEATHER CONDITIONS
 THE FOLLOWING WEATHER WAS RECORDED YESTERDAY.
  LIGHT SNOW
  FOG


RELATIVE HUMIDITY (PERCENT)
 HIGHEST   100          1200 AM
 LOWEST     48           200 PM
 AVERAGE    74

..........................................................


THE WORCESTER MA CLIMATE NORMALS FOR TODAY
                         NORMAL    RECORD    YEAR
 MAXIMUM TEMPERATURE (F)   36        62      1981
                                             1961
 MINIMUM TEMPERATURE (F)   20        -3      1936


SUNRISE AND SUNSET
FEBRUARY 19 2018......SUNRISE   638 AM EST   SUNSET   525 PM EST
FEBRUARY 20 2018......SUNRISE   637 AM EST   SUNSET   526 PM EST


-  INDICATES NEGATIVE NUMBERS.
R  INDICATES RECORD WAS SET OR TIED.
MM INDICATES DATA IS MISSING.
T  INDICATES TRACE AMOUNT.




$$
