000
CDUS41 KBOX 020605
CLIORH


CLIMATE REPORT
NATIONAL WEATHER SERVICE TAUNTON MA
201 AM EDT SUN AUG 2 2015


...................................

...THE WORCESTER MA CLIMATE SUMMARY FOR AUGUST 1 2015...

CLIMATE NORMAL PERIOD 1981 TO 2010
CLIMATE RECORD PERIOD 1892 TO 2015


WEATHER ITEM   OBSERVED TIME   RECORD YEAR NORMAL DEPARTURE LAST
                VALUE   (LST)  VALUE       VALUE  FROM      YEAR
                                                  NORMAL
..................................................................
TEMPERATURE (F)
 YESTERDAY
  MAXIMUM         81    120 PM  96    1933  79      2       80
                                      1917
  MINIMUM         63   1120 PM  50    1936  62      1       63
  AVERAGE         72                        70      2       72

PRECIPITATION (IN)
  YESTERDAY        0.03          1.22 1976   0.13  -0.10     0.21
  MONTH TO DATE    0.03                      0.13  -0.10     0.21
  SINCE JUN 1      9.24                      8.55   0.69     8.05
  SINCE JAN 1     23.54                     27.78  -4.24    29.24

SNOWFALL (IN)
  YESTERDAY        0.0           0.0  2002   0.0    0.0      0.0
                                      2001
                                      2000
  MONTH TO DATE    0.0                       0.0    0.0      0.0
  SINCE JUN 1      0.0                       0.0    0.0      0.0
  SINCE JUL 1      0.0                       0.0    0.0      0.0
  SNOW DEPTH      MM

DEGREE DAYS
 HEATING
  YESTERDAY        0                         0      0        0
  MONTH TO DATE    0                         0      0        0
  SINCE JUN 1     95                        97     -2       45
  SINCE JUL 1      1                        14    -13        0

 COOLING
  YESTERDAY        7                         6      1        7
  MONTH TO DATE    7                         6      1        7
  SINCE JUN 1    314                       265     49      265
  SINCE JAN 1    380                       287     93      273
..................................................................


WIND (MPH)
  RESULTANT WIND SPEED   8   RESULTANT WIND DIRECTION   W (260)
  HIGHEST WIND SPEED    30   HIGHEST WIND DIRECTION    NW (310)
  HIGHEST GUST SPEED    41   HIGHEST GUST DIRECTION    NW (300)
  AVERAGE WIND SPEED     9.3


SKY COVER
  POSSIBLE SUNSHINE  MM
  AVERAGE SKY COVER 0.2


WEATHER CONDITIONS
 THE FOLLOWING WEATHER WAS RECORDED YESTERDAY.
  THUNDERSTORM


RELATIVE HUMIDITY (PERCENT)
 HIGHEST    87           900 PM
 LOWEST     42           100 PM
 AVERAGE    65

..........................................................


THE WORCESTER MA CLIMATE NORMALS FOR TODAY
                         NORMAL    RECORD    YEAR
 MAXIMUM TEMPERATURE (F)   79        96      1975
 MINIMUM TEMPERATURE (F)   62        45      1931
                                             1929


SUNRISE AND SUNSET
AUGUST  2 2015........SUNRISE   541 AM EDT   SUNSET   806 PM EDT
AUGUST  3 2015........SUNRISE   542 AM EDT   SUNSET   805 PM EDT


-  INDICATES NEGATIVE NUMBERS.
R  INDICATES RECORD WAS SET OR TIED.
MM INDICATES DATA IS MISSING.
T  INDICATES TRACE AMOUNT.




$$
