000
CDUS41 KBOX 050537
CLIORH


CLIMATE REPORT
NATIONAL WEATHER SERVICE TAUNTON MA
136 AM EDT SUN JUL 5 2015


...................................

...THE WORCESTER MA CLIMATE SUMMARY FOR JULY 4 2015...

CLIMATE NORMAL PERIOD 1981 TO 2010
CLIMATE RECORD PERIOD 1892 TO 2015


WEATHER ITEM   OBSERVED TIME   RECORD YEAR NORMAL DEPARTURE LAST
                VALUE   (LST)  VALUE       VALUE  FROM      YEAR
                                                  NORMAL
..................................................................
TEMPERATURE (F)
 YESTERDAY
  MAXIMUM         71    101 PM 102    1911  78     -7       71
  MINIMUM         58   1159 PM  44    1925  61     -3       59
  AVERAGE         65                        69     -4       65

PRECIPITATION (IN)
  YESTERDAY        0.01          1.53 1981   0.13  -0.12     0.88
  MONTH TO DATE    0.45                      0.49  -0.04     1.73
  SINCE JUN 1      6.80                      4.68   2.12     3.29
  SINCE JAN 1     21.10                     23.91  -2.81    24.48

SNOWFALL (IN)
  YESTERDAY        0.0           0.0  2002   0.0    0.0      0.0
                                      2001
                                      2000
  MONTH TO DATE    0.0                       0.0    0.0      0.0
  SINCE JUN 1      0.0                       0.0    0.0      0.0
  SINCE JUL 1      0.0                       0.0    0.0      0.0
  SNOW DEPTH      MM

DEGREE DAYS
 HEATING
  YESTERDAY        0                         1     -1        0
  MONTH TO DATE    0                         4     -4        0
  SINCE JUN 1     94                        87      7       45
  SINCE JUL 1      0                         4     -4        0

 COOLING
  YESTERDAY        0                         5     -5        0
  MONTH TO DATE   12                        20     -8       35
  SINCE JUN 1     96                       104     -8      119
  SINCE JAN 1    162                       126     36      127
..................................................................


WIND (MPH)
  RESULTANT WIND SPEED   4   RESULTANT WIND DIRECTION   W (260)
  HIGHEST WIND SPEED    10   HIGHEST WIND DIRECTION    SW (240)
  HIGHEST GUST SPEED    12   HIGHEST GUST DIRECTION    SW (240)
  AVERAGE WIND SPEED     5.3


SKY COVER
  POSSIBLE SUNSHINE  MM
  AVERAGE SKY COVER 0.4


WEATHER CONDITIONS
 THE FOLLOWING WEATHER WAS RECORDED YESTERDAY.
  LIGHT RAIN


RELATIVE HUMIDITY (PERCENT)
 HIGHEST    84           800 PM
 LOWEST     53          1100 AM
 AVERAGE    69

..........................................................


THE WORCESTER MA CLIMATE NORMALS FOR TODAY
                         NORMAL    RECORD    YEAR
 MAXIMUM TEMPERATURE (F)   78        99      1911
 MINIMUM TEMPERATURE (F)   61        45      1927
                                             1926


SUNRISE AND SUNSET
JULY  5 2015..........SUNRISE   517 AM EDT   SUNSET   827 PM EDT
JULY  6 2015..........SUNRISE   517 AM EDT   SUNSET   827 PM EDT


-  INDICATES NEGATIVE NUMBERS.
R  INDICATES RECORD WAS SET OR TIED.
MM INDICATES DATA IS MISSING.
T  INDICATES TRACE AMOUNT.




$$
