000
CDUS41 KBOX 030647
CLIORH


CLIMATE REPORT
NATIONAL WEATHER SERVICE TAUNTON MA
245 AM EDT WED SEP 3 2014


...................................

...THE WORCESTER MA CLIMATE SUMMARY FOR SEPTEMBER 2 2014...

CLIMATE NORMAL PERIOD 1981 TO 2010
CLIMATE RECORD PERIOD 1892 TO 2014


WEATHER ITEM   OBSERVED TIME   RECORD YEAR NORMAL DEPARTURE LAST
                VALUE   (LST)  VALUE       VALUE  FROM      YEAR
                                                  NORMAL
..................................................................
TEMPERATURE (F)
 YESTERDAY
  MAXIMUM         85   1258 PM  99    1953  74     11       75
  MINIMUM         68    210 AM  38    1934  58     10       69
  AVERAGE         77                        66     11       72

PRECIPITATION (IN)
  YESTERDAY        0.94          1.76 1947   0.12   0.82     0.15
  MONTH TO DATE    0.94                      0.23   0.71     1.76
  SINCE SEP 1      0.94                      0.23   0.71     1.76
  SINCE JAN 1     35.97                     31.59   4.38    34.78

SNOWFALL (IN)
  YESTERDAY        0.0           0.0  2002   0.0    0.0      0.0
                                      2001
                                      2000
  MONTH TO DATE    0.0                       0.0    0.0      0.0
  SINCE SEP 1      0.0                       0.0    0.0      0.0
  SINCE JUL 1      0.0                       0.0    0.0      0.0
  SNOW DEPTH      MM

DEGREE DAYS
 HEATING
  YESTERDAY        0                         2     -2        0
  MONTH TO DATE    0                         4     -4        0
  SINCE SEP 1      0                         4     -4        0
  SINCE JUL 1     20                        43    -23       19

 COOLING
  YESTERDAY       12                         3      9        7
  MONTH TO DATE   22                         6     16       13
  SINCE SEP 1     22                         6     16       13
  SINCE JAN 1    384                       432    -48      544
..................................................................


WIND (MPH)
  RESULTANT WIND SPEED   8   RESULTANT WIND DIRECTION  SW (230)
  HIGHEST WIND SPEED    30   HIGHEST WIND DIRECTION     W (280)
  HIGHEST GUST SPEED    35   HIGHEST GUST DIRECTION     W (290)
  AVERAGE WIND SPEED     8.6


SKY COVER
  POSSIBLE SUNSHINE  MM
  AVERAGE SKY COVER 0.2


WEATHER CONDITIONS
 THE FOLLOWING WEATHER WAS RECORDED YESTERDAY.
  THUNDERSTORM
  HEAVY RAIN
  LIGHT RAIN
  FOG
  FOG W/VISIBILITY <= 1/4 MILE
  HAZE


RELATIVE HUMIDITY (PERCENT)
 HIGHEST   100           100 AM
 LOWEST     61           100 PM
 AVERAGE    81

..........................................................


THE WORCESTER MA CLIMATE NORMALS FOR TODAY
                         NORMAL    RECORD    YEAR
 MAXIMUM TEMPERATURE (F)   74        96      1929
 MINIMUM TEMPERATURE (F)   57        39      1941


SUNRISE AND SUNSET
SEPTEMBER  3 2014.....SUNRISE   615 AM EDT   SUNSET   718 PM EDT
SEPTEMBER  4 2014.....SUNRISE   616 AM EDT   SUNSET   716 PM EDT


-  INDICATES NEGATIVE NUMBERS.
R  INDICATES RECORD WAS SET OR TIED.
MM INDICATES DATA IS MISSING.
T  INDICATES TRACE AMOUNT.




$$
