000
CDUS41 KBOX 192126
CLIORH


CLIMATE REPORT
NATIONAL WEATHER SERVICE TAUNTON MA
525 PM EDT FRI SEP 19 2014


...................................

...THE WORCESTER MA CLIMATE SUMMARY FOR SEPTEMBER 19 2014...
VALID AS OF 0500 PM LOCAL TIME.

CLIMATE NORMAL PERIOD 1981 TO 2010
CLIMATE RECORD PERIOD 1892 TO 2014


WEATHER ITEM   OBSERVED TIME   RECORD YEAR NORMAL DEPARTURE LAST
                VALUE   (LST)  VALUE       VALUE  FROM      YEAR
                                                  NORMAL
..................................................................
TEMPERATURE (F)
 TODAY
  MAXIMUM         56    257 PM  88    1906  69    -13       74
  MINIMUM         41    621 AM  30    1943  52    -11       51
  AVERAGE         49                        60    -11       63

PRECIPITATION (IN)
  TODAY            0.00          2.45 1938   0.14  -0.14     0.00
  MONTH TO DATE    1.30                      2.31  -1.01     2.73
  SINCE SEP 1      1.30                      2.31  -1.01     2.73
  SINCE JAN 1     36.33                     33.67   2.66    35.75

SNOWFALL (IN)
  TODAY            0.0           0.0  2002   0.0    0.0      0.0
                                      2001
                                      2000
  MONTH TO DATE    0.0                       0.0    0.0      0.0
  SINCE SEP 1      0.0                       0.0    0.0      0.0
  SINCE JUL 1      0.0                       0.0    0.0      0.0
  SNOW DEPTH      MM

DEGREE DAYS
 HEATING
  TODAY           16                         6     10        2
  MONTH TO DATE   89                        67     22       84
  SINCE SEP 1     89                        67     22       84
  SINCE JUL 1    109                       106      3      103

 COOLING
  TODAY            0                         1     -1        0
  MONTH TO DATE   52                        35     17       40
  SINCE SEP 1     52                        35     17       40
  SINCE JAN 1    414                       461    -47      571
..................................................................


WIND (MPH)
  HIGHEST WIND SPEED    14   HIGHEST WIND DIRECTION     E (70)
  HIGHEST GUST SPEED    18   HIGHEST GUST DIRECTION    NE (60)
  AVERAGE WIND SPEED     7.7


SKY COVER
  POSSIBLE SUNSHINE  MM
  AVERAGE SKY COVER 0.1


WEATHER CONDITIONS
 THE FOLLOWING WEATHER WAS RECORDED TODAY.
  NO SIGNIFICANT WEATHER WAS OBSERVED.


RELATIVE HUMIDITY (PERCENT)
 HIGHEST    76           400 AM
 LOWEST     38           300 PM
 AVERAGE    57

..........................................................


THE WORCESTER MA CLIMATE NORMALS FOR TOMORROW
                         NORMAL    RECORD    YEAR
 MAXIMUM TEMPERATURE (F)   68        89      1983
 MINIMUM TEMPERATURE (F)   51        29      1941


SUNRISE AND SUNSET
SEPTEMBER 19 2014.....SUNRISE   632 AM EDT   SUNSET   650 PM EDT
SEPTEMBER 20 2014.....SUNRISE   633 AM EDT   SUNSET   648 PM EDT


-  INDICATES NEGATIVE NUMBERS.
R  INDICATES RECORD WAS SET OR TIED.
MM INDICATES DATA IS MISSING.
T  INDICATES TRACE AMOUNT.




$$
