000
CDUS46 KMFR 180837
CLIOTH


CLIMATE REPORT
NATIONAL WEATHER SERVICE MEDFORD, OR
137 AM PDT THU SEP 18 2014


...................................

...THE NORTH BEND OR CLIMATE SUMMARY FOR SEPTEMBER 17 2014...

CLIMATE NORMAL PERIOD 1981 TO 2010
CLIMATE RECORD PERIOD 1902 TO 2014


WEATHER ITEM   OBSERVED TIME   RECORD YEAR NORMAL DEPARTURE LAST
                VALUE   (LST)  VALUE       VALUE  FROM      YEAR
                                                  NORMAL
..................................................................
TEMPERATURE (F)
 YESTERDAY
  MAXIMUM         64        MM  89    1913  65     -1       64
  MINIMUM         55        MM  38    1908  50      5       57
  AVERAGE         60                        57      3       61

PRECIPITATION (IN)
  YESTERDAY        0.00          1.92 2004   0.05  -0.05     0.09
  MONTH TO DATE    0.00                      0.71  -0.71     0.56
  SINCE SEP 1      0.00                      0.71  -0.71     0.56
  SINCE JAN 1     22.45                     37.95 -15.50    18.49

SNOWFALL (IN)
  YESTERDAY       MM
  SNOW DEPTH      MM

DEGREE DAYS
 HEATING
  YESTERDAY        5                         8     -3        4
  MONTH TO DATE   74                       116    -42       35
  SINCE SEP 1     74                       116    -42       35
  SINCE JUL 1    339                       495   -156      202

 COOLING
  YESTERDAY        0                         0      0        0
  MONTH TO DATE    8                         0      8        1
  SINCE SEP 1      8                         0      8        1
  SINCE JAN 1     20                         1     19       13
..................................................................


WIND (MPH)
  HIGHEST WIND SPEED     8   HIGHEST WIND DIRECTION     W (250)
  HIGHEST GUST SPEED    MM   HIGHEST GUST DIRECTION    MM
  AVERAGE WIND SPEED     2.6


SKY COVER
  POSSIBLE SUNSHINE  MM
  AVERAGE SKY COVER  MM


WEATHER CONDITIONS
 THE FOLLOWING WEATHER WAS RECORDED YESTERDAY.
  NO SIGNIFICANT WEATHER WAS OBSERVED.


RELATIVE HUMIDITY (PERCENT)
 HIGHEST    MM
 LOWEST     MM

..........................................................


THE NORTH BEND OR CLIMATE NORMALS FOR TODAY
                         NORMAL    RECORD    YEAR
 MAXIMUM TEMPERATURE (F)   65        87      1971
 MINIMUM TEMPERATURE (F)   50        38      1988


SUNRISE AND SUNSET
SEPTEMBER 18 2014.....SUNRISE   700 AM PDT   SUNSET   721 PM PDT
SEPTEMBER 19 2014.....SUNRISE   701 AM PDT   SUNSET   720 PM PDT


-  INDICATES NEGATIVE NUMBERS.
R  INDICATES RECORD WAS SET OR TIED.
MM INDICATES DATA IS MISSING.
T  INDICATES TRACE AMOUNT.




$$
