000
CDUS46 KMFR 110835
CLIOTH


CLIMATE REPORT
NATIONAL WEATHER SERVICE MEDFORD, OR
1235 AM PST SUN DEC 11 2016


...................................

...THE NORTH BEND OR CLIMATE SUMMARY FOR DECEMBER 10 2016...

CLIMATE NORMAL PERIOD 1981 TO 2010
CLIMATE RECORD PERIOD 1902 TO 2016


WEATHER ITEM   OBSERVED TIME   RECORD YEAR NORMAL DEPARTURE LAST
                VALUE   (LST)  VALUE       VALUE  FROM      YEAR
                                                  NORMAL
..................................................................
TEMPERATURE (F)
 YESTERDAY
  MAXIMUM         54        MM  66    2014  51      3       MM
  MINIMUM         43        MM  17    1932  40      3       45
  AVERAGE         49                        45      4       MM

PRECIPITATION (IN)
  YESTERDAY        0.26          2.20 1968   0.35  -0.09    MM
  MONTH TO DATE    3.21                      3.72  -0.51     5.23
  SINCE OCT 1     30.46                     18.68  11.78    12.57
  SINCE JAN 1     63.04                     57.50   5.54    32.01

SNOWFALL (IN)
  YESTERDAY       MM
  SNOW DEPTH      MM

DEGREE DAYS
 HEATING
  YESTERDAY       16                        20     -4       MM
  MONTH TO DATE  193                       193      0       79
  SINCE DEC 1    193                       193      0       79
  SINCE JUL 1   1189                      1645   -456     1086

 COOLING
  YESTERDAY        0                         0      0       MM
  MONTH TO DATE    0                         0      0        0
  SINCE DEC 1      0                         0      0        0
  SINCE JAN 1     15                         2     13       14
..................................................................


WIND (MPH)
  HIGHEST WIND SPEED    14   HIGHEST WIND DIRECTION     W (290)
  HIGHEST GUST SPEED    17   HIGHEST GUST DIRECTION    SW (220)
  AVERAGE WIND SPEED     7.1


SKY COVER
  POSSIBLE SUNSHINE  MM
  AVERAGE SKY COVER 0.9


WEATHER CONDITIONS
 THE FOLLOWING WEATHER WAS RECORDED YESTERDAY.
  NO SIGNIFICANT WEATHER WAS OBSERVED.


RELATIVE HUMIDITY (PERCENT)
 HIGHEST   100           800 AM
 LOWEST     59          1200 PM

..........................................................


THE NORTH BEND OR CLIMATE NORMALS FOR TODAY
                         NORMAL    RECORD    YEAR
 MAXIMUM TEMPERATURE (F)   51        69      1937
 MINIMUM TEMPERATURE (F)   40        19      1972


SUNRISE AND SUNSET
DECEMBER 11 2016......SUNRISE   740 AM PST   SUNSET   441 PM PST
DECEMBER 12 2016......SUNRISE   741 AM PST   SUNSET   441 PM PST


-  INDICATES NEGATIVE NUMBERS.
R  INDICATES RECORD WAS SET OR TIED.
MM INDICATES DATA IS MISSING.
T  INDICATES TRACE AMOUNT.




$$
