000
CDUS46 KMFR 110036
CLIOTH


CLIMATE REPORT
NATIONAL WEATHER SERVICE MEDFORD, OR
536 PM PDT THU JUL 10 2014


...................................

...THE NORTH BEND OR CLIMATE SUMMARY FOR JULY 10 2014...
VALID TODAY AS OF 0500 PM LOCAL TIME.

CLIMATE NORMAL PERIOD 1981 TO 2010
CLIMATE RECORD PERIOD 1902 TO 2014


WEATHER ITEM   OBSERVED TIME   RECORD YEAR NORMAL DEPARTURE LAST
                VALUE   (LST)  VALUE       VALUE  FROM      YEAR
                                                  NORMAL
..................................................................
TEMPERATURE (F)
 TODAY
  MAXIMUM         64        MM  75    1946  64      0       MM
  MINIMUM         52        MM  41    1929  53     -1       MM
  AVERAGE         58                        58      0       MM

PRECIPITATION (IN)
  TODAY            0.00          0.19 1932   0.02  -0.02     0.00
  MONTH TO DATE    0.00                      0.22  -0.22     0.00
  SINCE SEP 1     34.00                     64.01 -30.01    43.59
  SINCE JAN 1     22.43                     36.34 -13.91    17.49

SNOWFALL (IN)
  TODAY           MM                         0.0   MM       MM
  MONTH TO DATE   MM                         0.0   MM       MM
  SINCE JUL 1     MM                         0.0   MM       MM
  SNOW DEPTH      MM

DEGREE DAYS
 HEATING
  TODAY            7                         7      0       MM
  MONTH TO DATE   37                        70    -33       MM
  SINCE JUN 1    234                       337   -103      170
  SINCE JUL 1     37                        70    -33       MM

 COOLING
  TODAY            0                         0      0       MM
  MONTH TO DATE    0                         0      0       MM
  SINCE JUN 1      0                         0      0        0
  SINCE JAN 1     12                         0     12        4
..................................................................


WIND (MPH)
  HIGHEST WIND SPEED    24   HIGHEST WIND DIRECTION     N (360)
  HIGHEST GUST SPEED    33   HIGHEST GUST DIRECTION     N (350)
  AVERAGE WIND SPEED    12.3


SKY COVER
  POSSIBLE SUNSHINE  MM
  AVERAGE SKY COVER 0.1


WEATHER CONDITIONS
 THE FOLLOWING WEATHER WAS RECORDED TODAY.
  NO SIGNIFICANT WEATHER WAS OBSERVED.


RELATIVE HUMIDITY (PERCENT)
 HIGHEST   100          1200 AM
 LOWEST     73          1200 PM

..........................................................


THE NORTH BEND OR CLIMATE NORMALS FOR TOMORROW
                         NORMAL    RECORD    YEAR
 MAXIMUM TEMPERATURE (F)   64        78      1908
 MINIMUM TEMPERATURE (F)   53        41      1902


SUNRISE AND SUNSET
JULY 10 2014..........SUNRISE   546 AM PDT   SUNSET   858 PM PDT
JULY 11 2014..........SUNRISE   547 AM PDT   SUNSET   858 PM PDT


-  INDICATES NEGATIVE NUMBERS.
R  INDICATES RECORD WAS SET OR TIED.
MM INDICATES DATA IS MISSING.
T  INDICATES TRACE AMOUNT.




$$
