000
CDUS46 KMFR 270838
CLIOTH


CLIMATE REPORT
NATIONAL WEATHER SERVICE MEDFORD, OR
1238 AM PST FRI FEB 27 2015


...................................

...THE NORTH BEND OR CLIMATE SUMMARY FOR FEBRUARY 26 2015...

CLIMATE NORMAL PERIOD 1981 TO 2010
CLIMATE RECORD PERIOD 1902 TO 2015


WEATHER ITEM   OBSERVED TIME   RECORD YEAR NORMAL DEPARTURE LAST
                VALUE   (LST)  VALUE       VALUE  FROM      YEAR
                                                  NORMAL
..................................................................
TEMPERATURE (F)
 YESTERDAY
  MAXIMUM         54        MM  77    1992  53      1       63
  MINIMUM         46        MM  21    1962  41      5       46
  AVERAGE         50                        47      3       55

PRECIPITATION (IN)
  YESTERDAY        0.39          1.68 2010   0.28   0.11     0.06
  MONTH TO DATE    7.62                      7.05   0.57     7.98
  SINCE OCT 1     32.81                     43.33 -10.52    16.29
  SINCE JAN 1      9.51                     17.24  -7.73    10.67

SNOWFALL (IN)
  YESTERDAY       MM
  SNOW DEPTH      MM

DEGREE DAYS
 HEATING
  YESTERDAY       15                        18     -3       10
  MONTH TO DATE  329                       485   -156      419
  SINCE DEC 1   1198                      1688   -490     1657
  SINCE JUL 1   2074                      3140  -1066     2772

 COOLING
  YESTERDAY        0                         0      0        0
  MONTH TO DATE    0                         0      0        0
  SINCE DEC 1      0                         0      0        0
  SINCE JAN 1      0                         0      0        0
..................................................................


WIND (MPH)
  HIGHEST WIND SPEED    13   HIGHEST WIND DIRECTION     W (290)
  HIGHEST GUST SPEED    MM   HIGHEST GUST DIRECTION    MM
  AVERAGE WIND SPEED     6.1


SKY COVER
  POSSIBLE SUNSHINE  MM
  AVERAGE SKY COVER 1.0


WEATHER CONDITIONS
 THE FOLLOWING WEATHER WAS RECORDED YESTERDAY.
  NO SIGNIFICANT WEATHER WAS OBSERVED.


RELATIVE HUMIDITY (PERCENT)
 HIGHEST   100          1200 AM
 LOWEST     93          1000 AM

..........................................................


THE NORTH BEND OR CLIMATE NORMALS FOR TODAY
                         NORMAL    RECORD    YEAR
 MAXIMUM TEMPERATURE (F)   53        71      1926
 MINIMUM TEMPERATURE (F)   41        23      1962


SUNRISE AND SUNSET
FEBRUARY 27 2015......SUNRISE   657 AM PST   SUNSET   603 PM PST
FEBRUARY 28 2015......SUNRISE   655 AM PST   SUNSET   604 PM PST


-  INDICATES NEGATIVE NUMBERS.
R  INDICATES RECORD WAS SET OR TIED.
MM INDICATES DATA IS MISSING.
T  INDICATES TRACE AMOUNT.




$$
