000
CDUS46 KMFR 210836
CLIOTH


CLIMATE REPORT
NATIONAL WEATHER SERVICE MEDFORD, OR
1236 AM PST TUE FEB 21 2017


...................................

...THE NORTH BEND OR CLIMATE SUMMARY FOR FEBRUARY 20 2017...

CLIMATE NORMAL PERIOD 1981 TO 2010
CLIMATE RECORD PERIOD 1902 TO 2017


WEATHER ITEM   OBSERVED TIME   RECORD YEAR NORMAL DEPARTURE LAST
                VALUE   (LST)  VALUE       VALUE  FROM      YEAR
                                                  NORMAL
..................................................................
TEMPERATURE (F)
 YESTERDAY
  MAXIMUM         54        MM  69    1988  53      1       55
  MINIMUM         46        MM  25    2006  40      6       37
  AVERAGE         50                        47      3       46

PRECIPITATION (IN)
  YESTERDAY        0.95          1.72 1984   0.27   0.68     0.01
  MONTH TO DATE   11.64                      5.40   6.24     3.55
  SINCE OCT 1     54.67                     41.68  12.99    41.38
  SINCE JAN 1     20.52                     15.59   4.93    15.75

SNOWFALL (IN)
  YESTERDAY       MM
  SNOW DEPTH      MM

DEGREE DAYS
 HEATING
  YESTERDAY       15                        18     -3       19
  MONTH TO DATE  300                       377    -77      253
  SINCE DEC 1   1602                      1580     22     1193
  SINCE JUL 1   2598                      3032   -434     2200

 COOLING
  YESTERDAY        0                         0      0        0
  MONTH TO DATE    0                         0      0        2
  SINCE DEC 1      0                         0      0        2
  SINCE JAN 1      0                         0      0        2
..................................................................


WIND (MPH)
  HIGHEST WIND SPEED    22   HIGHEST WIND DIRECTION     W (280)
  HIGHEST GUST SPEED    27   HIGHEST GUST DIRECTION     S (190)
  AVERAGE WIND SPEED     8.1


SKY COVER
  POSSIBLE SUNSHINE  MM
  AVERAGE SKY COVER 1.0


WEATHER CONDITIONS
 THE FOLLOWING WEATHER WAS RECORDED YESTERDAY.
  NO SIGNIFICANT WEATHER WAS OBSERVED.


RELATIVE HUMIDITY (PERCENT)
 HIGHEST   100           500 PM
 LOWEST     83           700 AM

..........................................................


THE NORTH BEND OR CLIMATE NORMALS FOR TODAY
                         NORMAL    RECORD    YEAR
 MAXIMUM TEMPERATURE (F)   53        73      1973
 MINIMUM TEMPERATURE (F)   40        25      1920


SUNRISE AND SUNSET
FEBRUARY 21 2017......SUNRISE   706 AM PST   SUNSET   556 PM PST
FEBRUARY 22 2017......SUNRISE   704 AM PST   SUNSET   557 PM PST


-  INDICATES NEGATIVE NUMBERS.
R  INDICATES RECORD WAS SET OR TIED.
MM INDICATES DATA IS MISSING.
T  INDICATES TRACE AMOUNT.




$$
