000
CDUS46 KMFR 260036
CLIOTH


CLIMATE REPORT
NATIONAL WEATHER SERVICE MEDFORD, OR
536 PM PDT WED MAY 25 2016


...................................

...THE NORTH BEND OR CLIMATE SUMMARY FOR MAY 25 2016...
VALID TODAY AS OF 0500 PM LOCAL TIME.

CLIMATE NORMAL PERIOD 1981 TO 2010
CLIMATE RECORD PERIOD 1902 TO 2016


WEATHER ITEM   OBSERVED TIME   RECORD YEAR NORMAL DEPARTURE LAST
                VALUE   (LST)  VALUE       VALUE  FROM      YEAR
                                                  NORMAL
..................................................................
TEMPERATURE (F)
 TODAY
  MAXIMUM         63        MM  84    2005  60      3       63
  MINIMUM         54        MM  32    1920  48      6       52
  AVERAGE         59                        54      5       58

PRECIPITATION (IN)
  TODAY            0.01          0.72 1960   0.10  -0.09     0.00
  MONTH TO DATE    0.61                      2.76  -2.15     0.09
  SINCE OCT 1     56.17                     59.63  -3.46    42.03
  SINCE JAN 1     30.54                     33.54  -3.00    18.73

SNOWFALL (IN)
  TODAY           MM                         0.0   MM       MM
  MONTH TO DATE   MM                         0.0   MM       MM
  SINCE JUL 1      0.0                       0.4   -0.4     MM
  SNOW DEPTH      MM

DEGREE DAYS
 HEATING
  TODAY            6                        11     -5        7
  MONTH TO DATE  208                       310   -102      245
  SINCE MAR 1    941                      1322   -381     1098
  SINCE JUL 1   3266                      4496  -1230     3202

 COOLING
  TODAY            0                         0      0        0
  MONTH TO DATE    0                         0      0        0
  SINCE MAR 1      6                         0      6        0
  SINCE JAN 1      8                         0      8        0
..................................................................


WIND (MPH)
  HIGHEST WIND SPEED    17   HIGHEST WIND DIRECTION     N (360)
  HIGHEST GUST SPEED    23   HIGHEST GUST DIRECTION     N (360)
  AVERAGE WIND SPEED     6.2


SKY COVER
  POSSIBLE SUNSHINE  MM
  AVERAGE SKY COVER 0.6


WEATHER CONDITIONS
 THE FOLLOWING WEATHER WAS RECORDED TODAY.
  NO SIGNIFICANT WEATHER WAS OBSERVED.


RELATIVE HUMIDITY (PERCENT)
 HIGHEST    93          1200 AM
 LOWEST     67          1100 AM

..........................................................


THE NORTH BEND OR CLIMATE NORMALS FOR TOMORROW
                         NORMAL    RECORD    YEAR
 MAXIMUM TEMPERATURE (F)   60        72      1919
 MINIMUM TEMPERATURE (F)   48        33      1922


SUNRISE AND SUNSET
MAY 25 2016...........SUNRISE   543 AM PDT   SUNSET   845 PM PDT
MAY 26 2016...........SUNRISE   542 AM PDT   SUNSET   846 PM PDT


-  INDICATES NEGATIVE NUMBERS.
R  INDICATES RECORD WAS SET OR TIED.
MM INDICATES DATA IS MISSING.
T  INDICATES TRACE AMOUNT.




$$
