000
CDUS46 KMFR 260840
CLIOTH


CLIMATE REPORT
NATIONAL WEATHER SERVICE MEDFORD, OR
140 AM PDT THU MAR 26 2015


...................................

...THE NORTH BEND OR CLIMATE SUMMARY FOR MARCH 25 2015...

CLIMATE NORMAL PERIOD 1981 TO 2010
CLIMATE RECORD PERIOD 1902 TO 2015


WEATHER ITEM   OBSERVED TIME   RECORD YEAR NORMAL DEPARTURE LAST
                VALUE   (LST)  VALUE       VALUE  FROM      YEAR
                                                  NORMAL
..................................................................
TEMPERATURE (F)
 YESTERDAY
  MAXIMUM         61        MM  71    1926  54      7       59
  MINIMUM         52        MM  29    1922  42     10       48
  AVERAGE         57                        48      9       54

PRECIPITATION (IN)
  YESTERDAY        0.00          1.81 1962   0.24  -0.24     0.30
  MONTH TO DATE    4.72                      6.45  -1.73     2.75
  SINCE OCT 1     38.23                     50.32 -12.09    19.09
  SINCE JAN 1     14.93                     24.23  -9.30    13.47

SNOWFALL (IN)
  YESTERDAY       MM
  SNOW DEPTH      MM

DEGREE DAYS
 HEATING
  YESTERDAY        8                        17     -9       11
  MONTH TO DATE  334                       434   -100      351
  SINCE MAR 1    334                       434   -100      351
  SINCE JUL 1   2438                      3608  -1170     3148

 COOLING
  YESTERDAY        0                         0      0        0
  MONTH TO DATE    0                         0      0        0
  SINCE MAR 1      0                         0      0        0
  SINCE JAN 1      0                         0      0        0
..................................................................


WIND (MPH)
  HIGHEST WIND SPEED    10   HIGHEST WIND DIRECTION     W (280)
  HIGHEST GUST SPEED    MM   HIGHEST GUST DIRECTION    MM
  AVERAGE WIND SPEED     4.9


SKY COVER
  POSSIBLE SUNSHINE  MM
  AVERAGE SKY COVER  MM


WEATHER CONDITIONS
 THE FOLLOWING WEATHER WAS RECORDED YESTERDAY.
  NO SIGNIFICANT WEATHER WAS OBSERVED.


RELATIVE HUMIDITY (PERCENT)
 HIGHEST    MM
 LOWEST     MM

..........................................................


THE NORTH BEND OR CLIMATE NORMALS FOR TODAY
                         NORMAL    RECORD    YEAR
 MAXIMUM TEMPERATURE (F)   54        83      1923
 MINIMUM TEMPERATURE (F)   42        29      1922


SUNRISE AND SUNSET
MARCH 26 2015.........SUNRISE   710 AM PDT   SUNSET   736 PM PDT
MARCH 27 2015.........SUNRISE   708 AM PDT   SUNSET   738 PM PDT


-  INDICATES NEGATIVE NUMBERS.
R  INDICATES RECORD WAS SET OR TIED.
MM INDICATES DATA IS MISSING.
T  INDICATES TRACE AMOUNT.




$$
