000
CDUS46 KMFR 240838
CLIOTH


CLIMATE REPORT
NATIONAL WEATHER SERVICE MEDFORD, OR
1238 AM PST FRI NOV 24 2017


...................................

...THE NORTH BEND OR CLIMATE SUMMARY FOR NOVEMBER 23 2017...

CLIMATE NORMAL PERIOD 1981 TO 2010
CLIMATE RECORD PERIOD 1902 TO 2017


WEATHER ITEM   OBSERVED TIME   RECORD YEAR NORMAL DEPARTURE LAST
                VALUE   (LST)  VALUE       VALUE  FROM      YEAR
                                                  NORMAL
..................................................................
TEMPERATURE (F)
 YESTERDAY
  MAXIMUM         64   1200 AM  76    1933  53     11       54
  MINIMUM         47        MM  26    1929  42      5       45
  AVERAGE         56                        47      9       50

PRECIPITATION (IN)
  YESTERDAY        0.65          2.86 1961   0.38   0.27     0.30
  MONTH TO DATE    8.57                      7.54   1.03     6.88
  SINCE OCT 1     14.21                     12.27   1.94    20.86
  SINCE JAN 1     62.56                     51.09  11.47    53.44

SNOWFALL (IN)
  YESTERDAY       MM
  SNOW DEPTH      MM

DEGREE DAYS
 HEATING
  YESTERDAY        9                        18     -9       15
  MONTH TO DATE  280                       359    -79      221
  SINCE SEP 1    731                       946   -215      607
  SINCE JUL 1   1038                      1325   -287      895

 COOLING
  YESTERDAY        0                         0      0        0
  MONTH TO DATE    0                         0      0        0
  SINCE SEP 1      7                         1      6        0
  SINCE JAN 1     10                         2      8       15
..................................................................


WIND (MPH)
  HIGHEST WIND SPEED    20   HIGHEST WIND DIRECTION     S (200)
  HIGHEST GUST SPEED    32   HIGHEST GUST DIRECTION    SW (220)
  AVERAGE WIND SPEED    10.5


SKY COVER
  POSSIBLE SUNSHINE   0 PERCENT
  AVERAGE SKY COVER 0.0


WEATHER CONDITIONS
 THE FOLLOWING WEATHER WAS RECORDED YESTERDAY.
  NO SIGNIFICANT WEATHER WAS OBSERVED.


RELATIVE HUMIDITY (PERCENT)
 HIGHEST     0          1200 AM
 LOWEST      0          1200 AM

..........................................................


THE NORTH BEND OR CLIMATE NORMALS FOR TODAY
                         NORMAL    RECORD    YEAR
 MAXIMUM TEMPERATURE (F)   53        69      1930
 MINIMUM TEMPERATURE (F)   42        27      1985


SUNRISE AND SUNSET
NOVEMBER 24 2017......SUNRISE   722 AM PST   SUNSET   445 PM PST
NOVEMBER 25 2017......SUNRISE   723 AM PST   SUNSET   445 PM PST


-  INDICATES NEGATIVE NUMBERS.
R  INDICATES RECORD WAS SET OR TIED.
MM INDICATES DATA IS MISSING.
T  INDICATES TRACE AMOUNT.




$$
