000
CDUS46 KOTX 301245
CLIOTX


CLIMATE REPORT
NATIONAL WEATHER SERVICE SPOKANE, WA
545 AM PDT TUE JUN 30 2015


...................................

...THE SPOKANE  WA WFO CLIMATE SUMMARY FOR JUNE 29 2015...

CLIMATE NORMAL PERIOD 1981 TO 2010
CLIMATE RECORD PERIOD 1881 TO 2015


WEATHER ITEM   OBSERVED TIME   RECORD YEAR NORMAL DEPARTURE LAST
                VALUE   (LST)  VALUE       VALUE  FROM      YEAR
                                                  NORMAL
..................................................................
TEMPERATURE (F)
 YESTERDAY
  MAXIMUM         MM        MM  MM      MM  77     MM       70
  MINIMUM         MM        MM  MM      MM  48     MM       46
  AVERAGE         MM                        62     MM       58

PRECIPITATION (IN)
  YESTERDAY       MM            MM      MM   0.03  MM        0.00
  MONTH TO DATE    0.05                      1.33  -1.28     2.67
  SINCE OCT 1     11.92                     15.39  -3.47    12.26
  SINCE JAN 1      7.21                      9.36  -2.15     9.75

SNOWFALL (IN)
  YESTERDAY       MM            MM      MM   0.0   MM        0.0
  MONTH TO DATE    0.0                       0.0    0.0      0.0
  SINCE JUN 1      0.0                       0.0    0.0      0.0
  SINCE JUL 1     16.8                      54.1  -37.3     31.0
  SNOW DEPTH      MM

DEGREE DAYS
 HEATING
  YESTERDAY       MM                         4     MM        7
  MONTH TO DATE   58                       182   -124      185
  SINCE JUN 1     58                       182   -124      185
  SINCE JUL 1   5931                      7133  -1202     7232

 COOLING
  YESTERDAY       MM                         2     MM        0
  MONTH TO DATE   76                        13     63        0
  SINCE JUN 1     76                        13     63        0
  SINCE JAN 1     93                        18     75        0
..................................................................


WIND (MPH)
  HIGHEST WIND SPEED    MM   HIGHEST WIND DIRECTION    MM
  HIGHEST GUST SPEED     0   HIGHEST GUST DIRECTION     N (0)
  AVERAGE WIND SPEED    MM


SKY COVER
  POSSIBLE SUNSHINE   0 PERCENT
  AVERAGE SKY COVER 0.0


WEATHER CONDITIONS
 THE FOLLOWING WEATHER WAS RECORDED YESTERDAY.
  NO SIGNIFICANT WEATHER WAS OBSERVED.


RELATIVE HUMIDITY (PERCENT)
 HIGHEST     0          1200 AM
 LOWEST      0          1200 AM
 AVERAGE     0

..........................................................


THE SPOKANE  WA WFO CLIMATE NORMALS FOR TODAY
                         NORMAL    RECORD    YEAR
 MAXIMUM TEMPERATURE (F)   77        MM        MM
 MINIMUM TEMPERATURE (F)   48        MM        MM


SUNRISE AND SUNSET
JUNE 30 2015..........SUNRISE   456 AM PDT   SUNSET   852 PM PDT
JULY  1 2015..........SUNRISE   456 AM PDT   SUNSET   852 PM PDT


-  INDICATES NEGATIVE NUMBERS.
R  INDICATES RECORD WAS SET OR TIED.
MM INDICATES DATA IS MISSING.
T  INDICATES TRACE AMOUNT.




$$
