000
CDUS46 KOTX 070841
CLIOTX


CLIMATE REPORT
NATIONAL WEATHER SERVICE SPOKANE, WA
1241 AM PST WED DEC 7 2016


...................................

...THE SPOKANE  WA WFO CLIMATE SUMMARY FOR DECEMBER 6 2016...

CLIMATE NORMAL PERIOD 1981 TO 2010
CLIMATE RECORD PERIOD 1881 TO 2016


WEATHER ITEM   OBSERVED TIME   RECORD YEAR NORMAL DEPARTURE LAST
                VALUE   (LST)  VALUE       VALUE  FROM      YEAR
                                                  NORMAL
..................................................................
TEMPERATURE (F)
 YESTERDAY
  MAXIMUM         28        MM  MM      MM  33     -5       44
  MINIMUM         17        MM  MM      MM  22     -5       36
  AVERAGE         23                        27     -4       40

PRECIPITATION (IN)
  YESTERDAY        0.00         MM      MM   0.08  -0.08     0.37
  MONTH TO DATE    0.13                      0.52  -0.39     0.63
  SINCE OCT 1      8.90                      4.02   4.88     2.99
  SINCE JAN 1     19.13                     15.07   4.06    11.07

SNOWFALL (IN)
  YESTERDAY        0.0          MM      MM   0.5   -0.5      0.0
  MONTH TO DATE    0.5                       2.8   -2.3      1.0
  SINCE DEC 1      0.5                       2.8   -2.3      1.0
  SINCE JUL 1      2.7                      10.7   -8.0      2.5
  SNOW DEPTH       0

DEGREE DAYS
 HEATING
  YESTERDAY       42                        38      4       25
  MONTH TO DATE  204                       224    -20      191
  SINCE DEC 1    204                       224    -20      191
  SINCE JUL 1   1760                      2106   -346     1851

 COOLING
  YESTERDAY        0                         0      0        0
  MONTH TO DATE    0                         0      0        0
  SINCE DEC 1      0                         0      0        0
  SINCE JAN 1    229                       249    -20      518
..................................................................


WIND (MPH)
  HIGHEST WIND SPEED    17   HIGHEST WIND DIRECTION    MM
  HIGHEST GUST SPEED    22   HIGHEST GUST DIRECTION    MM
  AVERAGE WIND SPEED     9.0


SKY COVER
  POSSIBLE SUNSHINE  MM
  AVERAGE SKY COVER  MM


WEATHER CONDITIONS
 THE FOLLOWING WEATHER WAS RECORDED YESTERDAY.
  NO SIGNIFICANT WEATHER WAS OBSERVED.


RELATIVE HUMIDITY (PERCENT)
 HIGHEST    95
 LOWEST     54
 AVERAGE    75

..........................................................


THE SPOKANE  WA WFO CLIMATE NORMALS FOR TODAY
                         NORMAL    RECORD    YEAR
 MAXIMUM TEMPERATURE (F)   32        MM        MM
 MINIMUM TEMPERATURE (F)   21        MM        MM


SUNRISE AND SUNSET
DECEMBER  7 2016......SUNRISE   726 AM PST   SUNSET   359 PM PST
DECEMBER  8 2016......SUNRISE   727 AM PST   SUNSET   359 PM PST


-  INDICATES NEGATIVE NUMBERS.
R  INDICATES RECORD WAS SET OR TIED.
MM INDICATES DATA IS MISSING.
T  INDICATES TRACE AMOUNT.




$$
