000
CDUS46 KOTX 240824
CLIOTX


CLIMATE REPORT
NATIONAL WEATHER SERVICE SPOKANE, WA
1221 AM PST WED DEC 24 2014


...................................

...THE SPOKANE  WA WFO CLIMATE SUMMARY FOR DECEMBER 23 2014...

CLIMATE NORMAL PERIOD 1981 TO 2010
CLIMATE RECORD PERIOD 1881 TO 2014


WEATHER ITEM   OBSERVED TIME   RECORD YEAR NORMAL DEPARTURE LAST
                VALUE   (LST)  VALUE       VALUE  FROM      YEAR
                                                  NORMAL
..................................................................
TEMPERATURE (F)
 YESTERDAY
  MAXIMUM         41     MM     MM     MM   30     11       41
  MINIMUM         29     MM     MM     MM   19     10       29
  AVERAGE         35                        25     10       35

PRECIPITATION (IN)
  YESTERDAY        T            MM     MM   0.09  -0.09     0.07
  MONTH TO DATE    1.54                     1.90  -0.36     0.67
  SINCE OCT 1      4.37                     5.40  -1.03     2.51
  SINCE JAN 1     16.34                    16.45  -0.11    12.97

SNOWFALL (IN)
  YESTERDAY        0.0          MM     MM   0.6   -0.6      0.0
  MONTH TO DATE    0.3                     11.9  -11.6      3.4
  SINCE DEC 1      0.3                     11.9  -11.6      3.4
  SINCE JUL 1      0.8                     19.8  -19.0      6.4
  SNOW DEPTH       0

DEGREE DAYS
 HEATING
  YESTERDAY       30                        40    -10       30
  MONTH TO DATE  696                       897   -201      955
  SINCE DEC 1    696                       897   -201      955
  SINCE JUL 1   2275                      2779   -504     2811

 COOLING
  YESTERDAY        0                         0      0        0
  MONTH TO DATE    0                         0      0        0
  SINCE DEC 1      0                         0      0        0
  SINCE JAN 1    408                       249    159      383
..................................................................


WIND (MPH)
  HIGHEST WIND SPEED    MM   HIGHEST WIND DIRECTION    MM
  HIGHEST GUST SPEED    MM   HIGHEST GUST DIRECTION    MM
  AVERAGE WIND SPEED    MM


SKY COVER
  POSSIBLE SUNSHINE  MM
  AVERAGE SKY COVER  MM


WEATHER CONDITIONS
 THE FOLLOWING WEATHER WAS RECORDED YESTERDAY.
  NO SIGNIFICANT WEATHER WAS OBSERVED.


RELATIVE HUMIDITY (PERCENT)
 HIGHEST    MM
 LOWEST     MM
 AVERAGE    MM

..........................................................


THE SPOKANE  WA WFO CLIMATE NORMALS FOR TODAY
                         NORMAL    RECORD    YEAR
 MAXIMUM TEMPERATURE (F)   30        MM        MM
 MINIMUM TEMPERATURE (F)   19        MM        MM


SUNRISE AND SUNSET
DECEMBER 24 2014......SUNRISE   738 AM PST   SUNSET   403 PM PST
DECEMBER 25 2014......SUNRISE   738 AM PST   SUNSET   404 PM PST


-  INDICATES NEGATIVE NUMBERS.
R  INDICATES RECORD WAS SET OR TIED.
MM INDICATES DATA IS MISSING.
T  INDICATES TRACE AMOUNT.

$$
