000
CDUS46 KOTX 220829
CLIOTX


CLIMATE REPORT
NATIONAL WEATHER SERVICE SPOKANE, WA
1229 AM PST THU FEB 22 2018


...................................

...THE SPOKANE  WA WFO CLIMATE SUMMARY FOR FEBRUARY 21 2018...

CLIMATE NORMAL PERIOD 1981 TO 2010
CLIMATE RECORD PERIOD 1881 TO 2018


WEATHER ITEM   OBSERVED TIME   RECORD YEAR NORMAL DEPARTURE LAST
                VALUE   (LST)  VALUE       VALUE  FROM      YEAR
                                                  NORMAL
..................................................................
TEMPERATURE (F)
 YESTERDAY
  MAXIMUM         22        MM  MM      MM  41    -19       35
  MINIMUM         -7        MM  MM      MM  24    -31       32
  AVERAGE          8                        32    -24       34

PRECIPITATION (IN)
  YESTERDAY        T            MM      MM   0.05  -0.05     0.30
  MONTH TO DATE    1.55                      1.11   0.44     3.55
  SINCE OCT 1     11.33                      9.01   2.32    15.57
  SINCE JAN 1      4.05                      2.98   1.07     5.20

SNOWFALL (IN)
  YESTERDAY        T            MM      MM   0.2   -0.2      0.9
  MONTH TO DATE   13.7                       4.9    8.8     11.5
  SINCE DEC 1     38.9                      37.4    1.5     43.6
  SINCE JUL 1     44.6                      45.3   -0.7     45.8
  SNOW DEPTH       4

DEGREE DAYS
 HEATING
  YESTERDAY       57                        33     24       31
  MONTH TO DATE  722                       719      3      757
  SINCE DEC 1   2953                      3094   -141     3521
  SINCE JUL 1   4717                      4976   -259     5077

 COOLING
  YESTERDAY        0                         0      0        0
  MONTH TO DATE    0                         0      0        0
  SINCE DEC 1      0                         0      0        0
  SINCE JAN 1      0                         0      0        0
..................................................................


WIND (MPH)
  HIGHEST WIND SPEED    MM   HIGHEST WIND DIRECTION    MM
  HIGHEST GUST SPEED    MM   HIGHEST GUST DIRECTION    MM
  AVERAGE WIND SPEED    MM


SKY COVER
  POSSIBLE SUNSHINE  MM
  AVERAGE SKY COVER  MM


WEATHER CONDITIONS
 THE FOLLOWING WEATHER WAS RECORDED YESTERDAY.
  LIGHT SNOW
  FOG


RELATIVE HUMIDITY (PERCENT)
 HIGHEST    MM
 LOWEST     MM
 AVERAGE    MM

..........................................................


THE SPOKANE  WA WFO CLIMATE NORMALS FOR TODAY
                         NORMAL    RECORD    YEAR
 MAXIMUM TEMPERATURE (F)   41        MM        MM
 MINIMUM TEMPERATURE (F)   24        MM        MM


SUNRISE AND SUNSET
FEBRUARY 22 2018......SUNRISE   644 AM PST   SUNSET   525 PM PST
FEBRUARY 23 2018......SUNRISE   642 AM PST   SUNSET   526 PM PST


-  INDICATES NEGATIVE NUMBERS.
R  INDICATES RECORD WAS SET OR TIED.
MM INDICATES DATA IS MISSING.
T  INDICATES TRACE AMOUNT.




$$
