000
CDUS46 KOTX 070830
CLIOTX


CLIMATE REPORT
NATIONAL WEATHER SERVICE SPOKANE, WA
1230 AM PST SUN FEB 7 2016


...................................

...THE SPOKANE  WA WFO CLIMATE SUMMARY FOR FEBRUARY 6 2016...

CLIMATE NORMAL PERIOD 1981 TO 2010
CLIMATE RECORD PERIOD 1881 TO 2016


WEATHER ITEM   OBSERVED TIME   RECORD YEAR NORMAL DEPARTURE LAST
                VALUE   (LST)  VALUE       VALUE  FROM      YEAR
                                                  NORMAL
..................................................................
TEMPERATURE (F)
 YESTERDAY
  MAXIMUM         42        MM  MM      MM  37      5       55
  MINIMUM         28        MM  MM      MM  23      5       39
  AVERAGE         35                        30      5       47

PRECIPITATION (IN)
  YESTERDAY        0.00         MM      MM   0.05  -0.05     0.20
  MONTH TO DATE    0.13                      0.32  -0.19     0.84
  SINCE OCT 1      9.50                      8.22   1.28     7.45
  SINCE JAN 1      2.75                      2.19   0.56     2.74

SNOWFALL (IN)
  YESTERDAY        0.0          MM      MM   0.3   -0.3      0.0
  MONTH TO DATE    1.1                       1.8   -0.7      1.7
  SINCE DEC 1     31.1                      34.3   -3.2     14.6
  SINCE JUL 1     32.6                      42.2   -9.6     15.1
  SNOW DEPTH       T

DEGREE DAYS
 HEATING
  YESTERDAY       30                        35     -5       18
  MONTH TO DATE  212                       210      2      166
  SINCE DEC 1   2413                      2585   -172     2264
  SINCE JUL 1   4073                      4467   -394     3843

 COOLING
  YESTERDAY        0                         0      0        0
  MONTH TO DATE    0                         0      0        0
  SINCE DEC 1      0                         0      0        0
  SINCE JAN 1      0                         0      0        0
..................................................................


WIND (MPH)
  HIGHEST WIND SPEED    26   HIGHEST WIND DIRECTION    MM
  HIGHEST GUST SPEED    36   HIGHEST GUST DIRECTION    MM
  AVERAGE WIND SPEED    11.0


SKY COVER
  POSSIBLE SUNSHINE  MM
  AVERAGE SKY COVER  MM


WEATHER CONDITIONS
 THE FOLLOWING WEATHER WAS RECORDED YESTERDAY.
  NO SIGNIFICANT WEATHER WAS OBSERVED.


RELATIVE HUMIDITY (PERCENT)
 HIGHEST    98          1200 AM
 LOWEST     77          1200 AM
 AVERAGE    88

..........................................................


THE SPOKANE  WA WFO CLIMATE NORMALS FOR TODAY
                         NORMAL    RECORD    YEAR
 MAXIMUM TEMPERATURE (F)   37        MM        MM
 MINIMUM TEMPERATURE (F)   23        MM        MM


SUNRISE AND SUNSET
FEBRUARY  7 2016......SUNRISE   709 AM PST   SUNSET   500 PM PST
FEBRUARY  8 2016......SUNRISE   708 AM PST   SUNSET   502 PM PST


-  INDICATES NEGATIVE NUMBERS.
R  INDICATES RECORD WAS SET OR TIED.
MM INDICATES DATA IS MISSING.
T  INDICATES TRACE AMOUNT.




$$
