000
CDUS46 KOTX 250826
CLIOTX


CLIMATE REPORT
NATIONAL WEATHER SERVICE SPOKANE, WA
1226 AM PST SAT FEB 25 2017


...................................

...THE SPOKANE  WA WFO CLIMATE SUMMARY FOR FEBRUARY 24 2017...

CLIMATE NORMAL PERIOD 1981 TO 2010
CLIMATE RECORD PERIOD 1881 TO 2017


WEATHER ITEM   OBSERVED TIME   RECORD YEAR NORMAL DEPARTURE LAST
                VALUE   (LST)  VALUE       VALUE  FROM      YEAR
                                                  NORMAL
..................................................................
TEMPERATURE (F)
 YESTERDAY
  MAXIMUM         30        MM  MM      MM  42    -12       46
  MINIMUM         12        MM  MM      MM  24    -12       28
  AVERAGE         21                        33    -12       37

PRECIPITATION (IN)
  YESTERDAY        0.02         MM      MM   0.05  -0.03     0.00
  MONTH TO DATE    3.57                      1.26   2.31     0.71
  SINCE OCT 1     15.60                      9.16   6.44    10.08
  SINCE JAN 1      5.23                      3.13   2.10     3.33

SNOWFALL (IN)
  YESTERDAY        0.9          MM      MM   0.2    0.7      0.0
  MONTH TO DATE   12.2                       5.4    6.8      1.1
  SINCE DEC 1     43.7                      37.9    5.8     31.1
  SINCE JUL 1     45.9                      45.8    0.1     32.6
  SNOW DEPTH       5

DEGREE DAYS
 HEATING
  YESTERDAY       44                        32     12       28
  MONTH TO DATE  880                       815     65      680
  SINCE DEC 1   3644                      3190    454     2881
  SINCE JUL 1   5200                      5072    128     4541

 COOLING
  YESTERDAY        0                         0      0        0
  MONTH TO DATE    0                         0      0        0
  SINCE DEC 1      0                         0      0        0
  SINCE JAN 1      0                         0      0        0
..................................................................


WIND (MPH)
  HIGHEST WIND SPEED    MM   HIGHEST WIND DIRECTION    MM
  HIGHEST GUST SPEED    MM   HIGHEST GUST DIRECTION    MM
  AVERAGE WIND SPEED    MM


SKY COVER
  POSSIBLE SUNSHINE  MM
  AVERAGE SKY COVER  MM


WEATHER CONDITIONS
 THE FOLLOWING WEATHER WAS RECORDED YESTERDAY.
  SNOW
  LIGHT SNOW
  FOG
  FOG W/VISIBILITY <= 1/4 MILE


RELATIVE HUMIDITY (PERCENT)
 HIGHEST    MM
 LOWEST     MM
 AVERAGE    MM

..........................................................


THE SPOKANE  WA WFO CLIMATE NORMALS FOR TODAY
                         NORMAL    RECORD    YEAR
 MAXIMUM TEMPERATURE (F)   42        MM        MM
 MINIMUM TEMPERATURE (F)   25        MM        MM


SUNRISE AND SUNSET
FEBRUARY 25 2017......SUNRISE   638 AM PST   SUNSET   530 PM PST
FEBRUARY 26 2017......SUNRISE   636 AM PST   SUNSET   531 PM PST


-  INDICATES NEGATIVE NUMBERS.
R  INDICATES RECORD WAS SET OR TIED.
MM INDICATES DATA IS MISSING.
T  INDICATES TRACE AMOUNT.




$$
