000
CDUS46 KOTX 260826
CLIOTX


CLIMATE REPORT
NATIONAL WEATHER SERVICE SPOKANE, WA
1225 AM PST MON JAN 26 2015


...................................

...THE SPOKANE  WA WFO CLIMATE SUMMARY FOR JANUARY 25 2015...

CLIMATE NORMAL PERIOD 1981 TO 2010
CLIMATE RECORD PERIOD 1881 TO 2015


WEATHER ITEM   OBSERVED TIME   RECORD YEAR NORMAL DEPARTURE LAST
                VALUE   (LST)  VALUE       VALUE  FROM      YEAR
                                                  NORMAL
..................................................................
TEMPERATURE (F)
 YESTERDAY
  MAXIMUM         47        MM  MM      MM  34     13       28
  MINIMUM         36        MM  MM      MM  23     13       26
  AVERAGE         42                        29     13       27

PRECIPITATION (IN)
  YESTERDAY        T            MM      MM   0.05  -0.05      T
  MONTH TO DATE    1.87                      1.58   0.29     0.56
  SINCE OCT 1      6.58                      7.61  -1.03     3.07
  SINCE JAN 1      1.87                      1.58   0.29     0.56

SNOWFALL (IN)
  YESTERDAY        0.0          MM      MM   0.4   -0.4       T
  MONTH TO DATE    9.9                      13.3   -3.4      2.1
  SINCE DEC 1     12.7                      30.3  -17.6      5.6
  SINCE JUL 1     13.2                      38.2  -25.0      8.6
  SNOW DEPTH       0

DEGREE DAYS
 HEATING
  YESTERDAY       23                        36    -13       38
  MONTH TO DATE  870                       944    -74      868
  SINCE DEC 1   1897                      2160   -263     2136
  SINCE JUL 1   3476                      4042   -566     3992

 COOLING
  YESTERDAY        0                         0      0        0
  MONTH TO DATE    0                         0      0        0
  SINCE DEC 1      0                         0      0        0
  SINCE JAN 1      0                         0      0        0
..................................................................


WIND (MPH)
  HIGHEST WIND SPEED    MM   HIGHEST WIND DIRECTION    MM
  HIGHEST GUST SPEED     0   HIGHEST GUST DIRECTION     N (0)
  AVERAGE WIND SPEED    MM


SKY COVER
  POSSIBLE SUNSHINE  MM
  AVERAGE SKY COVER  MM


WEATHER CONDITIONS
 THE FOLLOWING WEATHER WAS RECORDED YESTERDAY.
  FOG W/VISIBILITY <= 1/4 MILE


RELATIVE HUMIDITY (PERCENT)
 HIGHEST     0          1200 AM
 LOWEST      0          1200 AM
 AVERAGE     0

..........................................................


THE SPOKANE  WA WFO CLIMATE NORMALS FOR TODAY
                         NORMAL    RECORD    YEAR
 MAXIMUM TEMPERATURE (F)   35        MM        MM
 MINIMUM TEMPERATURE (F)   23        MM        MM


SUNRISE AND SUNSET
JANUARY 26 2015.......SUNRISE   725 AM PST   SUNSET   442 PM PST
JANUARY 27 2015.......SUNRISE   724 AM PST   SUNSET   444 PM PST


-  INDICATES NEGATIVE NUMBERS.
R  INDICATES RECORD WAS SET OR TIED.
MM INDICATES DATA IS MISSING.
T  INDICATES TRACE AMOUNT.




$$
