000
CDAK49 PAOT 231206
CLIOTZ

CLIMATE REPORT
NATIONAL WEATHER SERVICE KOTZEBUE, AK
407 AM AKDT TUE SEP 23 2014

...................................
...THE KOTZEBUE WSO AP CLIMATE SUMMARY FOR SEPTEMBER 22 2014...

CLIMATE NORMAL PERIOD  1981 TO  2010
CLIMATE RECORD PERIOD  1897 TO  2014

WEATHER ITEM   OBSERVED TIME    RECORD YEAR NORMAL DEPARTURE LAST
               VALUE    (LST)   VALUE       VALUE  FROM      YEAR
                                                   NORMAL
...................................................................
TEMPERATURE
YESTERDAY
 MAXIMUM            46  1221 PM    57  1995     44       2     35
 MINIMUM            38  1159 PM    18  1992     35       3     31
 AVERAGE            42                          39       3     33

PRECIPITATION
(INCHES)
 YESTERDAY        0.27           0.43  1975   0.05    0.22      T
 MONTH TO DATE    1.16                        1.19   -0.03   1.88
 SINCE SEP 1      1.16                        1.19   -0.03   1.88
 SINCE JAN 1      7.90                        8.07   -0.17   8.34

SNOWFALL
(INCHES)
 YESTERDAY         0.0            2.0  1993    0.1     0.0      T
 MONTH TO DATE     0.0                         0.3    -0.3      T
 SINCE SEP 1       0.0                         0.3    -0.3    0.0
 SINCE JUL 1       0.0                         0.3    -0.3      T
 SNOW DEPTH (IN)     0                                          0

DEGREE DAYS
 HEATING
  YESTERDAY         23                          26      -3     32
  MONTH TO DATE    379                         455     -76    505
  SINCE SEP 1      379                         455     -76    505
  SINCE JUL 1      939                        1193    -254   1099

 COOLING
  YESTERDAY          0                           0       0      0
  MONTH TO DATE      0                           0       0      0
  SINCE SEP 1        0                           0       0      0
  SINCE JAN 1       19                           0      19     13
...................................................................

WIND (MPH)
 HIGHEST WIND SPEED    32     HIGHEST WIND DIRECTION    260
 HIGHEST GUST SPEED    37     HIGHEST GUST DIRECTION    260
 AVERAGE WIND SPEED  21.7

SKY COVER
  POSSIBLE SUNSHINE    MM          AVERAGE SKY COVER     MM

WEATHER CONDITIONS
 THE FOLLOWING WEATHER WAS RECORDED YESTERDAY.
 FOG
 RAIN


RELATIVE HUMIDITY
 HIGHEST RH     MM PERCENT       MM
 LOWEST  RH     MM PERCENT       MM
 AVERAGE RH     MM PERCENT       MM
...................................................................

THE KOTZEBUE CLIMATE NORMALS FOR TODAY
                           NORMAL    RECORD   YEAR
 MAXIMUM TEMPERATURE (F)     43        66     1942
 MINIMUM TEMPERATURE (F)     35        16     1992

SUNRISE AND SUNSET
 SEP 23 2014..........SUNRISE  8:37 AM      SUNSET  8:48 PM
 SEP 24 2014..........SUNRISE  8:40 AM      SUNSET  8:44 PM

-  INDICATES NEGATIVE NUMBERS.
R  INDICATES RECORD HAS BEEN SET OR TIED.
MM INDICATES DATA IS MISSING.
T  INDICATES TRACE OF PRECIPITATION.

&&
-------------------------------------------------------------------

AMOUNT OF DAYLIGHT TODAY  (HOUR:MIN)........12 HOURS 11 MINUTES
LOSS SINCE YESTERDAY (HOUR:MIN:SEC).........-0:07:17

$$
TGH SEP 14
