000
CDAK49 PAFG 200053
CLIOTZ

CLIMATE REPORT
NATIONAL WEATHER SERVICE FAIRBANKS AK
353 PM AKST FRI JAN 19 2018


...................................

...THE KOTZEBUE AK CLIMATE SUMMARY FOR JANUARY 19 2018...
VALID TODAY AS OF 0300 PM LOCAL TIME.

CLIMATE NORMAL PERIOD 1981 TO 2010
CLIMATE RECORD PERIOD 1920 TO 2018


WEATHER ITEM   OBSERVED TIME   RECORD YEAR NORMAL DEPARTURE LAST
                VALUE   (LST)  VALUE       VALUE  FROM      YEAR
                                                  NORMAL
..................................................................
TEMPERATURE (F)
 TODAY
  MAXIMUM         -7   1203 AM  35    2008   3    -10      -26
  MINIMUM        -10   1014 AM -50    1934 -10      0      -32
  AVERAGE         -8                        -3     -5      -29

PRECIPITATION (IN)
  TODAY            0.00          0.24 2008   0.02  -0.02      T
  MONTH TO DATE    0.25                      0.39  -0.14     0.15
  SINCE DEC 1      1.83                      1.15   0.68     0.89
  SINCE JAN 1      0.25                      0.39  -0.14     0.15

SNOWFALL (IN)
  TODAY            0.0           3.5  2008   0.3   -0.3       T
  MONTH TO DATE    4.3                       5.8   -1.5      0.9
  SINCE DEC 1     24.0                      17.3    6.7     15.0
  SINCE JUL 1     65.0                      34.7   30.3     20.6
  SNOW DEPTH      67

DEGREE DAYS
 HEATING
  TODAY           73                        68      5       94
  MONTH TO DATE 1009                      1281   -272     1215
  SINCE DEC 1   2457                      3225   -768     3017
  SINCE JUL 1   6274                      7583  -1309     6630

 COOLING
  TODAY            0                         0      0        0
  MONTH TO DATE    0                         0      0        0
  SINCE DEC 1      0                         0      0        0
  SINCE JAN 1      0                         0      0        0
..................................................................


WIND (MPH)
  HIGHEST GUST SPEED    31   HIGHEST GUST DIRECTION    NW (320)


SKY COVER
  AVERAGE SKY COVER 0.0


WEATHER CONDITIONS
 THE FOLLOWING WEATHER WAS RECORDED TODAY.
  NO SIGNIFICANT WEATHER WAS OBSERVED.


RELATIVE HUMIDITY (PERCENT)
 HIGHEST    74
 LOWEST     64
 AVERAGE    69

..........................................................


THE KOTZEBUE AK CLIMATE NORMALS FOR TOMORROW
                         NORMAL    RECORD    YEAR
 MAXIMUM TEMPERATURE (F)    3        39      1961
 MINIMUM TEMPERATURE (F)  -10       -42      1989
                                             1947


SUNRISE AND SUNSET
JANUARY 19 2018.......SUNRISE  1143 AM AKST  SUNSET   421 PM AKST
JANUARY 20 2018.......SUNRISE  1139 AM AKST  SUNSET   425 PM AKST

-  INDICATES NEGATIVE NUMBERS.
R  INDICATES RECORD WAS SET OR TIED.
MM INDICATES DATA IS MISSING.
T  INDICATES TRACE AMOUNT.

&&

SNOW DEPTH IS MEASURED AT 3AM AKST/4AM AKDT.

----------------------------
AVAILABLE DAYLIGHT

AMOUNT OF DAYLIGHT TODAY  (HOUR:MIN)........4:38
GAIN/LOSS SINCE YESTERDAY (HOUR:MIN:SEC)....+0:07:57

$$
JAN 18
