000
CDAK49 PAOT 291228
CLIOTZ

CLIMATE REPORT
NATIONAL WEATHER SERVICE KOTZEBUE, AK
428 AM AKDT SUN MAY 29 2016

...................................
...THE KOTZEBUE WSO AP CLIMATE SUMMARY FOR MAY 28 2016...

CLIMATE NORMAL PERIOD  1981 TO  2010
CLIMATE RECORD PERIOD  1897 TO  2016

WEATHER ITEM   OBSERVED TIME    RECORD YEAR NORMAL DEPARTURE LAST
               VALUE    (LST)   VALUE       VALUE  FROM      YEAR
                                                   NORMAL
...................................................................
TEMPERATURE
YESTERDAY
 MAXIMUM            63  1054 AM    71  1947     43      20     48
 MINIMUM            43  0252 AM    18  1984     32      11     39
 AVERAGE            53                          37      16     44

PRECIPITATION
(INCHES)
 YESTERDAY        0.00           0.35  1930   0.01   -0.01   0.00
 MONTH TO DATE    0.65                        0.37    0.28   0.58
 SINCE MAR 1      1.39                        1.35    0.04   1.66
 SINCE JAN 1      2.11                        2.63   -0.52   2.51

SNOWFALL
(INCHES)
 YESTERDAY         0.0              T  2009    0.0     0.0    0.0
 MONTH TO DATE       T                         1.2    -1.2      T
 SINCE MAR 1      14.3                        12.2     2.1    9.4
 SINCE JUL 1      59.7                        59.8    -0.1   24.7
 SNOW DEPTH (IN)     0                                          0

DEGREE DAYS
 HEATING
  YESTERDAY         12                          28     -16     21
  MONTH TO DATE    736                         946    -210    723
  SINCE MAR 1     3815                        4484    -669   4250
  SINCE JUL 1    12813                       14726   -1913  13128

 COOLING
  YESTERDAY          0                           0       0      0
  MONTH TO DATE      0                           0       0      0
  SINCE MAR 1        0                           0       0      0
  SINCE JAN 1        0                           0       0      0
...................................................................

WIND (MPH)
 HIGHEST WIND SPEED    14     HIGHEST WIND DIRECTION    120
 HIGHEST GUST SPEED    16     HIGHEST GUST DIRECTION    120
 AVERAGE WIND SPEED   5.2

SKY COVER
  POSSIBLE SUNSHINE    MM          AVERAGE SKY COVER     MM

WEATHER CONDITIONS
 THE FOLLOWING WEATHER WAS RECORDED YESTERDAY.
  NO SIGNIFICANT WEATHER WAS OBSERVED.

RELATIVE HUMIDITY
 HIGHEST RH     MM PERCENT       MM
 LOWEST  RH     MM PERCENT       MM
 AVERAGE RH     MM PERCENT       MM
...................................................................

THE KOTZEBUE CLIMATE NORMALS FOR TODAY
                           NORMAL    RECORD   YEAR
 MAXIMUM TEMPERATURE (F)     43        68     1983
 MINIMUM TEMPERATURE (F)     32        20     1984

SUNRISE AND SUNSET
 MAY 29 2016..........SUNRISE  3:41 AM      SUNSET  2:02 AM
 MAY 30 2016..........SUNRISE  3:34 AM      SUNSET  2:11 AM

-  INDICATES NEGATIVE NUMBERS.
R  INDICATES RECORD HAS BEEN SET OR TIED.
MM INDICATES DATA IS MISSING.
T  INDICATES TRACE OF PRECIPITATION.

&&
-------------------------------------------------------------------

AMOUNT OF DAYLIGHT TODAY  (HOUR:MIN)........22 HOURS 21 MINUTES
GAIN SINCE YESTERDAY  (HOUR:MIN:SEC)........+0:13:39

$$
SV MAY 16
