000
CDAK49 PAOT 291232
CLIOTZ

CLIMATE REPORT
NATIONAL WEATHER SERVICE KOTZEBUE, AK
432 AM AKDT FRI JUL 29 2016

...................................
...THE KOTZEBUE WSO AP CLIMATE SUMMARY FOR JULY 28 2016...

CLIMATE NORMAL PERIOD  1981 TO  2010
CLIMATE RECORD PERIOD  1897 TO  2016

WEATHER ITEM   OBSERVED TIME    RECORD YEAR NORMAL DEPARTURE LAST
               VALUE    (LST)   VALUE       VALUE  FROM      YEAR
                                                   NORMAL
...................................................................
TEMPERATURE
YESTERDAY
 MAXIMUM            55  0443 PM    76  1903     59      -4     64
 MINIMUM            49  1056 PM    36  2000     51      -2     49
 AVERAGE            52                          55      -3     57

PRECIPITATION
(INCHES)
 YESTERDAY        0.02           1.73  1946   0.06   -0.04   0.00
 MONTH TO DATE    1.44                        1.25    0.19   0.28
 SINCE JUN 1      1.69                        1.83   -0.14   0.49
 SINCE JAN 1      3.80                        4.50   -0.70   3.00

SNOWFALL
(INCHES)
 YESTERDAY         0.0            0.0  2015    0.0     0.0    0.0
 MONTH TO DATE     0.0                         0.0     0.0    0.0
 SINCE JUN 1       0.0                         0.0     0.0    0.0
 SINCE JUL 1       0.0                         0.0     0.0    0.0
 SNOW DEPTH (IN)     0                                          0

DEGREE DAYS
 HEATING
  YESTERDAY         13                          10       3      8
  MONTH TO DATE    209                         295     -86    167
  SINCE JUN 1      613                         876    -263    576
  SINCE JUL 1      209                         295     -86    167

 COOLING
  YESTERDAY          0                           0       0      0
  MONTH TO DATE      5                           0       5     10
  SINCE JUN 1        5                           0       5     14
  SINCE JAN 1        5                           0       5     14
...................................................................

WIND (MPH)
 HIGHEST WIND SPEED    25     HIGHEST WIND DIRECTION    290
 HIGHEST GUST SPEED    30     HIGHEST GUST DIRECTION    260
 AVERAGE WIND SPEED  17.9

SKY COVER
  POSSIBLE SUNSHINE    MM          AVERAGE SKY COVER     MM

WEATHER CONDITIONS
 THE FOLLOWING WEATHER WAS RECORDED YESTERDAY.
  FOG
RAIN


RELATIVE HUMIDITY
 HIGHEST RH     MM PERCENT       MM
 LOWEST  RH     MM PERCENT       MM
 AVERAGE RH     MM PERCENT       MM
...................................................................

THE KOTZEBUE CLIMATE NORMALS FOR TODAY
                           NORMAL    RECORD   YEAR
 MAXIMUM TEMPERATURE (F)     59        73     2009
 MINIMUM TEMPERATURE (F)     50        37     1975

SUNRISE AND SUNSET
 JUL 29 2016..........SUNRISE  5:15 AM      SUNSET 12:36 AM
 JUL 30 2016..........SUNRISE  5:19 AM      SUNSET 12:32 AM

-  INDICATES NEGATIVE NUMBERS.
R  INDICATES RECORD HAS BEEN SET OR TIED.
MM INDICATES DATA IS MISSING.
T  INDICATES TRACE OF PRECIPITATION.

&&
-------------------------------------------------------------------

AMOUNT OF DAYLIGHT TODAY  (HOUR:MIN)........19 HOURS 21 MINUTES
LOSS SINCE YESTERDAY  (HOUR:MIN:SEC)........-0:08:59

$$
SV JUL 16
