000
CDAK49 PAOT 010007
CLIOTZ

CLIMATE REPORT
NATIONAL WEATHER SERVICE KOTZEBUE, AK
307 PM AKST SAT FEB 28 2015

...................................
...THE KOTZEBUE WSO AP CLIMATE SUMMARY FOR FEBRUARY 28 2015...
VALID TODAY AS OF 2:00 PM LOCAL TIME

CLIMATE NORMAL PERIOD  1981 TO  2010
CLIMATE RECORD PERIOD  1897 TO  2015

WEATHER ITEM   OBSERVED TIME    RECORD YEAR NORMAL DEPARTURE LAST
               VALUE    (LST)   VALUE       VALUE  FROM      YEAR
                                                   NORMAL
...................................................................
TEMPERATURE
TODAY
 MAXIMUM            30  0758 AM    35  1943      8      22     32
 MINIMUM            -3  0301 PM   -39  1971     -7       4     26
 AVERAGE            14                           0      14     29

PRECIPITATION
(INCHES)
 TODAY               T           0.47  2009   0.02   -0.02   0.08
 MONTH TO DATE    0.49                        0.66   -0.17   0.17
 SINCE DEC 1      1.20                        2.04   -0.84   1.49
 SINCE JAN 1      0.85                        1.28   -0.43   0.72

SNOWFALL
(INCHES)
 TODAY               T            4.7  2009    0.3    -0.3    0.5
 MONTH TO DATE     3.3                         9.6    -6.3    1.2
 SINCE DEC 1       9.7                        30.2   -20.5   13.3
 SINCE JUL 1      14.4                        47.6   -33.2   25.0
 SNOW DEPTH (IN)     5                                          7

DEGREE DAYS
 HEATING
  TODAY             51                          65     -14     36
  MONTH TO DATE   1529                        1843    -314   1670
  SINCE DEC 1     5173                        5883    -710   5054
  SINCE JUL 1     8848                       10242   -1394   8948

 COOLING
  TODAY              0                           0       0      0
  MONTH TO DATE      0                           0       0      0
  SINCE DEC 1        0                           0       0      0
  SINCE JAN 1        0                           0       0      0
...................................................................

WIND (MPH)
 HIGHEST WIND SPEED    40     HIGHEST WIND DIRECTION    280
 HIGHEST GUST SPEED    47     HIGHEST GUST DIRECTION    290
 AVERAGE WIND SPEED   0.0

SKY COVER
  POSSIBLE SUNSHINE  MM            AVERAGE SKY COVER MM

WEATHER CONDITIONS
 THE FOLLOWING WEATHER WAS RECORDED TODAY.
 FOG
 BLOWING SNOW
 SNOW


RELATIVE HUMIDITY
 HIGHEST RH     MM PERCENT       MM
 LOWEST  RH     MM PERCENT       MM
 AVERAGE RH     MM PERCENT       MM
...................................................................

THE KOTZEBUE CLIMATE NORMALS FOR TOMORROW
                        NORMAL    RECORD   YEAR
 MAXIMUM TEMPERATURE       8        33     1981
 MINIMUM TEMPERATURE      -7       -48     1956

SUNRISE AND SUNSET
 FEB 28 2015..........SUNRISE  9:10 AM      SUNSET  6:58 PM
 MAR 1 2015..........SUNRISE  9:06 AM      SUNSET  7:02 PM

-  INDICATES NEGATIVE NUMBERS.
R  INDICATES RECORD HAS BEEN SET OR TIED.
MM INDICATES DATA IS MISSING.
T  INDICATES TRACE OF PRECIPITATION.

&&
-------------------------------------------------------------------

AMOUNT OF DAYLIGHT TODAY  (HOUR:MIN)........9 HOURS 48 MINUTES
GAIN SINCE YESTERDAY (HOUR:MIN:SEC).........+0:07:31

$$
TGH FEB 15
