709
CDAK49 PAFG 300053
CLIOTZ

CLIMATE REPORT
NATIONAL WEATHER SERVICE FAIRBANKS AK
453 PM AKDT WED MAR 29 2017


...................................

...THE KOTZEBUE AK CLIMATE SUMMARY FOR MARCH 29 2017...
VALID TODAY AS OF 0400 PM LOCAL TIME.

CLIMATE NORMAL PERIOD 1981 TO 2010
CLIMATE RECORD PERIOD 1920 TO 2017


WEATHER ITEM   OBSERVED TIME   RECORD YEAR NORMAL DEPARTURE LAST
                VALUE   (LST)  VALUE       VALUE  FROM      YEAR
                                                  NORMAL
..................................................................
TEMPERATURE (F)
 TODAY
  MAXIMUM          1    259 PM  39    1973  11    -10        4
  MINIMUM        -22    548 AM -32    1944  -5    -17      -10
  AVERAGE        -10                         3    -13       -3

PRECIPITATION (IN)
  TODAY            0.00          0.20 1936   0.01  -0.01     0.00
  MONTH TO DATE    0.03                      0.42  -0.39     0.17
  SINCE MAR 1      0.03                      0.42  -0.39     0.17
  SINCE JAN 1      1.62                      1.70  -0.08     0.88

SNOWFALL (IN)
  TODAY            0.0           7.5  1938   0.1   -0.1      0.0
  MONTH TO DATE    0.7                       5.6   -4.9      1.4
  SINCE MAR 1      0.7                       5.6   -4.9      1.4
  SINCE JUL 1     50.9                      53.2   -2.3     21.4
  SNOW DEPTH      46

DEGREE DAYS
 HEATING
  TODAY           75                        62     13       68
  MONTH TO DATE 1956                      1864     92     1776
  SINCE MAR 1   1956                      1864     92     1776
  SINCE JUL 1  10815                     12109  -1294    10554

 COOLING
  TODAY            0                         0      0        0
  MONTH TO DATE    0                         0      0        0
  SINCE MAR 1      0                         0      0        0
  SINCE JAN 1      0                         0      0        0
..................................................................


WIND (MPH)
  HIGHEST GUST SPEED    14   HIGHEST GUST DIRECTION     W (260)


SKY COVER
  AVERAGE SKY COVER 0.2


WEATHER CONDITIONS
 THE FOLLOWING WEATHER WAS RECORDED TODAY.
  FOG
  HAZE


RELATIVE HUMIDITY (PERCENT)
 HIGHEST    89
 LOWEST     71
 AVERAGE    80

..........................................................


THE KOTZEBUE AK CLIMATE NORMALS FOR TOMORROW
                         NORMAL    RECORD    YEAR
 MAXIMUM TEMPERATURE (F)   12        33      1938
 MINIMUM TEMPERATURE (F)   -5       -32      2005


SUNRISE AND SUNSET
MARCH 29 2017.........SUNRISE   813 AM AKDT  SUNSET   940 PM AKDT
MARCH 30 2017.........SUNRISE   809 AM AKDT  SUNSET   944 PM AKDT

-  INDICATES NEGATIVE NUMBERS.
R  INDICATES RECORD WAS SET OR TIED.
MM INDICATES DATA IS MISSING.
T  INDICATES TRACE AMOUNT.

&&

SNOW DEPTH IS MEASURED AT 3AM AKST/4AM AKDT.

----------------------------
AVAILABLE DAYLIGHT

AMOUNT OF DAYLIGHT TODAY  (HOUR:MIN)........13:28
GAIN/LOSS SINCE YESTERDAY (HOUR:MIN:SEC)....+0:07:26

$$
MAR 17
