000
CDAK49 PAOT 241202
CLIOTZ

CLIMATE REPORT
NATIONAL WEATHER SERVICE KOTZEBUE, AK
302 AM AKST MON NOV 24 2014

...................................
...THE KOTZEBUE WSO AP CLIMATE SUMMARY FOR NOVEMBER 23 2014...

CLIMATE NORMAL PERIOD  1981 TO  2010
CLIMATE RECORD PERIOD  1897 TO  2014

WEATHER ITEM   OBSERVED TIME    RECORD YEAR NORMAL DEPARTURE LAST
               VALUE    (LST)   VALUE       VALUE  FROM      YEAR
                                                   NORMAL
...................................................................
TEMPERATURE
YESTERDAY
 MAXIMUM             9  1159 PM    35  2002     12      -3     15
 MINIMUM             2  0512 PM   -31  1948      1       1     -1
 AVERAGE             6                           7      -1      7

PRECIPITATION
(INCHES)
 YESTERDAY        0.00           0.48  2003   0.03   -0.03   0.04
 MONTH TO DATE    0.18                        0.59   -0.41   1.15
 SINCE SEP 1      2.42                        3.18   -0.76   4.78
 SINCE JAN 1      9.16                       10.06   -0.90  11.24

SNOWFALL
(INCHES)
 YESTERDAY         0.0            11.3  2003   0.4    -0.4    0.2
 MONTH TO DATE     0.1                         7.7    -7.6    9.1
 SINCE SEP 1       3.7                        14.6   -10.9   10.0
 SINCE JUL 1       3.7                        14.6   -10.9   10.0
 SNOW DEPTH (IN)     1                                          3

DEGREE DAYS
 HEATING
  YESTERDAY         59                          58       1     58
  MONTH TO DATE    997                        1262    -265   1131
  SINCE SEP 1     2748                        3206    -458   2829
  SINCE JUL 1     3308                        3944    -636   3425

 COOLING
  YESTERDAY          0                           0       0      0
  MONTH TO DATE      0                           0       0      0
  SINCE SEP 1        0                           0       0      0
  SINCE JAN 1       19                           0      19     13
...................................................................

WIND (MPH)
 HIGHEST WIND SPEED    10     HIGHEST WIND DIRECTION     50
 HIGHEST GUST SPEED    13     HIGHEST GUST DIRECTION     50
 AVERAGE WIND SPEED   4.8

SKY COVER
  POSSIBLE SUNSHINE    MM          AVERAGE SKY COVER     MM

WEATHER CONDITIONS
 THE FOLLOWING WEATHER WAS RECORDED YESTERDAY.
 NO SIGNIFICANT WEATHER WAS OBSERVED.

RELATIVE HUMIDITY
 HIGHEST RH     MM PERCENT       MM
 LOWEST  RH     MM PERCENT       MM
 AVERAGE RH     MM PERCENT       MM
...................................................................

THE KOTZEBUE CLIMATE NORMALS FOR TODAY
                           NORMAL    RECORD   YEAR
 MAXIMUM TEMPERATURE (F)     12        35     2002
 MINIMUM TEMPERATURE (F)      1       -37     1935

SUNRISE AND SUNSET
 NOV 24 2014..........SUNRISE 11:28 AM      SUNSET  3:47 PM
 NOV 25 2014..........SUNRISE 11:32 AM      SUNSET  3:43 PM

-  INDICATES NEGATIVE NUMBERS.
R  INDICATES RECORD HAS BEEN SET OR TIED.
MM INDICATES DATA IS MISSING.
T  INDICATES TRACE OF PRECIPITATION.

&&
-------------------------------------------------------------------

AMOUNT OF DAYLIGHT TODAY  (HOUR:MIN)........4 HOURS 19 MINUTES
LOSS SINCE YESTERDAY (HOUR:MIN:SEC).........-0:07:52

$$
TGH NOV 14
