000
CDAK49 PAOT 261238
CLIOTZ

CLIMATE REPORT
NATIONAL WEATHER SERVICE KOTZEBUE, AK
438 AM AKDT FRI AUG 26 2016

...................................
...THE KOTZEBUE WSO AP CLIMATE SUMMARY FOR AUGUST 25 2016...

CLIMATE NORMAL PERIOD  1981 TO  2010
CLIMATE RECORD PERIOD  1897 TO  2016

WEATHER ITEM   OBSERVED TIME    RECORD YEAR NORMAL DEPARTURE LAST
               VALUE    (LST)   VALUE       VALUE  FROM      YEAR
                                                   NORMAL
...................................................................
TEMPERATURE
YESTERDAY
 MAXIMUM            58  0601 PM    71  1941     55       3     56
 MINIMUM            47  0608 AM    31  1900     46       1     51
 AVERAGE            53                          50       3     54

PRECIPITATION
(INCHES)
 YESTERDAY        0.00           1.26  2015   0.07   -0.07   1.26
 MONTH TO DATE    1.90                        1.80    0.10   3.35
 SINCE JUN 1      3.59                        3.83   -0.24   3.91
 SINCE JAN 1      5.70                        6.50   -0.80   6.42

SNOWFALL
(INCHES)
 YESTERDAY         0.0            0.0  2015    0.0     0.0    0.0
 MONTH TO DATE     0.0                         0.0     0.0    0.0
 SINCE JUN 1       0.0                         0.0     0.0    0.0
 SINCE JUL 1       0.0                         0.0     0.0    0.0
 SNOW DEPTH (IN)     0                                          0

DEGREE DAYS
 HEATING
  YESTERDAY         12                          15      -3     11
  MONTH TO DATE    201                         318    -117    300
  SINCE JUN 1      858                        1225    -367    905
  SINCE JUL 1      454                         644    -190    496

 COOLING
  YESTERDAY          0                           0       0      0
  MONTH TO DATE      0                           0       0      0
  SINCE JUN 1        5                           0       5     14
  SINCE JAN 1        5                           0       5     14
...................................................................

WIND (MPH)
 HIGHEST WIND SPEED    12     HIGHEST WIND DIRECTION    110
 HIGHEST GUST SPEED    13     HIGHEST GUST DIRECTION    100
 AVERAGE WIND SPEED   5.1

SKY COVER
  POSSIBLE SUNSHINE    MM          AVERAGE SKY COVER     MM

WEATHER CONDITIONS
 THE FOLLOWING WEATHER WAS RECORDED YESTERDAY.


RELATIVE HUMIDITY
 HIGHEST RH     MM PERCENT       MM
 LOWEST  RH     MM PERCENT       MM
 AVERAGE RH     MM PERCENT       MM
...................................................................

THE KOTZEBUE CLIMATE NORMALS FOR TODAY
                           NORMAL    RECORD   YEAR
 MAXIMUM TEMPERATURE (F)     54        70     1941
 MINIMUM TEMPERATURE (F)     45        35     1986

SUNRISE AND SUNSET
 AUG 26 2016..........SUNRISE  7:04 AM      SUNSET 10:38 PM
 AUG 27 2016..........SUNRISE  7:08 AM      SUNSET 10:34 PM

-  INDICATES NEGATIVE NUMBERS.
R  INDICATES RECORD HAS BEEN SET OR TIED.
MM INDICATES DATA IS MISSING.
T  INDICATES TRACE OF PRECIPITATION.

&&
-------------------------------------------------------------------

AMOUNT OF DAYLIGHT TODAY  (HOUR:MIN)........15 HOURS 34 MINUTES
LOSS SINCE YESTERDAY  (HOUR:MIN:SEC)........-0:07:37

$$
SV AUG 16
