355
CDAK49 PAFG 220956
CLIOTZ

CLIMATE REPORT
NATIONAL WEATHER SERVICE FAIRBANKS AK
156 AM AKDT SUN OCT 22 2017


...................................

...THE KOTZEBUE AK CLIMATE SUMMARY FOR OCTOBER 21 2017...

CLIMATE NORMAL PERIOD 1981 TO 2010
CLIMATE RECORD PERIOD 1920 TO 2017


WEATHER ITEM   OBSERVED TIME   RECORD YEAR NORMAL DEPARTURE LAST
                VALUE   (LST)  VALUE       VALUE  FROM      YEAR
                                                  NORMAL
..................................................................
TEMPERATURE (F)
 YESTERDAY
  MAXIMUM         19    517 PM  43    1938  25     -6       34
  MINIMUM         15   1218 AM -10    1970  17     -2       21
  AVERAGE         17                        21     -4       28

PRECIPITATION (IN)
  YESTERDAY        0.06          0.37 1991   0.02   0.04     0.04
  MONTH TO DATE    1.47                      0.77   0.70     0.10
  SINCE SEP 1      3.09                      2.35   0.74     2.12
  SINCE JAN 1      9.55                      9.23   0.32     7.86

SNOWFALL (IN)
  YESTERDAY        0.9           2.0  1963   0.3    0.6      0.4
  MONTH TO DATE    1.6                       3.7   -2.1      0.5
  SINCE SEP 1      1.6                       4.5   -2.9      0.7
  SINCE JUL 1      1.6                       4.5   -2.9      0.7
  SNOW DEPTH       2

DEGREE DAYS
 HEATING
  YESTERDAY       48                        44      4       37
  MONTH TO DATE  630                       790   -160      580
  SINCE SEP 1   1276                      1471   -195     1199
  SINCE JUL 1   1963                      2209   -246     1691

 COOLING
  YESTERDAY        0                         0      0        0
  MONTH TO DATE    0                         0      0        0
  SINCE SEP 1      0                         0      0        0
  SINCE JAN 1      1                         5     -4        5
..................................................................


WIND (MPH)
  HIGHEST GUST SPEED    26   HIGHEST GUST DIRECTION     E (90)


SKY COVER
  AVERAGE SKY COVER 0.9


WEATHER CONDITIONS
 THE FOLLOWING WEATHER WAS RECORDED YESTERDAY.
  LIGHT SNOW
  FOG
  HAZE


RELATIVE HUMIDITY (PERCENT)
 HIGHEST    92
 LOWEST     61
 AVERAGE    77

..........................................................


THE KOTZEBUE AK CLIMATE NORMALS FOR TODAY
                         NORMAL    RECORD    YEAR
 MAXIMUM TEMPERATURE (F)   25        41      1938
 MINIMUM TEMPERATURE (F)   16        -1      1994


SUNRISE AND SUNSET
OCTOBER 22 2017.......SUNRISE  1017 AM AKDT  SUNSET   652 PM AKDT
OCTOBER 23 2017.......SUNRISE  1021 AM AKDT  SUNSET   648 PM AKDT

-  INDICATES NEGATIVE NUMBERS.
R  INDICATES RECORD WAS SET OR TIED.
MM INDICATES DATA IS MISSING.
T  INDICATES TRACE AMOUNT.

&&

SNOW DEPTH IS MEASURED AT 3AM AKST/4AM AKDT.

----------------------------
AVAILABLE DAYLIGHT

AMOUNT OF DAYLIGHT TODAY  (HOUR:MIN)........8:35
GAIN/LOSS SINCE YESTERDAY (HOUR:MIN:SEC)....-0:07:33

$$
OCT 17
