632
CDAK49 PAFG 270939
CLIOTZ

CLIMATE REPORT
NATIONAL WEATHER SERVICE FAIRBANKS AK
139 AM AKDT TUE SEP 27 2016


...................................

...THE KOTZEBUE AK CLIMATE SUMMARY FOR SEPTEMBER 26 2016...

CLIMATE NORMAL PERIOD 1981 TO 2010
CLIMATE RECORD PERIOD 1920 TO 2016


WEATHER ITEM   OBSERVED TIME   RECORD YEAR NORMAL DEPARTURE LAST
                VALUE   (LST)  VALUE       VALUE  FROM      YEAR
                                                  NORMAL
..................................................................
TEMPERATURE (F)
 YESTERDAY
  MAXIMUM         39    427 PM  56    1966  41     -2       37
  MINIMUM         32   1159 PM  20    1948  33     -1       32
  AVERAGE         36                        37     -1       35

PRECIPITATION (IN)
  YESTERDAY        0.00          0.61 1960   0.05  -0.05     0.02
  MONTH TO DATE    1.69                      1.39   0.30     0.55
  SINCE SEP 1      1.69                      1.39   0.30     0.55
  SINCE JAN 1      7.43                      8.27  -0.84     7.59

SNOWFALL (IN)
  YESTERDAY        0.0           5.0  1960   0.0    0.0      0.0
  MONTH TO DATE    0.2                       0.5   -0.3       T
  SINCE SEP 1      0.2                       0.5   -0.3       T
  SINCE JUL 1      0.2                       0.5   -0.3       T
  SNOW DEPTH       0

DEGREE DAYS
 HEATING
  YESTERDAY       29                        28      1       30
  MONTH TO DATE  530                       563    -33      599
  SINCE SEP 1    530                       563    -33      599
  SINCE JUL 1   1022                      1301   -279     1219

 COOLING
  YESTERDAY        0                         0      0        0
  MONTH TO DATE    0                         0      0        0
  SINCE SEP 1      0                         0      0        0
  SINCE JAN 1      5                         5      0       16
..................................................................


WIND (MPH)
  HIGHEST GUST SPEED    24   HIGHEST GUST DIRECTION     N (340)


SKY COVER
  AVERAGE SKY COVER 0.1


WEATHER CONDITIONS
 THE FOLLOWING WEATHER WAS RECORDED YESTERDAY.
  NO SIGNIFICANT WEATHER WAS OBSERVED.


RELATIVE HUMIDITY (PERCENT)
 HIGHEST    89
 LOWEST     54
 AVERAGE    72

..........................................................


THE KOTZEBUE AK CLIMATE NORMALS FOR TODAY
                         NORMAL    RECORD    YEAR
 MAXIMUM TEMPERATURE (F)   41        55      1966
 MINIMUM TEMPERATURE (F)   32        17      1992


SUNRISE AND SUNSET
SEPTEMBER 27 2016.....SUNRISE   852 AM AKDT  SUNSET   830 PM AKDT
SEPTEMBER 28 2016.....SUNRISE   855 AM AKDT  SUNSET   826 PM AKDT

-  INDICATES NEGATIVE NUMBERS.
R  INDICATES RECORD WAS SET OR TIED.
MM INDICATES DATA IS MISSING.
T  INDICATES TRACE AMOUNT.

&&

SNOW DEPTH IS MEASURED AT 3AM AKST/4AM AKDT.

----------------------------
AVAILABLE DAYLIGHT

AMOUNT OF DAYLIGHT TODAY  (HOUR:MIN)........11:38
GAIN/LOSS SINCE YESTERDAY (HOUR:MIN:SEC)....-0:07:17

$$
SDB SEP 16
