000
CDUS43 KDDC 231426
CLIP28


CLIMATE REPORT
NATIONAL WEATHER SERVICE DODGE CITY KS
825 AM CST THU FEB 23 2017


...................................

...THE MEDICINE LODGE KS CLIMATE SUMMARY FOR FEBRUARY 23 2017...
VALID AS OF 0800 AM LOCAL TIME.

CLIMATE NORMAL PERIOD 1981 TO 2010
CLIMATE RECORD PERIOD 1893 TO 2017


WEATHER ITEM   OBSERVED TIME   RECORD YEAR NORMAL DEPARTURE LAST
                VALUE   (LST)  VALUE       VALUE  FROM      YEAR
                                                  NORMAL
..................................................................
TEMPERATURE (F)
 TODAY
  MAXIMUM         58    122 AM  91    1904  53      5       55
  MINIMUM         44   1258 AM   1    2013  28     16       34
  AVERAGE         51                        40     11       45

PRECIPITATION (IN)
  TODAY            0.00          1.14 1985   0.05  -0.05     0.00
  MONTH TO DATE    0.22                      0.81  -0.59     0.38
  SINCE DEC 1      4.62                      2.44   2.18     3.26
  SINCE JAN 1      3.92                      1.52   2.40     0.89

..................................................................


WIND (MPH)
  HIGHEST WIND SPEED    15   HIGHEST WIND DIRECTION    NE (60)
  HIGHEST GUST SPEED    19   HIGHEST GUST DIRECTION    NE (40)



WEATHER CONDITIONS
 THE FOLLOWING WEATHER WAS RECORDED TODAY.
  NO SIGNIFICANT WEATHER WAS OBSERVED.


RELATIVE HUMIDITY (PERCENT)
 HIGHEST    80           600 AM
 LOWEST     59           200 AM

..........................................................


THE MEDICINE LODGE KS CLIMATE NORMALS FOR TOMORROW
                         NORMAL    RECORD    YEAR
 MAXIMUM TEMPERATURE (F)   53        84      1930
 MINIMUM TEMPERATURE (F)   28        -6      1913


SUNRISE AND SUNSET
FEBRUARY 23 2017......SUNRISE   713 AM CST   SUNSET   623 PM CST
FEBRUARY 24 2017......SUNRISE   712 AM CST   SUNSET   624 PM CST


-  INDICATES NEGATIVE NUMBERS.
R  INDICATES RECORD WAS SET OR TIED.
MM INDICATES DATA IS MISSING.
T  INDICATES TRACE AMOUNT.




$$
