000
CDUS43 KDDC 230705
CLIP28


CLIMATE REPORT
NATIONAL WEATHER SERVICE DODGE CITY KS
205 AM CDT TUE MAY 23 2017


...................................

...THE MEDICINE LODGE KS CLIMATE SUMMARY FOR MAY 22 2017...

CLIMATE NORMAL PERIOD 1981 TO 2010
CLIMATE RECORD PERIOD 1893 TO 2017


WEATHER ITEM   OBSERVED TIME   RECORD YEAR NORMAL DEPARTURE LAST
                VALUE   (LST)  VALUE       VALUE  FROM      YEAR
                                                  NORMAL
..................................................................
TEMPERATURE (F)
 YESTERDAY
  MAXIMUM         71    140 PM 103    1948  81    -10       83
  MINIMUM         53   1137 PM  35    1931  57     -4       65
  AVERAGE         62                        69     -7       74

PRECIPITATION (IN)
  YESTERDAY        0.04          2.17 1896   0.12  -0.08     0.00
  MONTH TO DATE    4.93                      2.22   2.71     1.60
  SINCE MAR 1     11.38                      6.91   4.47     7.21
  SINCE JAN 1     15.30                      8.66   6.64     8.10

SNOWFALL (IN)
  YESTERDAY        0.0          MM      MM   0.0             0.0
  MONTH TO DATE    0.0                       0.0             0.0
  SINCE MAR 1      0.0                       0.1             1.0
  SINCE JUL 1      1.4                       8.5             2.0
  SNOW DEPTH       0

DEGREE DAYS
 HEATING
  YESTERDAY        3                         1      2        0
  MONTH TO DATE   22                        64    -42      109
  SINCE MAR 1    695                       920   -225      712
  SINCE JUL 1   3696                      4449   -753     3601

 COOLING
  YESTERDAY        0                         5     -5        9
  MONTH TO DATE   12                        73    -61       30
  SINCE MAR 1     52                        97    -45       66
  SINCE JAN 1     52                        97    -45       66
..................................................................


WIND (MPH)
  HIGHEST WIND SPEED    17   HIGHEST WIND DIRECTION     S (200)
  HIGHEST GUST SPEED    23   HIGHEST GUST DIRECTION    SW (230)
  AVERAGE WIND SPEED     6.7




RELATIVE HUMIDITY (PERCENT)
 HIGHEST   100          1000 PM
 LOWEST     44          1100 AM
 AVERAGE    72

..........................................................


THE MEDICINE LODGE KS CLIMATE NORMALS FOR TODAY
                         NORMAL    RECORD    YEAR
 MAXIMUM TEMPERATURE (F)   82       102      1939
 MINIMUM TEMPERATURE (F)   58        38      1917


SUNRISE AND SUNSET
MAY 23 2017...........SUNRISE   620 AM CDT   SUNSET   843 PM CDT
MAY 24 2017...........SUNRISE   619 AM CDT   SUNSET   844 PM CDT


-  INDICATES NEGATIVE NUMBERS.
R  INDICATES RECORD WAS SET OR TIED.
MM INDICATES DATA IS MISSING.
T  INDICATES TRACE AMOUNT.




$$
