000
CDUS43 KDDC 302325
CLIP28


CLIMATE REPORT
NATIONAL WEATHER SERVICE DODGE CITY KS
625 PM CDT MON MAY 30 2016


...................................

...THE MEDICINE LODGE KS CLIMATE SUMMARY FOR MAY 30 2016...
VALID TODAY AS OF 0500 PM LOCAL TIME.

CLIMATE NORMAL PERIOD 1981 TO 2010
CLIMATE RECORD PERIOD 1893 TO 2016


WEATHER ITEM   OBSERVED TIME   RECORD YEAR NORMAL DEPARTURE LAST
                VALUE   (LST)  VALUE       VALUE  FROM      YEAR
                                                  NORMAL
..................................................................
TEMPERATURE (F)
 TODAY
  MAXIMUM         85    358 PM 103    1913  84      1       72
  MINIMUM         56    519 AM  42    1947  60     -4       54
  AVERAGE         71                        72     -1       63

PRECIPITATION (IN)
  TODAY            0.00          2.28 2006   0.15  -0.15     0.00
  MONTH TO DATE    1.84                      3.16  -1.32     6.79
  SINCE MAR 1      7.45                      7.85  -0.40    10.65
  SINCE JAN 1      8.34                      9.60  -1.26    11.96

DEGREE DAYS
 HEATING
  TODAY            0                         1     -1        2
  MONTH TO DATE  109                        72     37      105
  SINCE MAR 1    712                       928   -216      748
  SINCE JUL 1   3601                      4457   -856     4322

 COOLING
  TODAY            6                         7     -1        0
  MONTH TO DATE   96                       125    -29       75
  SINCE MAR 1    132                       149    -17      107
  SINCE JAN 1    132                       149    -17      107
..................................................................


WIND (MPH)
  HIGHEST WIND SPEED    15   HIGHEST WIND DIRECTION     S (180)
  HIGHEST GUST SPEED    23   HIGHEST GUST DIRECTION    SE (140)
  AVERAGE WIND SPEED     6.6




RELATIVE HUMIDITY (PERCENT)
 HIGHEST    93           100 AM
 LOWEST     37           300 PM
 AVERAGE    65

..........................................................


THE MEDICINE LODGE KS CLIMATE NORMALS FOR TOMORROW
                         NORMAL    RECORD    YEAR
 MAXIMUM TEMPERATURE (F)   84       106      1953
 MINIMUM TEMPERATURE (F)   60        41      1975


SUNRISE AND SUNSET
MAY 30 2016...........SUNRISE   616 AM CDT   SUNSET   848 PM CDT
MAY 31 2016...........SUNRISE   616 AM CDT   SUNSET   849 PM CDT


-  INDICATES NEGATIVE NUMBERS.
R  INDICATES RECORD WAS SET OR TIED.
MM INDICATES DATA IS MISSING.
T  INDICATES TRACE AMOUNT.




$$
