000
CDUS43 KDDC 021426
CLIP28


CLIMATE REPORT
NATIONAL WEATHER SERVICE DODGE CITY KS
925 AM CDT THU JUL 2 2015


...................................

...THE MEDICINE LODGE KS CLIMATE SUMMARY FOR JULY 2 2015...
VALID AS OF 0800 AM LOCAL TIME.

CLIMATE NORMAL PERIOD 1981 TO 2010
CLIMATE RECORD PERIOD 1893 TO 2015


WEATHER ITEM   OBSERVED TIME   RECORD YEAR NORMAL DEPARTURE LAST
                VALUE   (LST)  VALUE       VALUE  FROM      YEAR
                                                  NORMAL
..................................................................
TEMPERATURE (F)
 TODAY
  MAXIMUM         83    759 AM 109    1933  93    -10       76
  MINIMUM         70    112 AM  52    2013  68      2       60
  AVERAGE         77                        81     -4       68

PRECIPITATION (IN)
  TODAY            0.00          2.91 1956   0.14  -0.14     0.00
  MONTH TO DATE    0.00                      0.28  -0.28     0.37
  SINCE JUN 1      2.26                      4.39  -2.13     8.26
  SINCE JAN 1     14.22                     14.13   0.09    11.15

..................................................................


WIND (MPH)
  HIGHEST WIND SPEED     9   HIGHEST WIND DIRECTION    NE (50)
  HIGHEST GUST SPEED    11   HIGHEST GUST DIRECTION    NE (50)



WEATHER CONDITIONS
 THE FOLLOWING WEATHER WAS RECORDED TODAY.
  NO SIGNIFICANT WEATHER WAS OBSERVED.


RELATIVE HUMIDITY (PERCENT)
 HIGHEST    79

..........................................................


THE MEDICINE LODGE KS CLIMATE NORMALS FOR TOMORROW
                         NORMAL    RECORD    YEAR
 MAXIMUM TEMPERATURE (F)   93       107      1879
 MINIMUM TEMPERATURE (F)   69        49      1904


SUNRISE AND SUNSET
JULY  2 2015..........SUNRISE   618 AM CDT   SUNSET   859 PM CDT
JULY  3 2015..........SUNRISE   618 AM CDT   SUNSET   859 PM CDT


-  INDICATES NEGATIVE NUMBERS.
R  INDICATES RECORD WAS SET OR TIED.
MM INDICATES DATA IS MISSING.
T  INDICATES TRACE AMOUNT.




$$
