000
CDUS43 KDDC 221006
CLIP28


CLIMATE REPORT
NATIONAL WEATHER SERVICE DODGE CITY KS
505 AM CDT WED OCT 22 2014


...................................

...THE MEDICINE LODGE KS CLIMATE SUMMARY FOR OCTOBER 21 2014...

CLIMATE NORMAL PERIOD 1981 TO 2010
CLIMATE RECORD PERIOD 1893 TO 2014


WEATHER ITEM   OBSERVED TIME   RECORD YEAR NORMAL DEPARTURE LAST
                VALUE   (LST)  VALUE       VALUE  FROM      YEAR
                                                  NORMAL
..................................................................
TEMPERATURE (F)
 YESTERDAY
  MAXIMUM         83    252 PM  93    2012  69     14       64
                                      1975
  MINIMUM         52    243 AM  19    1910  44      8       39
  AVERAGE         68                        57     11       52

PRECIPITATION (IN)
  YESTERDAY        0.00          1.25 1906   0.08  -0.08     0.00
  MONTH TO DATE    0.64                      2.04  -1.40     0.79
  SINCE SEP 1      1.49                      4.14  -2.65     1.88
  SINCE JAN 1     19.00                     24.49  -5.49    23.52

SNOWFALL (IN)
  YESTERDAY        0.0          MM      MM   0.0             0.0
  MONTH TO DATE    0.0                       0.0             0.0
  SINCE SEP 1      0.0                       0.0             0.0
  SINCE JUL 1      0.0                       0.0             0.0
  SNOW DEPTH       0

DEGREE DAYS
 HEATING
  YESTERDAY        0                         9     -9
  MONTH TO DATE  101                       128    -27
  SINCE SEP 1    120                       162    -42
  SINCE JUL 1    125                       162    -37

 COOLING
  YESTERDAY        3                         1      2        0
  MONTH TO DATE   40                        37      3       45
  SINCE SEP 1    293                       257     36      337
  SINCE JAN 1   1777                      1768      9     1786
..................................................................


WIND (MPH)
  HIGHEST WIND SPEED    16   HIGHEST WIND DIRECTION     S (180)
  HIGHEST GUST SPEED    22   HIGHEST GUST DIRECTION     S (190)
  AVERAGE WIND SPEED     6.3




RELATIVE HUMIDITY (PERCENT)
 HIGHEST    93           500 AM
 LOWEST     40           300 PM
 AVERAGE    67

..........................................................


THE MEDICINE LODGE KS CLIMATE NORMALS FOR TODAY
                         NORMAL    RECORD    YEAR
 MAXIMUM TEMPERATURE (F)   69        92      1927
 MINIMUM TEMPERATURE (F)   44        23      1982


SUNRISE AND SUNSET
OCTOBER 22 2014.......SUNRISE   749 AM CDT   SUNSET   648 PM CDT
OCTOBER 23 2014.......SUNRISE   750 AM CDT   SUNSET   647 PM CDT


-  INDICATES NEGATIVE NUMBERS.
R  INDICATES RECORD WAS SET OR TIED.
MM INDICATES DATA IS MISSING.
T  INDICATES TRACE AMOUNT.




$$
