346
CDUS43 KDDC 160711
CLIP28


CLIMATE REPORT
NATIONAL WEATHER SERVICE DODGE CITY KS
110 AM CST MON JAN 16 2017


...................................

...THE MEDICINE LODGE KS CLIMATE SUMMARY FOR JANUARY 15 2017...

CLIMATE NORMAL PERIOD 1981 TO 2010
CLIMATE RECORD PERIOD 1893 TO 2017


WEATHER ITEM   OBSERVED TIME   RECORD YEAR NORMAL DEPARTURE LAST
                VALUE   (LST)  VALUE       VALUE  FROM      YEAR
                                                  NORMAL
..................................................................
TEMPERATURE (F)
 YESTERDAY
  MAXIMUM         32   1159 PM  76    1921  45    -13       48
  MINIMUM         31    151 PM -20    1905  21     10       31
  AVERAGE         32                        33     -1       40

PRECIPITATION (IN)
  YESTERDAY        1.98R         0.12 1984   0.02   1.96     0.00
  MONTH TO DATE    2.92                      0.27   2.65     0.50
  SINCE DEC 1      3.62                      1.19   2.43     2.87
  SINCE JAN 1      2.92                      0.27   2.65     0.50

SNOWFALL (IN)
  YESTERDAY        0.0          MM      MM   0.1             0.0
  MONTH TO DATE    T                         0.9             0.0
  SINCE DEC 1      1.4                       3.6             1.0
  SINCE JUL 1      1.4                       3.8             1.0
  SNOW DEPTH       0

DEGREE DAYS
 HEATING
  YESTERDAY       33                        32      1       25
  MONTH TO DATE  514                       480     34      464
  SINCE DEC 1   1535                      1421    114     1204
  SINCE JUL 1   2071                      2279   -208     1799

 COOLING
  YESTERDAY        0                         0      0        0
  MONTH TO DATE    0                         0      0        0
  SINCE DEC 1      0                         0      0        0
  SINCE JAN 1      0                         0      0        0
..................................................................


WIND (MPH)
  HIGHEST WIND SPEED    16   HIGHEST WIND DIRECTION     N (20)
  HIGHEST GUST SPEED    22   HIGHEST GUST DIRECTION    NE (30)
  AVERAGE WIND SPEED     6.5




RELATIVE HUMIDITY (PERCENT)
 HIGHEST   100           200 AM
 LOWEST     92          1200 AM
 AVERAGE    96

..........................................................


THE MEDICINE LODGE KS CLIMATE NORMALS FOR TODAY
                         NORMAL    RECORD    YEAR
 MAXIMUM TEMPERATURE (F)   45        74      1951
 MINIMUM TEMPERATURE (F)   21        -3      1984


SUNRISE AND SUNSET
JANUARY 16 2017.......SUNRISE   747 AM CST   SUNSET   542 PM CST
JANUARY 17 2017.......SUNRISE   746 AM CST   SUNSET   543 PM CST


-  INDICATES NEGATIVE NUMBERS.
R  INDICATES RECORD WAS SET OR TIED.
MM INDICATES DATA IS MISSING.
T  INDICATES TRACE AMOUNT.




$$
