277
CDUS43 KDDC 130712
CLIP28


CLIMATE REPORT
NATIONAL WEATHER SERVICE DODGE CITY KS
110 AM CST SAT FEB 13 2016


...................................

...THE MEDICINE LODGE KS CLIMATE SUMMARY FOR FEBRUARY 12 2016...

CLIMATE NORMAL PERIOD 1981 TO 2010
CLIMATE RECORD PERIOD 1893 TO 2016


WEATHER ITEM   OBSERVED TIME   RECORD YEAR NORMAL DEPARTURE LAST
                VALUE   (LST)  VALUE       VALUE  FROM      YEAR
                                                  NORMAL
..................................................................
TEMPERATURE (F)
 YESTERDAY
  MAXIMUM         44    418 PM  88    1962  50     -6       39
  MINIMUM         27    259 AM  -7    1905  25      2       19
  AVERAGE         36                        37     -1       29

PRECIPITATION (IN)
  YESTERDAY        0.00          0.88 1978   0.03  -0.03     0.00
  MONTH TO DATE    0.38                      0.37   0.01     0.01
  SINCE DEC 1      3.26                      2.00   1.26     2.09
  SINCE JAN 1      0.89                      1.08  -0.19     0.77

SNOWFALL (IN)
  YESTERDAY        0.0          MM      MM   0.1             0.0
  MONTH TO DATE    0.0                       1.3             0.0
  SINCE DEC 1      1.0                       7.3             2.3
  SINCE JUL 1      1.0                       7.5             4.8
  SNOW DEPTH       0

DEGREE DAYS
 HEATING
  YESTERDAY       29                        28      1       36
  MONTH TO DATE  317                       347    -30      332
  SINCE DEC 1   2005                      2266   -261     2112
  SINCE JUL 1   2600                      3124   -524     3017

 COOLING
  YESTERDAY        0                         0      0        0
  MONTH TO DATE    0                         0      0        0
  SINCE DEC 1      0                         0      0        0
  SINCE JAN 1      0                         0      0        0
..................................................................


WIND (MPH)
  HIGHEST WIND SPEED    21   HIGHEST WIND DIRECTION     N (20)
  HIGHEST GUST SPEED    25   HIGHEST GUST DIRECTION     N (10)
  AVERAGE WIND SPEED    10.9




RELATIVE HUMIDITY (PERCENT)
 HIGHEST    92           200 AM
 LOWEST     53           100 PM
 AVERAGE    73

..........................................................


THE MEDICINE LODGE KS CLIMATE NORMALS FOR TODAY
                         NORMAL    RECORD    YEAR
 MAXIMUM TEMPERATURE (F)   50        86      1954
 MINIMUM TEMPERATURE (F)   25       -22      1905


SUNRISE AND SUNSET
FEBRUARY 13 2016......SUNRISE   726 AM CST   SUNSET   611 PM CST
FEBRUARY 14 2016......SUNRISE   725 AM CST   SUNSET   613 PM CST


-  INDICATES NEGATIVE NUMBERS.
R  INDICATES RECORD WAS SET OR TIED.
MM INDICATES DATA IS MISSING.
T  INDICATES TRACE AMOUNT.




$$
