000
CDUS43 KDDC 271009
CLIP28


CLIMATE REPORT
NATIONAL WEATHER SERVICE DODGE CITY KS
508 AM CDT FRI MAR 27 2015


...................................

...THE MEDICINE LODGE KS CLIMATE SUMMARY FOR MARCH 26 2015...

CLIMATE NORMAL PERIOD 1981 TO 2010
CLIMATE RECORD PERIOD 1893 TO 2015


WEATHER ITEM   OBSERVED TIME   RECORD YEAR NORMAL DEPARTURE LAST
                VALUE   (LST)  VALUE       VALUE  FROM      YEAR
                                                  NORMAL
..................................................................
TEMPERATURE (F)
 YESTERDAY
  MAXIMUM         64    440 PM  93    1956  62      2       48
  MINIMUM         33    658 AM   6    1955  37     -4       32
  AVERAGE         49                        50     -1       40

PRECIPITATION (IN)
  YESTERDAY        0.00          1.10 1995   0.07  -0.07     0.17
  MONTH TO DATE    0.38                      1.89  -1.51     0.49
  SINCE MAR 1      0.38                      1.89  -1.51     0.49
  SINCE JAN 1      1.69                      3.64  -1.95     1.44

SNOWFALL (IN)
  YESTERDAY        0.0          MM      MM   0.0             0.0
  MONTH TO DATE    0.3                       0.1             4.0
  SINCE MAR 1      0.3                       0.1             4.0
  SINCE JUL 1     13.2                       8.5            27.0
  SNOW DEPTH       0

DEGREE DAYS
 HEATING
  YESTERDAY       16                        15      1       25
  MONTH TO DATE  418                       496    -78      671
  SINCE MAR 1    418                       496    -78      671
  SINCE JUL 1   3992                      4025    -33     4622

 COOLING
  YESTERDAY        0                         0      0        0
  MONTH TO DATE    0                         0      0        0
  SINCE MAR 1      0                         0      0        0
  SINCE JAN 1      0                         0      0        0
..................................................................


WIND (MPH)
  HIGHEST WIND SPEED    16   HIGHEST WIND DIRECTION    NW (310)
  HIGHEST GUST SPEED    23   HIGHEST GUST DIRECTION    NW (320)
  AVERAGE WIND SPEED     7.8




RELATIVE HUMIDITY (PERCENT)
 HIGHEST    92           100 AM
 LOWEST     30           300 PM
 AVERAGE    61

..........................................................


THE MEDICINE LODGE KS CLIMATE NORMALS FOR TODAY
                         NORMAL    RECORD    YEAR
 MAXIMUM TEMPERATURE (F)   63        89      1905
 MINIMUM TEMPERATURE (F)   37         7      1899


SUNRISE AND SUNSET
MARCH 27 2015.........SUNRISE   728 AM CDT   SUNSET   752 PM CDT
MARCH 28 2015.........SUNRISE   726 AM CDT   SUNSET   753 PM CDT


-  INDICATES NEGATIVE NUMBERS.
R  INDICATES RECORD WAS SET OR TIED.
MM INDICATES DATA IS MISSING.
T  INDICATES TRACE AMOUNT.




$$
