000
CDUS43 KDDC 311017
CLIP28


CLIMATE REPORT
NATIONAL WEATHER SERVICE DODGE CITY KS
514 AM CDT FRI OCT 31 2014


...................................

...THE MEDICINE LODGE KS CLIMATE SUMMARY FOR OCTOBER 30 2014...

CLIMATE NORMAL PERIOD 1981 TO 2010
CLIMATE RECORD PERIOD 1893 TO 2014


WEATHER ITEM   OBSERVED TIME   RECORD YEAR NORMAL DEPARTURE LAST
                VALUE   (LST)  VALUE       VALUE  FROM      YEAR
                                                  NORMAL
..................................................................
TEMPERATURE (F)
 YESTERDAY
  MAXIMUM         74    320 PM  92    1968  66      8       68
  MINIMUM         37    527 AM   9    1917  40     -3       48
  AVERAGE         56                        53      3       58

PRECIPITATION (IN)
  YESTERDAY        0.00          4.61 1979   0.08  -0.08     0.06
  MONTH TO DATE    0.70                      2.76  -2.06     1.52
  SINCE SEP 1      1.55                      4.86  -3.31     2.61
  SINCE JAN 1     19.06                     25.21  -6.15    24.25

SNOWFALL (IN)
  YESTERDAY        0.0          MM      MM   0.0             0.0
  MONTH TO DATE    0.0                       0.0             0.0
  SINCE SEP 1      0.0                       0.0             0.0
  SINCE JUL 1      0.0                       0.0             0.0
  SNOW DEPTH       0

DEGREE DAYS
 HEATING
  YESTERDAY        9                        12     -3
  MONTH TO DATE  134                       224    -90
  SINCE SEP 1    153                       258   -105
  SINCE JUL 1    158                       258   -100

 COOLING
  YESTERDAY        0                         0      0        0
  MONTH TO DATE   65                        37     28       45
  SINCE SEP 1    318                       257     61      337
  SINCE JAN 1   1802                      1768     34     1786
..................................................................


WIND (MPH)
  HIGHEST WIND SPEED    24   HIGHEST WIND DIRECTION     N (10)
  HIGHEST GUST SPEED    30   HIGHEST GUST DIRECTION     N (360)
  AVERAGE WIND SPEED    10.2




RELATIVE HUMIDITY (PERCENT)
 HIGHEST    76           700 AM
 LOWEST     22           400 PM
 AVERAGE    49

..........................................................


THE MEDICINE LODGE KS CLIMATE NORMALS FOR TODAY
                         NORMAL    RECORD    YEAR
 MAXIMUM TEMPERATURE (F)   65        89      1938
 MINIMUM TEMPERATURE (F)   40        13      1993


SUNRISE AND SUNSET
OCTOBER 31 2014.......SUNRISE   758 AM CDT   SUNSET   637 PM CDT
NOVEMBER  1 2014......SUNRISE   759 AM CDT   SUNSET   636 PM CDT


-  INDICATES NEGATIVE NUMBERS.
R  INDICATES RECORD WAS SET OR TIED.
MM INDICATES DATA IS MISSING.
T  INDICATES TRACE AMOUNT.




$$
