000
CDUS43 KDDC 311009
CLIP28


CLIMATE REPORT
NATIONAL WEATHER SERVICE DODGE CITY KS
508 AM CDT THU JUL 31 2014


...................................

...THE MEDICINE LODGE KS CLIMATE SUMMARY FOR JULY 30 2014...

CLIMATE NORMAL PERIOD 1981 TO 2010
CLIMATE RECORD PERIOD 1893 TO 2014


WEATHER ITEM   OBSERVED TIME   RECORD YEAR NORMAL DEPARTURE LAST
                VALUE   (LST)  VALUE       VALUE  FROM      YEAR
                                                  NORMAL
..................................................................
TEMPERATURE (F)
 YESTERDAY
  MAXIMUM         72    103 AM 109    2012  95    -23       83
  MINIMUM         61   1159 PM  53    1971  70     -9       69
  AVERAGE         67                        82    -15       76

PRECIPITATION (IN)
  YESTERDAY        2.18R         1.30 1905   0.11   2.07     0.00
  MONTH TO DATE    4.72                      3.27   1.45     2.78
  SINCE JUN 1     12.61                      7.38   5.23     5.00
  SINCE JAN 1     15.50                     17.12  -1.62    15.35

SNOWFALL (IN)
  YESTERDAY        0.0          MM      MM   0.0             0.0
  MONTH TO DATE    0.0                       0.0             0.0
  SINCE JUN 1      0.0                       0.0             0.0
  SINCE JUL 1      0.0                       0.0             0.0
  SNOW DEPTH       0

DEGREE DAYS
 HEATING
  YESTERDAY        0                         0      0
  MONTH TO DATE    5                         0      5
  SINCE JUN 1      5                         3      2
  SINCE JUL 1      5                         0      5

 COOLING
  YESTERDAY        2                        17    -15       11
  MONTH TO DATE  364                       513   -149      463
  SINCE JUN 1    706                       866   -160      867
  SINCE JAN 1    975                      1022    -47     1010
..................................................................


WIND (MPH)
  HIGHEST WIND SPEED    18   HIGHEST WIND DIRECTION    NE (50)
  HIGHEST GUST SPEED    24   HIGHEST GUST DIRECTION    NE (50)
  AVERAGE WIND SPEED     7.2




RELATIVE HUMIDITY (PERCENT)
 HIGHEST   100           600 AM
 LOWEST     73          1200 AM
 AVERAGE    87

..........................................................


THE MEDICINE LODGE KS CLIMATE NORMALS FOR TODAY
                         NORMAL    RECORD    YEAR
 MAXIMUM TEMPERATURE (F)   95       113      1934
 MINIMUM TEMPERATURE (F)   70        52      1925


SUNRISE AND SUNSET
JULY 31 2014..........SUNRISE   638 AM CDT   SUNSET   843 PM CDT
AUGUST  1 2014........SUNRISE   639 AM CDT   SUNSET   842 PM CDT


-  INDICATES NEGATIVE NUMBERS.
R  INDICATES RECORD WAS SET OR TIED.
MM INDICATES DATA IS MISSING.
T  INDICATES TRACE AMOUNT.




$$
