000
CDUS45 KRIW 190913
CLIP60

CLIMATE REPORT
NATIONAL WEATHER SERVICE RIVERTON WY
215 AM MST SUN FEB 19 2017


...................................

...THE LAKE YELLOWSTONE WY CLIMATE SUMMARY FOR FEBRUARY 18 2017...

CLIMATE NORMAL PERIOD 1981 TO 2010
CLIMATE RECORD PERIOD 1998 TO 2017


WEATHER ITEM   OBSERVED TIME   RECORD YEAR NORMAL DEPARTURE LAST
                VALUE   (LST)  VALUE       VALUE  FROM      YEAR
                                                  NORMAL
..................................................................
TEMPERATURE (F)
 YESTERDAY
  MAXIMUM         35    102 PM  40    2015  28      7       37
  MINIMUM         26    402 AM -32    2006   3     23       23
  AVERAGE         31                        15     16       30

PRECIPITATION (IN)
  YESTERDAY        0.26R         0.22 2016   0.04   0.18     0.22
  MONTH TO DATE    5.54                      0.90   4.64     1.02
  SINCE DEC 1     11.33                      4.51   6.82     5.27
  SINCE JAN 1      8.23                      3.01   5.22     2.23

DEGREE DAYS
 HEATING
  YESTERDAY       34                        50    -16       35
  MONTH TO DATE  822                       923   -101      796
  SINCE DEC 1   4410                      4134    276     3937
  SINCE JUL 1   7554                      7454    100     7265

 COOLING
  YESTERDAY        0                         0      0        0
  MONTH TO DATE    0                         0      0        0
  SINCE DEC 1      0                         0      0        0
  SINCE JAN 1      0                         0      0        0
..................................................................


WIND (MPH)
  HIGHEST WIND SPEED     8   HIGHEST WIND DIRECTION     W (250)
  HIGHEST GUST SPEED    14   HIGHEST GUST DIRECTION     W (250)
  AVERAGE WIND SPEED     0.7


SKY COVER
  POSSIBLE SUNSHINE  MM
  AVERAGE SKY COVER 0.0


WEATHER CONDITIONS
 THE FOLLOWING WEATHER WAS RECORDED YESTERDAY.
  LIGHT SNOW


RELATIVE HUMIDITY (PERCENT)
 HIGHEST   100           200 AM
 LOWEST     85          1200 AM
 AVERAGE    93

..........................................................


THE LAKE YELLOWSTONE WY CLIMATE NORMALS FOR TODAY
                         NORMAL    RECORD    YEAR
 MAXIMUM TEMPERATURE (F)   28        41      2015
 MINIMUM TEMPERATURE (F)    3       -11      2008
                                             2006


SUNRISE AND SUNSET
FEBRUARY 19 2017......SUNRISE   715 AM MST   SUNSET   556 PM MST
FEBRUARY 20 2017......SUNRISE   713 AM MST   SUNSET   558 PM MST


-  INDICATES NEGATIVE NUMBERS.
R  INDICATES RECORD WAS SET OR TIED.
MM INDICATES DATA IS MISSING.
T  INDICATES TRACE AMOUNT.




$$
