000
CDUS45 KRIW 180736
CLIP60


CLIMATE REPORT
NATIONAL WEATHER SERVICE RIVERTON WY
133 AM MDT THU SEP 18 2014


...................................

...THE LAKE YELLOWSTONE WY CLIMATE SUMMARY FOR SEPTEMBER 17 2014...

CLIMATE NORMAL PERIOD 1981 TO 2010
CLIMATE RECORD PERIOD 1998 TO 2014


WEATHER ITEM   OBSERVED TIME   RECORD YEAR NORMAL DEPARTURE LAST
                VALUE   (LST)  VALUE       VALUE  FROM      YEAR
                                                  NORMAL
..................................................................
TEMPERATURE (F)
 YESTERDAY
  MAXIMUM         71    255 PM  73    2009  62      9       59
  MINIMUM         33    624 AM  24    2003  31      2       39
  AVERAGE         52                        46      6       49

PRECIPITATION (IN)
  YESTERDAY        0.00          0.68 2013   0.04  -0.04     0.68
  MONTH TO DATE    0.55                      0.83  -0.28     2.00
  SINCE SEP 1      0.55                      0.83  -0.28     2.00
  SINCE JAN 1     23.67                     14.90   8.77    14.17

DEGREE DAYS
 HEATING
  YESTERDAY       13                        19     -6       16
  MONTH TO DATE  332                       270     62      194
  SINCE SEP 1    332                       270     62      194
  SINCE JUL 1    994                       857    137      618

 COOLING
  YESTERDAY        0                         0      0        0
  MONTH TO DATE    0                         0      0        0
  SINCE SEP 1      0                         0      0        0
  SINCE JAN 1      0                         0      0        0
..................................................................


WIND (MPH)
  HIGHEST WIND SPEED    13   HIGHEST WIND DIRECTION     W (280)
  HIGHEST GUST SPEED    22   HIGHEST GUST DIRECTION    NW (300)
  AVERAGE WIND SPEED     2.2


SKY COVER
  POSSIBLE SUNSHINE  MM
  AVERAGE SKY COVER 0.0


WEATHER CONDITIONS
 THE FOLLOWING WEATHER WAS RECORDED YESTERDAY.
  NO SIGNIFICANT WEATHER WAS OBSERVED.


RELATIVE HUMIDITY (PERCENT)
 HIGHEST    96           500 AM
 LOWEST     26           300 PM
 AVERAGE    61

..........................................................


THE LAKE YELLOWSTONE WY CLIMATE NORMALS FOR TODAY
                         NORMAL    RECORD    YEAR
 MAXIMUM TEMPERATURE (F)   61        75      2009
 MINIMUM TEMPERATURE (F)   31        18      2003


SUNRISE AND SUNSET
SEPTEMBER 18 2014.....SUNRISE   704 AM MDT   SUNSET   726 PM MDT
SEPTEMBER 19 2014.....SUNRISE   705 AM MDT   SUNSET   725 PM MDT


-  INDICATES NEGATIVE NUMBERS.
R  INDICATES RECORD WAS SET OR TIED.
MM INDICATES DATA IS MISSING.
T  INDICATES TRACE AMOUNT.




$$
