000
CDUS45 KRIW 240737
CLIP60


CLIMATE REPORT
NATIONAL WEATHER SERVICE RIVERTON WY
136 AM MDT TUE OCT 24 2017


...................................

...THE LAKE YELLOWSTONE WY CLIMATE SUMMARY FOR OCTOBER 23 2017...

CLIMATE NORMAL PERIOD 1981 TO 2010
CLIMATE RECORD PERIOD 1998 TO 2017


WEATHER ITEM   OBSERVED TIME   RECORD YEAR NORMAL DEPARTURE LAST
                VALUE   (LST)  VALUE       VALUE  FROM      YEAR
                                                  NORMAL
..................................................................
TEMPERATURE (F)
 YESTERDAY
  MAXIMUM         42    340 PM  56    2005  45     -3       55
  MINIMUM         22   1159 PM  12    2008  21      1       27
  AVERAGE         32                        33     -1       41

PRECIPITATION (IN)
  YESTERDAY        0.00          0.63 2004   0.05  -0.05     0.00
  MONTH TO DATE    0.62                      0.95  -0.33     3.95
  SINCE SEP 1      3.95                      2.25   1.70     6.60
  SINCE JAN 1     26.25                     16.32   9.93    17.83

DEGREE DAYS
 HEATING
  YESTERDAY       33                        32      1       24
  MONTH TO DATE  720                       642     78      675
  SINCE SEP 1   1317                      1190    127     1238
  SINCE JUL 1   1870                      1777     93     1821

 COOLING
  YESTERDAY        0                         0      0        0
  MONTH TO DATE    0                         0      0        0
  SINCE SEP 1      0                         0      0        0
  SINCE JAN 1      0                         0      0        0
..................................................................


WIND (MPH)
  HIGHEST WIND SPEED    14   HIGHEST WIND DIRECTION     W (280)
  HIGHEST GUST SPEED    24   HIGHEST GUST DIRECTION     W (290)
  AVERAGE WIND SPEED     4.0


SKY COVER
  POSSIBLE SUNSHINE  MM
  AVERAGE SKY COVER 0.0


WEATHER CONDITIONS
 THE FOLLOWING WEATHER WAS RECORDED YESTERDAY.
  NO SIGNIFICANT WEATHER WAS OBSERVED.


RELATIVE HUMIDITY (PERCENT)
 HIGHEST    88           700 AM
 LOWEST     47           500 PM
 AVERAGE    68

..........................................................


THE LAKE YELLOWSTONE WY CLIMATE NORMALS FOR TODAY
                         NORMAL    RECORD    YEAR
 MAXIMUM TEMPERATURE (F)   45        57      2005
                                             1999
 MINIMUM TEMPERATURE (F)   21        10      2012
                                             2004


SUNRISE AND SUNSET
OCTOBER 24 2017.......SUNRISE   749 AM MDT   SUNSET   622 PM MDT
OCTOBER 25 2017.......SUNRISE   750 AM MDT   SUNSET   620 PM MDT


-  INDICATES NEGATIVE NUMBERS.
R  INDICATES RECORD WAS SET OR TIED.
MM INDICATES DATA IS MISSING.
T  INDICATES TRACE AMOUNT.




$$
