000
CDUS45 KRIW 020731
CLIP60


CLIMATE REPORT
NATIONAL WEATHER SERVICE RIVERTON WY
131 AM MDT THU OCT 2 2014


...................................

...THE LAKE YELLOWSTONE WY CLIMATE SUMMARY FOR OCTOBER 1 2014...

CLIMATE NORMAL PERIOD 1981 TO 2010
CLIMATE RECORD PERIOD 1998 TO 2014


WEATHER ITEM   OBSERVED TIME   RECORD YEAR NORMAL DEPARTURE LAST
                VALUE   (LST)  VALUE       VALUE  FROM      YEAR
                                                  NORMAL
..................................................................
TEMPERATURE (F)
 YESTERDAY
  MAXIMUM         40    304 PM  72    2011  55    -15       48
  MINIMUM         26   1159 PM  22    2002  27     -1       29
  AVERAGE         33                        41     -8       39

PRECIPITATION (IN)
  YESTERDAY        0.04          0.80 2000   0.04   0.00     0.00
  MONTH TO DATE    0.04                      0.04   0.00     0.00
  SINCE SEP 1      2.21                      1.34   0.87     4.08
  SINCE JAN 1     25.33                     15.41   9.92    16.25

DEGREE DAYS
 HEATING
  YESTERDAY       32                        24      8       26
  MONTH TO DATE   32                        24      8       26
  SINCE SEP 1    570                       572     -2      555
  SINCE JUL 1   1232                      1159     73      979

 COOLING
  YESTERDAY        0                         0      0        0
  MONTH TO DATE    0                         0      0        0
  SINCE SEP 1      0                         0      0        0
  SINCE JAN 1      0                         0      0        0
..................................................................


WIND (MPH)
  HIGHEST WIND SPEED    10   HIGHEST WIND DIRECTION     W (290)
  HIGHEST GUST SPEED    20   HIGHEST GUST DIRECTION     W (280)
  AVERAGE WIND SPEED     1.8


SKY COVER
  POSSIBLE SUNSHINE  MM
  AVERAGE SKY COVER 0.0


WEATHER CONDITIONS
 THE FOLLOWING WEATHER WAS RECORDED YESTERDAY.
  NO SIGNIFICANT WEATHER WAS OBSERVED.


RELATIVE HUMIDITY (PERCENT)
 HIGHEST    96           100 AM
 LOWEST     59          1200 PM
 AVERAGE    78

..........................................................


THE LAKE YELLOWSTONE WY CLIMATE NORMALS FOR TODAY
                         NORMAL    RECORD    YEAR
 MAXIMUM TEMPERATURE (F)   54        74      2010
 MINIMUM TEMPERATURE (F)   27        16      2009


SUNRISE AND SUNSET
OCTOBER  2 2014.......SUNRISE   721 AM MDT   SUNSET   700 PM MDT
OCTOBER  3 2014.......SUNRISE   722 AM MDT   SUNSET   658 PM MDT


-  INDICATES NEGATIVE NUMBERS.
R  INDICATES RECORD WAS SET OR TIED.
MM INDICATES DATA IS MISSING.
T  INDICATES TRACE AMOUNT.




$$
