000
CDUS45 KRIW 020734
CLIP60


CLIMATE REPORT
NATIONAL WEATHER SERVICE RIVERTON WY
134 AM MDT SUN AUG 2 2015


...................................

...THE LAKE YELLOWSTONE WY CLIMATE SUMMARY FOR AUGUST 1 2015...

CLIMATE NORMAL PERIOD 1981 TO 2010
CLIMATE RECORD PERIOD 1998 TO 2015


WEATHER ITEM   OBSERVED TIME   RECORD YEAR NORMAL DEPARTURE LAST
                VALUE   (LST)  VALUE       VALUE  FROM      YEAR
                                                  NORMAL
..................................................................
TEMPERATURE (F)
 YESTERDAY
  MAXIMUM         76    528 PM  86    2000  74      2       73
  MINIMUM         35    517 AM  30    2001  41     -6       37
  AVERAGE         56                        57     -1       55

PRECIPITATION (IN)
  YESTERDAY        0.00          0.35 2006   0.04  -0.04     0.00
  MONTH TO DATE    0.00                      0.04  -0.04     0.00
  SINCE JUN 1      2.04                      3.51  -1.47     3.69
  SINCE JAN 1      9.78                     12.59  -2.81    18.83

DEGREE DAYS
 HEATING
  YESTERDAY        9                         8      1       10
  MONTH TO DATE    9                         8      1       10
  SINCE JUN 1    667                       784   -117      861
  SINCE JUL 1    341                       291     50      275

 COOLING
  YESTERDAY        0                         0      0        0
  MONTH TO DATE    0                         0      0        0
  SINCE JUN 1      1                         0      1        0
  SINCE JAN 1      1                         0      1        0
..................................................................


WIND (MPH)
  HIGHEST WIND SPEED     9   HIGHEST WIND DIRECTION    SE (120)
  HIGHEST GUST SPEED    13   HIGHEST GUST DIRECTION    SE (130)
  AVERAGE WIND SPEED     2.1


SKY COVER
  POSSIBLE SUNSHINE  MM
  AVERAGE SKY COVER 0.0


WEATHER CONDITIONS
 THE FOLLOWING WEATHER WAS RECORDED YESTERDAY.
  NO SIGNIFICANT WEATHER WAS OBSERVED.


RELATIVE HUMIDITY (PERCENT)
 HIGHEST    82           500 AM
 LOWEST     22           400 PM
 AVERAGE    52

..........................................................


THE LAKE YELLOWSTONE WY CLIMATE NORMALS FOR TODAY
                         NORMAL    RECORD    YEAR
 MAXIMUM TEMPERATURE (F)   74        81      2001
 MINIMUM TEMPERATURE (F)   41        36      2006


SUNRISE AND SUNSET
AUGUST  2 2015........SUNRISE   609 AM MDT   SUNSET   846 PM MDT
AUGUST  3 2015........SUNRISE   610 AM MDT   SUNSET   845 PM MDT


-  INDICATES NEGATIVE NUMBERS.
R  INDICATES RECORD WAS SET OR TIED.
MM INDICATES DATA IS MISSING.
T  INDICATES TRACE AMOUNT.




$$
