000
CDUS45 KRIW 250749
CLIP60


CLIMATE REPORT
NATIONAL WEATHER SERVICE RIVERTON WY
134 AM MDT SAT MAR 25 2017


...................................

...THE LAKE YELLOWSTONE WY CLIMATE SUMMARY FOR MARCH 24 2017...

CLIMATE NORMAL PERIOD 1981 TO 2010
CLIMATE RECORD PERIOD 1998 TO 2017


WEATHER ITEM   OBSERVED TIME   RECORD YEAR NORMAL DEPARTURE LAST
                VALUE   (LST)  VALUE       VALUE  FROM      YEAR
                                                  NORMAL
..................................................................
TEMPERATURE (F)
 YESTERDAY
  MAXIMUM         43    320 PM  50    2004  39      4       33
  MINIMUM         14    643 AM -17    2013  12      2       12
  AVERAGE         29                        25      4       23

PRECIPITATION (IN)
  YESTERDAY        0.00          0.27 2015   0.05  -0.05     0.17
  MONTH TO DATE    1.85                      0.87   0.98     1.85
  SINCE MAR 1      1.85                      0.87   0.98     1.85
  SINCE JAN 1     12.09                      4.39   7.70     4.50

DEGREE DAYS
 HEATING
  YESTERDAY       36                        40     -4       42
  MONTH TO DATE  863                      1032   -169     1029
  SINCE MAR 1    863                      1032   -169     1029
  SINCE JUL 1   8921                      8969    -48     8813

 COOLING
  YESTERDAY        0                         0      0        0
  MONTH TO DATE    0                         0      0        0
  SINCE MAR 1      0                         0      0        0
  SINCE JAN 1      0                         0      0        0
..................................................................


WIND (MPH)
  HIGHEST WIND SPEED     9   HIGHEST WIND DIRECTION    SW (220)
  HIGHEST GUST SPEED    18   HIGHEST GUST DIRECTION    SW (220)
  AVERAGE WIND SPEED     2.0


SKY COVER
  POSSIBLE SUNSHINE  MM
  AVERAGE SKY COVER 0.0


WEATHER CONDITIONS
 THE FOLLOWING WEATHER WAS RECORDED YESTERDAY.
  NO SIGNIFICANT WEATHER WAS OBSERVED.


RELATIVE HUMIDITY (PERCENT)
 HIGHEST    96           600 AM
 LOWEST     33           400 PM
 AVERAGE    65

..........................................................


THE LAKE YELLOWSTONE WY CLIMATE NORMALS FOR TODAY
                         NORMAL    RECORD    YEAR
 MAXIMUM TEMPERATURE (F)   39        51      1999
 MINIMUM TEMPERATURE (F)   12       -21      2013


SUNRISE AND SUNSET
MARCH 25 2017.........SUNRISE   715 AM MDT   SUNSET   741 PM MDT
MARCH 26 2017.........SUNRISE   713 AM MDT   SUNSET   742 PM MDT


-  INDICATES NEGATIVE NUMBERS.
R  INDICATES RECORD WAS SET OR TIED.
MM INDICATES DATA IS MISSING.
T  INDICATES TRACE AMOUNT.




$$
