000
CDUS45 KRIW 080736
CLIP60


CLIMATE REPORT
NATIONAL WEATHER SERVICE RIVERTON WY
1233 AM MST MON FEB 8 2016


...................................

...THE LAKE YELLOWSTONE WY CLIMATE SUMMARY FOR FEBRUARY 7 2016...

CLIMATE NORMAL PERIOD 1981 TO 2010
CLIMATE RECORD PERIOD 1998 TO 2016


WEATHER ITEM   OBSERVED TIME   RECORD YEAR NORMAL DEPARTURE LAST
                VALUE   (LST)  VALUE       VALUE  FROM      YEAR
                                                  NORMAL
..................................................................
TEMPERATURE (F)
 YESTERDAY
  MAXIMUM         32    238 PM  42    2007  25      7       40
  MINIMUM          0    743 AM -21    2003   1     -1       31
  AVERAGE         16                        13      3       36

PRECIPITATION (IN)
  YESTERDAY        0.00          0.23 2014   0.05  -0.05     0.12
  MONTH TO DATE    0.02                      0.34  -0.32     0.40
  SINCE DEC 1      4.27                      3.95   0.32     4.93
  SINCE JAN 1      1.23                      2.45  -1.22     2.43

DEGREE DAYS
 HEATING
  YESTERDAY       49                        52     -3       29
  MONTH TO DATE  394                       364     30      264
  SINCE DEC 1   3535                      3575    -40     3254
  SINCE JUL 1   6863                      6895    -32     6581

 COOLING
  YESTERDAY        0                         0      0        0
  MONTH TO DATE    0                         0      0        0
  SINCE DEC 1      0                         0      0        0
  SINCE JAN 1      0                         0      0        0
..................................................................


WIND (MPH)
  HIGHEST WIND SPEED    12   HIGHEST WIND DIRECTION     W (280)
  HIGHEST GUST SPEED    21   HIGHEST GUST DIRECTION     W (270)
  AVERAGE WIND SPEED     3.4


SKY COVER
  POSSIBLE SUNSHINE  MM
  AVERAGE SKY COVER 0.0


WEATHER CONDITIONS
 THE FOLLOWING WEATHER WAS RECORDED YESTERDAY.
  NO SIGNIFICANT WEATHER WAS OBSERVED.


RELATIVE HUMIDITY (PERCENT)
 HIGHEST    91           400 AM
 LOWEST     39           100 PM
 AVERAGE    65

..........................................................


THE LAKE YELLOWSTONE WY CLIMATE NORMALS FOR TODAY
                         NORMAL    RECORD    YEAR
 MAXIMUM TEMPERATURE (F)   26        40      2015
 MINIMUM TEMPERATURE (F)    1       -30      2001


SUNRISE AND SUNSET
FEBRUARY  8 2016......SUNRISE   732 AM MST   SUNSET   540 PM MST
FEBRUARY  9 2016......SUNRISE   731 AM MST   SUNSET   541 PM MST


-  INDICATES NEGATIVE NUMBERS.
R  INDICATES RECORD WAS SET OR TIED.
MM INDICATES DATA IS MISSING.
T  INDICATES TRACE AMOUNT.




$$
