000
CDUS45 KLKN 220932
CLIP68


CLIMATE REPORT
NATIONAL WEATHER SERVICE ELKO NV
129 AM PST MON DEC 22 2014


...................................

...THE EUREKA AIRPORT NV CLIMATE SUMMARY FOR DECEMBER 21 2014...

CLIMATE NORMAL PERIOD 1981 TO 2010
CLIMATE RECORD PERIOD 1963 TO 2014


WEATHER ITEM   OBSERVED TIME   RECORD YEAR NORMAL DEPARTURE LAST
                VALUE   (LST)  VALUE       VALUE  FROM      YEAR
                                                  NORMAL
..................................................................
TEMPERATURE (F)
 YESTERDAY
  MAXIMUM         54    124 PM  56    2005  37     17       39
  MINIMUM         38    134 AM -24    1990  10     28       24
  AVERAGE         46                        24     22       32

PRECIPITATION (IN)
  YESTERDAY        0.00          0.49 1969   0.02  -0.02     0.01
  MONTH TO DATE    0.60                      0.40   0.20     1.07
  SINCE OCT 1      0.93                      1.92  -0.99     2.40
  SINCE JAN 1      8.87                      8.79   0.08     8.54

DEGREE DAYS
 HEATING
  YESTERDAY       19                        42    -23       33
  MONTH TO DATE  594                       829   -235      964
  SINCE DEC 1    594                       829   -235      964
  SINCE JUL 1   1934                      2588   -654     2575

 COOLING
  YESTERDAY        0                         0      0        0
  MONTH TO DATE    0                         0      0        0
  SINCE DEC 1      0                         0      0        0
  SINCE JAN 1    436                       288    148      585
..................................................................


WIND (MPH)
  HIGHEST WIND SPEED    29   HIGHEST WIND DIRECTION     W (280)
  HIGHEST GUST SPEED    35   HIGHEST GUST DIRECTION     W (290)
  AVERAGE WIND SPEED     9.1




RELATIVE HUMIDITY (PERCENT)
 HIGHEST    85          1200 AM
 LOWEST     59          1200 PM
 AVERAGE    72

..........................................................


THE EUREKA AIRPORT NV CLIMATE NORMALS FOR TODAY
                         NORMAL    RECORD    YEAR
 MAXIMUM TEMPERATURE (F)   37        53      1969
 MINIMUM TEMPERATURE (F)   10       -34      1990


SUNRISE AND SUNSET
DECEMBER 22 2014......SUNRISE   701 AM PST   SUNSET   424 PM PST
DECEMBER 23 2014......SUNRISE   702 AM PST   SUNSET   424 PM PST


-  INDICATES NEGATIVE NUMBERS.
R  INDICATES RECORD WAS SET OR TIED.
MM INDICATES DATA IS MISSING.
T  INDICATES TRACE AMOUNT.




$$
