000
CDUS45 KLKN 290035
CLIP68


CLIMATE REPORT
NATIONAL WEATHER SERVICE ELKO NV
531 PM PDT TUE JUL 28 2015


...................................

...THE EUREKA AIRPORT NV CLIMATE SUMMARY FOR JULY 28 2015...
VALID TODAY AS OF 500 PM LOCAL TIME.

CLIMATE NORMAL PERIOD 1981 TO 2010
CLIMATE RECORD PERIOD 1963 TO 2015


WEATHER ITEM   OBSERVED TIME   RECORD YEAR NORMAL DEPARTURE LAST
                VALUE   (LST)  VALUE       VALUE  FROM      YEAR
                                                  NORMAL
..................................................................
TEMPERATURE (F)
 TODAY
  MAXIMUM         83    303 PM 100    1994  91     -8       87
  MINIMUM         37R   453 AM  37    1983  50    -13       60
  AVERAGE         60                        70    -10       74

PRECIPITATION (IN)
  TODAY            0.00          0.25 1987   0.03  -0.03     0.03
  MONTH TO DATE    0.88                      0.56   0.32     0.27
  SINCE OCT 1      6.02                      7.77  -1.75     7.34
  SINCE JAN 1      4.90                      5.64  -0.74     4.94

DEGREE DAYS
 HEATING
  TODAY            5                         0      5        0
  MONTH TO DATE   21                         8     13        0
  SINCE JUN 1     60                       168   -108      103
  SINCE JUL 1     21                         8     13        0

 COOLING
  TODAY            0                         5     -5        9
  MONTH TO DATE  108                       127    -19      246
  SINCE JUN 1    265                       156    109      287
  SINCE JAN 1    273                       159    114      289
..................................................................


WIND (MPH)
  HIGHEST WIND SPEED    15   HIGHEST WIND DIRECTION    NE (30)
  HIGHEST GUST SPEED    20   HIGHEST GUST DIRECTION     N (20)




RELATIVE HUMIDITY (PERCENT)
 HIGHEST    52           500 AM
 LOWEST     10           400 PM
 AVERAGE    31

..........................................................


THE EUREKA AIRPORT NV CLIMATE NORMALS FOR TOMORROW
                         NORMAL    RECORD    YEAR
 MAXIMUM TEMPERATURE (F)   90        97      2000
 MINIMUM TEMPERATURE (F)   50        35      1965


SUNRISE AND SUNSET
JULY 28 2015..........SUNRISE   540 AM PDT   SUNSET   800 PM PDT
JULY 29 2015..........SUNRISE   541 AM PDT   SUNSET   800 PM PDT


-  INDICATES NEGATIVE NUMBERS.
R  INDICATES RECORD WAS SET OR TIED.
MM INDICATES DATA IS MISSING.
T  INDICATES TRACE AMOUNT.




$$
