000
CDUS45 KLKN 160933
CLIP68


CLIMATE REPORT
NATIONAL WEATHER SERVICE ELKO NV
233 AM PDT WED AUG 16 2017


...................................

...THE EUREKA AIRPORT NV CLIMATE SUMMARY FOR AUGUST 15 2017...

CLIMATE NORMAL PERIOD 1981 TO 2010
CLIMATE RECORD PERIOD 1963 TO 2017


WEATHER ITEM   OBSERVED TIME   RECORD YEAR NORMAL DEPARTURE LAST
                VALUE   (LST)  VALUE       VALUE  FROM      YEAR
                                                  NORMAL
..................................................................
TEMPERATURE (F)
 YESTERDAY
  MAXIMUM         82    432 PM  95    2002  88     -6       91
  MINIMUM         43    503 AM  34    1999  48     -5       54
  AVERAGE         63                        68     -5       73

PRECIPITATION (IN)
  YESTERDAY        0.00          0.52 1991   0.02  -0.02     0.00
  MONTH TO DATE    0.45                      0.29   0.16     0.00
  SINCE OCT 1      9.97                      8.13   1.84    12.11
  SINCE JAN 1      7.88                      6.00   1.88     7.84

DEGREE DAYS
 HEATING
  YESTERDAY        2                         1      1        0
  MONTH TO DATE    4                         8     -4        1
  SINCE JUN 1     78                       181   -103       68
  SINCE JUL 1      4                        21    -17       14

 COOLING
  YESTERDAY        0                         3     -3        8
  MONTH TO DATE   97                        66     31       69
  SINCE JUN 1    429                       238    191      359
  SINCE JAN 1    429                       241    188      359
..................................................................


WIND (MPH)
  HIGHEST WIND SPEED    13   HIGHEST WIND DIRECTION     N (20)
  HIGHEST GUST SPEED    18   HIGHEST GUST DIRECTION    NE (40)
  AVERAGE WIND SPEED     4.0




RELATIVE HUMIDITY (PERCENT)
 HIGHEST    76           500 AM
 LOWEST     13           300 PM
 AVERAGE    45

..........................................................


THE EUREKA AIRPORT NV CLIMATE NORMALS FOR TODAY
                         NORMAL    RECORD    YEAR
 MAXIMUM TEMPERATURE (F)   87        96      2002
                                             2001
 MINIMUM TEMPERATURE (F)   48        35      2009
                                             1987


SUNRISE AND SUNSET
AUGUST 16 2017........SUNRISE   558 AM PDT   SUNSET   738 PM PDT
AUGUST 17 2017........SUNRISE   559 AM PDT   SUNSET   736 PM PDT


-  INDICATES NEGATIVE NUMBERS.
R  INDICATES RECORD WAS SET OR TIED.
MM INDICATES DATA IS MISSING.
T  INDICATES TRACE AMOUNT.




$$
