000
CDUS45 KLKN 030932
CLIP68


CLIMATE REPORT
NATIONAL WEATHER SERVICE ELKO NV
227 AM PDT THU SEP 3 2015


...................................

...THE EUREKA AIRPORT NV CLIMATE SUMMARY FOR SEPTEMBER 2 2015...

CLIMATE NORMAL PERIOD 1981 TO 2010
CLIMATE RECORD PERIOD 1963 TO 2015


WEATHER ITEM   OBSERVED TIME   RECORD YEAR NORMAL DEPARTURE LAST
                VALUE   (LST)  VALUE       VALUE  FROM      YEAR
                                                  NORMAL
..................................................................
TEMPERATURE (F)
 YESTERDAY
  MAXIMUM         88    248 PM  92    2014  83      5       92
  MINIMUM         49    520 AM  27    2008  43      6       47
  AVERAGE         69                        63      6       70

PRECIPITATION (IN)
  YESTERDAY        0.00          0.51 1997   0.02  -0.02     0.00
  MONTH TO DATE    0.00                      0.04  -0.04     0.00
  SINCE OCT 1      6.74                      8.46  -1.72     9.21
  SINCE JAN 1      5.62                      6.33  -0.71     6.81

DEGREE DAYS
 HEATING
  YESTERDAY        0                         3     -3        0
  MONTH TO DATE    0                         6     -6        0
  SINCE SEP 1      0                         6     -6        0
  SINCE JUL 1     28                        53    -25       25

 COOLING
  YESTERDAY        4                         1      3        5
  MONTH TO DATE    9                         2      7        5
  SINCE SEP 1      9                         2      7        5
  SINCE JAN 1    482                       279    203      404
..................................................................


WIND (MPH)
  HIGHEST WIND SPEED    24   HIGHEST WIND DIRECTION     S (180)
  HIGHEST GUST SPEED    32   HIGHEST GUST DIRECTION    SW (210)
  AVERAGE WIND SPEED    10.8




RELATIVE HUMIDITY (PERCENT)
 HIGHEST    30           600 AM
 LOWEST      7           300 PM
 AVERAGE    19

..........................................................


THE EUREKA AIRPORT NV CLIMATE NORMALS FOR TODAY
                         NORMAL    RECORD    YEAR
 MAXIMUM TEMPERATURE (F)   82        94      2007
 MINIMUM TEMPERATURE (F)   43        24      1971


SUNRISE AND SUNSET
SEPTEMBER  3 2015.....SUNRISE   614 AM PDT   SUNSET   712 PM PDT
SEPTEMBER  4 2015.....SUNRISE   615 AM PDT   SUNSET   710 PM PDT


-  INDICATES NEGATIVE NUMBERS.
R  INDICATES RECORD WAS SET OR TIED.
MM INDICATES DATA IS MISSING.
T  INDICATES TRACE AMOUNT.




$$
