000
CDUS45 KLKN 170939
CLIP68


CLIMATE REPORT
NATIONAL WEATHER SERVICE ELKO NV
138 AM PST SUN DEC 17 2017


...................................

...THE EUREKA AIRPORT NV CLIMATE SUMMARY FOR DECEMBER 16 2017...

CLIMATE NORMAL PERIOD 1981 TO 2010
CLIMATE RECORD PERIOD 1963 TO 2017


WEATHER ITEM   OBSERVED TIME   RECORD YEAR NORMAL DEPARTURE LAST
                VALUE   (LST)  VALUE       VALUE  FROM      YEAR
                                                  NORMAL
..................................................................
TEMPERATURE (F)
 YESTERDAY
  MAXIMUM         45   1252 AM  57    1979  38      7       45
  MINIMUM         19   1159 PM  -7    1985  11      8       17
  AVERAGE         32                        24      8       31

PRECIPITATION (IN)
  YESTERDAY        0.03          0.18 1984   0.02   0.01     0.15
  MONTH TO DATE    0.06                      0.30  -0.24     0.70
  SINCE OCT 1      1.12                      1.82  -0.70     1.81
  SINCE JAN 1     10.16                      8.69   1.47    10.72

DEGREE DAYS
 HEATING
  YESTERDAY       33                        41     -8       34
  MONTH TO DATE  588                       623    -35      573
  SINCE DEC 1    588                       623    -35      573
  SINCE JUL 1   2172                      2382   -210     1986

 COOLING
  YESTERDAY        0                         0      0        0
  MONTH TO DATE    0                         0      0        0
  SINCE DEC 1      0                         0      0        0
  SINCE JAN 1    570                       288    282      424
..................................................................


WIND (MPH)
  HIGHEST WIND SPEED    22   HIGHEST WIND DIRECTION     N (360)
  HIGHEST GUST SPEED    28   HIGHEST GUST DIRECTION     N (350)
  AVERAGE WIND SPEED     9.4




RELATIVE HUMIDITY (PERCENT)
 HIGHEST    85           700 AM
 LOWEST     40          1200 AM
 AVERAGE    63

..........................................................


THE EUREKA AIRPORT NV CLIMATE NORMALS FOR TODAY
                         NORMAL    RECORD    YEAR
 MAXIMUM TEMPERATURE (F)   38        56      1980
                                             1979
 MINIMUM TEMPERATURE (F)   11       -19      1984


SUNRISE AND SUNSET
DECEMBER 17 2017......SUNRISE   659 AM PST   SUNSET   422 PM PST
DECEMBER 18 2017......SUNRISE   659 AM PST   SUNSET   422 PM PST


-  INDICATES NEGATIVE NUMBERS.
R  INDICATES RECORD WAS SET OR TIED.
MM INDICATES DATA IS MISSING.
T  INDICATES TRACE AMOUNT.




$$
