060
CDUS45 KLKN 210936
CLIP68


CLIMATE REPORT
NATIONAL WEATHER SERVICE ELKO NV
229 AM PDT SAT OCT 21  2017


...................................

...THE EUREKA AIRPORT NV CLIMATE SUMMARY FOR OCTOBER 20 2017...

CLIMATE NORMAL PERIOD 1981 TO 2010
CLIMATE RECORD PERIOD 1963 TO 2017


WEATHER ITEM   OBSERVED TIME   RECORD YEAR NORMAL DEPARTURE LAST
                VALUE   (LST)  VALUE       VALUE  FROM      YEAR
                                                  NORMAL
..................................................................
TEMPERATURE (F)
 YESTERDAY
  MAXIMUM         55    543 AM  81    2003  62     -7       68
  MINIMUM         22   1131 PM   7    1996  27     -5       21
  AVERAGE         39                        45     -6       45

PRECIPITATION (IN)
  YESTERDAY        0.00          0.44 2004   0.03  -0.03     0.00
  MONTH TO DATE    0.28                      0.44  -0.16     0.09
  SINCE OCT 1      0.28                      0.44  -0.16     0.09
  SINCE JAN 1      9.32                      7.31   2.01     9.00

DEGREE DAYS
 HEATING
  YESTERDAY       26                        20      6       20
  MONTH TO DATE  416                       335     81      309
  SINCE SEP 1    678                       552    126      498
  SINCE JUL 1    682                       599     83      522

 COOLING
  YESTERDAY        0                         0      0        0
  MONTH TO DATE    0                         0      0        0
  SINCE SEP 1     61                        11     50        9
  SINCE JAN 1    570                       288    282      424
..................................................................


WIND (MPH)
  HIGHEST WIND SPEED    29   HIGHEST WIND DIRECTION    NW (310)
  HIGHEST GUST SPEED    40   HIGHEST GUST DIRECTION     W (250)
  AVERAGE WIND SPEED    11.2




RELATIVE HUMIDITY (PERCENT)
 HIGHEST    58          1000 PM
 LOWEST     21           100 PM
 AVERAGE    40

..........................................................


THE EUREKA AIRPORT NV CLIMATE NORMALS FOR TODAY
                         NORMAL    RECORD    YEAR
 MAXIMUM TEMPERATURE (F)   62        83      2003
 MINIMUM TEMPERATURE (F)   27        -1      1996


SUNRISE AND SUNSET
OCTOBER 21 2017.......SUNRISE   700 AM PDT   SUNSET   556 PM PDT
OCTOBER 22 2017.......SUNRISE   702 AM PDT   SUNSET   554 PM PDT


-  INDICATES NEGATIVE NUMBERS.
R  INDICATES RECORD WAS SET OR TIED.
MM INDICATES DATA IS MISSING.
T  INDICATES TRACE AMOUNT.




$$
