000
CDUS45 KLKN 020033
CLIP68


CLIMATE REPORT
NATIONAL WEATHER SERVICE ELKO NV
527 PM PDT FRI AUG 1 2014


...................................

...THE EUREKA AIRPORT NV CLIMATE SUMMARY FOR AUGUST 1 2014...
VALID TODAY AS OF 500 PM LOCAL TIME.

CLIMATE NORMAL PERIOD 1981 TO 2010
CLIMATE RECORD PERIOD 1963 TO 2014


WEATHER ITEM   OBSERVED TIME   RECORD YEAR NORMAL DEPARTURE LAST
                VALUE   (LST)  VALUE       VALUE  FROM      YEAR
                                                  NORMAL
..................................................................
TEMPERATURE (F)
 TODAY
  MAXIMUM         91    206 PM 100    2000  90      1       90
  MINIMUM         47    359 AM  39    1995  50     -3       50
                                      1981
                                      1970
  AVERAGE         69                        70     -1       70

PRECIPITATION (IN)
  TODAY            0.00          0.78 2007   0.02  -0.02     0.00
  MONTH TO DATE    0.00                      0.02  -0.02     0.00
  SINCE OCT 1      7.37                      7.86  -0.49     6.25
  SINCE JAN 1      4.97                      5.73  -0.76     4.81

DEGREE DAYS
 HEATING
  TODAY            0                         0      0        0
  MONTH TO DATE    0                         0      0        0
  SINCE JUN 1    103                       173    -70       81
  SINCE JUL 1      0                        13    -13        1

 COOLING
  TODAY            4                         5     -1        5
  MONTH TO DATE    4                         5     -1        5
  SINCE JUN 1    305                       177    128      371
  SINCE JAN 1    307                       180    127      372
..................................................................


WIND (MPH)
  HIGHEST WIND SPEED    25   HIGHEST WIND DIRECTION    SW (210)
  HIGHEST GUST SPEED    33   HIGHEST GUST DIRECTION     S (200)




RELATIVE HUMIDITY (PERCENT)
 HIGHEST    80           300 AM
 LOWEST     15           100 PM
 AVERAGE    48

..........................................................


THE EUREKA AIRPORT NV CLIMATE NORMALS FOR TOMORROW
                         NORMAL    RECORD    YEAR
 MAXIMUM TEMPERATURE (F)   90        98      1981
 MINIMUM TEMPERATURE (F)   50        35      1981


SUNRISE AND SUNSET
AUGUST  1 2014........SUNRISE   544 AM PDT   SUNSET   756 PM PDT
AUGUST  2 2014........SUNRISE   544 AM PDT   SUNSET   755 PM PDT


-  INDICATES NEGATIVE NUMBERS.
R  INDICATES RECORD WAS SET OR TIED.
MM INDICATES DATA IS MISSING.
T  INDICATES TRACE AMOUNT.




$$
