000
CDUS45 KLKN 250931
CLIP68


CLIMATE REPORT
NATIONAL WEATHER SERVICE ELKO NV
228 AM PDT TUE APR 25 2017


...................................

...THE EUREKA AIRPORT NV CLIMATE SUMMARY FOR APRIL 24 2017...

CLIMATE NORMAL PERIOD 1981 TO 2010
CLIMATE RECORD PERIOD 1963 TO 2017


WEATHER ITEM   OBSERVED TIME   RECORD YEAR NORMAL DEPARTURE LAST
                VALUE   (LST)  VALUE       VALUE  FROM      YEAR
                                                  NORMAL
..................................................................
TEMPERATURE (F)
 YESTERDAY
  MAXIMUM         54   1211 PM  79    2012  62     -8       54
  MINIMUM         35    216 AM   3    1964  30      5       32
  AVERAGE         45                        46     -1       43

PRECIPITATION (IN)
  YESTERDAY        0.00          0.50 1994   0.03  -0.03     0.17
  MONTH TO DATE    1.83                      0.76   1.07     1.09
  SINCE OCT 1      8.29                      5.42   2.87     8.66
  SINCE JAN 1      6.20                      3.29   2.91     4.39

DEGREE DAYS
 HEATING
  YESTERDAY       20                        19      1       22
  MONTH TO DATE  509                       538    -29      410
  SINCE MAR 1   1194                      1409   -215     1159
  SINCE JUL 1   6054                      6694   -640     6262

 COOLING
  YESTERDAY        0                         0      0        0
  MONTH TO DATE    0                         0      0        0
  SINCE MAR 1      0                         0      0        0
  SINCE JAN 1      0                         0      0        0
..................................................................


WIND (MPH)
  HIGHEST WIND SPEED    30   HIGHEST WIND DIRECTION     W (280)
  HIGHEST GUST SPEED    40   HIGHEST GUST DIRECTION    NW (330)
  AVERAGE WIND SPEED    13.3




RELATIVE HUMIDITY (PERCENT)
 HIGHEST    64           500 AM
 LOWEST     33           500 PM
 AVERAGE    49

..........................................................


THE EUREKA AIRPORT NV CLIMATE NORMALS FOR TODAY
                         NORMAL    RECORD    YEAR
 MAXIMUM TEMPERATURE (F)   62        77      1987
 MINIMUM TEMPERATURE (F)   30        15      1964


SUNRISE AND SUNSET
APRIL 25 2017.........SUNRISE   552 AM PDT   SUNSET   732 PM PDT
APRIL 26 2017.........SUNRISE   551 AM PDT   SUNSET   733 PM PDT


-  INDICATES NEGATIVE NUMBERS.
R  INDICATES RECORD WAS SET OR TIED.
MM INDICATES DATA IS MISSING.
T  INDICATES TRACE AMOUNT.




$$
