000
CDUS45 KLKN 300030
CLIP68


CLIMATE REPORT
NATIONAL WEATHER SERVICE ELKO NV
526 PM PDT MON AUG 29 2016


...................................

...THE EUREKA AIRPORT NV CLIMATE SUMMARY FOR AUGUST 29 2016...
VALID TODAY AS OF 500 PM LOCAL TIME.

CLIMATE NORMAL PERIOD 1981 TO 2010
CLIMATE RECORD PERIOD 1963 TO 2016


WEATHER ITEM   OBSERVED TIME   RECORD YEAR NORMAL DEPARTURE LAST
                VALUE   (LST)  VALUE       VALUE  FROM      YEAR
                                                  NORMAL
..................................................................
TEMPERATURE (F)
 TODAY
  MAXIMUM         91    117 PM  95    1998  84      7       93
  MINIMUM         45    520 AM  31    1969  44      1       61
  AVERAGE         68                        64      4       77

PRECIPITATION (IN)
  TODAY            0.00          0.38 2000   0.02  -0.02     0.00
  MONTH TO DATE    0.00                      0.54  -0.54     0.72
  SINCE OCT 1     12.11                      8.38   3.73     6.74
  SINCE JAN 1      7.84                      6.25   1.59     5.62

DEGREE DAYS
 HEATING
  TODAY            0                         2     -2        0
  MONTH TO DATE   11                        28    -17        7
  SINCE JUN 1     78                       201   -123       67
  SINCE JUL 1     24                        41    -17       28

 COOLING
  TODAY            3                         2      1       12
  MONTH TO DATE  115                        99     16      186
  SINCE JUN 1    405                       271    134      464
  SINCE JAN 1    405                       274    131      472
..................................................................


WIND (MPH)
  HIGHEST WIND SPEED    14   HIGHEST WIND DIRECTION     W (280)
  HIGHEST GUST SPEED    21   HIGHEST GUST DIRECTION     W (290)




RELATIVE HUMIDITY (PERCENT)
 HIGHEST    39           500 AM
 LOWEST      9          1200 PM
 AVERAGE    24

..........................................................


THE EUREKA AIRPORT NV CLIMATE NORMALS FOR TOMORROW
                         NORMAL    RECORD    YEAR
 MAXIMUM TEMPERATURE (F)   84        93      2011
                                             1998
 MINIMUM TEMPERATURE (F)   44        30      1968


SUNRISE AND SUNSET
AUGUST 29 2016........SUNRISE   610 AM PDT   SUNSET   719 PM PDT
AUGUST 30 2016........SUNRISE   611 AM PDT   SUNSET   717 PM PDT


-  INDICATES NEGATIVE NUMBERS.
R  INDICATES RECORD WAS SET OR TIED.
MM INDICATES DATA IS MISSING.
T  INDICATES TRACE AMOUNT.




$$
