000
CDUS45 KLKN 060939
CLIP68


CLIMATE REPORT
NATIONAL WEATHER SERVICE ELKO NV
231 AM PDT MON JUL 6 2015


...................................

...THE EUREKA AIRPORT NV CLIMATE SUMMARY FOR JULY 5 2015...

CLIMATE NORMAL PERIOD 1981 TO 2010
CLIMATE RECORD PERIOD 1963 TO 2015


WEATHER ITEM   OBSERVED TIME   RECORD YEAR NORMAL DEPARTURE LAST
                VALUE   (LST)  VALUE       VALUE  FROM      YEAR
                                                  NORMAL
..................................................................
TEMPERATURE (F)
 YESTERDAY
  MAXIMUM         88    409 PM 105    1985  87      1       96
  MINIMUM         51    449 AM  32    1986  48      3       52
  AVERAGE         70                        67      3       74

PRECIPITATION (IN)
  YESTERDAY        0.00          0.19 2001   0.01  -0.01     0.00
  MONTH TO DATE    0.07                      0.06   0.01     0.00
  SINCE OCT 1      5.21                      7.27  -2.06     7.07
  SINCE JAN 1      4.09                      5.14  -1.05     4.67

DEGREE DAYS
 HEATING
  YESTERDAY        0                         1     -1        0
  MONTH TO DATE    0                         5     -5        0
  SINCE JUN 1     39                       165   -126      103
  SINCE JUL 1      0                         5     -5        0

 COOLING
  YESTERDAY        5                         3      2        9
  MONTH TO DATE   48                        14     34       45
  SINCE JUN 1    205                        43    162       86
  SINCE JAN 1    213                        46    167       88
..................................................................


WIND (MPH)
  HIGHEST WIND SPEED    21   HIGHEST WIND DIRECTION    NW (320)
  HIGHEST GUST SPEED    28   HIGHEST GUST DIRECTION     W (280)
  AVERAGE WIND SPEED     9.0




RELATIVE HUMIDITY (PERCENT)
 HIGHEST    89           400 AM
 LOWEST     14           500 PM
 AVERAGE    52

..........................................................


THE EUREKA AIRPORT NV CLIMATE NORMALS FOR TODAY
                         NORMAL    RECORD    YEAR
 MAXIMUM TEMPERATURE (F)   88       100      2007
                                             1985
 MINIMUM TEMPERATURE (F)   48        31      1994


SUNRISE AND SUNSET
JULY  6 2015..........SUNRISE   523 AM PDT   SUNSET   814 PM PDT
JULY  7 2015..........SUNRISE   524 AM PDT   SUNSET   814 PM PDT


-  INDICATES NEGATIVE NUMBERS.
R  INDICATES RECORD WAS SET OR TIED.
MM INDICATES DATA IS MISSING.
T  INDICATES TRACE AMOUNT.




$$
