000
CDUS45 KLKN 300932
CLIP68


CLIMATE REPORT
NATIONAL WEATHER SERVICE ELKO NV
228 AM PDT FRI SEP 30 2016


...................................

...THE EUREKA AIRPORT NV CLIMATE SUMMARY FOR SEPTEMBER 29 2016...

CLIMATE NORMAL PERIOD 1981 TO 2010
CLIMATE RECORD PERIOD 1963 TO 2016


WEATHER ITEM   OBSERVED TIME   RECORD YEAR NORMAL DEPARTURE LAST
                VALUE   (LST)  VALUE       VALUE  FROM      YEAR
                                                  NORMAL
..................................................................
TEMPERATURE (F)
 YESTERDAY
  MAXIMUM         75   1134 AM  90    2010  72      3       79
  MINIMUM         48    606 AM  15    1985  34     14       51
  AVERAGE         62                        53      9       65

PRECIPITATION (IN)
  YESTERDAY        0.00          0.39 1982   0.02  -0.02     0.00
  MONTH TO DATE    1.07                      0.56   0.51     1.46
  SINCE OCT 1     13.18                      8.98   4.20     8.20
  SINCE JAN 1      8.91                      6.85   2.06     7.08

DEGREE DAYS
 HEATING
  YESTERDAY        3                        12     -9        0
  MONTH TO DATE  188                       204    -16       82
  SINCE SEP 1    188                       204    -16       82
  SINCE JUL 1    212                       251    -39      110

 COOLING
  YESTERDAY        0                         0      0        0
  MONTH TO DATE    9                         9      0       39
  SINCE SEP 1      9                         9      0       39
  SINCE JAN 1    424                       286    138      512
..................................................................


WIND (MPH)
  HIGHEST WIND SPEED    25   HIGHEST WIND DIRECTION     W (280)
  HIGHEST GUST SPEED    36   HIGHEST GUST DIRECTION     W (280)
  AVERAGE WIND SPEED     5.8




RELATIVE HUMIDITY (PERCENT)
 HIGHEST    66           600 AM
 LOWEST     23           300 PM
 AVERAGE    45

..........................................................


THE EUREKA AIRPORT NV CLIMATE NORMALS FOR TODAY
                         NORMAL    RECORD    YEAR
 MAXIMUM TEMPERATURE (F)   72        91      2010
 MINIMUM TEMPERATURE (F)   33        19      1995


SUNRISE AND SUNSET
SEPTEMBER 30 2016.....SUNRISE   640 AM PDT   SUNSET   627 PM PDT
OCTOBER  1 2016.......SUNRISE   641 AM PDT   SUNSET   625 PM PDT


-  INDICATES NEGATIVE NUMBERS.
R  INDICATES RECORD WAS SET OR TIED.
MM INDICATES DATA IS MISSING.
T  INDICATES TRACE AMOUNT.




$$
