000
CDUS43 KPAH 280633
CLIPAH


CLIMATE REPORT
NATIONAL WEATHER SERVICE PADUCAH KY
1229 AM CST WED JAN 28 2015


...................................

...THE PADUCAH KY CLIMATE SUMMARY FOR JANUARY 27 2015...

CLIMATE NORMAL PERIOD 1981 TO 2010
CLIMATE RECORD PERIOD 1937 TO 2015


WEATHER ITEM   OBSERVED TIME   RECORD YEAR NORMAL DEPARTURE LAST
                VALUE   (LST)  VALUE       VALUE  FROM      YEAR
                                                  NORMAL
..................................................................
TEMPERATURE (F)
 YESTERDAY
  MAXIMUM         45    311 PM  70    1947  44      1       46
  MINIMUM         28   1159 PM  -5    1940  26      2       14
  AVERAGE         37                        35      2       30

PRECIPITATION (IN)
  YESTERDAY        0.00          2.49 2009   0.12  -0.12     0.00
  MONTH TO DATE    2.56                      3.18  -0.62     1.95
  SINCE DEC 1      5.45                      7.77  -2.32    10.09
  SINCE JAN 1      2.56                      3.18  -0.62     1.95

SNOWFALL (IN)
  YESTERDAY        0.0           3.8  1985   0.1   -0.1      0.0
  MONTH TO DATE    0.5                       2.5   -2.0      1.1
  SINCE DEC 1      0.7                       4.7   -4.0      6.3
  SINCE JUL 1      3.5                       4.8   -1.3      6.3
  SNOW DEPTH       0

DEGREE DAYS
 HEATING
  YESTERDAY       28                        30     -2       35
  MONTH TO DATE  845                       827     18      913
  SINCE DEC 1   1591                      1681    -90     1771
  SINCE JUL 1   2528                      2458     70     2573

 COOLING
  YESTERDAY        0                         0      0        0
  MONTH TO DATE    0                         0      0        0
  SINCE DEC 1      0                         0      0        0
  SINCE JAN 1      0                         0      0        0
..................................................................


WIND (MPH)
  HIGHEST WIND SPEED    18   HIGHEST WIND DIRECTION     N (10)
  HIGHEST GUST SPEED    23   HIGHEST GUST DIRECTION     N (20)
  AVERAGE WIND SPEED     7.1


SKY COVER
  POSSIBLE SUNSHINE  MM
  AVERAGE SKY COVER 0.6


WEATHER CONDITIONS
 THE FOLLOWING WEATHER WAS RECORDED YESTERDAY.
  FOG
  HAZE


RELATIVE HUMIDITY (PERCENT)
 HIGHEST    89           500 AM
 LOWEST     57           400 PM
 AVERAGE    73

..........................................................


THE PADUCAH KY CLIMATE NORMALS FOR TODAY
                         NORMAL    RECORD    YEAR
 MAXIMUM TEMPERATURE (F)   44        71      1975
 MINIMUM TEMPERATURE (F)   26        -4      1963


SUNRISE AND SUNSET
JANUARY 28 2015.......SUNRISE   701 AM CST   SUNSET   515 PM CST
JANUARY 29 2015.......SUNRISE   700 AM CST   SUNSET   517 PM CST


-  INDICATES NEGATIVE NUMBERS.
R  INDICATES RECORD WAS SET OR TIED.
MM INDICATES DATA IS MISSING.
T  INDICATES TRACE AMOUNT.

&&
.........................................................
***** AGRICULTURAL DATA *****

SOIL TEMPERATURES AT A DEPTH OF FOUR INCHES

UNDER BARE GROUND...  MAX: MM  MIN: MM
UNDER GRASS.........  MAX: 39  MIN: 39


$$
