466
CDUS43 KPAH 230640
CLIPAH


CLIMATE REPORT
NATIONAL WEATHER SERVICE PADUCAH KY
1237 AM CST THU FEB 23 2017


...................................

...THE PADUCAH KY CLIMATE SUMMARY FOR FEBRUARY 22 2017...

CLIMATE NORMAL PERIOD 1981 TO 2010
CLIMATE RECORD PERIOD 1937 TO 2017


WEATHER ITEM   OBSERVED TIME   RECORD YEAR NORMAL DEPARTURE LAST
                VALUE   (LST)  VALUE       VALUE  FROM      YEAR
                                                  NORMAL
..................................................................
TEMPERATURE (F)
 YESTERDAY
  MAXIMUM         72R   333 PM  72    1992  51     21       53
  MINIMUM         56    434 AM  -3    1963  31     25       37
  AVERAGE         64                        41     23       45

PRECIPITATION (IN)
  YESTERDAY        0.02          1.45 2003   0.14  -0.12     0.00
  MONTH TO DATE    1.17                      3.08  -1.91     1.42
  SINCE DEC 1      9.68                     11.35  -1.67    11.39
  SINCE JAN 1      3.67                      6.76  -3.09     3.97

SNOWFALL (IN)
  YESTERDAY        0.0           T    2003   0.1   -0.1      0.0
                                      2002
                                      1989
  MONTH TO DATE    T                         2.7   -2.7      3.7
  SINCE DEC 1      0.2                       7.9   -7.7     12.1
  SINCE JUL 1      0.2                       8.0   -7.8     12.1
  SNOW DEPTH       0

DEGREE DAYS
 HEATING
  YESTERDAY        1                        24    -23       20
  MONTH TO DATE  388                       587   -199      542
  SINCE DEC 1   1908                      2383   -475     1971
  SINCE JUL 1   2409                      3160   -751     2515

 COOLING
  YESTERDAY        0                         0      0        0
  MONTH TO DATE    0                         0      0        0
  SINCE DEC 1      0                         0      0        6
  SINCE JAN 1      0                         0      0        0
..................................................................


WIND (MPH)
  HIGHEST WIND SPEED    12   HIGHEST WIND DIRECTION    SW (220)
  HIGHEST GUST SPEED    14   HIGHEST GUST DIRECTION    SW (220)
  AVERAGE WIND SPEED     3.4


SKY COVER
  POSSIBLE SUNSHINE  MM
  AVERAGE SKY COVER 0.6


WEATHER CONDITIONS
 THE FOLLOWING WEATHER WAS RECORDED YESTERDAY.
  LIGHT RAIN
  FOG


RELATIVE HUMIDITY (PERCENT)
 HIGHEST    93          1200 AM
 LOWEST     57           300 PM
 AVERAGE    75

..........................................................


THE PADUCAH KY CLIMATE NORMALS FOR TODAY
                         NORMAL    RECORD    YEAR
 MAXIMUM TEMPERATURE (F)   52        75      1982
 MINIMUM TEMPERATURE (F)   32        13      2015
                                             1968


SUNRISE AND SUNSET
FEBRUARY 23 2017......SUNRISE   634 AM CST   SUNSET   544 PM CST
FEBRUARY 24 2017......SUNRISE   632 AM CST   SUNSET   545 PM CST


-  INDICATES NEGATIVE NUMBERS.
R  INDICATES RECORD WAS SET OR TIED.
MM INDICATES DATA IS MISSING.
T  INDICATES TRACE AMOUNT.


.........................................................

***** AGRICULTURAL DATA *****

SOIL TEMPERATURES AT A DEPTH OF FOUR INCHES

UNDER GRASS...  MAX: 51    MIN: 48

$$
