000
CDUS44 KLZK 230636
CLIPBF


CLIMATE REPORT
NATIONAL WEATHER SERVICE LITTLE ROCK AR
1235 AM CST MON JAN 23 2017


...................................

...THE PINE BLUFF CLIMATE SUMMARY FOR JANUARY 22 2017...

CLIMATE NORMAL PERIOD 1981 TO 2010
CLIMATE RECORD PERIOD 1883 TO 2017


WEATHER ITEM   OBSERVED TIME   RECORD YEAR NORMAL DEPARTURE LAST
                VALUE   (LST)  VALUE       VALUE  FROM      YEAR
                                                  NORMAL
..................................................................
TEMPERATURE (F)
 YESTERDAY
  MAXIMUM         60   1201 PM  79    1921  52      8       41
  MINIMUM         51    237 AM   3    1918  33     18       31
  AVERAGE         56                        42     14       36

PRECIPITATION (IN)
  YESTERDAY        0.27          5.65 1906   0.12   0.15     0.07
  MONTH TO DATE    2.86                      2.64   0.22     1.93
  SINCE DEC 1      7.44                      8.08  -0.64     7.27
  SINCE JAN 1      2.86                      2.64   0.22     1.93

SNOWFALL (IN)
  YESTERDAY        0.0           4.0  1995   0.1   -0.1      3.5
  MONTH TO DATE    1.5                       1.2    0.3      3.6
  SINCE DEC 1      1.5                       1.4    0.1      3.6
  SINCE JUL 1      1.5                       1.4    0.1      3.6
  SNOW DEPTH       0

DEGREE DAYS
 HEATING
  YESTERDAY        9                        23    -14       29
  MONTH TO DATE  367                       506   -139      540
  SINCE DEC 1    978                      1155   -177      943
  SINCE JUL 1   1275                      1659   -384     1282

 COOLING
  YESTERDAY        0                         0      0        0
  MONTH TO DATE    5                         0      5        0
  SINCE DEC 1     10                         1      9       10
  SINCE JAN 1      5                         0      5        0
..................................................................


WIND (MPH)
  HIGHEST WIND SPEED    29   HIGHEST WIND DIRECTION    NW (330)
  HIGHEST GUST SPEED    37   HIGHEST GUST DIRECTION    NW (320)
  AVERAGE WIND SPEED    10.6


SKY COVER
  POSSIBLE SUNSHINE  MM
  AVERAGE SKY COVER 0.9


WEATHER CONDITIONS
 THE FOLLOWING WEATHER WAS RECORDED YESTERDAY.
  THUNDERSTORM
  RAIN
  LIGHT RAIN
  FOG
  FOG W/VISIBILITY <= 1/4 MILE


RELATIVE HUMIDITY (PERCENT)
 HIGHEST   100           200 AM
 LOWEST     72          1200 PM
 AVERAGE    86

..........................................................


THE PINE BLUFF CLIMATE NORMALS FOR TODAY
                         NORMAL    RECORD    YEAR
 MAXIMUM TEMPERATURE (F)   52        82      1943
 MINIMUM TEMPERATURE (F)   33         2      1918


SUNRISE AND SUNSET
JANUARY 23 2017.......SUNRISE   710 AM CST   SUNSET   529 PM CST
JANUARY 24 2017.......SUNRISE   710 AM CST   SUNSET   530 PM CST


-  INDICATES NEGATIVE NUMBERS.
R  INDICATES RECORD WAS SET OR TIED.
MM INDICATES DATA IS MISSING.
T  INDICATES TRACE AMOUNT.




$$
