000
CDUS44 KLZK 230652
CLIPBF


CLIMATE REPORT
NATIONAL WEATHER SERVICE LITTLE ROCK AR
1251 AM CST FRI FEB 23 2018


...................................

...THE PINE BLUFF CLIMATE SUMMARY FOR FEBRUARY 22 2018...

CLIMATE NORMAL PERIOD 1981 TO 2010
CLIMATE RECORD PERIOD 1883 TO 2018


WEATHER ITEM   OBSERVED TIME   RECORD YEAR NORMAL DEPARTURE LAST
                VALUE   (LST)  VALUE       VALUE  FROM      YEAR
                                                  NORMAL
..................................................................
TEMPERATURE (F)
 YESTERDAY
  MAXIMUM         49   1158 PM  82    1980  58     -9       63
  MINIMUM         39    753 AM  16    1963  38      1       50
  AVERAGE         44                        48     -4       57

PRECIPITATION (IN)
  YESTERDAY        0.53          2.02 1994   0.16   0.37     0.00
  MONTH TO DATE   11.26                      3.06   8.20     2.38
  SINCE DEC 1     22.35                     12.26  10.09     9.83
  SINCE JAN 1     14.07                      6.82   7.25     5.25

SNOWFALL (IN)
  YESTERDAY        0.0           1.6  1901   0.0    0.0      0.0
  MONTH TO DATE    0.0                       0.6   -0.6      0.0
  SINCE DEC 1      4.1                       3.1    1.0      1.5
  SINCE JUL 1      4.1                       3.1    1.0      1.5
  SNOW DEPTH       0

DEGREE DAYS
 HEATING
  YESTERDAY       21                        17      4        8
  MONTH TO DATE  412                       430    -18      248
  SINCE DEC 1   1901                      1784    117     1360
  SINCE JUL 1   2364                      2288     76     1657

 COOLING
  YESTERDAY        0                         0      0        0
  MONTH TO DATE   15                         0     15       12
  SINCE DEC 1     15                         2     13       22
  SINCE JAN 1     15                         1     14       17
..................................................................


WIND (MPH)
  HIGHEST WIND SPEED    22   HIGHEST WIND DIRECTION     E (90)
  HIGHEST GUST SPEED    29   HIGHEST GUST DIRECTION     E (100)
  AVERAGE WIND SPEED     7.8


SKY COVER
  POSSIBLE SUNSHINE  MM
  AVERAGE SKY COVER 1.0


WEATHER CONDITIONS
 THE FOLLOWING WEATHER WAS RECORDED YESTERDAY.
  THUNDERSTORM
  HEAVY RAIN
  RAIN
  LIGHT RAIN
  FOG
  HAZE


RELATIVE HUMIDITY (PERCENT)
 HIGHEST   100           600 AM
 LOWEST     92          1200 PM
 AVERAGE    96

..........................................................


THE PINE BLUFF CLIMATE NORMALS FOR TODAY
                         NORMAL    RECORD    YEAR
 MAXIMUM TEMPERATURE (F)   58        84      1930
 MINIMUM TEMPERATURE (F)   38        19      1989
                                             1978
                                             1901


SUNRISE AND SUNSET
FEBRUARY 23 2018......SUNRISE   644 AM CST   SUNSET   559 PM CST
FEBRUARY 24 2018......SUNRISE   643 AM CST   SUNSET   600 PM CST


-  INDICATES NEGATIVE NUMBERS.
R  INDICATES RECORD WAS SET OR TIED.
MM INDICATES DATA IS MISSING.
T  INDICATES TRACE AMOUNT.




$$
