000
CDUS44 KLZK 160926
CLIPBF


CLIMATE REPORT
NATIONAL WEATHER SERVICE LITTLE ROCK AR
426 AM CDT WED APR 16 2014


...................................

...THE PINE BLUFF CLIMATE SUMMARY FOR APRIL 15 2014...

CLIMATE NORMAL PERIOD 1981 TO 2010
CLIMATE RECORD PERIOD 1883 TO 2014


WEATHER ITEM   OBSERVED TIME   RECORD YEAR NORMAL DEPARTURE LAST
                VALUE   (LST)  VALUE       VALUE  FROM      YEAR
                                                  NORMAL
..................................................................
TEMPERATURE (F)
 YESTERDAY
  MAXIMUM         54    343 PM  94    1924  74    -20       84
  MINIMUM         36    549 AM  33    1980  52    -16       59
  AVERAGE         45                        63    -18       72

PRECIPITATION (IN)
  YESTERDAY        0.00          4.20 1927   0.17  -0.17     0.00
  MONTH TO DATE    3.55                      2.44   1.11     3.17
  SINCE MAR 1      8.01                      7.84   0.17     6.99
  SINCE JAN 1     13.44                     15.66  -2.22    18.30

SNOWFALL (IN)
  YESTERDAY        0.0           T    1928   0.0    0.0      0.0
  MONTH TO DATE    0.0                       0.0    0.0      0.0
  SINCE MAR 1      T                         0.0    0.0      0.0
  SINCE JUL 1      3.7                       3.1    0.6      2.1
  SNOW DEPTH       0

DEGREE DAYS
 HEATING
  YESTERDAY       20                         4     16        0
  MONTH TO DATE  107                        87     20      114
  SINCE MAR 1    591                       434    157      608
  SINCE JUL 1   3360                      2822    538     2819

 COOLING
  YESTERDAY        0                         2     -2        7
  MONTH TO DATE   22                        24     -2       20
  SINCE MAR 1     22                        41    -19       23
  SINCE JAN 1     22                        44    -22       28
..................................................................


WIND (MPH)
  HIGHEST WIND SPEED    18   HIGHEST WIND DIRECTION     N (340)
  HIGHEST GUST SPEED    26   HIGHEST GUST DIRECTION     N (340)
  AVERAGE WIND SPEED     8.7


SKY COVER
  POSSIBLE SUNSHINE  MM
  AVERAGE SKY COVER 0.1


WEATHER CONDITIONS
 THE FOLLOWING WEATHER WAS RECORDED YESTERDAY.
  NO SIGNIFICANT WEATHER WAS OBSERVED.


RELATIVE HUMIDITY (PERCENT)
 HIGHEST    76           900 PM
 LOWEST     44           300 PM
 AVERAGE    60

..........................................................


THE PINE BLUFF CLIMATE NORMALS FOR TODAY
                         NORMAL    RECORD    YEAR
 MAXIMUM TEMPERATURE (F)   74        92      1924
 MINIMUM TEMPERATURE (F)   52        32      1928


SUNRISE AND SUNSET
APRIL 16 2014.........SUNRISE   635 AM CDT   SUNSET   740 PM CDT
APRIL 17 2014.........SUNRISE   634 AM CDT   SUNSET   741 PM CDT


-  INDICATES NEGATIVE NUMBERS.
R  INDICATES RECORD WAS SET OR TIED.
MM INDICATES DATA IS MISSING.
T  INDICATES TRACE AMOUNT.




$$
