659
CDUS44 KLZK 140653
CLIPBF


CLIMATE REPORT
NATIONAL WEATHER SERVICE LITTLE ROCK AR
1250 AM CST THU DEC 14 2017


...................................

...THE PINE BLUFF CLIMATE SUMMARY FOR DECEMBER 13 2017...

CLIMATE NORMAL PERIOD 1981 TO 2010
CLIMATE RECORD PERIOD 1883 TO 2017


WEATHER ITEM   OBSERVED TIME   RECORD YEAR NORMAL DEPARTURE LAST
                VALUE   (LST)  VALUE       VALUE  FROM      YEAR
                                                  NORMAL
..................................................................
TEMPERATURE (F)
 YESTERDAY
  MAXIMUM         64    356 PM  79    1948  54     10       55
  MINIMUM         25    650 AM  11    1962  35    -10       41
                                      1958
  AVERAGE         45                        44      1       48

PRECIPITATION (IN)
  YESTERDAY        0.00          2.60 1892   0.18  -0.18      T
  MONTH TO DATE    1.06                      2.46  -1.40     1.44
  SINCE DEC 1      1.06                      2.46  -1.40     1.44
  SINCE JAN 1     43.58                     48.17  -4.59    51.24

SNOWFALL (IN)
  YESTERDAY        0.0           2.0  1914   0.0    0.0      0.0
  MONTH TO DATE    0.0                       0.0    0.0      0.0
  SINCE DEC 1      0.0                       0.0    0.0      0.0
  SINCE JUL 1      0.0                       0.0    0.0      0.0
  SNOW DEPTH       0

DEGREE DAYS
 HEATING
  YESTERDAY       20                        21     -1       17
  MONTH TO DATE  234                       251    -17      271
  SINCE DEC 1    234                       251    -17      271
  SINCE JUL 1    697                       755    -58      568

 COOLING
  YESTERDAY        0                         0      0        0
  MONTH TO DATE    0                         0      0        0
  SINCE DEC 1      0                         0      0        0
  SINCE JAN 1   2094                      2131    -37     2328
..................................................................


WIND (MPH)
  HIGHEST WIND SPEED    24   HIGHEST WIND DIRECTION    SW (220)
  HIGHEST GUST SPEED    29   HIGHEST GUST DIRECTION    SW (230)
  AVERAGE WIND SPEED     7.6


SKY COVER
  POSSIBLE SUNSHINE  MM
  AVERAGE SKY COVER 0.0


WEATHER CONDITIONS
 THE FOLLOWING WEATHER WAS RECORDED YESTERDAY.
  HAZE


RELATIVE HUMIDITY (PERCENT)
 HIGHEST    88           500 AM
 LOWEST     20           200 PM
 AVERAGE    54

..........................................................


THE PINE BLUFF CLIMATE NORMALS FOR TODAY
                         NORMAL    RECORD    YEAR
 MAXIMUM TEMPERATURE (F)   53        79      1908
 MINIMUM TEMPERATURE (F)   35         8      1958


SUNRISE AND SUNSET
DECEMBER 14 2017......SUNRISE   706 AM CST   SUNSET   459 PM CST
DECEMBER 15 2017......SUNRISE   706 AM CST   SUNSET   500 PM CST


-  INDICATES NEGATIVE NUMBERS.
R  INDICATES RECORD WAS SET OR TIED.
MM INDICATES DATA IS MISSING.
T  INDICATES TRACE AMOUNT.




$$
