000
CDUS44 KLZK 130635
CLIPBF


CLIMATE REPORT
NATIONAL WEATHER SERVICE LITTLE ROCK AR
1235 AM CST SAT FEB 13 2016


...................................

...THE PINE BLUFF CLIMATE SUMMARY FOR FEBRUARY 12 2016...

CLIMATE NORMAL PERIOD 1981 TO 2010
CLIMATE RECORD PERIOD 1883 TO 2016


WEATHER ITEM   OBSERVED TIME   RECORD YEAR NORMAL DEPARTURE LAST
                VALUE   (LST)  VALUE       VALUE  FROM      YEAR
                                                  NORMAL
..................................................................
TEMPERATURE (F)
 YESTERDAY
  MAXIMUM         60    307 PM  82    1962  55      5       45
  MINIMUM         31    653 AM  -5    1899  36     -5       30
  AVERAGE         46                        45      1       38

PRECIPITATION (IN)
  YESTERDAY        0.00          2.22 1948   0.13  -0.13     0.00
  MONTH TO DATE    0.00                      1.59  -1.59     0.58
  SINCE DEC 1      7.27                     10.79  -3.52     5.39
  SINCE JAN 1      1.93                      5.35  -3.42     4.19

SNOWFALL (IN)
  YESTERDAY        0.0           2.0  1985   0.0    0.0      0.0
  MONTH TO DATE    0.0                       0.5   -0.5      0.0
  SINCE DEC 1      3.6                       3.0    0.6       T
  SINCE JUL 1      3.6                       3.0    0.6      0.1
  SNOW DEPTH       0

DEGREE DAYS
 HEATING
  YESTERDAY       19                        20     -1       27
  MONTH TO DATE  235                       248    -13      265
  SINCE DEC 1   1339                      1602   -263     1625
  SINCE JUL 1   1678                      2106   -428     2229

 COOLING
  YESTERDAY        0                         0      0        0
  MONTH TO DATE    0                         0      0        0
  SINCE DEC 1     12                         2     10        0
  SINCE JAN 1      2                         1      1        0
..................................................................


WIND (MPH)
  HIGHEST WIND SPEED    18   HIGHEST WIND DIRECTION     N (20)
  HIGHEST GUST SPEED    23   HIGHEST GUST DIRECTION     N (20)
  AVERAGE WIND SPEED     5.3


SKY COVER
  POSSIBLE SUNSHINE  MM
  AVERAGE SKY COVER 0.0


WEATHER CONDITIONS
 THE FOLLOWING WEATHER WAS RECORDED YESTERDAY.
  NO SIGNIFICANT WEATHER WAS OBSERVED.


RELATIVE HUMIDITY (PERCENT)
 HIGHEST    85           700 AM
 LOWEST     33           300 PM
 AVERAGE    59

..........................................................


THE PINE BLUFF CLIMATE NORMALS FOR TODAY
                         NORMAL    RECORD    YEAR
 MAXIMUM TEMPERATURE (F)   55        90      1918
 MINIMUM TEMPERATURE (F)   36        -2      1899


SUNRISE AND SUNSET
FEBRUARY 13 2016......SUNRISE   655 AM CST   SUNSET   549 PM CST
FEBRUARY 14 2016......SUNRISE   654 AM CST   SUNSET   550 PM CST


-  INDICATES NEGATIVE NUMBERS.
R  INDICATES RECORD WAS SET OR TIED.
MM INDICATES DATA IS MISSING.
T  INDICATES TRACE AMOUNT.




$$
