000
CDUS44 KLZK 310910
CLIPBF


CLIMATE REPORT
NATIONAL WEATHER SERVICE LITTLE ROCK AR
410 AM CDT MON AUG 31 2015


...................................

...THE PINE BLUFF CLIMATE SUMMARY FOR AUGUST 30 2015...

CLIMATE NORMAL PERIOD 1981 TO 2010
CLIMATE RECORD PERIOD 1883 TO 2015


WEATHER ITEM   OBSERVED TIME   RECORD YEAR NORMAL DEPARTURE LAST
                VALUE   (LST)  VALUE       VALUE  FROM      YEAR
                                                  NORMAL
..................................................................
TEMPERATURE (F)
 YESTERDAY
  MAXIMUM         94    226 PM 106    2000  90      4       80
                                      1943
  MINIMUM         66    612 AM  54    1906  68     -2       74
  AVERAGE         80                        79      1       77

PRECIPITATION (IN)
  YESTERDAY        0.00          3.78 2012   0.06  -0.06     0.14
  MONTH TO DATE    1.96                      2.41  -0.45     2.26
  SINCE JUN 1      6.66                      9.92  -3.26     7.64
  SINCE JAN 1     34.31                     33.12   1.19    29.91

SNOWFALL (IN)
  YESTERDAY        0.0          MM      MM   0.0    0.0      0.0
  MONTH TO DATE    0.0                       0.0    0.0      0.0
  SINCE JUN 1      0.0                       0.0    0.0      0.0
  SINCE JUL 1      0.0                       0.0    0.0      0.0
  SNOW DEPTH       0

DEGREE DAYS
 HEATING
  YESTERDAY        0                         0      0        0
  MONTH TO DATE    0                         0      0        0
  SINCE JUN 1      0                         0      0        1
  SINCE JUL 1      0                         0      0        1

 COOLING
  YESTERDAY       15                        14      1       12
  MONTH TO DATE  462                       487    -25      444
  SINCE JUN 1   1502                      1437     65     1223
  SINCE JAN 1   1831                      1744     87     1486
..................................................................


WIND (MPH)
  HIGHEST WIND SPEED    13   HIGHEST WIND DIRECTION     W (280)
  HIGHEST GUST SPEED    15   HIGHEST GUST DIRECTION     W (280)
  AVERAGE WIND SPEED     3.7


SKY COVER
  POSSIBLE SUNSHINE  MM
  AVERAGE SKY COVER 0.1


WEATHER CONDITIONS
 THE FOLLOWING WEATHER WAS RECORDED YESTERDAY.
  THUNDERSTORM
  FOG


RELATIVE HUMIDITY (PERCENT)
 HIGHEST   100           500 AM
 LOWEST     36           100 PM
 AVERAGE    68

..........................................................


THE PINE BLUFF CLIMATE NORMALS FOR TODAY
                         NORMAL    RECORD    YEAR
 MAXIMUM TEMPERATURE (F)   90       106      2000
                                             1951
                                             1943
 MINIMUM TEMPERATURE (F)   68        55      1946


SUNRISE AND SUNSET
AUGUST 31 2015........SUNRISE   640 AM CDT   SUNSET   735 PM CDT
SEPTEMBER  1 2015.....SUNRISE   641 AM CDT   SUNSET   734 PM CDT


-  INDICATES NEGATIVE NUMBERS.
R  INDICATES RECORD WAS SET OR TIED.
MM INDICATES DATA IS MISSING.
T  INDICATES TRACE AMOUNT.




$$
