000
CDUS44 KLZK 211003
CLIPBF


CLIMATE REPORT
NATIONAL WEATHER SERVICE LITTLE ROCK AR
402 AM CST SUN DEC 21 2014


...................................

...THE PINE BLUFF CLIMATE SUMMARY FOR DECEMBER 20 2014...

CLIMATE NORMAL PERIOD 1981 TO 2010
CLIMATE RECORD PERIOD 1883 TO 2014


WEATHER ITEM   OBSERVED TIME   RECORD YEAR NORMAL DEPARTURE LAST
                VALUE   (LST)  VALUE       VALUE  FROM      YEAR
                                                  NORMAL
..................................................................
TEMPERATURE (F)
 YESTERDAY
  MAXIMUM         51    201 PM  76    1978  52     -1       73
  MINIMUM         35   1129 PM   5    1901  34      1       62
  AVERAGE         43                        43      0       68

PRECIPITATION (IN)
  YESTERDAY        0.00          1.74 2007   0.17  -0.17     0.07
  MONTH TO DATE    0.80                      3.66  -2.86     2.79
  SINCE DEC 1      0.80                      3.66  -2.86     2.79
  SINCE JAN 1     41.01                     49.37  -8.36    47.72

SNOWFALL (IN)
  YESTERDAY        0.0           0.5  1983   0.0    0.0      0.0
  MONTH TO DATE    0.0                       0.1   -0.1      0.2
  SINCE DEC 1      0.0                       0.1   -0.1      0.2
  SINCE JUL 1      0.1                       0.1    0.0      0.2
  SNOW DEPTH       0

DEGREE DAYS
 HEATING
  YESTERDAY       22                        22      0        0
  MONTH TO DATE  362                       401    -39      414
  SINCE DEC 1    362                       401    -39      414
  SINCE JUL 1    966                       905     61     1014

 COOLING
  YESTERDAY        0                         0      0        3
  MONTH TO DATE    0                         0      0        3
  SINCE DEC 1      0                         0      0        3
  SINCE JAN 1   1901                      2131   -230     2151
..................................................................


WIND (MPH)
  HIGHEST WIND SPEED     9   HIGHEST WIND DIRECTION    NE (40)
  HIGHEST GUST SPEED    13   HIGHEST GUST DIRECTION    NE (60)
  AVERAGE WIND SPEED     4.8


SKY COVER
  POSSIBLE SUNSHINE  MM
  AVERAGE SKY COVER 0.6


WEATHER CONDITIONS
 THE FOLLOWING WEATHER WAS RECORDED YESTERDAY.
  FOG


RELATIVE HUMIDITY (PERCENT)
 HIGHEST    92           200 AM
 LOWEST     56           200 PM
 AVERAGE    74

..........................................................


THE PINE BLUFF CLIMATE NORMALS FOR TODAY
                         NORMAL    RECORD    YEAR
 MAXIMUM TEMPERATURE (F)   52        76      1918
 MINIMUM TEMPERATURE (F)   34         6      1901


SUNRISE AND SUNSET
DECEMBER 21 2014......SUNRISE   710 AM CST   SUNSET   502 PM CST
DECEMBER 22 2014......SUNRISE   710 AM CST   SUNSET   503 PM CST


-  INDICATES NEGATIVE NUMBERS.
R  INDICATES RECORD WAS SET OR TIED.
MM INDICATES DATA IS MISSING.
T  INDICATES TRACE AMOUNT.




$$
