000
CDUS44 KLZK 240652
CLIPBF


CLIMATE REPORT
NATIONAL WEATHER SERVICE LITTLE ROCK AR
152 AM CDT MON APR 24 2017


...................................

...THE PINE BLUFF CLIMATE SUMMARY FOR APRIL 23 2017...

CLIMATE NORMAL PERIOD 1981 TO 2010
CLIMATE RECORD PERIOD 1883 TO 2017


WEATHER ITEM   OBSERVED TIME   RECORD YEAR NORMAL DEPARTURE LAST
                VALUE   (LST)  VALUE       VALUE  FROM      YEAR
                                                  NORMAL
..................................................................
TEMPERATURE (F)
 YESTERDAY
  MAXIMUM         69    517 PM  96    1905  76     -7       81
  MINIMUM         50   1159 PM  38    1931  54     -4       54
  AVERAGE         60                        65     -5       68

PRECIPITATION (IN)
  YESTERDAY        T             4.05 1941   0.17  -0.17     0.00
  MONTH TO DATE    4.07                      3.78   0.29     1.95
  SINCE MAR 1      7.17                      9.18  -2.01    17.63
  SINCE JAN 1     13.47                     17.00  -3.53    23.68

SNOWFALL (IN)
  YESTERDAY        0.0          MM      MM   0.0    0.0      0.0
  MONTH TO DATE    0.0                       0.0    0.0      0.0
  SINCE MAR 1      0.0                       0.0    0.0      0.0
  SINCE JUL 1      1.5                       3.1   -1.6      3.6
  SNOW DEPTH       0

DEGREE DAYS
 HEATING
  YESTERDAY        5                         3      2        0
  MONTH TO DATE   42                       114    -72       73
  SINCE MAR 1    289                       461   -172      299
  SINCE JUL 1   2000                      2849   -849     2206

 COOLING
  YESTERDAY        0                         3     -3        3
  MONTH TO DATE   80                        43     37       23
  SINCE MAR 1    116                        60     56       44
  SINCE JAN 1    137                        63     74       48
..................................................................


WIND (MPH)
  HIGHEST WIND SPEED    22   HIGHEST WIND DIRECTION    NW (320)
  HIGHEST GUST SPEED    27   HIGHEST GUST DIRECTION     N (340)
  AVERAGE WIND SPEED     9.0


SKY COVER
  POSSIBLE SUNSHINE  MM
  AVERAGE SKY COVER 0.3


WEATHER CONDITIONS
 THE FOLLOWING WEATHER WAS RECORDED YESTERDAY.
  LIGHT RAIN


RELATIVE HUMIDITY (PERCENT)
 HIGHEST    96          1100 PM
 LOWEST     37           400 PM
 AVERAGE    67

..........................................................


THE PINE BLUFF CLIMATE NORMALS FOR TODAY
                         NORMAL    RECORD    YEAR
 MAXIMUM TEMPERATURE (F)   76        90      1965
                                             2002
 MINIMUM TEMPERATURE (F)   54        41      1982
                                             1951
                                             1910


SUNRISE AND SUNSET
APRIL 24 2017.........SUNRISE   626 AM CDT   SUNSET   747 PM CDT
APRIL 25 2017.........SUNRISE   624 AM CDT   SUNSET   747 PM CDT


-  INDICATES NEGATIVE NUMBERS.
R  INDICATES RECORD WAS SET OR TIED.
MM INDICATES DATA IS MISSING.
T  INDICATES TRACE AMOUNT.




$$
