000
CDUS42 KMFL 230830
CLIPBI


CLIMATE REPORT
NATIONAL WEATHER SERVICE MIAMI, FL
429 AM EDT SUN APR 23 2017


...................................

...THE WEST PALM BEACH CLIMATE SUMMARY FOR APRIL 22 2017...

CLIMATE NORMAL PERIOD 1981 TO 2010
CLIMATE RECORD PERIOD 1888 TO 2017


WEATHER ITEM   OBSERVED TIME   RECORD YEAR NORMAL DEPARTURE LAST
                VALUE   (LST)  VALUE       VALUE  FROM      YEAR
                                                  NORMAL
..................................................................
TEMPERATURE (F)
 YESTERDAY
  MAXIMUM         84   1253 PM  93    1988  83      1       84
  MINIMUM         74    340 AM  46    1901  67      7       75
  AVERAGE         79                        75      4       80

PRECIPITATION (IN)
  YESTERDAY        0.00          2.22 1954   0.12  -0.12     0.00
  MONTH TO DATE    0.11                      2.82  -2.71     0.57
  SINCE NOV 1      9.64                     21.49 -11.85    25.95
  SINCE JAN 1      5.17                     13.36  -8.19    15.55

SNOWFALL (IN)
  YESTERDAY        0.0
  MONTH TO DATE    0.0
  SINCE MAR 1      0.0
  SINCE JUL 1      0.0
  SNOW DEPTH       0

DEGREE DAYS
 HEATING
  YESTERDAY        0                         0      0        0
  MONTH TO DATE    0                         0      0        0
  SINCE MAR 1     16                        24     -8        2
  SINCE JUL 1     68                       229   -161      135

 COOLING
  YESTERDAY       14                        10      4       15
  MONTH TO DATE  242                       183     59      231
  SINCE MAR 1    436                       376     60      546
  SINCE JAN 1    776                       611    165      748
..................................................................


WIND (MPH)
  HIGHEST WIND SPEED    22   HIGHEST WIND DIRECTION    SE (140)
  HIGHEST GUST SPEED    28   HIGHEST GUST DIRECTION    SE (140)
  AVERAGE WIND SPEED    15.0


SKY COVER
  AVERAGE SKY COVER 0.7


WEATHER CONDITIONS
 THE FOLLOWING WEATHER WAS RECORDED YESTERDAY.
  NO SIGNIFICANT WEATHER WAS OBSERVED.


RELATIVE HUMIDITY (PERCENT)
 HIGHEST    79
 LOWEST     48
 AVERAGE    64

..........................................................


THE WEST PALM BEACH CLIMATE NORMALS FOR TODAY
                         NORMAL    RECORD    YEAR
 MAXIMUM TEMPERATURE (F)   83        95      1971
 MINIMUM TEMPERATURE (F)   67        47      1910


SUNRISE AND SUNSET
APRIL 23 2017.........SUNRISE   649 AM EDT   SUNSET   749 PM EDT
APRIL 24 2017.........SUNRISE   648 AM EDT   SUNSET   749 PM EDT


-  INDICATES NEGATIVE NUMBERS.
R  INDICATES RECORD WAS SET OR TIED.
MM INDICATES DATA IS MISSING.
T  INDICATES TRACE AMOUNT.




$$
