000
CDUS42 KMFL 230830
CLIPBI


CLIMATE REPORT
NATIONAL WEATHER SERVICE MIAMI, FL
430 AM EDT THU OCT 23 2014


...................................

...THE WEST PALM BEACH CLIMATE SUMMARY FOR OCTOBER 22 2014...

CLIMATE NORMAL PERIOD 1981 TO 2010
CLIMATE RECORD PERIOD 1894 TO 2014


WEATHER ITEM   OBSERVED TIME   RECORD YEAR NORMAL DEPARTURE LAST
                VALUE   (LST)  VALUE       VALUE  FROM      YEAR
                                                  NORMAL
..................................................................
TEMPERATURE (F)
 YESTERDAY
  MAXIMUM         83    230 PM  91    1941  84     -1       90
  MINIMUM         69    626 AM  53    1961  71     -2       77
  AVERAGE         76                        77     -1       84

PRECIPITATION (IN)
  YESTERDAY        T             2.45 1915   0.15  -0.15     0.01
  MONTH TO DATE    4.46                      3.78   0.68     1.13
  SINCE JUN 1     39.02                     34.14   4.88    32.90
  SINCE JAN 1     56.74                     52.85   3.89    57.85

SNOWFALL (IN)
  YESTERDAY        0.0
  MONTH TO DATE    0.0
  SINCE SEP 1      0.0
  SINCE JUL 1      0.0
  SNOW DEPTH       0

DEGREE DAYS
 HEATING
  YESTERDAY        0                         0      0
  MONTH TO DATE    0                         0      0
  SINCE SEP 1      0                         0      0
  SINCE JUL 1      0                         0      0

 COOLING
  YESTERDAY       11                        12     -1
  MONTH TO DATE  322                       311     11
  SINCE SEP 1    834                       813     21
  SINCE JAN 1   3842                      3519    323
..................................................................


WIND (MPH)
  HIGHEST WIND SPEED    10   HIGHEST WIND DIRECTION    NE (40)
  HIGHEST GUST SPEED    13   HIGHEST GUST DIRECTION    NE (50)
  AVERAGE WIND SPEED     4.1


SKY COVER
  AVERAGE SKY COVER 0.8


WEATHER CONDITIONS
 THE FOLLOWING WEATHER WAS RECORDED YESTERDAY.
  LIGHT RAIN


RELATIVE HUMIDITY (PERCENT)
 HIGHEST   100
 LOWEST     65
 AVERAGE    83

..........................................................


THE WEST PALM BEACH CLIMATE NORMALS FOR TODAY
                         NORMAL    RECORD    YEAR
 MAXIMUM TEMPERATURE (F)   84        92      1959
 MINIMUM TEMPERATURE (F)   70        47      1923


SUNRISE AND SUNSET
OCTOBER 23 2014.......SUNRISE   724 AM EDT   SUNSET   645 PM EDT
OCTOBER 24 2014.......SUNRISE   725 AM EDT   SUNSET   644 PM EDT


-  INDICATES NEGATIVE NUMBERS.
R  INDICATES RECORD WAS SET OR TIED.
MM INDICATES DATA IS MISSING.
T  INDICATES TRACE AMOUNT.




$$
