000
CDUS42 KMFL 070928
CLIPBI


CLIMATE REPORT
NATIONAL WEATHER SERVICE MIAMI, FL
428 AM EST WED DEC 7 2016


...................................

...THE WEST PALM BEACH CLIMATE SUMMARY FOR DECEMBER 6 2016...

CLIMATE NORMAL PERIOD 1981 TO 2010
CLIMATE RECORD PERIOD 1888 TO 2016


WEATHER ITEM   OBSERVED TIME   RECORD YEAR NORMAL DEPARTURE LAST
                VALUE   (LST)  VALUE       VALUE  FROM      YEAR
                                                  NORMAL
..................................................................
TEMPERATURE (F)
 YESTERDAY
  MAXIMUM         87R   102 PM  87    1972  77     10       81
  MINIMUM         74   1159 PM  41    1968  62     12       72
  AVERAGE         81                        70     11       77

PRECIPITATION (IN)
  YESTERDAY        T             3.97 1986   0.10  -0.10     0.09
  MONTH TO DATE    0.44                      0.66  -0.22     5.07
  SINCE NOV 1      1.44                      5.41  -3.97     8.13
  SINCE JAN 1     48.05                     59.61 -11.56    48.35

SNOWFALL (IN)
  YESTERDAY        0.0
  MONTH TO DATE    0.0
  SINCE DEC 1      0.0
  SINCE JUL 1      0.0
  SNOW DEPTH       0

DEGREE DAYS
 HEATING
  YESTERDAY        0                         1     -1        0
  MONTH TO DATE    0                         6     -6        0
  SINCE DEC 1      0                         6     -6        0
  SINCE JUL 1      1                        18    -17        0

 COOLING
  YESTERDAY       16                         6     10       12
  MONTH TO DATE   78                        36     42       63
  SINCE DEC 1     78                        36     42       63
  SINCE JAN 1   4484                      3902    582     4652
..................................................................


WIND (MPH)
  HIGHEST WIND SPEED    23   HIGHEST WIND DIRECTION    SW (210)
  HIGHEST GUST SPEED    29   HIGHEST GUST DIRECTION    SW (210)
  AVERAGE WIND SPEED    12.3


SKY COVER
  AVERAGE SKY COVER 0.6


WEATHER CONDITIONS
 THE FOLLOWING WEATHER WAS RECORDED YESTERDAY.
  NO SIGNIFICANT WEATHER WAS OBSERVED.


RELATIVE HUMIDITY (PERCENT)
 HIGHEST    94
 LOWEST     57
 AVERAGE    76

..........................................................


THE WEST PALM BEACH CLIMATE NORMALS FOR TODAY
                         NORMAL    RECORD    YEAR
 MAXIMUM TEMPERATURE (F)   77        86      1942
 MINIMUM TEMPERATURE (F)   62        36      2010
                                             1937


SUNRISE AND SUNSET
DECEMBER  7 2016......SUNRISE   656 AM EST   SUNSET   528 PM EST
DECEMBER  8 2016......SUNRISE   657 AM EST   SUNSET   528 PM EST


-  INDICATES NEGATIVE NUMBERS.
R  INDICATES RECORD WAS SET OR TIED.
MM INDICATES DATA IS MISSING.
T  INDICATES TRACE AMOUNT.




$$
