000
CDUS42 KMFL 140929
CLIPBI


CLIMATE REPORT
NATIONAL WEATHER SERVICE MIAMI, FL
428 AM EST THU DEC 14 2017


...................................

...THE WEST PALM BEACH CLIMATE SUMMARY FOR DECEMBER 13 2017...

CLIMATE NORMAL PERIOD 1981 TO 2010
CLIMATE RECORD PERIOD 1888 TO 2017


WEATHER ITEM   OBSERVED TIME   RECORD YEAR NORMAL DEPARTURE LAST
                VALUE   (LST)  VALUE       VALUE  FROM      YEAR
                                                  NORMAL
..................................................................
TEMPERATURE (F)
 YESTERDAY
  MAXIMUM         67    313 PM  87    1941  77    -10       83
  MINIMUM         48   1156 PM  30    1962  61    -13       65
  AVERAGE         58                        68    -10       74

PRECIPITATION (IN)
  YESTERDAY        0.00          2.17 1935   0.11  -0.11     0.00
  MONTH TO DATE    0.63                      1.38  -0.75     2.31
  SINCE NOV 1      3.32                      6.13  -2.81     3.31
  SINCE JAN 1     59.01                     60.33  -1.32    49.92

SNOWFALL (IN)
  YESTERDAY        0.0
  MONTH TO DATE    0.0
  SINCE DEC 1      0.0
  SINCE JUL 1      0.0
  SNOW DEPTH       0

DEGREE DAYS
 HEATING
  YESTERDAY        7                         2      5        0
  MONTH TO DATE   34                        16     18        0
  SINCE DEC 1     34                        16     18        0
  SINCE JUL 1     38                        28     10        1

 COOLING
  YESTERDAY        0                         5     -5        9
  MONTH TO DATE   82                        74      8      133
  SINCE DEC 1     82                        74      8      133
  SINCE JAN 1   4457                      3940    517     4539
..................................................................


WIND (MPH)
  HIGHEST WIND SPEED    16   HIGHEST WIND DIRECTION    NW (330)
  HIGHEST GUST SPEED    22   HIGHEST GUST DIRECTION    NW (310)
  AVERAGE WIND SPEED     8.3


SKY COVER
  AVERAGE SKY COVER 0.1


WEATHER CONDITIONS
 THE FOLLOWING WEATHER WAS RECORDED YESTERDAY.
  NO SIGNIFICANT WEATHER WAS OBSERVED.


RELATIVE HUMIDITY (PERCENT)
 HIGHEST    87
 LOWEST     24
 AVERAGE    56

..........................................................


THE WEST PALM BEACH CLIMATE NORMALS FOR TODAY
                         NORMAL    RECORD    YEAR
 MAXIMUM TEMPERATURE (F)   76        87      1920
 MINIMUM TEMPERATURE (F)   60        32      2010


SUNRISE AND SUNSET
DECEMBER 14 2017......SUNRISE   701 AM EST   SUNSET   530 PM EST
DECEMBER 15 2017......SUNRISE   701 AM EST   SUNSET   530 PM EST


-  INDICATES NEGATIVE NUMBERS.
R  INDICATES RECORD WAS SET OR TIED.
MM INDICATES DATA IS MISSING.
T  INDICATES TRACE AMOUNT.




$$
