000
CDUS42 KMFL 230822
CLIPBI


CLIMATE REPORT
NATIONAL WEATHER SERVICE MIAMI, FL
422 AM EDT WED JUL 23 2014


...................................

...THE WEST PALM BEACH CLIMATE SUMMARY FOR JULY 22 2014...

CLIMATE NORMAL PERIOD 1981 TO 2010
CLIMATE RECORD PERIOD 1894 TO 2014


WEATHER ITEM   OBSERVED TIME   RECORD YEAR NORMAL DEPARTURE LAST
                VALUE   (LST)  VALUE       VALUE  FROM      YEAR
                                                  NORMAL
..................................................................
TEMPERATURE (F)
 YESTERDAY
  MAXIMUM         89    250 PM  99    1942  90     -1       92
  MINIMUM         76    515 AM  67    1902  76      0       78
  AVERAGE         83                        83      0       85

PRECIPITATION (IN)
  YESTERDAY        0.18          2.60 1973   0.18   0.00     0.00
  MONTH TO DATE    6.11                      4.17   1.94     5.52
  SINCE JUN 1     14.09                     12.47   1.62    18.25
  SINCE JAN 1     31.81                     31.18   0.63    43.20

SNOWFALL (IN)
  YESTERDAY        0.0
  MONTH TO DATE    0.0
  SINCE JUN 1      0.0
  SINCE JUL 1      0.0
  SNOW DEPTH       0

DEGREE DAYS
 HEATING
  YESTERDAY        0                         0      0
  MONTH TO DATE    0                         0      0
  SINCE JUN 1      0                         0      0
  SINCE JUL 1      0                         0      0

 COOLING
  YESTERDAY       18                        18      0
  MONTH TO DATE  389                       385      4
  SINCE JUN 1    877                       875      2
  SINCE JAN 1   2229                      1984    245
..................................................................


WIND (MPH)
  HIGHEST WIND SPEED    17   HIGHEST WIND DIRECTION    NE (50)
  HIGHEST GUST SPEED    26   HIGHEST GUST DIRECTION     E (80)
  AVERAGE WIND SPEED     4.1


SKY COVER
  AVERAGE SKY COVER 0.7


WEATHER CONDITIONS
 THE FOLLOWING WEATHER WAS RECORDED YESTERDAY.
  THUNDERSTORM
  HEAVY RAIN
  RAIN
  LIGHT RAIN
  FOG


RELATIVE HUMIDITY (PERCENT)
 HIGHEST    94
 LOWEST     63
 AVERAGE    79

..........................................................


THE WEST PALM BEACH CLIMATE NORMALS FOR TODAY
                         NORMAL    RECORD    YEAR
 MAXIMUM TEMPERATURE (F)   90        98      1942
 MINIMUM TEMPERATURE (F)   76        68      1921
                                             1920


SUNRISE AND SUNSET
JULY 23 2014..........SUNRISE   641 AM EDT   SUNSET   813 PM EDT
JULY 24 2014..........SUNRISE   641 AM EDT   SUNSET   812 PM EDT


-  INDICATES NEGATIVE NUMBERS.
R  INDICATES RECORD WAS SET OR TIED.
MM INDICATES DATA IS MISSING.
T  INDICATES TRACE AMOUNT.




$$
