754
CDUS42 KMFL 240824
CLIPBI


CLIMATE REPORT
NATIONAL WEATHER SERVICE MIAMI, FL
424 AM EDT FRI MAR 24 2017


...................................

...THE WEST PALM BEACH CLIMATE SUMMARY FOR MARCH 23 2017...

CLIMATE NORMAL PERIOD 1981 TO 2010
CLIMATE RECORD PERIOD 1888 TO 2017


WEATHER ITEM   OBSERVED TIME   RECORD YEAR NORMAL DEPARTURE LAST
                VALUE   (LST)  VALUE       VALUE  FROM      YEAR
                                                  NORMAL
..................................................................
TEMPERATURE (F)
 YESTERDAY
  MAXIMUM         79    134 PM  91    1911  79      0       80
  MINIMUM         61    516 AM  42    1960  63     -2       67
  AVERAGE         70                        71     -1       74

PRECIPITATION (IN)
  YESTERDAY        0.56          3.14 1984   0.15   0.41     0.00
  MONTH TO DATE    1.52                      3.40  -1.88     0.21
  SINCE NOV 1      9.53                     17.48  -7.95    23.17
  SINCE JAN 1      5.06                      9.35  -4.29    12.77

SNOWFALL (IN)
  YESTERDAY        0.0
  MONTH TO DATE    0.0
  SINCE MAR 1      0.0
  SINCE JUL 1      0.0
  SNOW DEPTH       0

DEGREE DAYS
 HEATING
  YESTERDAY        0                         0      0        0
  MONTH TO DATE   16                        22     -6        2
  SINCE MAR 1     16                        22     -6        2
  SINCE JUL 1     68                       227   -159      135

 COOLING
  YESTERDAY        5                         7     -2        9
  MONTH TO DATE  120                       137    -17      211
  SINCE MAR 1    120                       137    -17      211
  SINCE JAN 1    460                       372     88      413
..................................................................


WIND (MPH)
  HIGHEST WIND SPEED    36   HIGHEST WIND DIRECTION    NE (40)
  HIGHEST GUST SPEED    45   HIGHEST GUST DIRECTION    NE (40)
  AVERAGE WIND SPEED    11.5


SKY COVER
  AVERAGE SKY COVER 0.5


WEATHER CONDITIONS
 THE FOLLOWING WEATHER WAS RECORDED YESTERDAY.
  THUNDERSTORM
  HEAVY RAIN
  RAIN
  LIGHT RAIN
  FOG


RELATIVE HUMIDITY (PERCENT)
 HIGHEST    93
 LOWEST     64
 AVERAGE    79

..........................................................


THE WEST PALM BEACH CLIMATE NORMALS FOR TODAY
                         NORMAL    RECORD    YEAR
 MAXIMUM TEMPERATURE (F)   79        92      1908
 MINIMUM TEMPERATURE (F)   63        43      1968


SUNRISE AND SUNSET
MARCH 24 2017.........SUNRISE   720 AM EDT   SUNSET   734 PM EDT
MARCH 25 2017.........SUNRISE   719 AM EDT   SUNSET   734 PM EDT


-  INDICATES NEGATIVE NUMBERS.
R  INDICATES RECORD WAS SET OR TIED.
MM INDICATES DATA IS MISSING.
T  INDICATES TRACE AMOUNT.




$$
