000
CDUS42 KMFL 020833
CLIPBI


CLIMATE REPORT
NATIONAL WEATHER SERVICE MIAMI, FL
433 AM EDT TUE JUN 2 2015


...................................

...THE WEST PALM BEACH CLIMATE SUMMARY FOR JUNE 1 2015...

CLIMATE NORMAL PERIOD 1981 TO 2010
CLIMATE RECORD PERIOD 1888 TO 2015


WEATHER ITEM   OBSERVED TIME   RECORD YEAR NORMAL DEPARTURE LAST
                VALUE   (LST)  VALUE       VALUE  FROM      YEAR
                                                  NORMAL
..................................................................
TEMPERATURE (F)
 YESTERDAY
  MAXIMUM         89    110 PM  95    1927  88      1       88
  MINIMUM         74    558 AM  61    1984  74      0       75
  AVERAGE         82                        80      2       82

PRECIPITATION (IN)
  YESTERDAY        0.00          4.27 1907   0.26  -0.26      T
  MONTH TO DATE    0.00                      0.26  -0.26      T
  SINCE NOV 1     17.45                     27.10  -9.65    24.84
  SINCE JAN 1     13.75                     18.97  -5.22    17.72

SNOWFALL (IN)
  YESTERDAY        0.0
  MONTH TO DATE    0.0
  SINCE JUN 1      0.0
  SINCE JUL 1      0.0
  SNOW DEPTH       0

DEGREE DAYS
 HEATING
  YESTERDAY        0                         0      0        0
  MONTH TO DATE    0                         0      0        0
  SINCE JUN 1      0                         0      0        0
  SINCE JUL 1    126                       233   -107      122

 COOLING
  YESTERDAY       17                        15      2       17
  MONTH TO DATE   17                        15      2       17
  SINCE JUN 1     17                        15      2       17
  SINCE JAN 1   1551                      1124    427     1369
..................................................................


WIND (MPH)
  HIGHEST WIND SPEED    17   HIGHEST WIND DIRECTION     E (110)
  HIGHEST GUST SPEED    25   HIGHEST GUST DIRECTION    SE (130)
  AVERAGE WIND SPEED     6.8


SKY COVER
  AVERAGE SKY COVER 0.6


WEATHER CONDITIONS
 THE FOLLOWING WEATHER WAS RECORDED YESTERDAY.
  NO SIGNIFICANT WEATHER WAS OBSERVED.


RELATIVE HUMIDITY (PERCENT)
 HIGHEST    93
 LOWEST     53
 AVERAGE    73

..........................................................


THE WEST PALM BEACH CLIMATE NORMALS FOR TODAY
                         NORMAL    RECORD    YEAR
 MAXIMUM TEMPERATURE (F)   88        95      1998
 MINIMUM TEMPERATURE (F)   74        62      1984
                                             1926


SUNRISE AND SUNSET
JUNE  2 2015..........SUNRISE   627 AM EDT   SUNSET   810 PM EDT
JUNE  3 2015..........SUNRISE   627 AM EDT   SUNSET   811 PM EDT


-  INDICATES NEGATIVE NUMBERS.
R  INDICATES RECORD WAS SET OR TIED.
MM INDICATES DATA IS MISSING.
T  INDICATES TRACE AMOUNT.




$$
