000
CDUS42 KMFL 020821
CLIPBI


CLIMATE REPORT
NATIONAL WEATHER SERVICE MIAMI, FL
420 AM EDT WED SEP 2 2015


...................................

...THE WEST PALM BEACH CLIMATE SUMMARY FOR SEPTEMBER 1 2015...

CLIMATE NORMAL PERIOD 1981 TO 2010
CLIMATE RECORD PERIOD 1888 TO 2015


WEATHER ITEM   OBSERVED TIME   RECORD YEAR NORMAL DEPARTURE LAST
                VALUE   (LST)  VALUE       VALUE  FROM      YEAR
                                                  NORMAL
..................................................................
TEMPERATURE (F)
 YESTERDAY
  MAXIMUM         90    138 PM  94    1998  89      1       90
                                      1947
                                      1911
  MINIMUM         75    530 AM  69    1919  76     -1       83
  AVERAGE         83                        82      1       87

PRECIPITATION (IN)
  YESTERDAY        T             2.38 1977   0.29  -0.29     0.00
  MONTH TO DATE    T                         0.29  -0.29     0.00
  SINCE JUN 1     17.14                     22.30  -5.16    25.42
  SINCE JAN 1     30.89                     41.01 -10.12    43.14

SNOWFALL (IN)
  YESTERDAY        0.0
  MONTH TO DATE    0.0
  SINCE SEP 1      0.0
  SINCE JUL 1      0.0
  SNOW DEPTH       0

DEGREE DAYS
 HEATING
  YESTERDAY        0                         0      0        0
  MONTH TO DATE    0                         0      0        0
  SINCE SEP 1      0                         0      0        0
  SINCE JUL 1      0                         0      0        0

 COOLING
  YESTERDAY       18                        17      1       22
  MONTH TO DATE   18                        17      1       22
  SINCE SEP 1     18                        17      1       22
  SINCE JAN 1   3232                      2723    509     3030
..................................................................


WIND (MPH)
  HIGHEST WIND SPEED    15   HIGHEST WIND DIRECTION    SE (130)
  HIGHEST GUST SPEED    20   HIGHEST GUST DIRECTION    SE (140)
  AVERAGE WIND SPEED     6.3


SKY COVER
  AVERAGE SKY COVER 0.5


WEATHER CONDITIONS
 THE FOLLOWING WEATHER WAS RECORDED YESTERDAY.
  THUNDERSTORM


RELATIVE HUMIDITY (PERCENT)
 HIGHEST    94
 LOWEST     59
 AVERAGE    77

..........................................................


THE WEST PALM BEACH CLIMATE NORMALS FOR TODAY
                         NORMAL    RECORD    YEAR
 MAXIMUM TEMPERATURE (F)   89        94      1911
 MINIMUM TEMPERATURE (F)   76        69      1975


SUNRISE AND SUNSET
SEPTEMBER  2 2015.....SUNRISE   700 AM EDT   SUNSET   740 PM EDT
SEPTEMBER  3 2015.....SUNRISE   701 AM EDT   SUNSET   738 PM EDT


-  INDICATES NEGATIVE NUMBERS.
R  INDICATES RECORD WAS SET OR TIED.
MM INDICATES DATA IS MISSING.
T  INDICATES TRACE AMOUNT.




$$
