000
CDUS42 KMFL 100931
CLIPBI


CLIMATE REPORT
NATIONAL WEATHER SERVICE MIAMI, FL
431 AM EST WED FEB 10 2016


...................................

...THE WEST PALM BEACH CLIMATE SUMMARY FOR FEBRUARY 9 2016...

CLIMATE NORMAL PERIOD 1981 TO 2010
CLIMATE RECORD PERIOD 1888 TO 2016


WEATHER ITEM   OBSERVED TIME   RECORD YEAR NORMAL DEPARTURE LAST
                VALUE   (LST)  VALUE       VALUE  FROM      YEAR
                                                  NORMAL
..................................................................
TEMPERATURE (F)
 YESTERDAY
  MAXIMUM         66    337 PM  87    1901  76    -10       79
  MINIMUM         55   1159 PM  27    1895  59     -4       59
  AVERAGE         61                        67     -6       69

PRECIPITATION (IN)
  YESTERDAY        T             1.77 1941   0.09  -0.09     0.94
  MONTH TO DATE    0.88                      0.85   0.03     1.58
  SINCE NOV 1     21.18                     12.11   9.07     6.33
  SINCE JAN 1     10.78                      3.98   6.80     2.63

SNOWFALL (IN)
  YESTERDAY        0.0
  MONTH TO DATE    0.0
  SINCE DEC 1      0.0
  SINCE JUL 1      0.0
  SNOW DEPTH       0

DEGREE DAYS
 HEATING
  YESTERDAY        4                         2      2        0
  MONTH TO DATE   23                        18      5        1
  SINCE DEC 1     89                       163    -74       54
  SINCE JUL 1     89                       175    -86       71

 COOLING
  YESTERDAY        0                         4     -4        4
  MONTH TO DATE   46                        36     10       40
  SINCE DEC 1    493                       299    194      402
  SINCE JAN 1    137                       144     -7      204
..................................................................


WIND (MPH)
  HIGHEST WIND SPEED    28   HIGHEST WIND DIRECTION    NW (300)
  HIGHEST GUST SPEED    35   HIGHEST GUST DIRECTION     W (270)
  AVERAGE WIND SPEED    13.6


SKY COVER
  AVERAGE SKY COVER 0.7


WEATHER CONDITIONS
 THE FOLLOWING WEATHER WAS RECORDED YESTERDAY.
  LIGHT RAIN


RELATIVE HUMIDITY (PERCENT)
 HIGHEST    84
 LOWEST     44
 AVERAGE    64

..........................................................


THE WEST PALM BEACH CLIMATE NORMALS FOR TODAY
                         NORMAL    RECORD    YEAR
 MAXIMUM TEMPERATURE (F)   76        90      1949
 MINIMUM TEMPERATURE (F)   59        34      1895


SUNRISE AND SUNSET
FEBRUARY 10 2016......SUNRISE   701 AM EST   SUNSET   609 PM EST
FEBRUARY 11 2016......SUNRISE   700 AM EST   SUNSET   610 PM EST


-  INDICATES NEGATIVE NUMBERS.
R  INDICATES RECORD WAS SET OR TIED.
MM INDICATES DATA IS MISSING.
T  INDICATES TRACE AMOUNT.




$$
