000
CDUS42 KFFC 240818
CLIPDK


CLIMATE REPORT
NATIONAL WEATHER SERVICE PEACHTREE CITY GA
417 AM EDT WED MAY 24 2017


...................................

...THE DEKALB PEACHTREE AIRPORT CLIMATE SUMMARY FOR MAY 23 2017...

CLIMATE NORMAL PERIOD 1981 TO 2010
CLIMATE RECORD PERIOD 9999 TO 9999


WEATHER ITEM   OBSERVED TIME   RECORD YEAR NORMAL DEPARTURE LAST
                VALUE   (LST)  VALUE       VALUE  FROM      YEAR
                                                  NORMAL
..................................................................
TEMPERATURE (F)
 YESTERDAY
  MAXIMUM         75    512 PM  MM      MM  82     -7       82
  MINIMUM         62   1155 PM  MM      MM  61      1       53
  AVERAGE         69                        71     -2       68

PRECIPITATION (IN)
  YESTERDAY        0.75         MM      MM   0.12   0.63     0.00
  MONTH TO DATE    3.44                      3.02   0.42     1.63
  SINCE MAR 1     12.74                     11.65   1.09     6.43
  SINCE JAN 1     20.05                     21.46  -1.41    16.52

DEGREE DAYS
 COOLING
  YESTERDAY        4                         7     -3        3
  MONTH TO DATE  138                       101     37      108
  SINCE MAR 1    264                       150    114      188
  SINCE JAN 1    264                       150    114      188
..................................................................


WIND (MPH)
  RESULTANT WIND SPEED   4   RESULTANT WIND DIRECTION   S (200)
  HIGHEST WIND SPEED    18   HIGHEST WIND DIRECTION     W (290)
  HIGHEST GUST SPEED    24   HIGHEST GUST DIRECTION     W (290)
  AVERAGE WIND SPEED     5.1


SKY COVER
  AVERAGE SKY COVER 0.8


WEATHER CONDITIONS
 THE FOLLOWING WEATHER WAS RECORDED YESTERDAY.
  THUNDERSTORM
  RAIN
  LIGHT RAIN
  FOG


RELATIVE HUMIDITY (PERCENT)
 HIGHEST   100           700 AM
 LOWEST     68           500 PM
 AVERAGE    84

..........................................................


THE DEKALB PEACHTREE AIRPORT CLIMATE NORMALS FOR TODAY
                         NORMAL    RECORD    YEAR
 MAXIMUM TEMPERATURE (F)   82        MM        MM
 MINIMUM TEMPERATURE (F)   61        MM        MM


SUNRISE AND SUNSET
MAY 24 2017...........SUNRISE   630 AM EDT   SUNSET   838 PM EDT
MAY 25 2017...........SUNRISE   630 AM EDT   SUNSET   839 PM EDT


-  INDICATES NEGATIVE NUMBERS.
R  INDICATES RECORD WAS SET OR TIED.
MM INDICATES DATA IS MISSING.
T  INDICATES TRACE AMOUNT.




$$
