000
CDUS42 KFFC 220824
CLIPDK


CLIMATE REPORT
NATIONAL WEATHER SERVICE PEACHTREE CITY GA
424 AM EDT MON SEP 22 2014


...................................

...THE DEKALB PEACHTREE AIRPORT CLIMATE SUMMARY FOR SEPTEMBER 21 2014...

CLIMATE NORMAL PERIOD 1981 TO 2010
CLIMATE RECORD PERIOD 9999 TO 9999


WEATHER ITEM   OBSERVED TIME   RECORD YEAR NORMAL DEPARTURE LAST
                VALUE   (LST)  VALUE       VALUE  FROM      YEAR
                                                  NORMAL
..................................................................
TEMPERATURE (F)
 YESTERDAY
  MAXIMUM         86    351 PM  MM      MM  81      5       72
  MINIMUM         59    651 AM  MM      MM  61     -2       64
  AVERAGE         73                        71      2       68

PRECIPITATION (IN)
  YESTERDAY        T            MM      MM   0.16  -0.16     1.59
  MONTH TO DATE    5.03                      3.05   1.98     2.29
  SINCE SEP 1      5.03                      3.05   1.98     2.29
  SINCE JAN 1     35.24                     39.63  -4.39    38.75

DEGREE DAYS
 HEATING
  YESTERDAY        0                         0      0        0
  MONTH TO DATE    0                         0      0        0
  SINCE SEP 1      0                         0      0        0
  SINCE JUL 1      0                         0      0        1

 COOLING
  YESTERDAY        8                         7      1        3
  MONTH TO DATE  250                       200     50      218
  SINCE SEP 1    250                       200     50      218
  SINCE JAN 1   1654                      1657     -3     1487
..................................................................


WIND (MPH)
  RESULTANT WIND SPEED   4   RESULTANT WIND DIRECTION   W (260)
  HIGHEST WIND SPEED    16   HIGHEST WIND DIRECTION     W (260)
  HIGHEST GUST SPEED    21   HIGHEST GUST DIRECTION     W (250)
  AVERAGE WIND SPEED     5.1


SKY COVER
  AVERAGE SKY COVER 0.1


WEATHER CONDITIONS
 THE FOLLOWING WEATHER WAS RECORDED YESTERDAY.
  LIGHT RAIN
  FOG
  HAZE


RELATIVE HUMIDITY (PERCENT)
 HIGHEST    97           200 AM
 LOWEST     42           300 PM
 AVERAGE    70

..........................................................


THE DEKALB PEACHTREE AIRPORT CLIMATE NORMALS FOR TODAY
                         NORMAL    RECORD    YEAR
 MAXIMUM TEMPERATURE (F)   81        MM        MM
 MINIMUM TEMPERATURE (F)   61        MM        MM


SUNRISE AND SUNSET
SEPTEMBER 22 2014.....SUNRISE   725 AM EDT   SUNSET   734 PM EDT
SEPTEMBER 23 2014.....SUNRISE   726 AM EDT   SUNSET   733 PM EDT


-  INDICATES NEGATIVE NUMBERS.
R  INDICATES RECORD WAS SET OR TIED.
MM INDICATES DATA IS MISSING.
T  INDICATES TRACE AMOUNT.




$$
