000
CDUS42 KFFC 310918
CLIPDK


CLIMATE REPORT
NATIONAL WEATHER SERVICE PEACHTREE CITY GA
418 AM EST SAT JAN 31 2015


...................................

...THE DEKALB PEACHTREE AIRPORT CLIMATE SUMMARY FOR JANUARY 30 2015...

CLIMATE NORMAL PERIOD 1981 TO 2010
CLIMATE RECORD PERIOD 9999 TO 9999


WEATHER ITEM   OBSERVED TIME   RECORD YEAR NORMAL DEPARTURE LAST
                VALUE   (LST)  VALUE       VALUE  FROM      YEAR
                                                  NORMAL
..................................................................
TEMPERATURE (F)
 YESTERDAY
  MAXIMUM         54   1244 AM  MM      MM  53      1       39
  MINIMUM         34   1151 PM  MM      MM  34      0        6
  AVERAGE         44                        44      0       23

PRECIPITATION (IN)
  YESTERDAY        0.00         MM      MM   0.20  -0.20     0.00
  MONTH TO DATE    3.26                      4.60  -1.34     2.97
  SINCE DEC 1      7.50                      8.76  -1.26    10.28
  SINCE JAN 1      3.26                      4.60  -1.34     2.97

SNOWFALL (IN)
  YESTERDAY        0.0          MM      MM  MM     MM       MM
  MONTH TO DATE    0.0                      MM     MM         T
  SINCE DEC 1      0.0                      MM     MM         T
  SINCE JUL 1      0.0                      MM     MM         T
  SNOW DEPTH      MM

DEGREE DAYS
 HEATING
  YESTERDAY       21                        22     -1       42
  MONTH TO DATE  720                       681     39      905
  SINCE DEC 1   1252                      1322    -70     1467
  SINCE JUL 1   1916                      1849     67     2062
..................................................................


WIND (MPH)
  RESULTANT WIND SPEED  15   RESULTANT WIND DIRECTION  NW (320)
  HIGHEST WIND SPEED    28   HIGHEST WIND DIRECTION    NW (320)
  HIGHEST GUST SPEED    41   HIGHEST GUST DIRECTION    NW (320)
  AVERAGE WIND SPEED    15.1


SKY COVER
  AVERAGE SKY COVER 0.2


WEATHER CONDITIONS
 THE FOLLOWING WEATHER WAS RECORDED YESTERDAY.
  NO SIGNIFICANT WEATHER WAS OBSERVED.


RELATIVE HUMIDITY (PERCENT)
 HIGHEST    70           300 AM
 LOWEST     34           400 PM
 AVERAGE    52

..........................................................


THE DEKALB PEACHTREE AIRPORT CLIMATE NORMALS FOR TODAY
                         NORMAL    RECORD    YEAR
 MAXIMUM TEMPERATURE (F)   53        MM        MM
 MINIMUM TEMPERATURE (F)   34        MM        MM


SUNRISE AND SUNSET
JANUARY 31 2015.......SUNRISE   735 AM EST   SUNSET   607 PM EST
FEBRUARY  1 2015......SUNRISE   734 AM EST   SUNSET   608 PM EST


-  INDICATES NEGATIVE NUMBERS.
R  INDICATES RECORD WAS SET OR TIED.
MM INDICATES DATA IS MISSING.
T  INDICATES TRACE AMOUNT.




$$
