000
CDUS42 KFFC 020918
CLIPDK


CLIMATE REPORT
NATIONAL WEATHER SERVICE PEACHTREE CITY GA
417 AM EST FRI DEC 2 2016


...................................

...THE DEKALB PEACHTREE AIRPORT CLIMATE SUMMARY FOR DECEMBER 1 2016...

CLIMATE NORMAL PERIOD 1981 TO 2010
CLIMATE RECORD PERIOD 9999 TO 9999


WEATHER ITEM   OBSERVED TIME   RECORD YEAR NORMAL DEPARTURE LAST
                VALUE   (LST)  VALUE       VALUE  FROM      YEAR
                                                  NORMAL
..................................................................
TEMPERATURE (F)
 YESTERDAY
  MAXIMUM         56    338 PM  MM      MM  58     -2       64
  MINIMUM         41    743 AM  MM      MM  38      3       57
  AVERAGE         49                        48      1       61

PRECIPITATION (IN)
  YESTERDAY        0.00         MM      MM   0.17  -0.17      T
  MONTH TO DATE    0.00                      0.17  -0.17      T
  SINCE DEC 1      0.00                      0.17  -0.17      T
  SINCE JAN 1     31.70                     48.98 -17.28    46.30

SNOWFALL (IN)
  YESTERDAY        0.0          MM      MM  MM     MM        0.0
  MONTH TO DATE    0.0                      MM     MM        0.0
  SINCE DEC 1      0.0                      MM     MM        0.0
  SINCE JUL 1      0.0                      MM     MM        0.0
  SNOW DEPTH       0

DEGREE DAYS
 HEATING
  YESTERDAY       16                        17     -1        4
  MONTH TO DATE   16                        17     -1        4
  SINCE DEC 1     16                        17     -1        4
  SINCE JUL 1    341                       544   -203      372
..................................................................


WIND (MPH)
  RESULTANT WIND SPEED   9   RESULTANT WIND DIRECTION   W (290)
  HIGHEST WIND SPEED    20   HIGHEST WIND DIRECTION    NW (320)
  HIGHEST GUST SPEED    23   HIGHEST GUST DIRECTION    NW (320)
  AVERAGE WIND SPEED     8.5


SKY COVER
  AVERAGE SKY COVER 0.0


WEATHER CONDITIONS
 THE FOLLOWING WEATHER WAS RECORDED YESTERDAY.
  NO SIGNIFICANT WEATHER WAS OBSERVED.


RELATIVE HUMIDITY (PERCENT)
 HIGHEST    76           400 AM
 LOWEST     35           200 PM
 AVERAGE    56

..........................................................


THE DEKALB PEACHTREE AIRPORT CLIMATE NORMALS FOR TODAY
                         NORMAL    RECORD    YEAR
 MAXIMUM TEMPERATURE (F)   58        MM        MM
 MINIMUM TEMPERATURE (F)   38        MM        MM


SUNRISE AND SUNSET
DECEMBER  2 2016......SUNRISE   725 AM EST   SUNSET   528 PM EST
DECEMBER  3 2016......SUNRISE   726 AM EST   SUNSET   528 PM EST


-  INDICATES NEGATIVE NUMBERS.
R  INDICATES RECORD WAS SET OR TIED.
MM INDICATES DATA IS MISSING.
T  INDICATES TRACE AMOUNT.




$$
