000
CDUS42 KFFC 010820
CLIPDK


CLIMATE REPORT
NATIONAL WEATHER SERVICE PEACHTREE CITY GA
420 AM EDT SAT AUG 1 2015


...................................

...THE DEKALB PEACHTREE AIRPORT CLIMATE SUMMARY FOR JULY 31 2015...

CLIMATE NORMAL PERIOD 1981 TO 2010
CLIMATE RECORD PERIOD 9999 TO 9999


WEATHER ITEM   OBSERVED TIME   RECORD YEAR NORMAL DEPARTURE LAST
                VALUE   (LST)  VALUE       VALUE  FROM      YEAR
                                                  NORMAL
..................................................................
TEMPERATURE (F)
 YESTERDAY
  MAXIMUM         96    354 PM  MM      MM  89      7       83
  MINIMUM         73    609 AM  MM      MM  71      2       66
  AVERAGE         85                        80      5       75

PRECIPITATION (IN)
  YESTERDAY        0.00         MM      MM   0.13  -0.13     1.45
  MONTH TO DATE    2.78                      5.02  -2.24     6.41
  SINCE JUN 1      3.97                      9.78  -5.81     7.89
  SINCE JAN 1     22.52                     32.27  -9.75    26.77

DEGREE DAYS
 COOLING
  YESTERDAY       20                        15      5       10
  MONTH TO DATE  534                       459     75      396
  SINCE JUN 1    968                       812    156      784
  SINCE JAN 1   1245                      1023    222     1001
..................................................................


WIND (MPH)
  RESULTANT WIND SPEED   3   RESULTANT WIND DIRECTION   N (360)
  HIGHEST WIND SPEED    15   HIGHEST WIND DIRECTION    NW (330)
  HIGHEST GUST SPEED    23   HIGHEST GUST DIRECTION    SW (230)
  AVERAGE WIND SPEED     5.6


SKY COVER
  AVERAGE SKY COVER 0.4


WEATHER CONDITIONS
 THE FOLLOWING WEATHER WAS RECORDED YESTERDAY.
  NO SIGNIFICANT WEATHER WAS OBSERVED.


RELATIVE HUMIDITY (PERCENT)
 HIGHEST    79           300 AM
 LOWEST     42           400 PM
 AVERAGE    61

..........................................................


THE DEKALB PEACHTREE AIRPORT CLIMATE NORMALS FOR TODAY
                         NORMAL    RECORD    YEAR
 MAXIMUM TEMPERATURE (F)   89        MM        MM
 MINIMUM TEMPERATURE (F)   71        MM        MM


SUNRISE AND SUNSET
AUGUST  1 2015........SUNRISE   649 AM EDT   SUNSET   838 PM EDT
AUGUST  2 2015........SUNRISE   649 AM EDT   SUNSET   837 PM EDT


-  INDICATES NEGATIVE NUMBERS.
R  INDICATES RECORD WAS SET OR TIED.
MM INDICATES DATA IS MISSING.
T  INDICATES TRACE AMOUNT.




$$
