000
CDUS46 KPDT 290034
CLIPDT

CLIMATE REPORT
NATIONAL WEATHER SERVICE PENDLETON OR
434 PM PST SUN DEC 28 2014


...................................

...THE PENDLETON OR CLIMATE SUMMARY FOR DECEMBER 28 2014...
VALID TODAY AS OF 0400 PM LOCAL TIME.

CLIMATE NORMAL PERIOD 1981 TO 2010
CLIMATE RECORD PERIOD 1890 TO 2014


WEATHER ITEM   OBSERVED TIME   RECORD YEAR NORMAL DEPARTURE LAST
                VALUE   (LST)  VALUE       VALUE  FROM      YEAR
                                                  NORMAL
..................................................................
TEMPERATURE (F)
 TODAY
  MAXIMUM         40    204 AM  64    1917  39      1       43
  MINIMUM         37    359 PM   2    1990  27     10       20
                                      1968
  AVERAGE         39                        33      6       32

PRECIPITATION (IN)
  TODAY            0.03          0.77 2010   0.05  -0.02     0.00
  MONTH TO DATE    2.59                      1.34   1.25     0.79
  SINCE OCT 1      4.49                      3.87   0.62     1.78
  SINCE JAN 1     13.03                     12.53   0.50     9.27

SNOWFALL (IN)
  TODAY            0.0           3.5  1990   0.2   -0.2      0.0
  MONTH TO DATE    T                         5.4   -5.4      6.5
  SINCE JAN 1     19.8                      14.6    5.2      6.7
  SINCE JUL 1      4.6                       6.9   -2.3      6.5
  SNOW DEPTH       0

DEGREE DAYS
 HEATING
  TODAY           26                        32     -6       33
  MONTH TO DATE  746                       890   -144      979
  SINCE DEC 1    746                       890   -144      979
  SINCE JUL 1   1876                      2143   -267     2362

 COOLING
  TODAY            0                         0      0        0
  MONTH TO DATE    0                         0      0        0
  SINCE DEC 1      0                         0      0        0
  SINCE JAN 1    839                       636    203      831
..................................................................


WIND (MPH)
  HIGHEST WIND SPEED    30   HIGHEST WIND DIRECTION     W (260)
  HIGHEST GUST SPEED    36   HIGHEST GUST DIRECTION     W (250)
  AVERAGE WIND SPEED    19.2


SKY COVER
  POSSIBLE SUNSHINE  MM
  AVERAGE SKY COVER 0.7


WEATHER CONDITIONS
 THE FOLLOWING WEATHER WAS RECORDED TODAY.
  LIGHT RAIN
  FOG


RELATIVE HUMIDITY (PERCENT)
 HIGHEST    85          1200 PM
 LOWEST     64          1200 AM
 AVERAGE    75

..........................................................


THE PENDLETON OR CLIMATE NORMALS FOR TOMORROW
                         NORMAL    RECORD    YEAR
 MAXIMUM TEMPERATURE (F)   39        65      1975
                                             1917
 MINIMUM TEMPERATURE (F)   27       -13      1990


SUNRISE AND SUNSET
DECEMBER 28 2014......SUNRISE   736 AM PST   SUNSET   419 PM PST
DECEMBER 29 2014......SUNRISE   736 AM PST   SUNSET   419 PM PST


-  INDICATES NEGATIVE NUMBERS.
R  INDICATES RECORD WAS SET OR TIED.
MM INDICATES DATA IS MISSING.
T  INDICATES TRACE AMOUNT.

$$
