000
CDUS46 KPDT 310041
CLIPDT

CLIMATE REPORT
NATIONAL WEATHER SERVICE PENDLETON OR
541 PM PDT SAT AUG 30 2014


...................................

...THE PENDLETON OR CLIMATE SUMMARY FOR AUGUST 30 2014...
VALID TODAY AS OF 0500 PM LOCAL TIME.

CLIMATE NORMAL PERIOD 1981 TO 2010
CLIMATE RECORD PERIOD 1890 TO 2014


WEATHER ITEM   OBSERVED TIME   RECORD YEAR NORMAL DEPARTURE LAST
                VALUE   (LST)  VALUE       VALUE  FROM      YEAR
                                                  NORMAL
..................................................................
TEMPERATURE (F)
 TODAY
  MAXIMUM         79    112 PM 103    1967  83     -4       84
                                      1915
  MINIMUM         59    320 AM  37    1924  54      5       57
                                      1912
  AVERAGE         69                        69      0       71

PRECIPITATION (IN)
  TODAY            0.02          0.77 1977   0.02   0.00     0.00
  MONTH TO DATE    0.61                      0.37   0.24     0.32
  SINCE OCT 1     10.11                     12.08  -1.97     9.73
  SINCE JAN 1      8.32                      8.08   0.24     5.29

SNOWFALL (IN)
  TODAY            0.0           0.0  2002   0.0    0.0      0.0
                                      2001
                                      1999
  MONTH TO DATE    0.0                       0.0    0.0       T
  SINCE JAN 1     15.2                       7.7    7.5      0.2
  SINCE JUL 1      0.0                       0.0    0.0       T
  SNOW DEPTH       0

DEGREE DAYS
 HEATING
  TODAY            0                         1     -1        0
  MONTH TO DATE    0                         7     -7        0
  SINCE JUN 1     45                       101    -56       80
  SINCE JUL 1      2                        18    -16        0

 COOLING
  TODAY            4                         5     -1        6
  MONTH TO DATE  278                       219     59      248
  SINCE JUN 1    739                       544    195      671
  SINCE JAN 1    761                       567    194      702
..................................................................


WIND (MPH)
  HIGHEST WIND SPEED    36   HIGHEST WIND DIRECTION     W (260)
  HIGHEST GUST SPEED    43   HIGHEST GUST DIRECTION     W (260)
  AVERAGE WIND SPEED    10.1


SKY COVER
  POSSIBLE SUNSHINE  MM
  AVERAGE SKY COVER 0.4


WEATHER CONDITIONS
THE FOLLOWING WEATHER WAS RECORDED TODAY.
  LIGHT RAIN
  FOG


RELATIVE HUMIDITY (PERCENT)
 HIGHEST    84           400 PM
 LOWEST     36           100 PM
 AVERAGE    60

..........................................................


THE PENDLETON OR CLIMATE NORMALS FOR TOMORROW
                         NORMAL    RECORD    YEAR
 MAXIMUM TEMPERATURE (F)   83       101      1967
                                             1911
                                             1893
 MINIMUM TEMPERATURE (F)   54        30      1907


SUNRISE AND SUNSET
AUGUST 30 2014........SUNRISE   614 AM PDT   SUNSET   737 PM PDT
AUGUST 31 2014........SUNRISE   615 AM PDT   SUNSET   735 PM PDT


-  INDICATES NEGATIVE NUMBERS.
R  INDICATES RECORD WAS SET OR TIED.
MM INDICATES DATA IS MISSING.
T  INDICATES TRACE AMOUNT.

$$
