000
CDUS46 KPDT 160843
CLIPDT

CLIMATE REPORT
NATIONAL WEATHER SERVICE PENDLETON OR
1243 AM PST MON JAN 16 2017


...................................

...THE PENDLETON OR CLIMATE SUMMARY FOR JANUARY 15 2017...

CLIMATE NORMAL PERIOD 1981 TO 2010
CLIMATE RECORD PERIOD 1890 TO 2017


WEATHER ITEM   OBSERVED TIME   RECORD YEAR NORMAL DEPARTURE LAST
                VALUE   (LST)  VALUE       VALUE  FROM      YEAR
                                                  NORMAL
..................................................................
TEMPERATURE (F)
 YESTERDAY
  MAXIMUM         15   1237 PM  68    1974  42    -27       48
  MINIMUM          0   1122 PM  -8    1907  29    -29       32
  AVERAGE          8                        35    -27       40

PRECIPITATION (IN)
  YESTERDAY        T             1.19 1956   0.04  -0.04      T
  MONTH TO DATE    1.06                      0.74   0.32     0.39
  SINCE OCT 1      6.58                      4.74   1.84     4.66
  SINCE JAN 1      1.06                      0.74   0.32     0.39

SNOWFALL (IN)
  YESTERDAY        0.5           2.9  1950   0.1    0.4      0.0
  MONTH TO DATE   13.2                       2.1   11.1       T
  SINCE JAN 1     13.2                       2.1   11.1       T
  SINCE JUL 1     31.7                       9.6   22.1      4.1
  SNOW DEPTH       7

DEGREE DAYS
 HEATING
  YESTERDAY       57                        30     27       25
  MONTH TO DATE  764                       462    302      531
  SINCE DEC 1   1901                      1446    455     1391
  SINCE JUL 1   2925                      2699    226     2591

 COOLING
  YESTERDAY        0                         0      0        0
  MONTH TO DATE    0                         0      0        0
  SINCE DEC 1      0                         0      0        0
  SINCE JAN 1      0                         0      0        0
..................................................................


WIND (MPH)
  HIGHEST WIND SPEED     8   HIGHEST WIND DIRECTION    SE (140)
  HIGHEST GUST SPEED     9   HIGHEST GUST DIRECTION    SE (130)
  AVERAGE WIND SPEED     3.9


SKY COVER
  POSSIBLE SUNSHINE  MM
  AVERAGE SKY COVER 0.7


WEATHER CONDITIONS
 THE FOLLOWING WEATHER WAS RECORDED YESTERDAY.
  LIGHT SNOW
  FOG
  HAZE


RELATIVE HUMIDITY (PERCENT)
 HIGHEST    96           700 PM
 LOWEST     76           300 PM
 AVERAGE    86

..........................................................


THE PENDLETON OR CLIMATE NORMALS FOR TODAY
                         NORMAL    RECORD    YEAR
 MAXIMUM TEMPERATURE (F)   42        63      1976
 MINIMUM TEMPERATURE (F)   29        -5      1950


SUNRISE AND SUNSET
JANUARY 16 2017.......SUNRISE   731 AM PST   SUNSET   440 PM PST
JANUARY 17 2017.......SUNRISE   731 AM PST   SUNSET   441 PM PST


-  INDICATES NEGATIVE NUMBERS.
R  INDICATES RECORD WAS SET OR TIED.
MM INDICATES DATA IS MISSING.
T  INDICATES TRACE AMOUNT.


$$
