000
CDUS46 KPDT 230029
CLIPDT

CLIMATE REPORT
NATIONAL WEATHER SERVICE PENDLETON OR
530 PM PDT MON SEP 22 2014


...................................

...THE PENDLETON OR CLIMATE SUMMARY FOR SEPTEMBER 22 2014...
VALID TODAY AS OF 0500 PM LOCAL TIME.

CLIMATE NORMAL PERIOD 1981 TO 2010
CLIMATE RECORD PERIOD 1890 TO 2014


WEATHER ITEM   OBSERVED TIME   RECORD YEAR NORMAL DEPARTURE LAST
                VALUE   (LST)  VALUE       VALUE  FROM      YEAR
                                                  NORMAL
..................................................................
TEMPERATURE (F)
 TODAY
  MAXIMUM         85    252 PM  91    1975  75     10       67
  MINIMUM         58    638 AM  31    1902  47     11       51
                                      1892
  AVERAGE         72                        61     11       59

PRECIPITATION (IN)
  TODAY            T             0.49 1920   0.02  -0.02     0.20
  MONTH TO DATE    T                         0.39  -0.39     1.55
  SINCE OCT 1     10.11                     12.48  -2.37    11.28
  SINCE JAN 1      8.32                      8.48  -0.16     6.84

SNOWFALL (IN)
  TODAY            0.0           0.0  2002   0.0    0.0      0.0
                                      2001
                                      1999
  MONTH TO DATE    0.0                       0.0    0.0      0.0
  SINCE JAN 1     15.2                       7.7    7.5      0.2
  SINCE JUL 1      0.0                       0.0    0.0       T
  SNOW DEPTH       0

DEGREE DAYS
 HEATING
  TODAY            0                         5     -5        6
  MONTH TO DATE   38                        62    -24       28
  SINCE SEP 1     38                        62    -24       28
  SINCE JUL 1     41                        84    -43       28

 COOLING
  TODAY            7                         1      6        0
  MONTH TO DATE   57                        57      0      121
  SINCE SEP 1     57                        57      0      121
  SINCE JAN 1    818                       627    191      831
..................................................................


WIND (MPH)
  HIGHEST WIND SPEED    20   HIGHEST WIND DIRECTION     W (290)
  HIGHEST GUST SPEED    31   HIGHEST GUST DIRECTION     W (280)
  AVERAGE WIND SPEED     7.2


SKY COVER
  POSSIBLE SUNSHINE  MM
  AVERAGE SKY COVER 0.2


WEATHER CONDITIONS
 THE FOLLOWING WEATHER WAS RECORDED TODAY.
  THUNDERSTORM
  LIGHT RAIN


RELATIVE HUMIDITY (PERCENT)
 HIGHEST    53           200 AM
 LOWEST     27           300 PM
 AVERAGE    40

..........................................................


THE PENDLETON OR CLIMATE NORMALS FOR TOMORROW
                         NORMAL    RECORD    YEAR
 MAXIMUM TEMPERATURE (F)   75        94      1905
 MINIMUM TEMPERATURE (F)   47        28      1911


SUNRISE AND SUNSET
SEPTEMBER 22 2014.....SUNRISE   642 AM PDT   SUNSET   653 PM PDT
SEPTEMBER 23 2014.....SUNRISE   644 AM PDT   SUNSET   651 PM PDT


-  INDICATES NEGATIVE NUMBERS.
R  INDICATES RECORD WAS SET OR TIED.
MM INDICATES DATA IS MISSING.
T  INDICATES TRACE AMOUNT.


$$
