000
CDUS46 KPDT 190918
CLIPDT

CLIMATE REPORT
NATIONAL WEATHER SERVICE PENDLETON OR
206 AM PDT TUE SEP 19 2017


...................................

...THE PENDLETON OR CLIMATE SUMMARY FOR SEPTEMBER 18 2017...

CLIMATE NORMAL PERIOD 1981 TO 2010
CLIMATE RECORD PERIOD 1890 TO 2017


WEATHER ITEM   OBSERVED TIME   RECORD YEAR NORMAL DEPARTURE LAST
                VALUE   (LST)  VALUE       VALUE  FROM      YEAR
                                                  NORMAL
..................................................................
TEMPERATURE (F)
 YESTERDAY
  MAXIMUM         65    316 PM  96    1898  77    -12       71
  MINIMUM         47    927 PM  28    1911  49     -2       55
  AVERAGE         56                        63     -7       63

PRECIPITATION (IN)
  YESTERDAY        0.10          0.71 1941   0.02   0.08      T
  MONTH TO DATE    0.11                      0.30  -0.19     0.49
  SINCE OCT 1     17.00                     12.39   4.61    12.15
  SINCE JAN 1     11.48                      8.39   3.09     7.88

SNOWFALL (IN)
  YESTERDAY        0.0           0.0  2002   0.0    0.0      0.0
                                      2001
                                      1999
  MONTH TO DATE    0.0                       0.0    0.0      0.0
  SINCE JAN 1     25.9                       7.7   18.2       T
  SINCE JUL 1      0.0                       0.0    0.0      0.0
  SNOW DEPTH       0

DEGREE DAYS
 HEATING
  YESTERDAY        9                         4      5        2
  MONTH TO DATE   32                        43    -11       54
  SINCE SEP 1     32                        43    -11       54
  SINCE JUL 1     34                        65    -31       56

 COOLING
  YESTERDAY        0                         2     -2        0
  MONTH TO DATE  110                        51     59        8
  SINCE SEP 1    110                        51     59        8
  SINCE JAN 1    891                       621    270      596
..................................................................


WIND (MPH)
  HIGHEST WIND SPEED    25   HIGHEST WIND DIRECTION     W (290)
  HIGHEST GUST SPEED    32   HIGHEST GUST DIRECTION     W (280)
  AVERAGE WIND SPEED    11.5


SKY COVER
  POSSIBLE SUNSHINE  MM
  AVERAGE SKY COVER 0.5


WEATHER CONDITIONS
 THE FOLLOWING WEATHER WAS RECORDED YESTERDAY.
  HEAVY RAIN
  RAIN
  LIGHT RAIN
  HAZE


RELATIVE HUMIDITY (PERCENT)
 HIGHEST    93           300 AM
 LOWEST     40           200 PM
 AVERAGE    67

..........................................................


THE PENDLETON OR CLIMATE NORMALS FOR TODAY
                         NORMAL    RECORD    YEAR
 MAXIMUM TEMPERATURE (F)   76        95      1918
                                             1906
 MINIMUM TEMPERATURE (F)   48        33      1944


SUNRISE AND SUNSET
SEPTEMBER 19 2017.....SUNRISE   639 AM PDT   SUNSET   658 PM PDT
SEPTEMBER 20 2017.....SUNRISE   640 AM PDT   SUNSET   656 PM PDT


-  INDICATES NEGATIVE NUMBERS.
R  INDICATES RECORD WAS SET OR TIED.
MM INDICATES DATA IS MISSING.
T  INDICATES TRACE AMOUNT.




$$
