000
CDUS46 KPDT 270837
CLIPDT

CLIMATE REPORT
NATIONAL WEATHER SERVICE PENDLETON OR
136 AM PDT SAT AUG 27 2016


...................................

...THE PENDLETON OR CLIMATE SUMMARY FOR AUGUST 26 2016...

CLIMATE NORMAL PERIOD 1981 TO 2010
CLIMATE RECORD PERIOD 1890 TO 2016


WEATHER ITEM   OBSERVED TIME   RECORD YEAR NORMAL DEPARTURE LAST
                VALUE   (LST)  VALUE       VALUE  FROM      YEAR
                                                  NORMAL
..................................................................
TEMPERATURE (F)
 YESTERDAY
  MAXIMUM         90    428 PM 105    1934  84      6       92
  MINIMUM         53    520 AM  36    1910  55     -2       56
                                      1908
                                      1897
  AVERAGE         72                        70      2       74

PRECIPITATION (IN)
  YESTERDAY        0.00          0.58 1941   0.01  -0.01     0.00
  MONTH TO DATE    0.07                      0.30  -0.23      T
  SINCE OCT 1     11.66                     12.01  -0.35     9.70
  SINCE JAN 1      7.39                      8.01  -0.62     5.00

SNOWFALL (IN)
  YESTERDAY        0.0           0.0  2002   0.0    0.0      0.0
                                      2001
                                      1999
  MONTH TO DATE    0.0                       0.0    0.0      0.0
  SINCE JAN 1      T                         7.7   -7.7      0.4
  SINCE JUL 1      0.0                       0.0    0.0      0.0
  SNOW DEPTH       0

DEGREE DAYS
 HEATING
  YESTERDAY        0                         1     -1        0
  MONTH TO DATE    2                         3     -1        3
  SINCE JUN 1     71                        97    -26       13
  SINCE JUL 1      2                        14    -12        3

 COOLING
  YESTERDAY        7                         5      2        9
  MONTH TO DATE  191                       199     -8      217
  SINCE JUN 1    534                       524     10      824
  SINCE JAN 1    552                       547      5      851
..................................................................


WIND (MPH)
  HIGHEST WIND SPEED    16   HIGHEST WIND DIRECTION    NW (310)
  HIGHEST GUST SPEED    22   HIGHEST GUST DIRECTION    NW (310)
  AVERAGE WIND SPEED     7.7


SKY COVER
  POSSIBLE SUNSHINE  MM
  AVERAGE SKY COVER 0.0


WEATHER CONDITIONS
 THE FOLLOWING WEATHER WAS RECORDED YESTERDAY.
  NO SIGNIFICANT WEATHER WAS OBSERVED.


RELATIVE HUMIDITY (PERCENT)
 HIGHEST    46           500 AM
 LOWEST     15           100 PM
 AVERAGE    31

..........................................................


THE PENDLETON OR CLIMATE NORMALS FOR TODAY
                         NORMAL    RECORD    YEAR
 MAXIMUM TEMPERATURE (F)   84       103      1916
 MINIMUM TEMPERATURE (F)   55        40      1911
                                             1909
                                             1897


SUNRISE AND SUNSET
AUGUST 27 2016........SUNRISE   611 AM PDT   SUNSET   741 PM PDT
AUGUST 28 2016........SUNRISE   612 AM PDT   SUNSET   740 PM PDT


-  INDICATES NEGATIVE NUMBERS.
R  INDICATES RECORD WAS SET OR TIED.
MM INDICATES DATA IS MISSING.
T  INDICATES TRACE AMOUNT.




$$
