000
CDUS46 KPDT 290828
CLIPDT

CLIMATE REPORT
NATIONAL WEATHER SERVICE PENDLETON OR
127 AM PDT FRI JUL 29 2016


...................................

...THE PENDLETON OR CLIMATE SUMMARY FOR JULY 28 2016...

CLIMATE NORMAL PERIOD 1981 TO 2010
CLIMATE RECORD PERIOD 1890 TO 2016


WEATHER ITEM   OBSERVED TIME   RECORD YEAR NORMAL DEPARTURE LAST
                VALUE   (LST)  VALUE       VALUE  FROM      YEAR
                                                  NORMAL
..................................................................
TEMPERATURE (F)
 YESTERDAY
  MAXIMUM         99    435 PM 108    1928  90      9       84
  MINIMUM         62    439 AM  43    1910  59      3       49
  AVERAGE         81                        74      7       67

PRECIPITATION (IN)
  YESTERDAY        0.00          0.14 1947   0.01  -0.01     0.00
  MONTH TO DATE    0.80                      0.30   0.50      T
  SINCE OCT 1     11.59                     11.69  -0.10     9.70
  SINCE JAN 1      7.32                      7.69  -0.37     5.00

SNOWFALL (IN)
  YESTERDAY        0.0           0.0  2002   0.0    0.0      0.0
                                      2001
                                      2000
  MONTH TO DATE    0.0                       0.0    0.0      0.0
  SINCE JAN 1      T                         7.7   -7.7      0.4
  SINCE JUL 1      0.0                       0.0    0.0      0.0
  SNOW DEPTH       0

DEGREE DAYS
 HEATING
  YESTERDAY        0                         0      0        0
  MONTH TO DATE    0                         7     -7        0
  SINCE JUN 1     69                        90    -21       10
  SINCE JUL 1      0                         7     -7        0

 COOLING
  YESTERDAY       16                        10      6        2
  MONTH TO DATE  166                       217    -51      311
  SINCE JUN 1    303                       296      7      564
  SINCE JAN 1    321                       319      2      591
..................................................................


WIND (MPH)
  HIGHEST WIND SPEED    17   HIGHEST WIND DIRECTION    NW (330)
  HIGHEST GUST SPEED    23   HIGHEST GUST DIRECTION     N (350)
  AVERAGE WIND SPEED     6.9


SKY COVER
  POSSIBLE SUNSHINE  MM
  AVERAGE SKY COVER 0.0


WEATHER CONDITIONS
 THE FOLLOWING WEATHER WAS RECORDED YESTERDAY.
  NO SIGNIFICANT WEATHER WAS OBSERVED.


RELATIVE HUMIDITY (PERCENT)
 HIGHEST    67           400 AM
 LOWEST     15           500 PM
 AVERAGE    41

..........................................................


THE PENDLETON OR CLIMATE NORMALS FOR TODAY
                         NORMAL    RECORD    YEAR
 MAXIMUM TEMPERATURE (F)   90       104      2014
                                             2003
                                             1971
 MINIMUM TEMPERATURE (F)   59        38      1917


SUNRISE AND SUNSET
JULY 29 2016..........SUNRISE   536 AM PDT   SUNSET   827 PM PDT
JULY 30 2016..........SUNRISE   537 AM PDT   SUNSET   826 PM PDT


-  INDICATES NEGATIVE NUMBERS.
R  INDICATES RECORD WAS SET OR TIED.
MM INDICATES DATA IS MISSING.
T  INDICATES TRACE AMOUNT.




$$
