000
CDUS46 KPDT 270923
CLIPDT

CLIMATE REPORT
NATIONAL WEATHER SERVICE PENDLETON OR
223 AM PDT FRI MAR 27 2015


...................................

...THE PENDLETON OR CLIMATE SUMMARY FOR MARCH 26 2015...

CLIMATE NORMAL PERIOD 1981 TO 2010
CLIMATE RECORD PERIOD 1890 TO 2015


WEATHER ITEM   OBSERVED TIME   RECORD YEAR NORMAL DEPARTURE LAST
                VALUE   (LST)  VALUE       VALUE  FROM      YEAR
                                                  NORMAL
..................................................................
TEMPERATURE (F)
 YESTERDAY
  MAXIMUM         73R   408 PM  73    1946  58     15       57
  MINIMUM         42    510 AM  21    1913  37      5       36
  AVERAGE         58                        48     10       47

PRECIPITATION (IN)
  YESTERDAY        0.00          0.37 1903   0.04  -0.04     0.28
  MONTH TO DATE    0.95                      1.13  -0.18     1.54
  SINCE OCT 1      7.20                      7.67  -0.47     5.69
  SINCE JAN 1      2.50                      3.67  -1.17     3.90

SNOWFALL (IN)
  YESTERDAY        0.0           1.3  1965   0.1   -0.1      0.0
  MONTH TO DATE    0.0                       0.7   -0.7      1.0
  SINCE JAN 1      0.4                       7.7   -7.3     15.2
  SINCE JUL 1      7.2                      15.2   -8.0     21.7
  SNOW DEPTH       0

DEGREE DAYS
 HEATING
  YESTERDAY        7                        18    -11       18
  MONTH TO DATE  412                       532   -120      511
  SINCE MAR 1    412                       532   -120      511
  SINCE JUL 1   3905                      4431   -526     4776

 COOLING
  YESTERDAY        0                         0      0        0
  MONTH TO DATE    0                         0      0        0
  SINCE MAR 1      0                         0      0        0
  SINCE JAN 1      0                         0      0        0
..................................................................


WIND (MPH)
  HIGHEST WIND SPEED    16   HIGHEST WIND DIRECTION     E (80)
  HIGHEST GUST SPEED    18   HIGHEST GUST DIRECTION     E (80)
  AVERAGE WIND SPEED     6.2


SKY COVER
  POSSIBLE SUNSHINE  MM
  AVERAGE SKY COVER 0.0


WEATHER CONDITIONS
 THE FOLLOWING WEATHER WAS RECORDED YESTERDAY.
  NO SIGNIFICANT WEATHER WAS OBSERVED.


RELATIVE HUMIDITY (PERCENT)
 HIGHEST    86          1100 PM
 LOWEST     35           400 PM
 AVERAGE    61

..........................................................


THE PENDLETON OR CLIMATE NORMALS FOR TODAY
                         NORMAL    RECORD    YEAR
 MAXIMUM TEMPERATURE (F)   58        76      1952
                                             1895
 MINIMUM TEMPERATURE (F)   37        23      1975
                                             1944


SUNRISE AND SUNSET
MARCH 27 2015.........SUNRISE   645 AM PDT   SUNSET   717 PM PDT
MARCH 28 2015.........SUNRISE   644 AM PDT   SUNSET   718 PM PDT


-  INDICATES NEGATIVE NUMBERS.
R  INDICATES RECORD WAS SET OR TIED.
MM INDICATES DATA IS MISSING.
T  INDICATES TRACE AMOUNT.




$$
