542
CDUS46 KPDT 230030
CLIPDT

CLIMATE REPORT
NATIONAL WEATHER SERVICE PENDLETON OR
430 PM PST WED NOV 22 2017


...................................

...THE PENDLETON OR CLIMATE SUMMARY FOR NOVEMBER 22 2017...
VALID TODAY AS OF 0400 PM LOCAL TIME.

CLIMATE NORMAL PERIOD 1981 TO 2010
CLIMATE RECORD PERIOD 1890 TO 2017


WEATHER ITEM   OBSERVED TIME   RECORD YEAR NORMAL DEPARTURE LAST
                VALUE   (LST)  VALUE       VALUE  FROM      YEAR
                                                  NORMAL
..................................................................
TEMPERATURE (F)
 TODAY
  MAXIMUM         65   1146 AM  71    1933  46     19       53
  MINIMUM         41   1208 AM  -5    1985  32      9       31
  AVERAGE         53                        39     14       42

PRECIPITATION (IN)
  TODAY            0.04          0.68 1909   0.05  -0.01     0.03
  MONTH TO DATE    1.00                      1.11  -0.11     0.54
  SINCE OCT 1      2.41                      2.12   0.29     2.86
  SINCE JAN 1     14.70                     10.78   3.92    10.93

SNOWFALL (IN)
  TODAY            0.0           8.0  1977   0.1   -0.1      0.0
  MONTH TO DATE    0.0                       0.7   -0.7      0.0
  SINCE JAN 1     25.9                       8.5   17.4       T
  SINCE JUL 1      0.0                       0.8   -0.8      0.0
  SNOW DEPTH       0

DEGREE DAYS
 HEATING
  TODAY           12                        26    -14       23
  MONTH TO DATE  482                       490     -8      376
  SINCE SEP 1   1032                      1010     22      864
  SINCE JUL 1   1034                      1032      2      866

 COOLING
  TODAY            0                         0      0        0
  MONTH TO DATE    0                         0      0        0
  SINCE SEP 1    113                        66     47       17
  SINCE JAN 1    894                       636    258      605
..................................................................


WIND (MPH)
  HIGHEST WIND SPEED    15   HIGHEST WIND DIRECTION    NW (300)
  HIGHEST GUST SPEED    18   HIGHEST GUST DIRECTION    NW (300)
  AVERAGE WIND SPEED     6.5


SKY COVER
  POSSIBLE SUNSHINE  MM
  AVERAGE SKY COVER 0.5


WEATHER CONDITIONS
 THE FOLLOWING WEATHER WAS RECORDED TODAY.
  LIGHT RAIN
  FOG


RELATIVE HUMIDITY (PERCENT)
 HIGHEST   100           200 AM
 LOWEST     86          1100 AM
 AVERAGE    93

..........................................................


THE PENDLETON OR CLIMATE NORMALS FOR TOMORROW
                         NORMAL    RECORD    YEAR
 MAXIMUM TEMPERATURE (F)   46        75      1933
 MINIMUM TEMPERATURE (F)   32       -12      1985


SUNRISE AND SUNSET
NOVEMBER 22 2017......SUNRISE   705 AM PST   SUNSET   418 PM PST
NOVEMBER 23 2017......SUNRISE   706 AM PST   SUNSET   417 PM PST


-  INDICATES NEGATIVE NUMBERS.
R  INDICATES RECORD WAS SET OR TIED.
MM INDICATES DATA IS MISSING.
T  INDICATES TRACE AMOUNT.




$$
