000
CDUS46 KPDT 260848
CLIPDT

CLIMATE REPORT
NATIONAL WEATHER SERVICE PENDLETON OR
1248 AM PST WED NOV 26 2014


...................................

...THE PENDLETON OR CLIMATE SUMMARY FOR NOVEMBER 25 2014...

CLIMATE NORMAL PERIOD 1981 TO 2010
CLIMATE RECORD PERIOD 1890 TO 2014


WEATHER ITEM   OBSERVED TIME   RECORD YEAR NORMAL DEPARTURE LAST
                VALUE   (LST)  VALUE       VALUE  FROM      YEAR
                                                  NORMAL
..................................................................
TEMPERATURE (F)
 YESTERDAY
  MAXIMUM         61   1208 PM  66    1894  45     16       41
  MINIMUM         49   1229 AM   2    1993  31     18       20
  AVERAGE         55                        38     17       31

PRECIPITATION (IN)
  YESTERDAY        T             0.64 1907   0.05  -0.05     0.00
  MONTH TO DATE    1.22                      1.26  -0.04     0.65
  SINCE OCT 1      1.82                      2.27  -0.45     0.97
  SINCE JAN 1     10.36                     10.93  -0.57     8.46

SNOWFALL (IN)
  YESTERDAY        0.0           2.8  1961   0.0    0.0      0.0
  MONTH TO DATE    3.7                       0.9    2.8      0.0
  SINCE JAN 1     18.9                       8.7   10.2      0.2
  SINCE JUL 1      3.7                       1.0    2.7       T
  SNOW DEPTH       0

DEGREE DAYS
 HEATING
  YESTERDAY       10                        27    -17       34
  MONTH TO DATE  722                       570    152      615
  SINCE SEP 1   1013                      1090    -77     1212
  SINCE JUL 1   1016                      1112    -96     1212

 COOLING
  YESTERDAY        0                         0      0        0
  MONTH TO DATE    0                         0      0        0
  SINCE SEP 1     78                        66     12      121
  SINCE JAN 1    839                       636    203      831
..................................................................


WIND (MPH)
  HIGHEST WIND SPEED    32   HIGHEST WIND DIRECTION    SW (240)
  HIGHEST GUST SPEED    38   HIGHEST GUST DIRECTION     W (250)
  AVERAGE WIND SPEED    14.5


SKY COVER
  POSSIBLE SUNSHINE  MM
  AVERAGE SKY COVER 1.0


WEATHER CONDITIONS
THE FOLLOWING WEATHER WAS RECORDED YESTERDAY.
  LIGHT RAIN


RELATIVE HUMIDITY (PERCENT)
 HIGHEST    83           800 PM
 LOWEST     62           800 AM
 AVERAGE    73

..........................................................


THE PENDLETON OR CLIMATE NORMALS FOR TODAY
                         NORMAL    RECORD    YEAR
 MAXIMUM TEMPERATURE (F)   44        71      1892
 MINIMUM TEMPERATURE (F)   31         1      1993


SUNRISE AND SUNSET
NOVEMBER 26 2014......SUNRISE   710 AM PST   SUNSET   415 PM PST
NOVEMBER 27 2014......SUNRISE   711 AM PST   SUNSET   415 PM PST


-  INDICATES NEGATIVE NUMBERS.
R  INDICATES RECORD WAS SET OR TIED.
MM INDICATES DATA IS MISSING.
T  INDICATES TRACE AMOUNT.

$$
