000
CDUS46 KPDT 030835
CLIPDT

CLIMATE REPORT
NATIONAL WEATHER SERVICE PENDLETON OR
133 AM PDT TUE MAY 3 2016


...................................

...THE PENDLETON OR CLIMATE SUMMARY FOR MAY 2 2016...

CLIMATE NORMAL PERIOD 1981 TO 2010
CLIMATE RECORD PERIOD 1890 TO 2016


WEATHER ITEM   OBSERVED TIME   RECORD YEAR NORMAL DEPARTURE LAST
                VALUE   (LST)  VALUE       VALUE  FROM      YEAR
                                                  NORMAL
..................................................................
TEMPERATURE (F)
 YESTERDAY
  MAXIMUM         84    208 PM  91    1900  66     18       70
  MINIMUM         44    445 AM  27    2006  42      2       42
  AVERAGE         64                        54     10       56

PRECIPITATION (IN)
  YESTERDAY        0.00          0.49 2007   0.04  -0.04     0.00
  MONTH TO DATE    0.00                      0.08  -0.08     0.00
  SINCE OCT 1      8.67                      9.14  -0.47     7.83
  SINCE JAN 1      4.40                      5.14  -0.74     3.13

SNOWFALL (IN)
  YESTERDAY        0.0           0.0  2002   0.0    0.0      0.0
                                      2001
                                      2000
  MONTH TO DATE    0.0                       0.0    0.0      0.0
  SINCE JAN 1      T                         7.7   -7.7      0.4
  SINCE JUL 1      4.1                      15.2  -11.1      7.2
  SNOW DEPTH       0

DEGREE DAYS
 HEATING
  YESTERDAY        1                        11    -10        9
  MONTH TO DATE    9                        22    -13       12
  SINCE MAR 1    829                      1070   -241      958
  SINCE JUL 1   4421                      4969   -548     4451

 COOLING
  YESTERDAY        0                         0      0        0
  MONTH TO DATE    0                         0      0        0
  SINCE MAR 1      0                         1     -1        0
  SINCE JAN 1      0                         1     -1        0
..................................................................


WIND (MPH)
  HIGHEST WIND SPEED    21   HIGHEST WIND DIRECTION    NE (60)
  HIGHEST GUST SPEED    30   HIGHEST GUST DIRECTION    NE (30)
  AVERAGE WIND SPEED     8.3


SKY COVER
  POSSIBLE SUNSHINE  MM
  AVERAGE SKY COVER 0.0


WEATHER CONDITIONS
 THE FOLLOWING WEATHER WAS RECORDED YESTERDAY.
  NO SIGNIFICANT WEATHER WAS OBSERVED.


RELATIVE HUMIDITY (PERCENT)
 HIGHEST    83           200 AM
 LOWEST     17          1200 PM
 AVERAGE    50

..........................................................


THE PENDLETON OR CLIMATE NORMALS FOR TODAY
                         NORMAL    RECORD    YEAR
 MAXIMUM TEMPERATURE (F)   66        94      1900
 MINIMUM TEMPERATURE (F)   42        25      1897


SUNRISE AND SUNSET
MAY  3 2016...........SUNRISE   539 AM PDT   SUNSET   806 PM PDT
MAY  4 2016...........SUNRISE   538 AM PDT   SUNSET   807 PM PDT


-  INDICATES NEGATIVE NUMBERS.
R  INDICATES RECORD WAS SET OR TIED.
MM INDICATES DATA IS MISSING.
T  INDICATES TRACE AMOUNT.




$$
