000
CDUS46 KPDT 250828
CLIPDT

CLIMATE REPORT
NATIONAL WEATHER SERVICE PENDLETON OR
1227 AM PST SUN FEB 25 2018

...................................

...THE PENDLETON OR CLIMATE SUMMARY FOR FEBRUARY 24 2018...

CLIMATE NORMAL PERIOD 1981 TO 2010
CLIMATE RECORD PERIOD 1890 TO 2018


WEATHER ITEM   OBSERVED TIME   RECORD YEAR NORMAL DEPARTURE LAST
                VALUE   (LST)  VALUE       VALUE  FROM      YEAR
                                                  NORMAL
..................................................................
TEMPERATURE (F)
 YESTERDAY
  MAXIMUM         43    248 PM  72    1986  49     -6       43
  MINIMUM         33   1110 PM  10    1993  31      2       27
  AVERAGE         38                        40     -2       35

PRECIPITATION (IN)
  YESTERDAY        0.03          1.12 1994   0.04  -0.01     0.00
  MONTH TO DATE    0.72                      0.94  -0.22     1.88
  SINCE OCT 1      6.50                      6.37   0.13     9.05
  SINCE JAN 1      2.31                      2.37  -0.06     3.53

SNOWFALL (IN)
  YESTERDAY        T            16.1  1994   0.1   -0.1      0.0
  MONTH TO DATE    4.4                       3.0    1.4      3.0
  SINCE JAN 1      4.4                       6.7   -2.3     21.5
  SINCE JUL 1     14.4                      14.2    0.2     40.0
  SNOW DEPTH       0

DEGREE DAYS
 HEATING
  YESTERDAY       27                        25      2       30
  MONTH TO DATE  643                       644     -1      710
  SINCE DEC 1   2462                      2549    -87     3159
  SINCE JUL 1   3670                      3802   -132     4183

 COOLING
  YESTERDAY        0                         0      0        0
  MONTH TO DATE    0                         0      0        0
  SINCE DEC 1      0                         0      0        0
  SINCE JAN 1      0                         0      0        0
..................................................................


WIND (MPH)
  HIGHEST WIND SPEED    35   HIGHEST WIND DIRECTION     W (260)
  HIGHEST GUST SPEED    44   HIGHEST GUST DIRECTION     W (260)
  AVERAGE WIND SPEED    19.0


SKY COVER
  POSSIBLE SUNSHINE  MM
  AVERAGE SKY COVER 0.7


WEATHER CONDITIONS
 THE FOLLOWING WEATHER WAS RECORDED YESTERDAY.
  LIGHT SNOW
  FOG


RELATIVE HUMIDITY (PERCENT)
 HIGHEST    89           600 AM
 LOWEST     57           300 PM
 AVERAGE    73

..........................................................


THE PENDLETON OR CLIMATE NORMALS FOR TODAY
                         NORMAL    RECORD    YEAR
 MAXIMUM TEMPERATURE (F)   49        68      1932
 MINIMUM TEMPERATURE (F)   31         6      2011


SUNRISE AND SUNSET
FEBRUARY 25 2018......SUNRISE   641 AM PST   SUNSET   537 PM PST
FEBRUARY 26 2018......SUNRISE   639 AM PST   SUNSET   538 PM PST


-  INDICATES NEGATIVE NUMBERS.
R  INDICATES RECORD WAS SET OR TIED.
MM INDICATES DATA IS MISSING.
T  INDICATES TRACE AMOUNT.




$$
