000
CDUS46 KPDT 110840
CLIPDT

CLIMATE REPORT
NATIONAL WEATHER SERVICE PENDLETON OR
1240 AM PST THU FEB 11 2016


...................................

...THE PENDLETON OR CLIMATE SUMMARY FOR FEBRUARY 10 2016...

CLIMATE NORMAL PERIOD 1981 TO 2010
CLIMATE RECORD PERIOD 1890 TO 2016


WEATHER ITEM   OBSERVED TIME   RECORD YEAR NORMAL DEPARTURE LAST
                VALUE   (LST)  VALUE       VALUE  FROM      YEAR
                                                  NORMAL
..................................................................
TEMPERATURE (F)
 YESTERDAY
  MAXIMUM         50    420 PM  69    1918  46      4       57
  MINIMUM         27    717 AM -17    1929  30     -3       39
  AVERAGE         39                        38      1       48

PRECIPITATION (IN)
  YESTERDAY        0.00          0.88 1902   0.04  -0.04     0.01
  MONTH TO DATE    0.22                      0.39  -0.17     0.76
  SINCE OCT 1      6.00                      5.82   0.18     6.18
  SINCE JAN 1      1.73                      1.82  -0.09     1.48

SNOWFALL (IN)
  YESTERDAY        0.0           5.9  1973   0.2   -0.2      0.0
  MONTH TO DATE    0.0                       1.3   -1.3      0.0
  SINCE JAN 1      T                         5.0   -5.0      0.4
  SINCE JUL 1      4.1                      12.5   -8.4      7.2
  SNOW DEPTH       0

DEGREE DAYS
 HEATING
  YESTERDAY       26                        27     -1       17
  MONTH TO DATE  248                       277    -29      169
  SINCE DEC 1   2014                      2182   -168     1950
  SINCE JUL 1   3214                      3435   -221     3080

 COOLING
  YESTERDAY        0                         0      0        0
  MONTH TO DATE    0                         0      0        0
  SINCE DEC 1      0                         0      0        0
  SINCE JAN 1      0                         0      0        0
..................................................................


WIND (MPH)
  HIGHEST WIND SPEED    16   HIGHEST WIND DIRECTION     W (290)
  HIGHEST GUST SPEED    18   HIGHEST GUST DIRECTION    NW (300)
  AVERAGE WIND SPEED     5.1


SKY COVER
  POSSIBLE SUNSHINE  MM
  AVERAGE SKY COVER 0.1


WEATHER CONDITIONS
 THE FOLLOWING WEATHER WAS RECORDED YESTERDAY.
  FOG


RELATIVE HUMIDITY (PERCENT)
 HIGHEST   100           500 AM
 LOWEST     56           100 PM
 AVERAGE    78

..........................................................


THE PENDLETON OR CLIMATE NORMALS FOR TODAY
                         NORMAL    RECORD    YEAR
 MAXIMUM TEMPERATURE (F)   46        66      1924
 MINIMUM TEMPERATURE (F)   30        -8      1929


SUNRISE AND SUNSET
FEBRUARY 11 2016......SUNRISE   704 AM PST   SUNSET   516 PM PST
FEBRUARY 12 2016......SUNRISE   703 AM PST   SUNSET   517 PM PST


-  INDICATES NEGATIVE NUMBERS.
R  INDICATES RECORD WAS SET OR TIED.
MM INDICATES DATA IS MISSING.
T  INDICATES TRACE AMOUNT.




$$
