000
CDUS46 KPDT 060852
CLIPDT

CLIMATE REPORT
NATIONAL WEATHER SERVICE PENDLETON OR
1235 AM PST TUE DEC 6 2016


...................................

...THE PENDLETON OR CLIMATE SUMMARY FOR DECEMBER 5 2016...

CLIMATE NORMAL PERIOD 1981 TO 2010
CLIMATE RECORD PERIOD 1890 TO 2016


WEATHER ITEM   OBSERVED TIME   RECORD YEAR NORMAL DEPARTURE LAST
                VALUE   (LST)  VALUE       VALUE  FROM      YEAR
                                                  NORMAL
..................................................................
TEMPERATURE (F)
 YESTERDAY
  MAXIMUM         40   1226 PM  66    1944  41     -1       54
                                      1900
  MINIMUM         25    400 AM   1    1972  28     -3       31
  AVERAGE         33                        35     -2       43

PRECIPITATION (IN)
  YESTERDAY        0.12          0.75 1971   0.05   0.07      T
  MONTH TO DATE    0.13                      0.26  -0.13     0.14
  SINCE OCT 1      3.36                      2.79   0.57     2.13
  SINCE JAN 1     11.43                     11.45  -0.02     7.95

SNOWFALL (IN)
  YESTERDAY        1.2           4.0  1986   0.1    1.1      0.0
  MONTH TO DATE    1.2                       0.7    0.5      0.8
  SINCE JAN 1      1.2                       9.9   -8.7      2.8
  SINCE JUL 1      1.2                       2.2   -1.0      2.4
  SNOW DEPTH       1

DEGREE DAYS
 HEATING
  YESTERDAY       32                        30      2       22
  MONTH TO DATE  133                       148    -15      157
  SINCE DEC 1    133                       148    -15      157
  SINCE JUL 1   1157                      1401   -244     1357

 COOLING
  YESTERDAY        0                         0      0        0
  MONTH TO DATE    0                         0      0        0
  SINCE DEC 1      0                         0      0        0
  SINCE JAN 1    605                       636    -31      912
..................................................................


WIND (MPH)
  HIGHEST WIND SPEED    14   HIGHEST WIND DIRECTION    SW (210)
  HIGHEST GUST SPEED    20   HIGHEST GUST DIRECTION    SW (220)
  AVERAGE WIND SPEED     6.3


SKY COVER
  POSSIBLE SUNSHINE  MM
  AVERAGE SKY COVER 0.6


WEATHER CONDITIONS
 THE FOLLOWING WEATHER WAS RECORDED YESTERDAY.
  SNOW
  LIGHT SNOW
  FOG
  FOG W/VISIBILITY <= 1/4 MILE


RELATIVE HUMIDITY (PERCENT)
 HIGHEST   100           900 PM
 LOWEST     44          1100 AM
 AVERAGE    72

..........................................................


THE PENDLETON OR CLIMATE NORMALS FOR TODAY
                         NORMAL    RECORD    YEAR
 MAXIMUM TEMPERATURE (F)   41        65      1987
 MINIMUM TEMPERATURE (F)   28         0      2013


SUNRISE AND SUNSET
DECEMBER  6 2016......SUNRISE   722 AM PST   SUNSET   411 PM PST
DECEMBER  7 2016......SUNRISE   723 AM PST   SUNSET   411 PM PST


-  INDICATES NEGATIVE NUMBERS.
R  INDICATES RECORD WAS SET OR TIED.
MM INDICATES DATA IS MISSING.
T  INDICATES TRACE AMOUNT.




$$
