000
CDUS46 KPQR 221144
CLIPDX


CLIMATE REPORT
NATIONAL WEATHER SERVICE PORTLAND OREGON
443 AM PDT THU JUN 22 2017


...................................

...THE PORTLAND OR CLIMATE SUMMARY FOR JUNE 21 2017...

CLIMATE NORMAL PERIOD 1981 TO 2010
CLIMATE RECORD PERIOD 1940 TO 2017


WEATHER ITEM   OBSERVED TIME   RECORD YEAR NORMAL DEPARTURE LAST
                VALUE   (LST)  VALUE       VALUE  FROM      YEAR
                                                  NORMAL
..................................................................
TEMPERATURE (F)
 YESTERDAY
  MAXIMUM         75    438 PM  96    1992  75      0       76
  MINIMUM         51    432 AM  45    1942  54     -3       58
  AVERAGE         63                        64     -1       67

PRECIPITATION (IN)
  YESTERDAY        0.00          0.44 1967   0.04  -0.04     0.00
                                      1943
  MONTH TO DATE    1.08                      1.36  -0.28     0.85
  SINCE OCT 1     49.01                     32.90  16.11    44.01
  SINCE JAN 1     29.26                     18.78  10.48    20.59

SNOWFALL (IN)
  YESTERDAY        0.0          MM      MM
  MONTH TO DATE    0.0
  SINCE JUN 1      0.0
  SINCE JUL 1     11.2

DEGREE DAYS
 HEATING
  YESTERDAY        2                         2      0        0
  MONTH TO DATE   69                        74     -5       59
  SINCE JUN 1     69                        74     -5       59
  SINCE JUL 1   4421                      4261    160     3447

 COOLING
  YESTERDAY        0                         2     -2        2
  MONTH TO DATE   26                        26      0       76
  SINCE JUN 1     26                        26      0       76
  SINCE JAN 1     67                        43     24      125
..................................................................


WIND (MPH)
  HIGHEST WIND SPEED    18   HIGHEST WIND DIRECTION    NW (320)
  HIGHEST GUST SPEED    24   HIGHEST GUST DIRECTION    NW (330)
  AVERAGE WIND SPEED    10.1


SKY COVER
  POSSIBLE SUNSHINE  MM
  AVERAGE SKY COVER 0.2


WEATHER CONDITIONS
 THE FOLLOWING WEATHER WAS RECORDED YESTERDAY.
  NO SIGNIFICANT WEATHER WAS OBSERVED.


RELATIVE HUMIDITY (PERCENT)
 HIGHEST    83           500 AM
 LOWEST     33           200 PM
 AVERAGE    58

..........................................................


THE PORTLAND OR CLIMATE NORMALS FOR TODAY
                         NORMAL    RECORD    YEAR
 MAXIMUM TEMPERATURE (F)   75       100      1992
 MINIMUM TEMPERATURE (F)   55        46      1945


SUNRISE AND SUNSET
JUNE 22 2017..........SUNRISE   522 AM PDT   SUNSET   903 PM PDT
JUNE 23 2017..........SUNRISE   522 AM PDT   SUNSET   904 PM PDT


-  INDICATES NEGATIVE NUMBERS.
R  INDICATES RECORD WAS SET OR TIED.
MM INDICATES DATA IS MISSING.
T  INDICATES TRACE AMOUNT.




$$
