878
CDUS46 KPQR 230220
CLIPDX


CLIMATE REPORT
NATIONAL WEATHER SERVICE PORTLAND OREGON
620 PM PST SUN JAN 22 2017


...................................

...THE PORTLAND OR CLIMATE SUMMARY FOR JANUARY 22 2017...
VALID TODAY AS OF 0600 PM LOCAL TIME.

CLIMATE NORMAL PERIOD 1981 TO 2010
CLIMATE RECORD PERIOD 1940 TO 2017


WEATHER ITEM   OBSERVED TIME   RECORD YEAR NORMAL DEPARTURE LAST
                VALUE   (LST)  VALUE       VALUE  FROM      YEAR
                                                  NORMAL
..................................................................
TEMPERATURE (F)
 TODAY
  MAXIMUM         46    232 PM  61    1970  48     -2       59
  MINIMUM         36    148 AM   9    1949  36      0       44
  AVERAGE         41                        42     -1       52

PRECIPITATION (IN)
  TODAY            0.15          2.03 1970   0.15   0.00     0.30
  MONTH TO DATE    4.10                      3.59   0.51     5.79
  SINCE OCT 1     23.85                     17.71   6.14    29.21
  SINCE JAN 1      4.10                      3.59   0.51     5.79

SNOWFALL (IN)
  TODAY           MM             0.5  1952
  MONTH TO DATE    8.4
  SINCE DEC 1     11.2
  SINCE JUL 1     11.2

DEGREE DAYS
 HEATING
  TODAY           24                        23      1       13
  MONTH TO DATE  735                       528    207      526
  SINCE DEC 1   1589                      1291    298     1185
  SINCE JUL 1   2299                      2260     39     1993

 COOLING
  TODAY            0                         0      0        0
  MONTH TO DATE    0                         0      0        0
  SINCE DEC 1      0                         0      0        0
  SINCE JAN 1      0                         0      0        0
..................................................................


WIND (MPH)
  HIGHEST WIND SPEED    23   HIGHEST WIND DIRECTION     E (80)
  HIGHEST GUST SPEED    26   HIGHEST GUST DIRECTION     E (70)
  AVERAGE WIND SPEED     9.0



WEATHER CONDITIONS
 THE FOLLOWING WEATHER WAS RECORDED TODAY.
  LIGHT RAIN
  FOG


RELATIVE HUMIDITY (PERCENT)
 HIGHEST    93           500 AM
 LOWEST     76          1100 AM
 AVERAGE    85

..........................................................


THE PORTLAND OR CLIMATE NORMALS FOR TOMORROW
                         NORMAL    RECORD    YEAR
 MAXIMUM TEMPERATURE (F)   48        60      1953
 MINIMUM TEMPERATURE (F)   36        10      1943


SUNRISE AND SUNSET
JANUARY 22 2017.......SUNRISE   742 AM PST   SUNSET   503 PM PST
JANUARY 23 2017.......SUNRISE   741 AM PST   SUNSET   504 PM PST


-  INDICATES NEGATIVE NUMBERS.
R  INDICATES RECORD WAS SET OR TIED.
MM INDICATES DATA IS MISSING.
T  INDICATES TRACE AMOUNT.




$$
