000
CDUS46 KPQR 220221
CLIPDX


CLIMATE REPORT
NATIONAL WEATHER SERVICE PORTLAND OREGON
620 PM PST TUE FEB 21 2017


...................................

...THE PORTLAND OR CLIMATE SUMMARY FOR FEBRUARY 21 2017...
VALID TODAY AS OF 0600 PM LOCAL TIME.

CLIMATE NORMAL PERIOD 1981 TO 2010
CLIMATE RECORD PERIOD 1940 TO 2017


WEATHER ITEM   OBSERVED TIME   RECORD YEAR NORMAL DEPARTURE LAST
                VALUE   (LST)  VALUE       VALUE  FROM      YEAR
                                                  NORMAL
..................................................................
TEMPERATURE (F)
 TODAY
  MAXIMUM         48    124 PM  66    1958  52     -4       53
  MINIMUM         41    525 AM  25    1955  37      4       35
  AVERAGE         45                        44      1       44

PRECIPITATION (IN)
  TODAY            0.52          0.77 1949   0.13   0.39     0.10
  MONTH TO DATE   10.05                      2.75   7.30     3.19
  SINCE OCT 1     33.93                     21.75  12.18    33.84
  SINCE JAN 1     14.18                      7.63   6.55    10.42

SNOWFALL (IN)
  TODAY            0.0           0.1  1993
  MONTH TO DATE    T
  SINCE DEC 1     11.2
  SINCE JUL 1     11.2

DEGREE DAYS
 HEATING
  TODAY           20                        21     -1       21
  MONTH TO DATE  490                       454     36      329
  SINCE DEC 1   2313                      1949    364     1676
  SINCE JUL 1   3023                      2918    105     2484

 COOLING
  TODAY            0                         0      0        0
  MONTH TO DATE    0                         0      0        0
  SINCE DEC 1      0                         0      0        0
  SINCE JAN 1      0                         0      0        0
..................................................................


WIND (MPH)
  HIGHEST WIND SPEED    17   HIGHEST WIND DIRECTION     S (190)
  HIGHEST GUST SPEED    21   HIGHEST GUST DIRECTION     S (190)
  AVERAGE WIND SPEED     3.3



WEATHER CONDITIONS
 THE FOLLOWING WEATHER WAS RECORDED TODAY.
  LIGHT RAIN
  FOG


RELATIVE HUMIDITY (PERCENT)
 HIGHEST   100           200 AM
 LOWEST     83           500 PM
 AVERAGE    92

..........................................................


THE PORTLAND OR CLIMATE NORMALS FOR TOMORROW
                         NORMAL    RECORD    YEAR
 MAXIMUM TEMPERATURE (F)   53        64      2002
 MINIMUM TEMPERATURE (F)   37        27      2010


SUNRISE AND SUNSET
FEBRUARY 21 2017......SUNRISE   702 AM PST   SUNSET   547 PM PST
FEBRUARY 22 2017......SUNRISE   700 AM PST   SUNSET   548 PM PST


-  INDICATES NEGATIVE NUMBERS.
R  INDICATES RECORD WAS SET OR TIED.
MM INDICATES DATA IS MISSING.
T  INDICATES TRACE AMOUNT.




$$
