000
CDUS46 KPQR 011142
CLIPDX


CLIMATE REPORT
NATIONAL WEATHER SERVICE PORTLAND OREGON
442 AM PDT WED JUL 1 2015


...................................

...THE PORTLAND OR CLIMATE SUMMARY FOR JUNE 30 2015...

CLIMATE NORMAL PERIOD 1981 TO 2010
CLIMATE RECORD PERIOD 1940 TO 2015


WEATHER ITEM   OBSERVED TIME   RECORD YEAR NORMAL DEPARTURE LAST
                VALUE   (LST)  VALUE       VALUE  FROM      YEAR
                                                  NORMAL
..................................................................
TEMPERATURE (F)
 YESTERDAY
  MAXIMUM         92    355 PM 100    1942  77     15       85
  MINIMUM         61    450 AM  41    1949  56      5       55
  AVERAGE         77                        66     11       70

PRECIPITATION (IN)
  YESTERDAY        0.00          0.81 1954   0.03  -0.03     0.00
  MONTH TO DATE    0.40                      1.70  -1.30     2.33
  SINCE OCT 1     29.47                     33.24  -3.77    28.91
  SINCE JAN 1     14.49                     19.12  -4.63    23.09

DEGREE DAYS
 HEATING
  YESTERDAY        0                         1     -1        0
  MONTH TO DATE   19                        91    -72       62
  SINCE JUN 1     19                        91    -72       62
  SINCE JUL 1   3367                      4278   -911     4312

 COOLING
  YESTERDAY       12                         3      9        5
  MONTH TO DATE  185                        47    138       29
  SINCE JUN 1    185                        47    138       29
  SINCE JAN 1    207                        64    143       57
..................................................................


WIND (MPH)
  HIGHEST WIND SPEED    21   HIGHEST WIND DIRECTION    NW (300)
  HIGHEST GUST SPEED    26   HIGHEST GUST DIRECTION     N (340)
  AVERAGE WIND SPEED     9.8


SKY COVER
  POSSIBLE SUNSHINE  MM
  AVERAGE SKY COVER 0.2


WEATHER CONDITIONS
 THE FOLLOWING WEATHER WAS RECORDED YESTERDAY.
  NO SIGNIFICANT WEATHER WAS OBSERVED.


RELATIVE HUMIDITY (PERCENT)
 HIGHEST    84           200 AM
 LOWEST     32           400 PM
 AVERAGE    58

..........................................................


THE PORTLAND OR CLIMATE NORMALS FOR TODAY
                         NORMAL    RECORD    YEAR
 MAXIMUM TEMPERATURE (F)   77       105      1942
 MINIMUM TEMPERATURE (F)   56        48      1963


SUNRISE AND SUNSET
JULY  1 2015..........SUNRISE   525 AM PDT   SUNSET   903 PM PDT
JULY  2 2015..........SUNRISE   526 AM PDT   SUNSET   903 PM PDT


-  INDICATES NEGATIVE NUMBERS.
R  INDICATES RECORD WAS SET OR TIED.
MM INDICATES DATA IS MISSING.
T  INDICATES TRACE AMOUNT.




$$
