000
CDUS46 KPQR 161142
CLIPDX


CLIMATE REPORT
NATIONAL WEATHER SERVICE PORTLAND OREGON
441 AM PDT MON OCT 16 2017


...................................

...THE PORTLAND OR CLIMATE SUMMARY FOR OCTOBER 15 2017...

CLIMATE NORMAL PERIOD 1981 TO 2010
CLIMATE RECORD PERIOD 1940 TO 2017


WEATHER ITEM   OBSERVED TIME   RECORD YEAR NORMAL DEPARTURE LAST
                VALUE   (LST)  VALUE       VALUE  FROM      YEAR
                                                  NORMAL
..................................................................
TEMPERATURE (F)
 YESTERDAY
  MAXIMUM         67    400 PM  80    2015  64      3       65
                                      1991
  MINIMUM         38    459 AM  33    1992  46     -8       53
  AVERAGE         53                        55     -2       59

PRECIPITATION (IN)
  YESTERDAY        0.00          1.06 1947   0.09  -0.09     0.51
  MONTH TO DATE    0.73                      1.09  -0.36     5.12
  SINCE OCT 1      0.73                      1.09  -0.36     5.12
  SINCE JAN 1     32.43                     23.00   9.43    28.72

SNOWFALL (IN)
  YESTERDAY        0.0           0.0  2016
  MONTH TO DATE    0.0
  SINCE SEP 1      0.0
  SINCE JUL 1      0.0

DEGREE DAYS
 HEATING
  YESTERDAY       12                        10      2        6
  MONTH TO DATE  159                       116     43      116
  SINCE SEP 1    235                       192     43      188
  SINCE JUL 1    237                       219     18      194

 COOLING
  YESTERDAY        0                         0      0        0
  MONTH TO DATE    0                         0      0        0
  SINCE SEP 1    132                        59     73       30
  SINCE JAN 1    700                       422    278      548
..................................................................


WIND (MPH)
  HIGHEST WIND SPEED     7   HIGHEST WIND DIRECTION    NW (320)
  HIGHEST GUST SPEED     8   HIGHEST GUST DIRECTION    NW (320)
  AVERAGE WIND SPEED     1.7


SKY COVER
  POSSIBLE SUNSHINE  MM
  AVERAGE SKY COVER 0.3


WEATHER CONDITIONS
 THE FOLLOWING WEATHER WAS RECORDED YESTERDAY.
  FOG
  HAZE


RELATIVE HUMIDITY (PERCENT)
 HIGHEST   100           400 AM
 LOWEST     37           300 PM
 AVERAGE    69

..........................................................


THE PORTLAND OR CLIMATE NORMALS FOR TODAY
                         NORMAL    RECORD    YEAR
 MAXIMUM TEMPERATURE (F)   64        80      2002
 MINIMUM TEMPERATURE (F)   46        30      1946


SUNRISE AND SUNSET
OCTOBER 16 2017.......SUNRISE   729 AM PDT   SUNSET   622 PM PDT
OCTOBER 17 2017.......SUNRISE   730 AM PDT   SUNSET   621 PM PDT


-  INDICATES NEGATIVE NUMBERS.
R  INDICATES RECORD WAS SET OR TIED.
MM INDICATES DATA IS MISSING.
T  INDICATES TRACE AMOUNT.




$$
