000
CDUS46 KPQR 231142
CLIPDX


CLIMATE REPORT
NATIONAL WEATHER SERVICE PORTLAND OREGON
441 AM PDT WED JUL 23 2014


...................................

...THE PORTLAND OR CLIMATE SUMMARY FOR JULY 22 2014...

CLIMATE NORMAL PERIOD 1981 TO 2010
CLIMATE RECORD PERIOD 1940 TO 2014


WEATHER ITEM   OBSERVED TIME   RECORD YEAR NORMAL DEPARTURE LAST
                VALUE   (LST)  VALUE       VALUE  FROM      YEAR
                                                  NORMAL
..................................................................
TEMPERATURE (F)
 YESTERDAY
  MAXIMUM         75    309 PM  98    2004  82     -7       82
                                      1978
  MINIMUM         59    736 AM  49    2011  59      0       58
                                      1954
  AVERAGE         67                        70     -3       70

PRECIPITATION (IN)
  YESTERDAY        0.41R         0.12 2005   0.02   0.39     0.00
  MONTH TO DATE    0.42                      0.51  -0.09      T
  SINCE OCT 1     29.33                     33.75  -4.42    36.43
  SINCE JAN 1     23.51                     19.63   3.88    14.50

DEGREE DAYS
 HEATING
  YESTERDAY        0                         0      0        0
  MONTH TO DATE    0                        15    -15        1
  SINCE JUN 1     62                       106    -44       50
  SINCE JUL 1      0                        15    -15        1

 COOLING
  YESTERDAY        2                         6     -4        5
  MONTH TO DATE  158                        95     63      117
  SINCE JUN 1    187                       142     45      184
  SINCE JAN 1    215                       159     56      199
..................................................................


WIND (MPH)
  HIGHEST WIND SPEED    14   HIGHEST WIND DIRECTION     E (100)
  HIGHEST GUST SPEED    18   HIGHEST GUST DIRECTION     E (100)
  AVERAGE WIND SPEED     6.0


SKY COVER
  POSSIBLE SUNSHINE  MM
  AVERAGE SKY COVER 0.9


WEATHER CONDITIONS
 THE FOLLOWING WEATHER WAS RECORDED YESTERDAY.
  RAIN
  LIGHT RAIN
  FOG


RELATIVE HUMIDITY (PERCENT)
 HIGHEST    97           500 AM
 LOWEST     57          1200 AM
 AVERAGE    77

..........................................................


THE PORTLAND OR CLIMATE NORMALS FOR TODAY
                         NORMAL    RECORD    YEAR
 MAXIMUM TEMPERATURE (F)   82       103      2004
 MINIMUM TEMPERATURE (F)   59        46      1963


SUNRISE AND SUNSET
JULY 23 2014..........SUNRISE   544 AM PDT   SUNSET   849 PM PDT
JULY 24 2014..........SUNRISE   545 AM PDT   SUNSET   848 PM PDT


-  INDICATES NEGATIVE NUMBERS.
R  INDICATES RECORD WAS SET OR TIED.
MM INDICATES DATA IS MISSING.
T  INDICATES TRACE AMOUNT.




$$
