000
CDUS46 KPQR 011141
CLIPDX


CLIMATE REPORT
NATIONAL WEATHER SERVICE PORTLAND OREGON
340 AM PST SUN FEB 1 2015


...................................

...THE PORTLAND OR CLIMATE SUMMARY FOR JANUARY 31 2015...

CLIMATE NORMAL PERIOD 1981 TO 2010
CLIMATE RECORD PERIOD 1940 TO 2015


WEATHER ITEM   OBSERVED TIME   RECORD YEAR NORMAL DEPARTURE LAST
                VALUE   (LST)  VALUE       VALUE  FROM      YEAR
                                                  NORMAL
..................................................................
TEMPERATURE (F)
 YESTERDAY
  MAXIMUM         48    315 PM  61    1995  49     -1       48
  MINIMUM         31    426 AM  -2    1950  36     -5       41
  AVERAGE         40                        43     -3       45

PRECIPITATION (IN)
  YESTERDAY        0.00          2.33 1987   0.14  -0.14     0.05
  MONTH TO DATE    3.33                      4.88  -1.55     2.70
  SINCE OCT 1     18.31                     19.00  -0.69     8.52
  SINCE JAN 1      3.33                      4.88  -1.55     2.70

DEGREE DAYS
 HEATING
  YESTERDAY       25                        22      3       20
  MONTH TO DATE  662                       733    -71      724
  SINCE DEC 1   1302                      1495   -193     1604
  SINCE JUL 1   2035                      2464   -429     2615

 COOLING
  YESTERDAY        0                         0      0        0
  MONTH TO DATE    0                         0      0        0
  SINCE DEC 1      0                         0      0        0
  SINCE JAN 1      0                         0      0        0
..................................................................


WIND (MPH)
  HIGHEST WIND SPEED    17   HIGHEST WIND DIRECTION    SE (120)
  HIGHEST GUST SPEED    21   HIGHEST GUST DIRECTION    SE (120)
  AVERAGE WIND SPEED     5.4


SKY COVER
  POSSIBLE SUNSHINE  MM
  AVERAGE SKY COVER 0.8


WEATHER CONDITIONS
 THE FOLLOWING WEATHER WAS RECORDED YESTERDAY.
  FOG
  FOG W/VISIBILITY <= 1/4 MILE


RELATIVE HUMIDITY (PERCENT)
 HIGHEST   100           200 AM
 LOWEST     70           200 PM
 AVERAGE    85

..........................................................


THE PORTLAND OR CLIMATE NORMALS FOR TODAY
                         NORMAL    RECORD    YEAR
 MAXIMUM TEMPERATURE (F)   49        61      1986
                                             1962
 MINIMUM TEMPERATURE (F)   36         1      1950


SUNRISE AND SUNSET
FEBRUARY  1 2015......SUNRISE   732 AM PST   SUNSET   517 PM PST
FEBRUARY  2 2015......SUNRISE   731 AM PST   SUNSET   518 PM PST


-  INDICATES NEGATIVE NUMBERS.
R  INDICATES RECORD WAS SET OR TIED.
MM INDICATES DATA IS MISSING.
T  INDICATES TRACE AMOUNT.




$$
