000
CDUS41 KPBZ 282124
CLIPHD


CLIMATE REPORT
NATIONAL WEATHER SERVICE PITTSBURGH PA
523 PM EDT WED JUN 28 2017


...................................

...THE NEW PHILADELPHIA OH CLIMATE SUMMARY FOR JUNE 28 2017...
VALID TODAY AS OF 0500 PM LOCAL TIME.

CLIMATE NORMAL PERIOD 1981 TO 2010
CLIMATE RECORD PERIOD 1948 TO 2017


WEATHER ITEM   OBSERVED TIME   RECORD YEAR NORMAL DEPARTURE LAST
                VALUE   (LST)  VALUE       VALUE  FROM      YEAR
                                                  NORMAL
..................................................................
TEMPERATURE (F)
 TODAY
  MAXIMUM         77    300 PM  96    2012  83     -6       84
                                      1966
  MINIMUM         48    534 AM  44    1988  60    -12       62
  AVERAGE         63                        71     -8       73

PRECIPITATION (IN)
  TODAY            0.00          1.58 1975   0.08  -0.08     0.00
  MONTH TO DATE    1.83                      3.58  -1.75     1.17
  SINCE JUN 1      1.83                      3.58  -1.75     1.17
  SINCE JAN 1     22.58                     19.18   3.40    15.82

DEGREE DAYS
 HEATING
  TODAY            2                         0      2        0
  MONTH TO DATE   27                        33     -6        7
  SINCE JUN 1     27                        33     -6        7
  SINCE JUL 1   4711                      5642   -931     4818

 COOLING
  TODAY            0                         7     -7        8
  MONTH TO DATE  168                       130     38      265
  SINCE JUN 1    168                       130     38      265
  SINCE JAN 1    235                       173     62      344
..................................................................


WIND (MPH)
  HIGHEST WIND SPEED    13   HIGHEST WIND DIRECTION     S (170)
  HIGHEST GUST SPEED    17   HIGHEST GUST DIRECTION    SW (220)
  AVERAGE WIND SPEED     4.1


SKY COVER
  POSSIBLE SUNSHINE  MM
  AVERAGE SKY COVER 0.0


WEATHER CONDITIONS
 THE FOLLOWING WEATHER WAS RECORDED TODAY.
  NO SIGNIFICANT WEATHER WAS OBSERVED.


RELATIVE HUMIDITY (PERCENT)
 HIGHEST   100           400 AM
 LOWEST     40           300 PM
 AVERAGE    70

..........................................................


THE NEW PHILADELPHIA OH CLIMATE NORMALS FOR TOMORROW
                         NORMAL    RECORD    YEAR
 MAXIMUM TEMPERATURE (F)   83        98      1971
 MINIMUM TEMPERATURE (F)   60        49      1992
                                             1988
                                             1970


SUNRISE AND SUNSET
JUNE 28 2017..........SUNRISE   558 AM EDT   SUNSET   900 PM EDT
JUNE 29 2017..........SUNRISE   558 AM EDT   SUNSET   900 PM EDT


-  INDICATES NEGATIVE NUMBERS.
R  INDICATES RECORD WAS SET OR TIED.
MM INDICATES DATA IS MISSING.
T  INDICATES TRACE AMOUNT.




$$
