000
CDUS41 KPBZ 022119
CLIPHD


CLIMATE REPORT
NATIONAL WEATHER SERVICE PITTSBURGH PA
516 PM EDT THU JUL 2 2015


...................................

...THE NEW PHILADELPHIA OH CLIMATE SUMMARY FOR JULY 2 2015...
VALID TODAY AS OF 0500 PM LOCAL TIME.

CLIMATE NORMAL PERIOD 1981 TO 2010
CLIMATE RECORD PERIOD 1946 TO 2015


WEATHER ITEM   OBSERVED TIME   RECORD YEAR NORMAL DEPARTURE LAST
                VALUE   (LST)  VALUE       VALUE  FROM      YEAR
                                                  NORMAL
..................................................................
TEMPERATURE (F)
 TODAY
  MAXIMUM         77    332 PM  95    1966  83     -6       84
  MINIMUM         57    537 AM  44    1988  61     -4       67
  AVERAGE         67                        72     -5       76

PRECIPITATION (IN)
  TODAY            0.00         MM      MM   0.09  -0.09     0.09
  MONTH TO DATE    0.00                      0.19  -0.19     0.21
  SINCE JUN 1      5.08                      3.92   1.16     5.08
  SINCE JAN 1     18.30                     19.52  -1.22    20.26

DEGREE DAYS
 HEATING
  TODAY            0                         0      0        0
  MONTH TO DATE    0                         0      0        0
  SINCE JUN 1     23                        35    -12       10
  SINCE JUL 1      0                         0      0        0

 COOLING
  TODAY            2                         7     -5       11
  MONTH TO DATE    4                        14    -10       26
  SINCE JUN 1    230                       157     73      203
  SINCE JAN 1    391                       200    191      269
..................................................................


WIND (MPH)
  HIGHEST WIND SPEED     9   HIGHEST WIND DIRECTION     N (20)
  HIGHEST GUST SPEED    12   HIGHEST GUST DIRECTION    NE (30)
  AVERAGE WIND SPEED     1.1


SKY COVER
  POSSIBLE SUNSHINE  MM
  AVERAGE SKY COVER 0.3


WEATHER CONDITIONS
 THE FOLLOWING WEATHER WAS RECORDED TODAY.
  FOG


RELATIVE HUMIDITY (PERCENT)
 HIGHEST   100           100 AM
 LOWEST     54           300 PM
 AVERAGE    77

..........................................................


THE NEW PHILADELPHIA OH CLIMATE NORMALS FOR TOMORROW
                         NORMAL    RECORD    YEAR
 MAXIMUM TEMPERATURE (F)   83        99      1966
 MINIMUM TEMPERATURE (F)   61        46      2001


SUNRISE AND SUNSET
JULY  2 2015..........SUNRISE   559 AM EDT   SUNSET   900 PM EDT
JULY  3 2015..........SUNRISE   600 AM EDT   SUNSET   900 PM EDT


-  INDICATES NEGATIVE NUMBERS.
R  INDICATES RECORD WAS SET OR TIED.
MM INDICATES DATA IS MISSING.
T  INDICATES TRACE AMOUNT.




$$
