000
CDUS41 KPBZ 270719
CLIPHD


CLIMATE REPORT
NATIONAL WEATHER SERVICE PITTSBURGH PA
319 AM EDT FRI MAR 27 2015


...................................

...THE NEW PHILADELPHIA OH CLIMATE SUMMARY FOR MARCH 26 2015...

CLIMATE NORMAL PERIOD 1981 TO 2010
CLIMATE RECORD PERIOD 1946 TO 2015


WEATHER ITEM   OBSERVED TIME   RECORD YEAR NORMAL DEPARTURE LAST
                VALUE   (LST)  VALUE       VALUE  FROM      YEAR
                                                  NORMAL
..................................................................
TEMPERATURE (F)
 YESTERDAY
  MAXIMUM         46    351 PM  77    1986  55     -9       31
  MINIMUM         37             5    1974  32      5       17
  AVERAGE         42                        44     -2       24

PRECIPITATION (IN)
  YESTERDAY        0.38         MM      MM   0.11   0.27      T
  MONTH TO DATE    3.49                      2.53   0.96     1.23
  SINCE JUN 1     31.29                     30.79   0.50    29.66
  SINCE JAN 1      6.56                      7.49  -0.93     5.02

DEGREE DAYS
 HEATING
  YESTERDAY       23                        21      2       41
  MONTH TO DATE  714                       677     37      844
  SINCE MAR 1    714                       677     37      844
  SINCE JUL 1   5332                      4884    448     5477

 COOLING
  YESTERDAY        0                         0      0        0
  MONTH TO DATE    0                         0      0        0
  SINCE MAR 1      0                         0      0        0
  SINCE JAN 1      0                         0      0        0
..................................................................


WIND (MPH)
  HIGHEST WIND SPEED    13   HIGHEST WIND DIRECTION     N (340)
  HIGHEST GUST SPEED    17   HIGHEST GUST DIRECTION    NW (320)
  AVERAGE WIND SPEED     5.0


SKY COVER
  POSSIBLE SUNSHINE  MM
  AVERAGE SKY COVER 0.8


WEATHER CONDITIONS
 THE FOLLOWING WEATHER WAS RECORDED YESTERDAY.
  RAIN
  LIGHT RAIN
  FOG
  FOG W/VISIBILITY <= 1/4 MILE
  HAZE


RELATIVE HUMIDITY (PERCENT)
 HIGHEST    92           200 AM
 LOWEST     76           700 PM
 AVERAGE    84

..........................................................


THE NEW PHILADELPHIA OH CLIMATE NORMALS FOR TODAY
                         NORMAL    RECORD    YEAR
 MAXIMUM TEMPERATURE (F)   56        80      1967
 MINIMUM TEMPERATURE (F)   33        11      2001


SUNRISE AND SUNSET
MARCH 27 2015.........SUNRISE   718 AM EDT   SUNSET   745 PM EDT
MARCH 28 2015.........SUNRISE   716 AM EDT   SUNSET   746 PM EDT


-  INDICATES NEGATIVE NUMBERS.
R  INDICATES RECORD WAS SET OR TIED.
MM INDICATES DATA IS MISSING.
T  INDICATES TRACE AMOUNT.




$$
