000
CDUS41 KPBZ 212115
CLIPHD


CLIMATE REPORT
NATIONAL WEATHER SERVICE PITTSBURGH PA
514 PM EDT SAT OCT 21 2017


...................................

...THE NEW PHILADELPHIA OH CLIMATE SUMMARY FOR OCTOBER 21 2017...
VALID TODAY AS OF 0500 PM LOCAL TIME.

CLIMATE NORMAL PERIOD 1981 TO 2010
CLIMATE RECORD PERIOD 1948 TO 2017


WEATHER ITEM   OBSERVED TIME   RECORD YEAR NORMAL DEPARTURE LAST
                VALUE   (LST)  VALUE       VALUE  FROM      YEAR
                                                  NORMAL
..................................................................
TEMPERATURE (F)
 TODAY
  MAXIMUM         74    310 PM  82    2007  63     11       56
  MINIMUM         41    628 AM  23    1992  39      2       46
                                      1972
  AVERAGE         58                        51      7       51

PRECIPITATION (IN)
  TODAY            0.00          0.98 2016   0.08  -0.08     0.98
  MONTH TO DATE    2.55                      1.86   0.69     4.02
  SINCE JUN 1     13.50                     16.47  -2.97    15.15
  SINCE JAN 1     34.25                     32.07   2.18    29.80

DEGREE DAYS
 HEATING
  TODAY            7                        14     -7       14
  MONTH TO DATE   83                       235   -152      122
  SINCE SEP 1    164                       331   -167      142
  SINCE JUL 1    174                       341   -167      142

 COOLING
  TODAY            0                         0      0        0
  MONTH TO DATE   46                         9     37       25
  SINCE SEP 1    163                        75     88      209
  SINCE JAN 1    831                       697    134     1337
..................................................................


WIND (MPH)
  HIGHEST WIND SPEED     7   HIGHEST WIND DIRECTION    SE (120)
  HIGHEST GUST SPEED    10   HIGHEST GUST DIRECTION    SE (120)
  AVERAGE WIND SPEED     3.5


SKY COVER
  POSSIBLE SUNSHINE  MM
  AVERAGE SKY COVER 0.0


WEATHER CONDITIONS
 THE FOLLOWING WEATHER WAS RECORDED TODAY.
  FOG


RELATIVE HUMIDITY (PERCENT)
 HIGHEST    93           900 AM
 LOWEST     46           300 PM
 AVERAGE    70

..........................................................


THE NEW PHILADELPHIA OH CLIMATE NORMALS FOR TOMORROW
                         NORMAL    RECORD    YEAR
 MAXIMUM TEMPERATURE (F)   62        83      1979
 MINIMUM TEMPERATURE (F)   39        26      1974


SUNRISE AND SUNSET
OCTOBER 21 2017.......SUNRISE   743 AM EDT   SUNSET   636 PM EDT
OCTOBER 22 2017.......SUNRISE   744 AM EDT   SUNSET   635 PM EDT


-  INDICATES NEGATIVE NUMBERS.
R  INDICATES RECORD WAS SET OR TIED.
MM INDICATES DATA IS MISSING.
T  INDICATES TRACE AMOUNT.




$$
