611
CDUS41 KPBZ 292113
CLIPHD


CLIMATE REPORT
NATIONAL WEATHER SERVICE PITTSBURGH PA
512 PM EDT SAT APR 29 2017


...................................

...THE NEW PHILADELPHIA OH CLIMATE SUMMARY FOR APRIL 29 2017...
VALID TODAY AS OF 0500 PM LOCAL TIME.

CLIMATE NORMAL PERIOD 1981 TO 2010
CLIMATE RECORD PERIOD 1946 TO 2017


WEATHER ITEM   OBSERVED TIME   RECORD YEAR NORMAL DEPARTURE LAST
                VALUE   (LST)  VALUE       VALUE  FROM      YEAR
                                                  NORMAL
..................................................................
TEMPERATURE (F)
 TODAY
  MAXIMUM         71    339 PM  90    1986  68      3       55
  MINIMUM         56    425 AM  26    1977  43     13       46
  AVERAGE         64                        55      9       51

PRECIPITATION (IN)
  TODAY            0.71         MM      MM   0.13   0.58     0.00
  MONTH TO DATE    4.11                      3.30   0.81     3.60
  SINCE JUN 1     35.36                     34.60   0.76    29.18
  SINCE JAN 1     14.78                     11.30   3.48    11.10

DEGREE DAYS
 HEATING
  TODAY            1                        10     -9       14
  MONTH TO DATE  264                       420   -156      445
  SINCE MAR 1   1017                      1199   -182     1009
  SINCE JUL 1   4514                      5406   -892     4623

 COOLING
  TODAY            0                         0      0        0
  MONTH TO DATE   20                         0     20        0
  SINCE MAR 1     20                         1     19        0
  SINCE JAN 1     20                         1     19        0
..................................................................


WIND (MPH)
  HIGHEST WIND SPEED    14   HIGHEST WIND DIRECTION     N (340)
  HIGHEST GUST SPEED    17   HIGHEST GUST DIRECTION    SW (220)
  AVERAGE WIND SPEED     6.4


SKY COVER
  POSSIBLE SUNSHINE  MM
  AVERAGE SKY COVER 0.5


WEATHER CONDITIONS
 THE FOLLOWING WEATHER WAS RECORDED TODAY.
  THUNDERSTORM
  HEAVY RAIN
  RAIN
  LIGHT RAIN
  FOG


RELATIVE HUMIDITY (PERCENT)
 HIGHEST    93           100 AM
 LOWEST     79           300 PM
 AVERAGE    86

..........................................................


THE NEW PHILADELPHIA OH CLIMATE NORMALS FOR TOMORROW
                         NORMAL    RECORD    YEAR
 MAXIMUM TEMPERATURE (F)   68        84      2012
 MINIMUM TEMPERATURE (F)   43        27      1977


SUNRISE AND SUNSET
APRIL 29 2017.........SUNRISE   627 AM EDT   SUNSET   820 PM EDT
APRIL 30 2017.........SUNRISE   626 AM EDT   SUNSET   821 PM EDT


-  INDICATES NEGATIVE NUMBERS.
R  INDICATES RECORD WAS SET OR TIED.
MM INDICATES DATA IS MISSING.
T  INDICATES TRACE AMOUNT.




$$
