000
CDUS41 KPBZ 150730
CLIPHD


CLIMATE REPORT
NATIONAL WEATHER SERVICE PITTSBURGH PA
330 AM EDT MON SEP 15 2014


...................................

...THE NEW PHILADELPHIA OH CLIMATE SUMMARY FOR SEPTEMBER 14 2014...

CLIMATE NORMAL PERIOD 1981 TO 2010
CLIMATE RECORD PERIOD 1946 TO 2014


WEATHER ITEM   OBSERVED TIME   RECORD YEAR NORMAL DEPARTURE LAST
                VALUE   (LST)  VALUE       VALUE  FROM      YEAR
                                                  NORMAL
..................................................................
TEMPERATURE (F)
 YESTERDAY
  MAXIMUM         66    429 PM  90    1961  77    -11       69
  MINIMUM         41            35    1964  53    -12       44
  AVERAGE         54                        65    -11       57

PRECIPITATION (IN)
  YESTERDAY        0.00         MM      MM   0.12  -0.12     0.00
  MONTH TO DATE    0.46                      1.78  -1.32     0.48
  SINCE JUN 1     17.40                     13.13   4.27    14.18
  SINCE JAN 1     32.58                     28.73   3.85    24.22

DEGREE DAYS
 HEATING
  YESTERDAY       11                         2      9        8
  MONTH TO DATE   29                        19     10       24
  SINCE SEP 1     29                        19     10       24
  SINCE JUL 1     61                        29     32       38

 COOLING
  YESTERDAY        0                         2     -2        0
  MONTH TO DATE   62                        45     17       66
  SINCE SEP 1     62                        45     17       66
  SINCE JAN 1    611                       667    -56      711
..................................................................


WIND (MPH)
  HIGHEST WIND SPEED     8   HIGHEST WIND DIRECTION    SE (120)
  HIGHEST GUST SPEED    11   HIGHEST GUST DIRECTION    SE (120)
  AVERAGE WIND SPEED     1.2


SKY COVER
  POSSIBLE SUNSHINE  MM
  AVERAGE SKY COVER 0.4


WEATHER CONDITIONS
 THE FOLLOWING WEATHER WAS RECORDED YESTERDAY.
  FOG
  FOG W/VISIBILITY <= 1/4 MILE


RELATIVE HUMIDITY (PERCENT)
 HIGHEST   100           200 AM
 LOWEST     52           200 PM
 AVERAGE    76

..........................................................


THE NEW PHILADELPHIA OH CLIMATE NORMALS FOR TODAY
                         NORMAL    RECORD    YEAR
 MAXIMUM TEMPERATURE (F)   76        88      1994
 MINIMUM TEMPERATURE (F)   53        36      1985


SUNRISE AND SUNSET
SEPTEMBER 15 2014.....SUNRISE   706 AM EDT   SUNSET   735 PM EDT
SEPTEMBER 16 2014.....SUNRISE   707 AM EDT   SUNSET   733 PM EDT


-  INDICATES NEGATIVE NUMBERS.
R  INDICATES RECORD WAS SET OR TIED.
MM INDICATES DATA IS MISSING.
T  INDICATES TRACE AMOUNT.




$$
