000
CDUS41 KPBZ 082226
CLIPHD


CLIMATE REPORT
NATIONAL WEATHER SERVICE PITTSBURGH PA
526 PM EST MON FEB 8 2016


...................................

...THE NEW PHILADELPHIA OH CLIMATE SUMMARY FOR FEBRUARY 8 2016...
VALID TODAY AS OF 0500 PM LOCAL TIME.

CLIMATE NORMAL PERIOD 1981 TO 2010
CLIMATE RECORD PERIOD 1946 TO 2016


WEATHER ITEM   OBSERVED TIME   RECORD YEAR NORMAL DEPARTURE LAST
                VALUE   (LST)  VALUE       VALUE  FROM      YEAR
                                                  NORMAL
..................................................................
TEMPERATURE (F)
 TODAY
  MAXIMUM         39   1029 AM  54    2005  40     -1       53
  MINIMUM         33    104 PM  -9    1977  21     12       36
  AVERAGE         36                        30      6       45

PRECIPITATION (IN)
  TODAY            0.06         MM      MM   0.09  -0.03     0.10
  MONTH TO DATE    0.95                      0.63   0.32     0.76
  SINCE JUN 1     20.07                     26.53  -6.46    27.29
  SINCE JAN 1      1.99                      3.23  -1.24     2.56

DEGREE DAYS
 HEATING
  TODAY           29                        35     -6       20
  MONTH TO DATE  220                       280    -60      298
  SINCE DEC 1   2031                      2394   -363     2393
  SINCE JUL 1   2927                      3552   -625     3627

 COOLING
  TODAY            0                         0      0        0
  MONTH TO DATE    0                         0      0        0
  SINCE DEC 1      0                         0      0        0
  SINCE JAN 1      0                         0      0        0
..................................................................


WIND (MPH)
  HIGHEST WIND SPEED    10   HIGHEST WIND DIRECTION     S (190)
  HIGHEST GUST SPEED    13   HIGHEST GUST DIRECTION     S (200)
  AVERAGE WIND SPEED     4.9


SKY COVER
  POSSIBLE SUNSHINE  MM
  AVERAGE SKY COVER 0.8


WEATHER CONDITIONS
 THE FOLLOWING WEATHER WAS RECORDED TODAY.
  LIGHT RAIN
  SNOW
  LIGHT SNOW
  FOG


RELATIVE HUMIDITY (PERCENT)
 HIGHEST    96          1200 PM
 LOWEST     59           100 AM
 AVERAGE    78

..........................................................


THE NEW PHILADELPHIA OH CLIMATE NORMALS FOR TOMORROW
                         NORMAL    RECORD    YEAR
 MAXIMUM TEMPERATURE (F)   40        63      2001
 MINIMUM TEMPERATURE (F)   22        -8      1977


SUNRISE AND SUNSET
FEBRUARY  8 2016......SUNRISE   728 AM EST   SUNSET   552 PM EST
FEBRUARY  9 2016......SUNRISE   727 AM EST   SUNSET   553 PM EST


-  INDICATES NEGATIVE NUMBERS.
R  INDICATES RECORD WAS SET OR TIED.
MM INDICATES DATA IS MISSING.
T  INDICATES TRACE AMOUNT.




$$
