000
CDUS41 KPHI 212127
CLIPHL


CLIMATE REPORT
NATIONAL WEATHER SERVICE MOUNT HOLLY NJ
426 PM EST FRI NOV 21 2014


...................................

...THE PHILADELPHIA PA CLIMATE SUMMARY FOR NOVEMBER 21 2014...
VALID TODAY AS OF 0400 PM LOCAL TIME.

CLIMATE NORMAL PERIOD 1981 TO 2010
CLIMATE RECORD PERIOD 1872 TO 2014


WEATHER ITEM   OBSERVED TIME   RECORD YEAR NORMAL DEPARTURE LAST
                VALUE   (LST)  VALUE       VALUE  FROM      YEAR
                                                  NORMAL
..................................................................
TEMPERATURE (F)
 TODAY
  MAXIMUM         37    355 PM  74    1931  54    -17       55
                                      1900
  MINIMUM         28    710 AM  19    1879  38    -10       33
  AVERAGE         33                        46    -13       44

PRECIPITATION (IN)
  TODAY            0.00          2.30 1952   0.10  -0.10     0.00
  MONTH TO DATE    2.75                      2.00   0.75     0.42
  SINCE SEP 1      6.97                      8.96  -1.99     6.13
  SINCE JAN 1     42.78                     36.98   5.80    48.37

SNOWFALL (IN)
  TODAY            0.0           1.0  2008   0.0    0.0      0.0
  MONTH TO DATE    T                         0.1   -0.1       T
  SINCE SEP 1      T                         0.1   -0.1       T
  SINCE JUL 1      T                         0.1   -0.1       T
  SNOW DEPTH       0

DEGREE DAYS
 HEATING
  TODAY           32                        19     13       21
  MONTH TO DATE  406                       333     73      340
  SINCE SEP 1    596                       625    -29      569
  SINCE JUL 1    596                       626    -30      569

 COOLING
  TODAY            0                         0      0        0
  MONTH TO DATE    0                         0      0        0
  SINCE SEP 1    213                       183     30      195
  SINCE JAN 1   1311                      1300     11     1411
..................................................................


WIND (MPH)
  HIGHEST WIND SPEED    24   HIGHEST WIND DIRECTION     W (290)
  HIGHEST GUST SPEED    31   HIGHEST GUST DIRECTION    NW (300)
  AVERAGE WIND SPEED    15.3


SKY COVER
  POSSIBLE SUNSHINE  MM
  AVERAGE SKY COVER 0.1


WEATHER CONDITIONS
 THE FOLLOWING WEATHER WAS RECORDED TODAY.
  NO SIGNIFICANT WEATHER WAS OBSERVED.


RELATIVE HUMIDITY (PERCENT)
 HIGHEST    42           700 AM
 LOWEST     27           200 PM
 AVERAGE    35

..........................................................


THE PHILADELPHIA PA CLIMATE NORMALS FOR TOMORROW
                         NORMAL    RECORD    YEAR
 MAXIMUM TEMPERATURE (F)   54        73      1883
 MINIMUM TEMPERATURE (F)   37        14      1880


SUNRISE AND SUNSET
NOVEMBER 21 2014......SUNRISE   653 AM EST   SUNSET   441 PM EST
NOVEMBER 22 2014......SUNRISE   654 AM EST   SUNSET   440 PM EST


-  INDICATES NEGATIVE NUMBERS.
R  INDICATES RECORD WAS SET OR TIED.
MM INDICATES DATA IS MISSING.
T  INDICATES TRACE AMOUNT.




$$
