000
CDUS41 KPHI 270634
CLIPHL


CLIMATE REPORT
NATIONAL WEATHER SERVICE MOUNT HOLLY NJ
233 AM EDT SAT MAY 27 2017


...................................

...THE PHILADELPHIA PA CLIMATE SUMMARY FOR MAY 26 2017...

CLIMATE NORMAL PERIOD 1981 TO 2010
CLIMATE RECORD PERIOD 1872 TO 2017


WEATHER ITEM   OBSERVED TIME   RECORD YEAR NORMAL DEPARTURE LAST
                VALUE   (LST)  VALUE       VALUE  FROM      YEAR
                                                  NORMAL
..................................................................
TEMPERATURE (F)
 YESTERDAY
  MAXIMUM         76    341 PM  96    1880  77     -1       90
  MINIMUM         58    111 AM  43    1961  57      1       63
  AVERAGE         67                        67      0       77

PRECIPITATION (IN)
  YESTERDAY        0.03          1.70 2003   0.13  -0.10     0.00
  MONTH TO DATE    6.12                      3.09   3.03     5.14
  SINCE MAR 1     13.53                     10.44   3.09     8.90
  SINCE JAN 1     17.74                     16.12   1.62    15.89

SNOWFALL (IN)
  YESTERDAY        0.0           0.0    MM   0.0    0.0      0.0
  MONTH TO DATE    0.0                       0.0    0.0      0.0
  SINCE MAR 1      7.0                       3.4    3.6      1.3
  SINCE JUL 1     15.0                      22.4   -7.4     27.5
  SNOW DEPTH       0

DEGREE DAYS
 HEATING
  YESTERDAY        0                         2     -2        0
  MONTH TO DATE  112                       103      9      145
  SINCE MAR 1   1015                      1111    -96      901
  SINCE JUL 1   3841                      4593   -752     3587

 COOLING
  YESTERDAY        2                         4     -2       12
  MONTH TO DATE   60                        55      5       27
  SINCE MAR 1    100                        68     32       50
  SINCE JAN 1    100                        68     32       50
..................................................................


WIND (MPH)
  HIGHEST WIND SPEED    24   HIGHEST WIND DIRECTION     W (290)
  HIGHEST GUST SPEED    30   HIGHEST GUST DIRECTION     W (280)
  AVERAGE WIND SPEED    12.9


SKY COVER
  POSSIBLE SUNSHINE  MM
  AVERAGE SKY COVER 0.7


WEATHER CONDITIONS
 THE FOLLOWING WEATHER WAS RECORDED YESTERDAY.
  LIGHT RAIN
  FOG


RELATIVE HUMIDITY (PERCENT)
 HIGHEST    93          1200 AM
 LOWEST     46           500 PM
 AVERAGE    70

..........................................................


THE PHILADELPHIA PA CLIMATE NORMALS FOR TODAY
                         NORMAL    RECORD    YEAR
 MAXIMUM TEMPERATURE (F)   77        95      1991
 MINIMUM TEMPERATURE (F)   58        42      1961


SUNRISE AND SUNSET
MAY 27 2017...........SUNRISE   537 AM EDT   SUNSET   820 PM EDT
MAY 28 2017...........SUNRISE   536 AM EDT   SUNSET   821 PM EDT


-  INDICATES NEGATIVE NUMBERS.
R  INDICATES RECORD WAS SET OR TIED.
MM INDICATES DATA IS MISSING.
T  INDICATES TRACE AMOUNT.




$$
