024
CDUS41 KPHI 100638
CLIPHL


CLIMATE REPORT
NATIONAL WEATHER SERVICE MOUNT HOLLY NJ
133 AM EST WED FEB 10 2016


...................................

...THE PHILADELPHIA PA CLIMATE SUMMARY FOR FEBRUARY 9 2016...

CLIMATE NORMAL PERIOD 1981 TO 2010
CLIMATE RECORD PERIOD 1872 TO 2016


WEATHER ITEM   OBSERVED TIME   RECORD YEAR NORMAL DEPARTURE LAST
                VALUE   (LST)  VALUE       VALUE  FROM      YEAR
                                                  NORMAL
..................................................................
TEMPERATURE (F)
 YESTERDAY
  MAXIMUM         37    211 PM  64    1990  42     -5       37
  MINIMUM         32    706 AM -11    1934  27      5       28
  AVERAGE         35                        35      0       33

PRECIPITATION (IN)
  YESTERDAY        0.05          1.17 1931   0.10  -0.05     0.03
  MONTH TO DATE    1.03                      0.87   0.16     1.02
  SINCE DEC 1      8.80                      7.46   1.34     8.81
  SINCE JAN 1      3.66                      3.90  -0.24     5.54

SNOWFALL (IN)
  YESTERDAY        0.3           6.5  2010   0.3    0.0       T
  MONTH TO DATE    1.7                       3.1   -1.4      0.8
  SINCE DEC 1     24.6                      13.0   11.6      5.2
  SINCE JUL 1     24.6                      13.3   11.3      5.2
  SNOW DEPTH       T

DEGREE DAYS
 HEATING
  YESTERDAY       30                        30      0       32
  MONTH TO DATE  210                       279    -69      303
  SINCE DEC 1   1578                      2126   -548     2085
  SINCE JUL 1   2138                      2942   -804     2863

 COOLING
  YESTERDAY        0                         0      0        0
  MONTH TO DATE    0                         0      0        0
  SINCE DEC 1      2                         0      2        0
  SINCE JAN 1      0                         0      0        0
..................................................................


WIND (MPH)
  HIGHEST WIND SPEED    15   HIGHEST WIND DIRECTION     E (80)
  HIGHEST GUST SPEED    20   HIGHEST GUST DIRECTION    NE (50)
  AVERAGE WIND SPEED     7.5


SKY COVER
  POSSIBLE SUNSHINE  MM
  AVERAGE SKY COVER 1.0


WEATHER CONDITIONS
 THE FOLLOWING WEATHER WAS RECORDED YESTERDAY.
  LIGHT RAIN
  LIGHT SNOW
  FOG


RELATIVE HUMIDITY (PERCENT)
 HIGHEST    89           600 PM
 LOWEST     75          1200 PM
 AVERAGE    82

..........................................................


THE PHILADELPHIA PA CLIMATE NORMALS FOR TODAY
                         NORMAL    RECORD    YEAR
 MAXIMUM TEMPERATURE (F)   43        65      1925
 MINIMUM TEMPERATURE (F)   27        -6      1899


SUNRISE AND SUNSET
FEBRUARY 10 2016......SUNRISE   700 AM EST   SUNSET   531 PM EST
FEBRUARY 11 2016......SUNRISE   659 AM EST   SUNSET   532 PM EST


-  INDICATES NEGATIVE NUMBERS.
R  INDICATES RECORD WAS SET OR TIED.
MM INDICATES DATA IS MISSING.
T  INDICATES TRACE AMOUNT.




$$
