000
CDUS41 KPHI 210547
CLIPHL


CLIMATE REPORT
NATIONAL WEATHER SERVICE MOUNT HOLLY NJ
146 AM EDT FRI JUL 21 2017


...................................

...THE PHILADELPHIA PA CLIMATE SUMMARY FOR JULY 20 2017...

CLIMATE NORMAL PERIOD 1981 TO 2010
CLIMATE RECORD PERIOD 1872 TO 2017


WEATHER ITEM   OBSERVED TIME   RECORD YEAR NORMAL DEPARTURE LAST
                VALUE   (LST)  VALUE       VALUE  FROM      YEAR
                                                  NORMAL
..................................................................
TEMPERATURE (F)
 YESTERDAY
  MAXIMUM         95    406 PM  99    1930  87      8       87
  MINIMUM         79    600 AM  57    1890  70      9       70
  AVERAGE         87                        79      8       79

PRECIPITATION (IN)
  YESTERDAY        0.00          2.32 1938   0.14  -0.14     0.00
  MONTH TO DATE    2.17                      2.79  -0.62     1.21
  SINCE JUN 1      4.03                      6.22  -2.19     3.08
  SINCE JAN 1     21.98                     22.96  -0.98    20.48

SNOWFALL (IN)
  YESTERDAY        0.0           0.0  1870   0.0    0.0      0.0
  MONTH TO DATE    0.0                       0.0    0.0      0.0
  SINCE JUN 1      0.0                       0.0    0.0      0.0
  SINCE JUL 1      0.0                       0.0    0.0      0.0
  SNOW DEPTH       0

DEGREE DAYS
 HEATING
  YESTERDAY        0                         0      0        0
  MONTH TO DATE    0                         0      0        0
  SINCE JUN 1      8                        11     -3        0
  SINCE JUL 1      0                         0      0        0

 COOLING
  YESTERDAY       22                        13      9       14
  MONTH TO DATE  309                       257     52      306
  SINCE JUN 1    613                       515     98      588
  SINCE JAN 1    724                       606    118      702
..................................................................


WIND (MPH)
  HIGHEST WIND SPEED    18   HIGHEST WIND DIRECTION    SW (240)
  HIGHEST GUST SPEED    23   HIGHEST GUST DIRECTION     W (250)
  AVERAGE WIND SPEED     9.0


SKY COVER
  POSSIBLE SUNSHINE  MM
  AVERAGE SKY COVER 0.7


WEATHER CONDITIONS
 THE FOLLOWING WEATHER WAS RECORDED YESTERDAY.
  NO SIGNIFICANT WEATHER WAS OBSERVED.


RELATIVE HUMIDITY (PERCENT)
 HIGHEST    91           600 AM
 LOWEST     39           300 PM
 AVERAGE    65

..........................................................


THE PHILADELPHIA PA CLIMATE NORMALS FOR TODAY
                         NORMAL    RECORD    YEAR
 MAXIMUM TEMPERATURE (F)   87       103      1930
 MINIMUM TEMPERATURE (F)   70        51      1966


SUNRISE AND SUNSET
JULY 21 2017..........SUNRISE   550 AM EDT   SUNSET   824 PM EDT
JULY 22 2017..........SUNRISE   551 AM EDT   SUNSET   823 PM EDT


-  INDICATES NEGATIVE NUMBERS.
R  INDICATES RECORD WAS SET OR TIED.
MM INDICATES DATA IS MISSING.
T  INDICATES TRACE AMOUNT.




$$
