000
CDUS41 KPHI 290630
CLIPHL


CLIMATE REPORT
NATIONAL WEATHER SERVICE MOUNT HOLLY NJ
227 AM EDT THU SEP 29 2016


...................................

...THE PHILADELPHIA PA CLIMATE SUMMARY FOR SEPTEMBER 28 2016...

CLIMATE NORMAL PERIOD 1981 TO 2010
CLIMATE RECORD PERIOD 1872 TO 2016


WEATHER ITEM   OBSERVED TIME   RECORD YEAR NORMAL DEPARTURE LAST
                VALUE   (LST)  VALUE       VALUE  FROM      YEAR
                                                  NORMAL
..................................................................
TEMPERATURE (F)
 YESTERDAY
  MAXIMUM         72    228 PM  91    1886  73     -1       83
  MINIMUM         58    521 AM  37    1957  55      3       65
  AVERAGE         65                        64      1       74

PRECIPITATION (IN)
  YESTERDAY        0.09          3.22 2004   0.13  -0.04     0.00
  MONTH TO DATE    1.97                      3.51  -1.54     4.79
  SINCE SEP 1      1.97                      3.51  -1.54     4.79
  SINCE JAN 1     26.82                     31.53  -4.71    34.98

SNOWFALL (IN)
  YESTERDAY        0.0           0.0    MM   0.0    0.0      0.0
  MONTH TO DATE    0.0                       0.0    0.0      0.0
  SINCE SEP 1      0.0                       0.0    0.0      0.0
  SINCE JUL 1      0.0                       0.0    0.0      0.0
  SNOW DEPTH       0

DEGREE DAYS
 HEATING
  YESTERDAY        0                         3     -3        0
  MONTH TO DATE    3                        28    -25        0
  SINCE SEP 1      3                        28    -25        0
  SINCE JUL 1      3                        29    -26        0

 COOLING
  YESTERDAY        0                         2     -2        9
  MONTH TO DATE  272                       158    114      272
  SINCE SEP 1    272                       158    114      272
  SINCE JAN 1   1684                      1275    409     1678
..................................................................


WIND (MPH)
  HIGHEST WIND SPEED    25   HIGHEST WIND DIRECTION     E (80)
  HIGHEST GUST SPEED    31   HIGHEST GUST DIRECTION     E (80)
  AVERAGE WIND SPEED    10.9


SKY COVER
  POSSIBLE SUNSHINE  MM
  AVERAGE SKY COVER 0.8


WEATHER CONDITIONS
 THE FOLLOWING WEATHER WAS RECORDED YESTERDAY.
  RAIN
  LIGHT RAIN
  FOG


RELATIVE HUMIDITY (PERCENT)
 HIGHEST    93           300 AM
 LOWEST     81           900 AM
 AVERAGE    87

..........................................................


THE PHILADELPHIA PA CLIMATE NORMALS FOR TODAY
                         NORMAL    RECORD    YEAR
 MAXIMUM TEMPERATURE (F)   73        89      1921
 MINIMUM TEMPERATURE (F)   55        37      1942


SUNRISE AND SUNSET
SEPTEMBER 29 2016.....SUNRISE   656 AM EDT   SUNSET   646 PM EDT
SEPTEMBER 30 2016.....SUNRISE   657 AM EDT   SUNSET   644 PM EDT


-  INDICATES NEGATIVE NUMBERS.
R  INDICATES RECORD WAS SET OR TIED.
MM INDICATES DATA IS MISSING.
T  INDICATES TRACE AMOUNT.




$$
