000
CDUS41 KPHI 010633
CLIPHL


CLIMATE REPORT
NATIONAL WEATHER SERVICE MOUNT HOLLY NJ
231 AM EDT SAT AUG 1 2015


...................................

...THE PHILADELPHIA PA CLIMATE SUMMARY FOR JULY 31 2015...

CLIMATE NORMAL PERIOD 1981 TO 2010
CLIMATE RECORD PERIOD 1872 TO 2015


WEATHER ITEM   OBSERVED TIME   RECORD YEAR NORMAL DEPARTURE LAST
                VALUE   (LST)  VALUE       VALUE  FROM      YEAR
                                                  NORMAL
..................................................................
TEMPERATURE (F)
 YESTERDAY
  MAXIMUM         90    447 PM 102    1954  87      3       86
  MINIMUM         69    453 AM  57    1895  69      0       65
  AVERAGE         80                        78      2       76

PRECIPITATION (IN)
  YESTERDAY        0.00          3.00 1889   0.14  -0.14     0.00
  MONTH TO DATE    3.16                      4.35  -1.19     4.30
  SINCE JUN 1     12.04                      7.78   4.26     9.76
  SINCE JAN 1     29.21                     24.52   4.69    32.26

SNOWFALL (IN)
  YESTERDAY        0.0           0.0  1870   0.0    0.0      0.0
  MONTH TO DATE    0.0                       0.0    0.0      0.0
  SINCE JUN 1      0.0                       0.0    0.0      0.0
  SINCE JUL 1      0.0                       0.0    0.0      0.0
  SNOW DEPTH       0

DEGREE DAYS
 HEATING
  YESTERDAY        0                         0      0        0
  MONTH TO DATE    0                         0      0        0
  SINCE JUN 1     12                        11      1        0
  SINCE JUL 1      0                         0      0        0

 COOLING
  YESTERDAY       15                        13      2       11
  MONTH TO DATE  449                       408     41      412
  SINCE JUN 1    763                       666     97      704
  SINCE JAN 1    962                       757    205      787
..................................................................


WIND (MPH)
  HIGHEST WIND SPEED    17   HIGHEST WIND DIRECTION     W (270)
  HIGHEST GUST SPEED    22   HIGHEST GUST DIRECTION     W (270)
  AVERAGE WIND SPEED     7.3


SKY COVER
  POSSIBLE SUNSHINE  MM
  AVERAGE SKY COVER 0.1


WEATHER CONDITIONS
 THE FOLLOWING WEATHER WAS RECORDED YESTERDAY.
  FOG


RELATIVE HUMIDITY (PERCENT)
 HIGHEST    88          1200 AM
 LOWEST     29           200 PM
 AVERAGE    59

..........................................................


THE PHILADELPHIA PA CLIMATE NORMALS FOR TODAY
                         NORMAL    RECORD    YEAR
 MAXIMUM TEMPERATURE (F)   87        99      2002
 MINIMUM TEMPERATURE (F)   69        56      1964
                                             1895


SUNRISE AND SUNSET
AUGUST  1 2015........SUNRISE   559 AM EDT   SUNSET   815 PM EDT
AUGUST  2 2015........SUNRISE   600 AM EDT   SUNSET   814 PM EDT


-  INDICATES NEGATIVE NUMBERS.
R  INDICATES RECORD WAS SET OR TIED.
MM INDICATES DATA IS MISSING.
T  INDICATES TRACE AMOUNT.




$$
