000
CDUS41 KPHI 060636
CLIPHL


CLIMATE REPORT
NATIONAL WEATHER SERVICE MOUNT HOLLY NJ
131 AM EST FRI MAR 6 2015


...................................

...THE PHILADELPHIA PA CLIMATE SUMMARY FOR MARCH 5 2015...

CLIMATE NORMAL PERIOD 1981 TO 2010
CLIMATE RECORD PERIOD 1872 TO 2015


WEATHER ITEM   OBSERVED TIME   RECORD YEAR NORMAL DEPARTURE LAST
                VALUE   (LST)  VALUE       VALUE  FROM      YEAR
                                                  NORMAL
..................................................................
TEMPERATURE (F)
 YESTERDAY
  MAXIMUM         40    124 AM  79    1976  49     -9       42
  MINIMUM         20   1159 PM   5    1872  31    -11       19
  AVERAGE         30                        40    -10       31

PRECIPITATION (IN)
  YESTERDAY        0.78          1.40 1920   0.10   0.68     0.00
  MONTH TO DATE    2.40                      0.52   1.88     0.38
  SINCE MAR 1      2.40                      0.52   1.88     0.38
  SINCE JAN 1      9.28                      6.20   3.08     9.05

SNOWFALL (IN)
  YESTERDAY        7.5           8.8  1981   0.1    7.4      0.0
  MONTH TO DATE    8.0                       0.8    7.2      3.4
  SINCE MAR 1      8.0                       0.8    7.2      3.4
  SINCE JUL 1     23.0                      19.8    3.2     62.9
  SNOW DEPTH       T

DEGREE DAYS
 HEATING
  YESTERDAY       35                        25     10       34
  MONTH TO DATE  165                       127     38      182
  SINCE MAR 1    165                       127     38      182
  SINCE JUL 1   3818                      3609    209     3838

 COOLING
  YESTERDAY        0                         0      0        0
  MONTH TO DATE    0                         0      0        0
  SINCE MAR 1      0                         0      0        0
  SINCE JAN 1      0                         0      0        0
..................................................................


WIND (MPH)
  HIGHEST WIND SPEED    21   HIGHEST WIND DIRECTION     N (20)
  HIGHEST GUST SPEED    27   HIGHEST GUST DIRECTION     N (10)
  AVERAGE WIND SPEED    10.8


SKY COVER
  POSSIBLE SUNSHINE  MM
  AVERAGE SKY COVER 1.0


WEATHER CONDITIONS
 THE FOLLOWING WEATHER WAS RECORDED YESTERDAY.
  RAIN
  LIGHT RAIN
  HEAVY SNOW
  SNOW
  LIGHT SNOW
  SLEET
  FOG
  FOG W/VISIBILITY <= 1/4 MILE


RELATIVE HUMIDITY (PERCENT)
 HIGHEST    92          1200 AM
 LOWEST     62          1100 PM
 AVERAGE    77

..........................................................


THE PHILADELPHIA PA CLIMATE NORMALS FOR TODAY
                         NORMAL    RECORD    YEAR
 MAXIMUM TEMPERATURE (F)   49        71      1935
 MINIMUM TEMPERATURE (F)   32        10      1978


SUNRISE AND SUNSET
MARCH  6 2015.........SUNRISE   627 AM EST   SUNSET   558 PM EST
MARCH  7 2015.........SUNRISE   625 AM EST   SUNSET   559 PM EST


-  INDICATES NEGATIVE NUMBERS.
R  INDICATES RECORD WAS SET OR TIED.
MM INDICATES DATA IS MISSING.
T  INDICATES TRACE AMOUNT.




$$
