000
CDUS43 KUNR 060904
CLIPHP


CLIMATE REPORT
NATIONAL WEATHER SERVICE RAPID CITY SD
203 AM MST SAT FEB 6 2016


...................................

...THE PHILIP SD CLIMATE SUMMARY FOR FEBRUARY 5 2016...

CLIMATE NORMAL PERIOD 1981 TO 2010
CLIMATE RECORD PERIOD 9999 TO 9999


WEATHER ITEM   OBSERVED TIME   NORMAL DEPARTURE LAST
                VALUE   (LST)  VALUE  FROM      YEAR
                                      NORMAL
......................................................
TEMPERATURE (F)
 YESTERDAY
  MAXIMUM         42    227 PM  37      5       54
  MINIMUM         25   1034 PM  11     14       12
  AVERAGE         34            24     10       33

PRECIPITATION (IN)
  YESTERDAY        T             0.01  -0.01     0.00
  MONTH TO DATE    0.05          0.05   0.00     0.03
  SINCE DEC 1      1.25          0.78   0.47     0.35
  SINCE JAN 1      0.26          0.35  -0.09     0.05

DEGREE DAYS
 HEATING
  YESTERDAY       31            41    -10       32
  MONTH TO DATE  199           207     -8      229
  SINCE DEC 1   2808          2837    -29     2620
  SINCE JUL 1   4148          4472   -324     4275

 COOLING
  YESTERDAY        0             0      0        0
  MONTH TO DATE    0             0      0        0
  SINCE DEC 1      0             0      0        0
  SINCE JAN 1      0             0      0        0
......................................................


WIND (MPH)
  HIGHEST WIND SPEED    25   HIGHEST WIND DIRECTION    NW (320)
  HIGHEST GUST SPEED    31   HIGHEST GUST DIRECTION    NW (320)
  AVERAGE WIND SPEED    10.9


SKY COVER
  AVERAGE SKY COVER 0.5


WEATHER CONDITIONS
 THE FOLLOWING WEATHER WAS RECORDED YESTERDAY.
  NO SIGNIFICANT WEATHER WAS OBSERVED.


RELATIVE HUMIDITY (PERCENT)
 HIGHEST    85           700 AM
 LOWEST     51           200 PM
 AVERAGE    68

..........................................................




SUNRISE AND SUNSET
FEBRUARY  6 2016......SUNRISE   658 AM MST   SUNSET   503 PM MST
FEBRUARY  7 2016......SUNRISE   657 AM MST   SUNSET   504 PM MST


-  INDICATES NEGATIVE NUMBERS.
R  INDICATES RECORD WAS SET OR TIED.
MM INDICATES DATA IS MISSING.
T  INDICATES TRACE AMOUNT.




$$
