000
CDUS43 KUNR 280832
CLIPHP


CLIMATE REPORT
NATIONAL WEATHER SERVICE RAPID CITY SD
232 AM MDT THU AUG 28 2014


...................................

...THE PHILIP SD CLIMATE SUMMARY FOR AUGUST 27 2014...

CLIMATE NORMAL PERIOD 1981 TO 2010
CLIMATE RECORD PERIOD 9999 TO 9999


WEATHER ITEM   OBSERVED TIME   NORMAL DEPARTURE LAST
                VALUE   (LST)  VALUE  FROM      YEAR
                                      NORMAL
......................................................
TEMPERATURE (F)
 YESTERDAY
  MAXIMUM         75    428 PM  86    -11      100
  MINIMUM         54    449 AM  55     -1       64
  AVERAGE         65            71     -6       82

PRECIPITATION (IN)
  YESTERDAY        0.22          0.05   0.17     0.00
  MONTH TO DATE    3.91          1.30   2.61     1.25
  SINCE JUN 1      8.02          6.26   1.76     4.84
  SINCE JAN 1     12.84         13.18  -0.34    10.40

DEGREE DAYS
 HEATING
  YESTERDAY        0             1     -1        0
  MONTH TO DATE    3             7     -4        0
  SINCE JUN 1     97            78     19       67
  SINCE JUL 1     19            15      4        3

 COOLING
  YESTERDAY        0             7     -7       17
  MONTH TO DATE  222           254    -32      228
  SINCE JUN 1    528           682   -154      688
  SINCE JAN 1    568           709   -141      709
......................................................


WIND (MPH)
  HIGHEST WIND SPEED    12   HIGHEST WIND DIRECTION    NE (60)
  HIGHEST GUST SPEED    14   HIGHEST GUST DIRECTION    NE (60)
  AVERAGE WIND SPEED     5.0


SKY COVER
  AVERAGE SKY COVER 0.7


WEATHER CONDITIONS
 THE FOLLOWING WEATHER WAS RECORDED YESTERDAY.
  THUNDERSTORM
  RAIN
  LIGHT RAIN
  FOG
  FOG W/VISIBILITY <= 1/4 MILE


RELATIVE HUMIDITY (PERCENT)
 HIGHEST   100           600 AM
 LOWEST     74           400 PM
 AVERAGE    87

..........................................................




SUNRISE AND SUNSET
AUGUST 28 2014........SUNRISE   605 AM MDT   SUNSET   729 PM MDT
AUGUST 29 2014........SUNRISE   606 AM MDT   SUNSET   728 PM MDT


-  INDICATES NEGATIVE NUMBERS.
R  INDICATES RECORD WAS SET OR TIED.
MM INDICATES DATA IS MISSING.
T  INDICATES TRACE AMOUNT.




$$
