000
CDUS43 KUNR 290841
CLIPHP


CLIMATE REPORT
NATIONAL WEATHER SERVICE RAPID CITY SD
239 AM MDT FRI MAY 29 2015


...................................

...THE PHILIP SD CLIMATE SUMMARY FOR MAY 28 2015...

CLIMATE NORMAL PERIOD 1981 TO 2010
CLIMATE RECORD PERIOD 9999 TO 9999


WEATHER ITEM   OBSERVED TIME   NORMAL DEPARTURE LAST
                VALUE   (LST)  VALUE  FROM      YEAR
                                      NORMAL
......................................................
TEMPERATURE (F)
 YESTERDAY
  MAXIMUM         80    252 PM  74      6       87
  MINIMUM         51    422 AM  48      3       50
  AVERAGE         66            61      5       69

PRECIPITATION (IN)
  YESTERDAY        0.10          0.10   0.00     0.00
  MONTH TO DATE    6.44          2.74   3.70     1.90
  SINCE MAR 1      6.87          5.85   1.02     3.86
  SINCE JAN 1      6.98          6.63   0.35     4.34

DEGREE DAYS
 HEATING
  YESTERDAY        0             5     -5        0
  MONTH TO DATE  266           253     13      305
  SINCE MAR 1   1497          1755   -258     1864
  SINCE JUL 1   6637          7120   -483     7467

 COOLING
  YESTERDAY        1             1      0        4
  MONTH TO DATE    3            23    -20       25
  SINCE MAR 1      6            26    -20       25
  SINCE JAN 1      6            26    -20       25
......................................................


WIND (MPH)
  HIGHEST WIND SPEED    30   HIGHEST WIND DIRECTION     N (350)
  HIGHEST GUST SPEED    39   HIGHEST GUST DIRECTION     N (350)
  AVERAGE WIND SPEED     5.5


SKY COVER
  AVERAGE SKY COVER 0.4


WEATHER CONDITIONS
 THE FOLLOWING WEATHER WAS RECORDED YESTERDAY.
  THUNDERSTORM
  RAIN
  LIGHT RAIN
  FOG


RELATIVE HUMIDITY (PERCENT)
 HIGHEST   100           200 AM
 LOWEST     48           200 PM
 AVERAGE    74

..........................................................




SUNRISE AND SUNSET
MAY 29 2015...........SUNRISE   508 AM MDT   SUNSET   820 PM MDT
MAY 30 2015...........SUNRISE   508 AM MDT   SUNSET   821 PM MDT


-  INDICATES NEGATIVE NUMBERS.
R  INDICATES RECORD WAS SET OR TIED.
MM INDICATES DATA IS MISSING.
T  INDICATES TRACE AMOUNT.




$$
