090
CDUS45 KPSR 240023
CLIPHX

CDUS45 KPSR DDHHMM
CLIPHX

CLIMATE REPORT
NATIONAL WEATHER SERVICE PHOENIX AZ
518 PM MST SUN APR 23 2017


...................................

...THE PHOENIX AZ CLIMATE SUMMARY FOR APRIL 23 2017...
VALID TODAY AS OF 0500 PM LOCAL TIME.

CLIMATE NORMAL PERIOD 1981 TO 2010
CLIMATE RECORD PERIOD 1895 TO 2017


WEATHER ITEM   OBSERVED TIME   RECORD YEAR NORMAL DEPARTURE LAST
                VALUE   (LST)  VALUE       VALUE  FROM      YEAR
                                                  NORMAL
..................................................................
TEMPERATURE (F)
 TODAY
  MAXIMUM         99    444 PM 103    2012  87     12       88
  MINIMUM         68    608 AM  40    1923  62      6       68
  AVERAGE         84                        75      9       78

PRECIPITATION (IN)
  TODAY            0.00          0.57 1942   0.00   0.00     0.00
  MONTH TO DATE    T                         0.25  -0.25     0.51
  SINCE OCT 1      4.23                      5.18  -0.95     2.99
  SINCE JAN 1      2.40                      3.07  -0.67     1.82

SNOWFALL (IN)
  TODAY            0.0
  MONTH TO DATE    0.0
  SINCE JAN 1      0.0
  SINCE JUL 1      0.0
  SNOW DEPTH       0

DEGREE DAYS
 HEATING
  TODAY            0                         0      0        0
  MONTH TO DATE    2                        17    -15        0
  SINCE MAR 1     25                        98    -73       16
  SINCE JUL 1    693                       931   -238      829

 COOLING
  TODAY           19                        10      9       13
  MONTH TO DATE  239                       171     68      213
  SINCE MAR 1    444                       258    186      378
  SINCE JAN 1    464                       275    189      491
..................................................................


WIND (MPH)
  HIGHEST WIND SPEED    22   HIGHEST WIND DIRECTION     W (280)
  HIGHEST GUST SPEED    26   HIGHEST GUST DIRECTION     W (270)
  AVERAGE WIND SPEED     8.2


SKY COVER
  AVERAGE SKY COVER 0.4


WEATHER CONDITIONS
 THE FOLLOWING WEATHER WAS RECORDED TODAY.
  NO SIGNIFICANT WEATHER WAS OBSERVED.


RELATIVE HUMIDITY (PERCENT)
 HIGHEST    22           400 AM
 LOWEST      6           300 PM
 AVERAGE    14

..........................................................


THE PHOENIX AZ CLIMATE NORMALS FOR TOMORROW
                         NORMAL    RECORD    YEAR
 MAXIMUM TEMPERATURE (F)   88        99      1987
                                             1949
                                             1898
 MINIMUM TEMPERATURE (F)   63        41      1923


SUNRISE AND SUNSET
APRIL 23 2017.........SUNRISE   548 AM MST   SUNSET   705 PM MST
APRIL 24 2017.........SUNRISE   547 AM MST   SUNSET   706 PM MST


-  INDICATES NEGATIVE NUMBERS.
R  INDICATES RECORD WAS SET OR TIED.
MM INDICATES DATA IS MISSING.
T  INDICATES TRACE AMOUNT.

$$
