000
CDUS45 KPSR 260853
CLIPHX

CLIMATE REPORT
NATIONAL WEATHER SERVICE PHOENIX AZ
153 AM MST SUN MAR 26 2017


...................................

...THE PHOENIX AZ CLIMATE SUMMARY FOR MARCH 25 2017...

CLIMATE NORMAL PERIOD 1981 TO 2010
CLIMATE RECORD PERIOD 1895 TO 2017


WEATHER ITEM   OBSERVED TIME   RECORD YEAR NORMAL DEPARTURE LAST
                VALUE   (LST)  VALUE       VALUE  FROM      YEAR
                                                  NORMAL
..................................................................
TEMPERATURE (F)
 YESTERDAY
  MAXIMUM         83    408 PM  93    1990  79      4       85
                                      1988
  MINIMUM         57    637 AM  34    1929  55      2       54
                                      1913
  AVERAGE         70                        67      3       70

PRECIPITATION (IN)
  YESTERDAY        0.00          0.64 1994   0.02  -0.02     0.00
  MONTH TO DATE    0.06                      0.86  -0.80     0.00
  SINCE OCT 1      4.23                      4.80  -0.57     2.48
  SINCE JAN 1      2.40                      2.69  -0.29     1.31

SNOWFALL (IN)
  YESTERDAY        0.0
  MONTH TO DATE    0.0
  SINCE JAN 1      0.0
  SINCE JUL 1      0.0
  SNOW DEPTH       0

DEGREE DAYS
 HEATING
  YESTERDAY        0                         2     -2        0
  MONTH TO DATE   21                        72    -51        7
  SINCE MAR 1     21                        72    -51        7
  SINCE JUL 1    689                       905   -216      820

 COOLING
  YESTERDAY        5                         4      1        5
  MONTH TO DATE  177                        61    116      142
  SINCE MAR 1    177                        61    116      142
  SINCE JAN 1    197                        78    119      255
..................................................................


WIND (MPH)
  HIGHEST WIND SPEED    24   HIGHEST WIND DIRECTION     W (250)
  HIGHEST GUST SPEED    33   HIGHEST GUST DIRECTION     W (260)
  AVERAGE WIND SPEED     8.8


SKY COVER
  AVERAGE SKY COVER 0.4


WEATHER CONDITIONS
 THE FOLLOWING WEATHER WAS RECORDED YESTERDAY.
  NO SIGNIFICANT WEATHER WAS OBSERVED.


RELATIVE HUMIDITY (PERCENT)
 HIGHEST    51           600 AM
 LOWEST     13           600 PM
 AVERAGE    32

..........................................................


THE PHOENIX AZ CLIMATE NORMALS FOR TODAY
                         NORMAL    RECORD    YEAR
 MAXIMUM TEMPERATURE (F)   79       100      1988
 MINIMUM TEMPERATURE (F)   55        35      1913


SUNRISE AND SUNSET
MARCH 26 2017.........SUNRISE   623 AM MST   SUNSET   644 PM MST
MARCH 27 2017.........SUNRISE   622 AM MST   SUNSET   645 PM MST


-  INDICATES NEGATIVE NUMBERS.
R  INDICATES RECORD WAS SET OR TIED.
MM INDICATES DATA IS MISSING.
T  INDICATES TRACE AMOUNT.

&&
.....................................................................

DEW POINT
  HIGHEST DEW POINT    41
   LOWEST DEW POINT    24
  AVERAGE DEW POINT    34
.....................................................................

$$
