000
CDUS45 KPSR 270012
CLIPHX

CLIMATE REPORT
NATIONAL WEATHER SERVICE PHOENIX AZ
511 PM MST THU MAR 26 2015


...................................

...THE PHOENIX AZ CLIMATE SUMMARY FOR MARCH 26 2015...
VALID TODAY AS OF 0500 PM LOCAL TIME.

CLIMATE NORMAL PERIOD 1981 TO 2010
CLIMATE RECORD PERIOD 1895 TO 2015


WEATHER ITEM   OBSERVED TIME   RECORD YEAR NORMAL DEPARTURE LAST
                VALUE   (LST)  VALUE       VALUE  FROM      YEAR
                                                  NORMAL
..................................................................
TEMPERATURE (F)
 TODAY
  MAXIMUM         89    435 PM 100    1988  79     10       80
  MINIMUM         64    507 AM  35    1913  55      9       61
  AVERAGE         77                        67     10       71

PRECIPITATION (IN)
  TODAY            0.00          1.19 1989   0.03  -0.03     0.00
  MONTH TO DATE    0.33                      0.89  -0.56     0.99
  SINCE OCT 1      2.19                      4.83  -2.64     3.81
  SINCE JAN 1      1.15                      2.72  -1.57     0.99

SNOWFALL (IN)
  TODAY            0.0
  MONTH TO DATE    0.0
  SINCE JAN 1      0.0
  SINCE JUL 1      0.0
  SNOW DEPTH       0

DEGREE DAYS
 HEATING
  TODAY            0                         2     -2        0
  MONTH TO DATE   25                        74    -49        7
  SINCE MAR 1     25                        74    -49        7
  SINCE JUL 1    520                       907   -387      541

 COOLING
  TODAY           12                         4      8        6
  MONTH TO DATE  175                        65    110      114
  SINCE MAR 1    175                        65    110      114
  SINCE JAN 1    223                        82    141      176
..................................................................


WIND (MPH)
  HIGHEST WIND SPEED    18   HIGHEST WIND DIRECTION    NE (50)
  HIGHEST GUST SPEED    25   HIGHEST GUST DIRECTION    NE (50)
  AVERAGE WIND SPEED     6.8


SKY COVER
  AVERAGE SKY COVER 0.3


WEATHER CONDITIONS
 THE FOLLOWING WEATHER WAS RECORDED TODAY.
  NO SIGNIFICANT WEATHER WAS OBSERVED.


RELATIVE HUMIDITY (PERCENT)
 HIGHEST    32           300 AM
 LOWEST      7          1200 PM
 AVERAGE    20

..........................................................


THE PHOENIX AZ CLIMATE NORMALS FOR TOMORROW
                         NORMAL    RECORD    YEAR
 MAXIMUM TEMPERATURE (F)   80        98      1986
 MINIMUM TEMPERATURE (F)   55        33      1898


SUNRISE AND SUNSET
MARCH 26 2015.........SUNRISE   624 AM MST   SUNSET   644 PM MST
MARCH 27 2015.........SUNRISE   623 AM MST   SUNSET   645 PM MST


-  INDICATES NEGATIVE NUMBERS.
R  INDICATES RECORD WAS SET OR TIED.
MM INDICATES DATA IS MISSING.
T  INDICATES TRACE AMOUNT.

$$
