000
CDUS45 KPSR 020823
CLIPHX

CLIMATE REPORT
NATIONAL WEATHER SERVICE PHOENIX AZ
123 AM MST SUN AUG 2 2015


...................................

...THE PHOENIX AZ CLIMATE SUMMARY FOR AUGUST 1 2015...

CLIMATE NORMAL PERIOD 1981 TO 2010
CLIMATE RECORD PERIOD 1895 TO 2015


WEATHER ITEM   OBSERVED TIME   RECORD YEAR NORMAL DEPARTURE LAST
                VALUE   (LST)  VALUE       VALUE  FROM      YEAR
                                                  NORMAL
..................................................................
TEMPERATURE (F)
 YESTERDAY
  MAXIMUM        103    551 PM 116    1972 105     -2       99
  MINIMUM         80    531 AM  68    1950  84     -4       81
                                      1906
  AVERAGE         92                        94     -2       90

PRECIPITATION (IN)
  YESTERDAY        0.00          1.48 1919   0.03  -0.03      T
  MONTH TO DATE    0.00                      0.03  -0.03      T
  SINCE OCT 1      4.92                      6.42  -1.50     3.87
  SINCE JAN 1      3.88                      4.31  -0.43     1.05

SNOWFALL (IN)
  YESTERDAY        0.0
  MONTH TO DATE    0.0
  SINCE JAN 1      0.0
  SINCE JUL 1      0.0
  SNOW DEPTH       0

DEGREE DAYS
 HEATING
  YESTERDAY        0                         0      0        0
  MONTH TO DATE    0                         0      0        0
  SINCE JUN 1      0                         0      0        0
  SINCE JUL 1      0                         0      0        0

 COOLING
  YESTERDAY       27                        29     -2       25
  MONTH TO DATE   27                        29     -2       25
  SINCE JUN 1   1829                      1727    102     1864
  SINCE JAN 1   2854                      2613    241     2939
..................................................................


WIND (MPH)
  HIGHEST WIND SPEED    12   HIGHEST WIND DIRECTION     W (260)
  HIGHEST GUST SPEED    15   HIGHEST GUST DIRECTION     W (270)
  AVERAGE WIND SPEED     5.3


SKY COVER
  AVERAGE SKY COVER 0.6


WEATHER CONDITIONS
 THE FOLLOWING WEATHER WAS RECORDED YESTERDAY.
  NO SIGNIFICANT WEATHER WAS OBSERVED.


RELATIVE HUMIDITY (PERCENT)
 HIGHEST    74          1200 AM
 LOWEST     21           600 PM
 AVERAGE    48

..........................................................


THE PHOENIX AZ CLIMATE NORMALS FOR TODAY
                         NORMAL    RECORD    YEAR
 MAXIMUM TEMPERATURE (F)  105       113      2011
                                             2009
                                             1918
 MINIMUM TEMPERATURE (F)   84        70      1946


SUNRISE AND SUNSET
AUGUST  2 2015........SUNRISE   541 AM MST   SUNSET   727 PM MST
AUGUST  3 2015........SUNRISE   542 AM MST   SUNSET   726 PM MST


-  INDICATES NEGATIVE NUMBERS.
R  INDICATES RECORD WAS SET OR TIED.
MM INDICATES DATA IS MISSING.
T  INDICATES TRACE AMOUNT.

&&
.....................................................................

DEW POINT
  HIGHEST DEW POINT    72
   LOWEST DEW POINT    56
  AVERAGE DEW POINT    65
.....................................................................

$$
