000
CDUS45 KPSR 240820
CLIPHX

CLIMATE REPORT
NATIONAL WEATHER SERVICE PHOENIX AZ
119 AM MST FRI FEB 24 2017


...................................

...THE PHOENIX AZ CLIMATE SUMMARY FOR FEBRUARY 23 2017...

CLIMATE NORMAL PERIOD 1981 TO 2010
CLIMATE RECORD PERIOD 1895 TO 2017


WEATHER ITEM   OBSERVED TIME   RECORD YEAR NORMAL DEPARTURE LAST
                VALUE   (LST)  VALUE       VALUE  FROM      YEAR
                                                  NORMAL
..................................................................
TEMPERATURE (F)
 YESTERDAY
  MAXIMUM         63    440 PM  89    1989  72     -9       74
  MINIMUM         47    722 AM  29    1955  50     -3       57
  AVERAGE         55                        61     -6       66

PRECIPITATION (IN)
  YESTERDAY        0.00          0.94 2004   0.03  -0.03     0.00
  MONTH TO DATE    0.84                      0.73   0.11     0.00
  SINCE OCT 1      3.77                      3.75   0.02     2.48
  SINCE JAN 1      1.94                      1.64   0.30     1.31

SNOWFALL (IN)
  YESTERDAY        0.0
  MONTH TO DATE    0.0
  SINCE JAN 1      0.0
  SINCE JUL 1      0.0
  SNOW DEPTH       0

DEGREE DAYS
 HEATING
  YESTERDAY       10                         5      5        0
  MONTH TO DATE   61                       140    -79       86
  SINCE DEC 1    571                       707   -136      692
  SINCE JUL 1    629                       810   -181      813

 COOLING
  YESTERDAY        0                         1     -1        1
  MONTH TO DATE   20                         6     14       78
  SINCE DEC 1     21                         9     12       78
  SINCE JAN 1     20                         8     12       78
..................................................................


WIND (MPH)
  HIGHEST WIND SPEED    24   HIGHEST WIND DIRECTION     W (280)
  HIGHEST GUST SPEED    31   HIGHEST GUST DIRECTION     W (260)
  AVERAGE WIND SPEED    10.4


SKY COVER
  AVERAGE SKY COVER 0.2


WEATHER CONDITIONS
 THE FOLLOWING WEATHER WAS RECORDED YESTERDAY.
  NO SIGNIFICANT WEATHER WAS OBSERVED.


RELATIVE HUMIDITY (PERCENT)
 HIGHEST    51           300 AM
 LOWEST     18           700 PM
 AVERAGE    35

..........................................................


THE PHOENIX AZ CLIMATE NORMALS FOR TODAY
                         NORMAL    RECORD    YEAR
 MAXIMUM TEMPERATURE (F)   72        91      1904
 MINIMUM TEMPERATURE (F)   50        29      1964


SUNRISE AND SUNSET
FEBRUARY 24 2017......SUNRISE   702 AM MST   SUNSET   621 PM MST
FEBRUARY 25 2017......SUNRISE   701 AM MST   SUNSET   622 PM MST


-  INDICATES NEGATIVE NUMBERS.
R  INDICATES RECORD WAS SET OR TIED.
MM INDICATES DATA IS MISSING.
T  INDICATES TRACE AMOUNT.

&&
.....................................................................

DEW POINT
  HIGHEST DEW POINT    38
   LOWEST DEW POINT    16
  AVERAGE DEW POINT    26
.....................................................................

$$
