000
CDUS45 KPSR 290830
CLIPHX

CLIMATE REPORT
NATIONAL WEATHER SERVICE PHOENIX AZ
130 AM MST FRI APR 29 2016


...................................

...THE PHOENIX AZ CLIMATE SUMMARY FOR APRIL 28 2016...

CLIMATE NORMAL PERIOD 1981 TO 2010
CLIMATE RECORD PERIOD 1895 TO 2016


WEATHER ITEM   OBSERVED TIME   RECORD YEAR NORMAL DEPARTURE LAST
                VALUE   (LST)  VALUE       VALUE  FROM      YEAR
                                                  NORMAL
..................................................................
TEMPERATURE (F)
 YESTERDAY
  MAXIMUM         76    400 PM 104    1992  89    -13       93
  MINIMUM         64    559 AM  45    1896  64      0       68
  AVERAGE         70                        76     -6       81

PRECIPITATION (IN)
  YESTERDAY        0.00          0.65 1933   0.00   0.00     0.00
  MONTH TO DATE    0.51                      0.27   0.24     0.18
  SINCE OCT 1      2.99                      5.20  -2.21     2.37
  SINCE JAN 1      1.82                      3.09  -1.27     1.33

SNOWFALL (IN)
  YESTERDAY        0.0
  MONTH TO DATE    0.0
  SINCE JAN 1      0.0
  SINCE JUL 1      0.0
  SNOW DEPTH       0

DEGREE DAYS
 HEATING
  YESTERDAY        0                         0      0        0
  MONTH TO DATE    0                        17    -17        0
  SINCE MAR 1     16                        98    -82       25
  SINCE JUL 1    829                       931   -102      520

 COOLING
  YESTERDAY        5                        12     -7       16
  MONTH TO DATE  245                       227     18      248
  SINCE MAR 1    410                       314     96      503
  SINCE JAN 1    523                       331    192      551
..................................................................


WIND (MPH)
  HIGHEST WIND SPEED    23   HIGHEST WIND DIRECTION     W (270)
  HIGHEST GUST SPEED    29   HIGHEST GUST DIRECTION     W (270)
  AVERAGE WIND SPEED     8.9


SKY COVER
  AVERAGE SKY COVER 0.3


WEATHER CONDITIONS
 THE FOLLOWING WEATHER WAS RECORDED YESTERDAY.
  NO SIGNIFICANT WEATHER WAS OBSERVED.


RELATIVE HUMIDITY (PERCENT)
 HIGHEST    29           500 AM
 LOWEST     11           200 PM
 AVERAGE    20

..........................................................


THE PHOENIX AZ CLIMATE NORMALS FOR TODAY
                         NORMAL    RECORD    YEAR
 MAXIMUM TEMPERATURE (F)   89       105      1992
 MINIMUM TEMPERATURE (F)   64        43      1970


SUNRISE AND SUNSET
APRIL 29 2016.........SUNRISE   541 AM MST   SUNSET   710 PM MST
APRIL 30 2016.........SUNRISE   540 AM MST   SUNSET   711 PM MST


-  INDICATES NEGATIVE NUMBERS.
R  INDICATES RECORD WAS SET OR TIED.
MM INDICATES DATA IS MISSING.
T  INDICATES TRACE AMOUNT.

&&
.....................................................................

DEW POINT
  HIGHEST DEW POINT    36
   LOWEST DEW POINT    18
  AVERAGE DEW POINT    26
.....................................................................

$$
