000
CDUS45 KPSR 170017
CLIPHX

CLIMATE REPORT
NATIONAL WEATHER SERVICE PHOENIX AZ
514 PM MST MON JAN 16 2017


...................................

...THE PHOENIX AZ CLIMATE SUMMARY FOR JANUARY 16 2017...
VALID TODAY AS OF 0500 PM LOCAL TIME.

CLIMATE NORMAL PERIOD 1981 TO 2010
CLIMATE RECORD PERIOD 1895 TO 2017


WEATHER ITEM   OBSERVED TIME   RECORD YEAR NORMAL DEPARTURE LAST
                VALUE   (LST)  VALUE       VALUE  FROM      YEAR
                                                  NORMAL
..................................................................
TEMPERATURE (F)
 TODAY
  MAXIMUM         64    327 PM  83    1976  67     -3       62
  MINIMUM         52    845 AM  22    1964  46      6       40
  AVERAGE         58                        56      2       51

PRECIPITATION (IN)
  TODAY            0.00          1.05 1916   0.03  -0.03     0.00
  MONTH TO DATE    0.23                      0.49  -0.26     1.13
  SINCE OCT 1      2.06                      2.60  -0.54     2.30
  SINCE JAN 1      0.23                      0.49  -0.26     1.13

SNOWFALL (IN)
  TODAY            0.0
  MONTH TO DATE    0.0
  SINCE JAN 1      0.0
  SINCE JUL 1      0.0
  SNOW DEPTH       0

DEGREE DAYS
 HEATING
  TODAY            7                         9     -2       14
  MONTH TO DATE  119                       150    -31      184
  SINCE DEC 1    330                       448   -118      510
  SINCE JUL 1    388                       551   -163      631

 COOLING
  TODAY            0                         0      0        0
  MONTH TO DATE    0                         0      0        0
  SINCE DEC 1      1                         1      0        0
  SINCE JAN 1      0                         0      0        0
..................................................................


WIND (MPH)
  HIGHEST WIND SPEED     9   HIGHEST WIND DIRECTION     W (260)
  HIGHEST GUST SPEED    12   HIGHEST GUST DIRECTION     W (260)
  AVERAGE WIND SPEED     2.6


SKY COVER
  AVERAGE SKY COVER 0.8


WEATHER CONDITIONS
 THE FOLLOWING WEATHER WAS RECORDED TODAY.
  NO SIGNIFICANT WEATHER WAS OBSERVED.


RELATIVE HUMIDITY (PERCENT)
 HIGHEST    83           300 AM
 LOWEST     48           200 PM
 AVERAGE    66

..........................................................


THE PHOENIX AZ CLIMATE NORMALS FOR TOMORROW
                         NORMAL    RECORD    YEAR
 MAXIMUM TEMPERATURE (F)   67        83      1976
 MINIMUM TEMPERATURE (F)   46        26      1964


SUNRISE AND SUNSET
JANUARY 16 2017.......SUNRISE   732 AM MST   SUNSET   545 PM MST
JANUARY 17 2017.......SUNRISE   731 AM MST   SUNSET   546 PM MST


-  INDICATES NEGATIVE NUMBERS.
R  INDICATES RECORD WAS SET OR TIED.
MM INDICATES DATA IS MISSING.
T  INDICATES TRACE AMOUNT.

$$
