000
CDUS43 KILX 212232
CLIPIA


CLIMATE REPORT
NATIONAL WEATHER SERVICE LINCOLN IL
432 PM CST SUN JAN 21 2018


...................................

...THE PEORIA IL CLIMATE SUMMARY FOR JANUARY 21 2018...
VALID TODAY AS OF 0400 PM LOCAL TIME.

CLIMATE NORMAL PERIOD 1981 TO 2010
CLIMATE RECORD PERIOD 1883 TO 2018


WEATHER ITEM   OBSERVED TIME   RECORD YEAR NORMAL DEPARTURE LAST
                VALUE   (LST)  VALUE       VALUE  FROM      YEAR
                                                  NORMAL
..................................................................
TEMPERATURE (F)
 TODAY
  MAXIMUM         55    352 PM  62    1957  33     22       60
  MINIMUM         39    548 AM -19    1883  17     22       36
  AVERAGE         47                        25     22       48

PRECIPITATION (IN)
  TODAY            T             0.94 1958   0.05  -0.05     0.00
  MONTH TO DATE    0.56                      1.26  -0.70     1.51
  SINCE DEC 1      1.36                      3.68  -2.32     2.73
  SINCE JAN 1      0.56                      1.26  -0.70     1.51

SNOWFALL (IN)
  TODAY            0.0           8.0  1958   0.2   -0.2      0.0
  MONTH TO DATE    3.4                       4.7   -1.3      0.4
  SINCE DEC 1     10.8                      11.8   -1.0      5.9
  SINCE JUL 1     10.8                      12.9   -2.1      5.9
  SNOW DEPTH       0

DEGREE DAYS
 HEATING
  TODAY           18                        40    -22       17
  MONTH TO DATE  981                       840    141      754
  SINCE DEC 1   2108                      1970    138     1882
  SINCE JUL 1   3095                      3118    -23     2620

 COOLING
  TODAY            0                         0      0        0
  MONTH TO DATE    0                         0      0        0
  SINCE DEC 1      0                         0      0        0
  SINCE JAN 1      0                         0      0        0
..................................................................


WIND (MPH)
  HIGHEST WIND SPEED     9   HIGHEST WIND DIRECTION     S (170)
  HIGHEST GUST SPEED    12   HIGHEST GUST DIRECTION     S (170)
  AVERAGE WIND SPEED     4.1


SKY COVER
  POSSIBLE SUNSHINE  MM
  AVERAGE SKY COVER 1.0


WEATHER CONDITIONS
 THE FOLLOWING WEATHER WAS RECORDED TODAY.
  LIGHT RAIN
  FOG


RELATIVE HUMIDITY (PERCENT)
 HIGHEST    96           800 AM
 LOWEST     82          1200 AM
 AVERAGE    89

..........................................................


THE PEORIA IL CLIMATE NORMALS FOR TOMORROW
                         NORMAL    RECORD    YEAR
 MAXIMUM TEMPERATURE (F)   33        62      1967
 MINIMUM TEMPERATURE (F)   17       -22      1883


SUNRISE AND SUNSET
JANUARY 21 2018.......SUNRISE   717 AM CST   SUNSET   503 PM CST
JANUARY 22 2018.......SUNRISE   717 AM CST   SUNSET   504 PM CST


-  INDICATES NEGATIVE NUMBERS.
R  INDICATES RECORD WAS SET OR TIED.
MM INDICATES DATA IS MISSING.
T  INDICATES TRACE AMOUNT.




$$
