000
CDUS43 KILX 290643
CLIPIA


CLIMATE REPORT
NATIONAL WEATHER SERVICE LINCOLN IL
1242 AM CST MON DEC 29 2014


...................................

...THE PEORIA IL CLIMATE SUMMARY FOR DECEMBER 28 2014...

CLIMATE NORMAL PERIOD 1981 TO 2010
CLIMATE RECORD PERIOD 1883 TO 2014


WEATHER ITEM   OBSERVED TIME   RECORD YEAR NORMAL DEPARTURE LAST
                VALUE   (LST)  VALUE       VALUE  FROM      YEAR
                                                  NORMAL
..................................................................
TEMPERATURE (F)
 YESTERDAY
  MAXIMUM         37    306 PM  70    1984  33      4       53
  MINIMUM         23   1159 PM -24    1924  18      5       31
  AVERAGE         30                        26      4       42

PRECIPITATION (IN)
  YESTERDAY        0.00          1.07 1884   0.06  -0.06     0.00
  MONTH TO DATE    1.23                      2.22  -0.99     1.47
  SINCE DEC 1      1.23                      2.22  -0.99     1.47
  SINCE JAN 1     39.77                     36.29   3.48    43.54

SNOWFALL (IN)
  YESTERDAY        0.0           3.5  1983   0.3   -0.3      0.0
  MONTH TO DATE    T                         6.4   -6.4      7.9
  SINCE DEC 1      T                         6.4   -6.4      7.9
  SINCE JUL 1      1.3                       7.5   -6.2      8.5
  SNOW DEPTH       0

DEGREE DAYS
 HEATING
  YESTERDAY       35                        39     -4       23
  MONTH TO DATE  835                      1011   -176     1095
  SINCE DEC 1    835                      1011   -176     1095
  SINCE JUL 1   2076                      2159    -83     2277

 COOLING
  YESTERDAY        0                         0      0        0
  MONTH TO DATE    0                         0      0        0
  SINCE DEC 1      0                         0      0        0
  SINCE JAN 1   1156                      1039    117     1174
..................................................................


WIND (MPH)
  HIGHEST WIND SPEED    12   HIGHEST WIND DIRECTION    NW (300)
  HIGHEST GUST SPEED    18   HIGHEST GUST DIRECTION     W (290)
  AVERAGE WIND SPEED     3.8


SKY COVER
  POSSIBLE SUNSHINE  MM
  AVERAGE SKY COVER 0.1


WEATHER CONDITIONS
 THE FOLLOWING WEATHER WAS RECORDED YESTERDAY.
  NO SIGNIFICANT WEATHER WAS OBSERVED.


RELATIVE HUMIDITY (PERCENT)
 HIGHEST    75           300 AM
 LOWEST     44           300 PM
 AVERAGE    60

..........................................................


THE PEORIA IL CLIMATE NORMALS FOR TODAY
                         NORMAL    RECORD    YEAR
 MAXIMUM TEMPERATURE (F)   33        65      1984
 MINIMUM TEMPERATURE (F)   18       -13      1917


SUNRISE AND SUNSET
DECEMBER 29 2014......SUNRISE   722 AM CST   SUNSET   440 PM CST
DECEMBER 30 2014......SUNRISE   722 AM CST   SUNSET   440 PM CST


-  INDICATES NEGATIVE NUMBERS.
R  INDICATES RECORD WAS SET OR TIED.
MM INDICATES DATA IS MISSING.
T  INDICATES TRACE AMOUNT.




$$
