000
CDUS43 KILX 060634
CLIPIA


CLIMATE REPORT
NATIONAL WEATHER SERVICE LINCOLN IL
134 AM CDT FRI MAY 6 2016


...................................

...THE PEORIA IL CLIMATE SUMMARY FOR MAY 5 2016...

CLIMATE NORMAL PERIOD 1981 TO 2010
CLIMATE RECORD PERIOD 1883 TO 2016


WEATHER ITEM   OBSERVED TIME   RECORD YEAR NORMAL DEPARTURE LAST
                VALUE   (LST)  VALUE       VALUE  FROM      YEAR
                                                  NORMAL
..................................................................
TEMPERATURE (F)
 YESTERDAY
  MAXIMUM         68    413 PM  92    1952  70     -2       84
  MINIMUM         41    537 AM  32    1944  48     -7       63
  AVERAGE         55                        59     -4       74

PRECIPITATION (IN)
  YESTERDAY        0.00          1.01 1998   0.14  -0.14      T
  MONTH TO DATE    0.20                      0.68  -0.48     0.88
  SINCE MAR 1      5.07                      7.11  -2.04     4.91
  SINCE JAN 1      6.45                     10.68  -4.23     8.63

SNOWFALL (IN)
  YESTERDAY        0.0           T    1944   0.0    0.0      0.0
  MONTH TO DATE    0.0                       0.0    0.0      0.0
  SINCE MAR 1      0.2                       3.3   -3.1      2.7
  SINCE JUL 1     15.3                      24.6   -9.3     27.0
  SNOW DEPTH       0

DEGREE DAYS
 HEATING
  YESTERDAY       10                         7      3        0
  MONTH TO DATE   55                        37     18       13
  SINCE MAR 1    966                      1186   -220     1030
  SINCE JUL 1   4549                      5702  -1153     5736

 COOLING
  YESTERDAY        0                         1     -1        9
  MONTH TO DATE    0                         5     -5       21
  SINCE MAR 1     18                        19     -1       32
  SINCE JAN 1     18                        19     -1       32
..................................................................


WIND (MPH)
  HIGHEST WIND SPEED    14   HIGHEST WIND DIRECTION    NE (60)
  HIGHEST GUST SPEED    21   HIGHEST GUST DIRECTION    NE (30)
  AVERAGE WIND SPEED     6.1


SKY COVER
  POSSIBLE SUNSHINE  MM
  AVERAGE SKY COVER 0.0


WEATHER CONDITIONS
 THE FOLLOWING WEATHER WAS RECORDED YESTERDAY.
  NO SIGNIFICANT WEATHER WAS OBSERVED.


RELATIVE HUMIDITY (PERCENT)
 HIGHEST    86          1100 PM
 LOWEST     37           400 PM
 AVERAGE    62

..........................................................


THE PEORIA IL CLIMATE NORMALS FOR TODAY
                         NORMAL    RECORD    YEAR
 MAXIMUM TEMPERATURE (F)   70        92      1896
 MINIMUM TEMPERATURE (F)   49        31      1944


SUNRISE AND SUNSET
MAY  6 2016...........SUNRISE   551 AM CDT   SUNSET   800 PM CDT
MAY  7 2016...........SUNRISE   550 AM CDT   SUNSET   801 PM CDT


-  INDICATES NEGATIVE NUMBERS.
R  INDICATES RECORD WAS SET OR TIED.
MM INDICATES DATA IS MISSING.
T  INDICATES TRACE AMOUNT.




$$
