000
CDUS43 KILX 112129
CLIPIA


CLIMATE REPORT
NATIONAL WEATHER SERVICE LINCOLN IL
428 PM CDT FRI JUL 11 2014


...................................

...THE PEORIA IL CLIMATE SUMMARY FOR JULY 11 2014...
VALID TODAY AS OF 0400 PM LOCAL TIME.

CLIMATE NORMAL PERIOD 1981 TO 2010
CLIMATE RECORD PERIOD 1883 TO 2014


WEATHER ITEM   OBSERVED TIME   RECORD YEAR NORMAL DEPARTURE LAST
                VALUE   (LST)  VALUE       VALUE  FROM      YEAR
                                                  NORMAL
..................................................................
TEMPERATURE (F)
 TODAY
  MAXIMUM         84    227 PM 108    1936  86     -2       82
  MINIMUM         63    548 AM  50    1898  66     -3       63
  AVERAGE         74                        76     -2       73

PRECIPITATION (IN)
  TODAY            0.00          2.15 1897   0.13  -0.13     0.00
  MONTH TO DATE    0.73                      1.39  -0.66     0.39
  SINCE JUN 1     10.40                      4.92   5.48     2.58
  SINCE JAN 1     22.38                     19.25   3.13    30.10

SNOWFALL (IN)
  TODAY            0.0           0.0    MM   0.0    0.0      0.0
  MONTH TO DATE    0.0                       0.0    0.0      0.0
  SINCE JUN 1      0.0                       0.0    0.0      0.0
  SINCE JUL 1      0.0                       0.0    0.0      0.0
  SNOW DEPTH       0

DEGREE DAYS
 HEATING
  TODAY            0                         0      0        0
  MONTH TO DATE    0                         0      0        0
  SINCE JUN 1      0                        18    -18       18
  SINCE JUL 1      0                         0      0        0

 COOLING
  TODAY            9                        11     -2        8
  MONTH TO DATE   82                       119    -37      109
  SINCE JUN 1    374                       341     33      332
  SINCE JAN 1    532                       422    110      439
..................................................................


WIND (MPH)
  HIGHEST WIND SPEED    17   HIGHEST WIND DIRECTION     S (170)
  HIGHEST GUST SPEED    21   HIGHEST GUST DIRECTION     S (170)
  AVERAGE WIND SPEED     6.9


SKY COVER
  POSSIBLE SUNSHINE  MM
  AVERAGE SKY COVER 0.0


WEATHER CONDITIONS
 THE FOLLOWING WEATHER WAS RECORDED TODAY.
  NO SIGNIFICANT WEATHER WAS OBSERVED.


RELATIVE HUMIDITY (PERCENT)
 HIGHEST    78           100 AM
 LOWEST     51          1100 AM
 AVERAGE    65

..........................................................


THE PEORIA IL CLIMATE NORMALS FOR TOMORROW
                         NORMAL    RECORD    YEAR
 MAXIMUM TEMPERATURE (F)   86       107      1936
 MINIMUM TEMPERATURE (F)   66        50      1975


SUNRISE AND SUNSET
JULY 11 2014..........SUNRISE   538 AM CDT   SUNSET   831 PM CDT
JULY 12 2014..........SUNRISE   538 AM CDT   SUNSET   830 PM CDT


-  INDICATES NEGATIVE NUMBERS.
R  INDICATES RECORD WAS SET OR TIED.
MM INDICATES DATA IS MISSING.
T  INDICATES TRACE AMOUNT.




$$
