000
CDUS43 KILX 300637
CLIPIA


CLIMATE REPORT
NATIONAL WEATHER SERVICE LINCOLN IL
136 AM CDT SAT AUG 30 2014


...................................

...THE PEORIA IL CLIMATE SUMMARY FOR AUGUST 29 2014...

CLIMATE NORMAL PERIOD 1981 TO 2010
CLIMATE RECORD PERIOD 1883 TO 2014


WEATHER ITEM   OBSERVED TIME   RECORD YEAR NORMAL DEPARTURE LAST
                VALUE   (LST)  VALUE       VALUE  FROM      YEAR
                                                  NORMAL
..................................................................
TEMPERATURE (F)
 YESTERDAY
  MAXIMUM         88    312 PM  96    1984  83      5       88
  MINIMUM         70    746 PM  43    1986  62      8       71
  AVERAGE         79                        72      7       80

PRECIPITATION (IN)
  YESTERDAY        0.51          4.32 1955   0.10   0.41     0.00
  MONTH TO DATE    6.94                      3.02   3.92     0.33
  SINCE JUN 1     18.10                     10.40   7.70     4.31
  SINCE JAN 1     30.08                     24.73   5.35    31.83

SNOWFALL (IN)
  YESTERDAY        0.0           0.0    MM   0.0    0.0      0.0
  MONTH TO DATE    0.0                       0.0    0.0      0.0
  SINCE JUN 1      0.0                       0.0    0.0      0.0
  SINCE JUL 1      0.0                       0.0    0.0      0.0
  SNOW DEPTH       0

DEGREE DAYS
 HEATING
  YESTERDAY        0                         0      0        0
  MONTH TO DATE    0                         0      0        1
  SINCE JUN 1      2                        19    -17       23
  SINCE JUL 1      2                         1      1        5

 COOLING
  YESTERDAY       14                         8      6       15
  MONTH TO DATE  314                       263     51      273
  SINCE JUN 1    838                       813     25      796
  SINCE JAN 1    996                       894    102      903
..................................................................


WIND (MPH)
  HIGHEST WIND SPEED    31   HIGHEST WIND DIRECTION    SW (220)
  HIGHEST GUST SPEED    42   HIGHEST GUST DIRECTION    SW (210)
  AVERAGE WIND SPEED     7.2


SKY COVER
  POSSIBLE SUNSHINE  MM
  AVERAGE SKY COVER 0.4


WEATHER CONDITIONS
 THE FOLLOWING WEATHER WAS RECORDED YESTERDAY.
  THUNDERSTORM
  HEAVY RAIN
  RAIN
  LIGHT RAIN
  FOG
  HAZE


RELATIVE HUMIDITY (PERCENT)
 HIGHEST    90          1200 AM
 LOWEST     59           200 PM
 AVERAGE    75

..........................................................


THE PEORIA IL CLIMATE NORMALS FOR TODAY
                         NORMAL    RECORD    YEAR
 MAXIMUM TEMPERATURE (F)   82        99      2013
 MINIMUM TEMPERATURE (F)   62        44      1915


SUNRISE AND SUNSET
AUGUST 30 2014........SUNRISE   624 AM CDT   SUNSET   734 PM CDT
AUGUST 31 2014........SUNRISE   625 AM CDT   SUNSET   732 PM CDT


-  INDICATES NEGATIVE NUMBERS.
R  INDICATES RECORD WAS SET OR TIED.
MM INDICATES DATA IS MISSING.
T  INDICATES TRACE AMOUNT.




$$
