823
CDUS43 KILX 280646
CLIPIA


CLIMATE REPORT
NATIONAL WEATHER SERVICE LINCOLN IL
143 AM CDT FRI APR 28 2017


...................................

...THE PEORIA IL CLIMATE SUMMARY FOR APRIL 27 2017...

CLIMATE NORMAL PERIOD 1981 TO 2010
CLIMATE RECORD PERIOD 1883 TO 2017


WEATHER ITEM   OBSERVED TIME   RECORD YEAR NORMAL DEPARTURE LAST
                VALUE   (LST)  VALUE       VALUE  FROM      YEAR
                                                  NORMAL
..................................................................
TEMPERATURE (F)
 YESTERDAY
  MAXIMUM         52    601 PM  86    1986  67    -15       58
                                      1956
                                      1894
  MINIMUM         41    829 AM  30    1932  46     -5       48
                                      1931
  AVERAGE         47                        56     -9       53

PRECIPITATION (IN)
  YESTERDAY        0.43          1.54 2002   0.13   0.30     1.01
  MONTH TO DATE    4.19                      3.24   0.95     1.66
  SINCE MAR 1      8.22                      6.04   2.18     3.98
  SINCE JAN 1     10.88                      9.61   1.27     5.36

SNOWFALL (IN)
  YESTERDAY       MM             0.0    MM   0.0   MM        0.0
  MONTH TO DATE    0.0                       0.6   -0.6       T
  SINCE MAR 1      4.2                       3.3    0.9      0.2
  SINCE JUL 1     13.9                      24.6  -10.7     15.3
  SNOW DEPTH       0

DEGREE DAYS
 HEATING
  YESTERDAY       18                         9      9       12
  MONTH TO DATE  215                       369   -154      329
  SINCE MAR 1    907                      1125   -218      876
  SINCE JUL 1   4514                      5641  -1127     4459

 COOLING
  YESTERDAY        0                         1     -1        0
  MONTH TO DATE   18                        10      8       18
  SINCE MAR 1     18                        11      7       18
  SINCE JAN 1     18                        11      7       18
..................................................................


WIND (MPH)
  HIGHEST WIND SPEED    20   HIGHEST WIND DIRECTION     W (270)
  HIGHEST GUST SPEED    26   HIGHEST GUST DIRECTION     W (290)
  AVERAGE WIND SPEED    11.1


SKY COVER
  POSSIBLE SUNSHINE  MM
  AVERAGE SKY COVER 1.0


WEATHER CONDITIONS
 THE FOLLOWING WEATHER WAS RECORDED YESTERDAY.
  RAIN
  LIGHT RAIN
  FOG


RELATIVE HUMIDITY (PERCENT)
 HIGHEST   100          1200 AM
 LOWEST     63           400 PM
 AVERAGE    82

..........................................................


THE PEORIA IL CLIMATE NORMALS FOR TODAY
                         NORMAL    RECORD    YEAR
 MAXIMUM TEMPERATURE (F)   68        91      1894
 MINIMUM TEMPERATURE (F)   46        30      1928


SUNRISE AND SUNSET
APRIL 28 2017.........SUNRISE   601 AM CDT   SUNSET   752 PM CDT
APRIL 29 2017.........SUNRISE   600 AM CDT   SUNSET   753 PM CDT


-  INDICATES NEGATIVE NUMBERS.
R  INDICATES RECORD WAS SET OR TIED.
MM INDICATES DATA IS MISSING.
T  INDICATES TRACE AMOUNT.




$$
