000
CDUS45 KPIH 310734
CLIPIH


CLIMATE REPORT
NATIONAL WEATHER SERVICE POCATELLO ID
130 AM MDT FRI JUL 31 2015


...................................

...THE POCATELLO ID CLIMATE SUMMARY FOR JULY 30 2015...

CLIMATE NORMAL PERIOD 1981 TO 2010
CLIMATE RECORD PERIOD 1939 TO 2015


WEATHER ITEM   OBSERVED TIME   RECORD YEAR NORMAL DEPARTURE LAST
                VALUE   (LST)  VALUE       VALUE  FROM      YEAR
                                                  NORMAL
..................................................................
TEMPERATURE (F)
 YESTERDAY
  MAXIMUM         91    526 PM 103    2000  90      1       88
  MINIMUM         43R   541 AM  44    1950  53    -10       52
  AVERAGE         67                        71     -4       70

PRECIPITATION (IN)
  YESTERDAY        0.00          0.48 1939   0.02  -0.02     0.00
  MONTH TO DATE    1.38                      0.62   0.76     0.45
  SINCE OCT 1      8.68                     10.66  -1.98     7.96
  SINCE JAN 1      6.29                      7.44  -1.15     6.59

SNOWFALL (IN)
  YESTERDAY        0.0
  MONTH TO DATE    0.0
  SINCE JUN 1      0.0
  SINCE JUL 1      0.0
  SNOW DEPTH       0

DEGREE DAYS
 HEATING
  YESTERDAY        0                         0      0        0
  MONTH TO DATE   23                        17      6        2
  SINCE JUN 1     51                       148    -97      112
  SINCE JUL 1     23                        17      6        2

 COOLING
  YESTERDAY        2                         7     -5        5
  MONTH TO DATE  157                       165     -8      241
  SINCE JUN 1    292                       211     81      261
  SINCE JAN 1    296                       216     80      261
..................................................................


WIND (MPH)
  HIGHEST WIND SPEED    10   HIGHEST WIND DIRECTION     E (90)
  HIGHEST GUST SPEED    14   HIGHEST GUST DIRECTION    NW (330)
  AVERAGE WIND SPEED     4.2


SKY COVER
  POSSIBLE SUNSHINE  MM
  AVERAGE SKY COVER 0.0


WEATHER CONDITIONS
 THE FOLLOWING WEATHER WAS RECORDED YESTERDAY.
  NO SIGNIFICANT WEATHER WAS OBSERVED.


RELATIVE HUMIDITY (PERCENT)
 HIGHEST    89           600 AM
 LOWEST      9           300 PM
 AVERAGE    49

..........................................................


THE POCATELLO ID CLIMATE NORMALS FOR TODAY
                         NORMAL    RECORD    YEAR
 MAXIMUM TEMPERATURE (F)   90       103      2000
 MINIMUM TEMPERATURE (F)   53        38      1995


SUNRISE AND SUNSET
JULY 31 2015..........SUNRISE   620 AM MDT   SUNSET   853 PM MDT
AUGUST  1 2015........SUNRISE   621 AM MDT   SUNSET   851 PM MDT


-  INDICATES NEGATIVE NUMBERS.
R  INDICATES RECORD WAS SET OR TIED.
MM INDICATES DATA IS MISSING.
T  INDICATES TRACE AMOUNT.




$$
