000
CDUS45 KPIH 210731
CLIPIH


CLIMATE REPORT
NATIONAL WEATHER SERVICE POCATELLO ID
130 AM MDT MON APR 21 2014


...................................

...THE POCATELLO ID CLIMATE SUMMARY FOR APRIL 20 2014...

CLIMATE NORMAL PERIOD 1981 TO 2010
CLIMATE RECORD PERIOD 1939 TO 2014


WEATHER ITEM   OBSERVED TIME   RECORD YEAR NORMAL DEPARTURE LAST
                VALUE   (LST)  VALUE       VALUE  FROM      YEAR
                                                  NORMAL
..................................................................
TEMPERATURE (F)
 YESTERDAY
  MAXIMUM         64    238 PM  83    1994  60      4       58
  MINIMUM         41   1154 PM  17    1982  34      7       40
  AVERAGE         53                        47      6       49

PRECIPITATION (IN)
  YESTERDAY        0.00          0.71 1984   0.04  -0.04     0.06
  MONTH TO DATE    0.43                      0.72  -0.29     0.42
  SINCE OCT 1      5.80                      7.16  -1.36     6.38
  SINCE JAN 1      4.43                      3.94   0.49     2.22

SNOWFALL (IN)
  YESTERDAY        0.0
  MONTH TO DATE    3.3
  SINCE MAR 1     10.5
  SINCE JUL 1     29.4
  SNOW DEPTH       0

DEGREE DAYS
 HEATING
  YESTERDAY       12                        18     -6       16
  MONTH TO DATE  370                       412    -42      442
  SINCE MAR 1   1101                      1251   -150     1233
  SINCE JUL 1   6081                      6524   -443     6344

 COOLING
  YESTERDAY        0                         0      0        0
  MONTH TO DATE    0                         0      0        0
  SINCE MAR 1      0                         0      0        0
  SINCE JAN 1      0                         0      0        0
..................................................................


WIND (MPH)
  HIGHEST WIND SPEED    31   HIGHEST WIND DIRECTION    SW (230)
  HIGHEST GUST SPEED    37   HIGHEST GUST DIRECTION    SW (210)
  AVERAGE WIND SPEED    17.5


SKY COVER
  POSSIBLE SUNSHINE  MM
  AVERAGE SKY COVER 0.1


WEATHER CONDITIONS
 THE FOLLOWING WEATHER WAS RECORDED YESTERDAY.
  NO SIGNIFICANT WEATHER WAS OBSERVED.


RELATIVE HUMIDITY (PERCENT)
 HIGHEST    45           600 AM
 LOWEST     14           300 PM
 AVERAGE    30

..........................................................


THE POCATELLO ID CLIMATE NORMALS FOR TODAY
                         NORMAL    RECORD    YEAR
 MAXIMUM TEMPERATURE (F)   60        86      1994
 MINIMUM TEMPERATURE (F)   34        15      2008


SUNRISE AND SUNSET
APRIL 21 2014.........SUNRISE   639 AM MDT   SUNSET   820 PM MDT
APRIL 22 2014.........SUNRISE   637 AM MDT   SUNSET   821 PM MDT


-  INDICATES NEGATIVE NUMBERS.
R  INDICATES RECORD WAS SET OR TIED.
MM INDICATES DATA IS MISSING.
T  INDICATES TRACE AMOUNT.




$$
