000
CDUS45 KPIH 240729
CLIPIH


CLIMATE REPORT
NATIONAL WEATHER SERVICE POCATELLO ID
129 AM MDT SUN JUL 24 2016


...................................

...THE POCATELLO ID CLIMATE SUMMARY FOR JULY 23 2016...

CLIMATE NORMAL PERIOD 1981 TO 2010
CLIMATE RECORD PERIOD 1939 TO 2016


WEATHER ITEM   OBSERVED TIME   RECORD YEAR NORMAL DEPARTURE LAST
                VALUE   (LST)  VALUE       VALUE  FROM      YEAR
                                                  NORMAL
..................................................................
TEMPERATURE (F)
 YESTERDAY
  MAXIMUM         86    348 PM 102    1976  90     -4       86
  MINIMUM         51    449 AM  41    1954  53     -2       57
  AVERAGE         69                        71     -2       72

PRECIPITATION (IN)
  YESTERDAY        0.00          0.47 1993   0.02  -0.02     0.25
  MONTH TO DATE    0.14                      0.47  -0.33     0.88
  SINCE OCT 1     10.90                     10.51   0.39     8.18
  SINCE JAN 1      7.33                      7.29   0.04     5.79

SNOWFALL (IN)
  YESTERDAY        0.0
  MONTH TO DATE    0.0
  SINCE JUN 1      0.0
  SINCE JUL 1      0.0
  SNOW DEPTH       0

DEGREE DAYS
 HEATING
  YESTERDAY        0                         0      0        0
  MONTH TO DATE   17                        17      0        2
  SINCE JUN 1     60                       148    -88       30
  SINCE JUL 1     17                        17      0        2

 COOLING
  YESTERDAY        4                         6     -2        7
  MONTH TO DATE  118                       118      0      140
  SINCE JUN 1    208                       164     44      275
  SINCE JAN 1    208                       169     39      279
..................................................................


WIND (MPH)
  HIGHEST WIND SPEED    26   HIGHEST WIND DIRECTION    SW (230)
  HIGHEST GUST SPEED    32   HIGHEST GUST DIRECTION    SW (230)
  AVERAGE WIND SPEED    14.8


SKY COVER
  POSSIBLE SUNSHINE  MM
  AVERAGE SKY COVER 0.0


WEATHER CONDITIONS
 THE FOLLOWING WEATHER WAS RECORDED YESTERDAY.
  NO SIGNIFICANT WEATHER WAS OBSERVED.


RELATIVE HUMIDITY (PERCENT)
 HIGHEST    50           500 AM
 LOWEST     11           400 PM
 AVERAGE    31

..........................................................


THE POCATELLO ID CLIMATE NORMALS FOR TODAY
                         NORMAL    RECORD    YEAR
 MAXIMUM TEMPERATURE (F)   90       100      2003
 MINIMUM TEMPERATURE (F)   53        44      2010
                                             1970


SUNRISE AND SUNSET
JULY 24 2016..........SUNRISE   614 AM MDT   SUNSET   859 PM MDT
JULY 25 2016..........SUNRISE   615 AM MDT   SUNSET   858 PM MDT


-  INDICATES NEGATIVE NUMBERS.
R  INDICATES RECORD WAS SET OR TIED.
MM INDICATES DATA IS MISSING.
T  INDICATES TRACE AMOUNT.




$$
