000
CDUS45 KPIH 240733
CLIPIH


CLIMATE REPORT
NATIONAL WEATHER SERVICE POCATELLO ID
132 AM MDT FRI OCT 24 2014


...................................

...THE POCATELLO ID CLIMATE SUMMARY FOR OCTOBER 23 2014...

CLIMATE NORMAL PERIOD 1981 TO 2010
CLIMATE RECORD PERIOD 1939 TO 2014


WEATHER ITEM   OBSERVED TIME   RECORD YEAR NORMAL DEPARTURE LAST
                VALUE   (LST)  VALUE       VALUE  FROM      YEAR
                                                  NORMAL
..................................................................
TEMPERATURE (F)
 YESTERDAY
  MAXIMUM         67   1138 AM  75    1960  58      9       69
  MINIMUM         37    627 AM  18    2008  31      6       25
                                      1949
  AVERAGE         52                        44      8       47

PRECIPITATION (IN)
  YESTERDAY        0.00          0.41 2004   0.03  -0.03     0.00
  MONTH TO DATE    0.03                      0.64  -0.61     0.38
  SINCE OCT 1      0.03                      0.64  -0.61     0.38
  SINCE JAN 1     10.29                      9.55   0.74     5.18

SNOWFALL (IN)
  YESTERDAY        0.0
  MONTH TO DATE    0.0
  SINCE SEP 1      0.0
  SINCE JUL 1      0.0
  SNOW DEPTH       0

DEGREE DAYS
 HEATING
  YESTERDAY       13                        21     -8       18
  MONTH TO DATE  294                       380    -86      476
  SINCE SEP 1    437                       583   -146      613
  SINCE JUL 1    472                       629   -157      613

 COOLING
  YESTERDAY        0                         0      0        0
  MONTH TO DATE    0                         0      0        0
  SINCE SEP 1     35                        22     13       61
  SINCE JAN 1    421                       392     29      688
..................................................................


WIND (MPH)
  HIGHEST WIND SPEED    18   HIGHEST WIND DIRECTION     W (250)
  HIGHEST GUST SPEED    23   HIGHEST GUST DIRECTION     W (260)
  AVERAGE WIND SPEED     7.4


SKY COVER
  POSSIBLE SUNSHINE  MM
  AVERAGE SKY COVER 0.3


WEATHER CONDITIONS
 THE FOLLOWING WEATHER WAS RECORDED YESTERDAY.
  NO SIGNIFICANT WEATHER WAS OBSERVED.


RELATIVE HUMIDITY (PERCENT)
 HIGHEST    70           600 AM
 LOWEST     26           100 PM
 AVERAGE    48

..........................................................


THE POCATELLO ID CLIMATE NORMALS FOR TODAY
                         NORMAL    RECORD    YEAR
 MAXIMUM TEMPERATURE (F)   57        76      2005
                                             1992
 MINIMUM TEMPERATURE (F)   31        18      1980


SUNRISE AND SUNSET
OCTOBER 24 2014.......SUNRISE   755 AM MDT   SUNSET   634 PM MDT
OCTOBER 25 2014.......SUNRISE   756 AM MDT   SUNSET   632 PM MDT


-  INDICATES NEGATIVE NUMBERS.
R  INDICATES RECORD WAS SET OR TIED.
MM INDICATES DATA IS MISSING.
T  INDICATES TRACE AMOUNT.




$$
