000
CDUS45 KPIH 092331
CLIPIH


CLIMATE REPORT
NATIONAL WEATHER SERVICE POCATELLO ID
430 PM MST TUE FEB 9 2016


...................................

...THE POCATELLO ID CLIMATE SUMMARY FOR FEBRUARY 9 2016...
VALID TODAY AS OF 0400 PM LOCAL TIME.

CLIMATE NORMAL PERIOD 1981 TO 2010
CLIMATE RECORD PERIOD 1939 TO 2016


WEATHER ITEM   OBSERVED TIME   RECORD YEAR NORMAL DEPARTURE LAST
                VALUE   (LST)  VALUE       VALUE  FROM      YEAR
                                                  NORMAL
..................................................................
TEMPERATURE (F)
 TODAY
  MAXIMUM         33    359 PM  57    1996  36     -3       55
  MINIMUM         18    702 AM -11    1989  18      0       37
  AVERAGE         26                        27     -1       46

PRECIPITATION (IN)
  TODAY            0.00          0.36 1999   0.03  -0.03     0.17
  MONTH TO DATE    0.04                      0.28  -0.24     0.54
  SINCE OCT 1      5.02                      4.49   0.53     3.36
  SINCE JAN 1      1.45                      1.27   0.18     0.97

SNOWFALL (IN)
  TODAY            0.0
  MONTH TO DATE    0.6
  SINCE DEC 1     21.3
  SINCE JUL 1     27.6
  SNOW DEPTH       T

DEGREE DAYS
 HEATING
  TODAY           39                        38      1       19
  MONTH TO DATE  392                       352     40      182
  SINCE DEC 1   2840                      2871    -31     2262
  SINCE JUL 1   4284                      4599   -315     3789

 COOLING
  TODAY            0                         0      0        0
  MONTH TO DATE    0                         0      0        0
  SINCE DEC 1      0                         0      0        0
  SINCE JAN 1      0                         0      0        0
..................................................................


WIND (MPH)
  HIGHEST WIND SPEED    12   HIGHEST WIND DIRECTION     N (20)
  HIGHEST GUST SPEED    14   HIGHEST GUST DIRECTION    NE (30)
  AVERAGE WIND SPEED     6.5


SKY COVER
  POSSIBLE SUNSHINE  MM
  AVERAGE SKY COVER 0.8


WEATHER CONDITIONS
 THE FOLLOWING WEATHER WAS RECORDED TODAY.
  FOG
  FOG W/VISIBILITY <= 1/4 MILE


RELATIVE HUMIDITY (PERCENT)
 HIGHEST   100           100 AM
 LOWEST     69           400 PM
 AVERAGE    85

..........................................................


THE POCATELLO ID CLIMATE NORMALS FOR TOMORROW
                         NORMAL    RECORD    YEAR
 MAXIMUM TEMPERATURE (F)   36        59      1951
 MINIMUM TEMPERATURE (F)   18       -14      1982


SUNRISE AND SUNSET
FEBRUARY  9 2016......SUNRISE   736 AM MST   SUNSET   553 PM MST
FEBRUARY 10 2016......SUNRISE   735 AM MST   SUNSET   555 PM MST


-  INDICATES NEGATIVE NUMBERS.
R  INDICATES RECORD WAS SET OR TIED.
MM INDICATES DATA IS MISSING.
T  INDICATES TRACE AMOUNT.




$$
