000
CDUS45 KPIH 200742
CLIPIH


CLIMATE REPORT
NATIONAL WEATHER SERVICE POCATELLO ID
139 AM MDT WED AUG 20 2014


...................................

...THE POCATELLO ID CLIMATE SUMMARY FOR AUGUST 19 2014...

CLIMATE NORMAL PERIOD 1981 TO 2010
CLIMATE RECORD PERIOD 1939 TO 2014


WEATHER ITEM   OBSERVED TIME   RECORD YEAR NORMAL DEPARTURE LAST
                VALUE   (LST)  VALUE       VALUE  FROM      YEAR
                                                  NORMAL
..................................................................
TEMPERATURE (F)
 YESTERDAY
  MAXIMUM         86    230 PM  99    1992  87     -1       95
  MINIMUM         52   1259 AM  35    1995  50      2       54
  AVERAGE         69                        69      0       75

PRECIPITATION (IN)
  YESTERDAY        0.05          0.25 1968   0.02   0.03     0.00
  MONTH TO DATE    1.46                      0.35   1.11     0.01
  SINCE OCT 1      9.43                     11.03  -1.60     7.99
  SINCE JAN 1      8.06                      7.81   0.25     3.83

SNOWFALL (IN)
  YESTERDAY        0.0
  MONTH TO DATE    0.0
  SINCE JUN 1      0.0
  SINCE JUL 1      0.0
  SNOW DEPTH       0

DEGREE DAYS
 HEATING
  YESTERDAY        0                         1     -1        0
  MONTH TO DATE    1                         6     -5        0
  SINCE JUN 1    113                       157    -44       90
  SINCE JUL 1      3                        26    -23        0

 COOLING
  YESTERDAY        4                         4      0       10
  MONTH TO DATE  104                       106     -2      142
  SINCE JUN 1    371                       324     47      527
  SINCE JAN 1    371                       329     42      536
..................................................................


WIND (MPH)
  HIGHEST WIND SPEED    28   HIGHEST WIND DIRECTION     N (360)
  HIGHEST GUST SPEED    36   HIGHEST GUST DIRECTION     N (340)
  AVERAGE WIND SPEED     9.9


SKY COVER
  POSSIBLE SUNSHINE  MM
  AVERAGE SKY COVER 0.4


WEATHER CONDITIONS
 THE FOLLOWING WEATHER WAS RECORDED YESTERDAY.
  THUNDERSTORM
  LIGHT RAIN


RELATIVE HUMIDITY (PERCENT)
 HIGHEST    84          1100 PM
 LOWEST     26           500 PM
 AVERAGE    55

..........................................................


THE POCATELLO ID CLIMATE NORMALS FOR TODAY
                         NORMAL    RECORD    YEAR
 MAXIMUM TEMPERATURE (F)   87        96      1997
 MINIMUM TEMPERATURE (F)   50        35      1964


SUNRISE AND SUNSET
AUGUST 20 2014........SUNRISE   642 AM MDT   SUNSET   825 PM MDT
AUGUST 21 2014........SUNRISE   643 AM MDT   SUNSET   823 PM MDT


-  INDICATES NEGATIVE NUMBERS.
R  INDICATES RECORD WAS SET OR TIED.
MM INDICATES DATA IS MISSING.
T  INDICATES TRACE AMOUNT.




$$
