000
CDUS45 KPIH 200731
CLIPIH


CLIMATE REPORT
NATIONAL WEATHER SERVICE POCATELLO ID
1230 AM MST TUE FEB 20 2018


...................................

...THE POCATELLO ID CLIMATE SUMMARY FOR FEBRUARY 19 2018...

CLIMATE NORMAL PERIOD 1981 TO 2010
CLIMATE RECORD PERIOD 1939 TO 2018


WEATHER ITEM   OBSERVED TIME   RECORD YEAR NORMAL DEPARTURE LAST
                VALUE   (LST)  VALUE       VALUE  FROM      YEAR
                                                  NORMAL
..................................................................
TEMPERATURE (F)
 YESTERDAY
  MAXIMUM         27    342 PM  62    1958  39    -12       46
  MINIMUM         16   1159 PM -18    1942  20     -4       29
  AVERAGE         22                        29     -7       38

PRECIPITATION (IN)
  YESTERDAY        0.16          0.54 1986   0.04   0.12     0.42
  MONTH TO DATE    0.54                      0.62  -0.08     1.80
  SINCE OCT 1      4.04                      4.83  -0.79    11.21
  SINCE JAN 1      1.25                      1.61  -0.36     4.65

SNOWFALL (IN)
  YESTERDAY        3.3
  MONTH TO DATE    6.2
  SINCE DEC 1     19.3
  SINCE JUL 1     20.3
  SNOW DEPTH       0

DEGREE DAYS
 HEATING
  YESTERDAY       43                        36      7       27
  MONTH TO DATE  528                       722   -194      569
  SINCE DEC 1   2685                      3241   -556     3467
  SINCE JUL 1   4319                      4969   -650     4902

 COOLING
  YESTERDAY        0                         0      0        0
  MONTH TO DATE    0                         0      0        0
  SINCE DEC 1      0                         0      0        0
  SINCE JAN 1      0                         0      0        0
..................................................................


WIND (MPH)
  HIGHEST WIND SPEED    21   HIGHEST WIND DIRECTION    SW (220)
  HIGHEST GUST SPEED    25   HIGHEST GUST DIRECTION    SW (220)
  AVERAGE WIND SPEED     8.5


SKY COVER
  POSSIBLE SUNSHINE  MM
  AVERAGE SKY COVER 0.6


WEATHER CONDITIONS
 THE FOLLOWING WEATHER WAS RECORDED YESTERDAY.
  SNOW
  LIGHT SNOW
  FOG


RELATIVE HUMIDITY (PERCENT)
 HIGHEST    84           500 AM
 LOWEST     42           300 PM
 AVERAGE    63

..........................................................


THE POCATELLO ID CLIMATE NORMALS FOR TODAY
                         NORMAL    RECORD    YEAR
 MAXIMUM TEMPERATURE (F)   39        60      1995
                                             1958
 MINIMUM TEMPERATURE (F)   20       -11      1984
                                             1942


SUNRISE AND SUNSET
FEBRUARY 20 2018......SUNRISE   720 AM MST   SUNSET   608 PM MST
FEBRUARY 21 2018......SUNRISE   719 AM MST   SUNSET   610 PM MST


-  INDICATES NEGATIVE NUMBERS.
R  INDICATES RECORD WAS SET OR TIED.
MM INDICATES DATA IS MISSING.
T  INDICATES TRACE AMOUNT.




$$
