000
CDUS45 KPIH 220733
CLIPIH


CLIMATE REPORT
NATIONAL WEATHER SERVICE POCATELLO ID
132 AM MDT WED OCT 22 2014


...................................

...THE POCATELLO ID CLIMATE SUMMARY FOR OCTOBER 21 2014...

CLIMATE NORMAL PERIOD 1981 TO 2010
CLIMATE RECORD PERIOD 1939 TO 2014


WEATHER ITEM   OBSERVED TIME   RECORD YEAR NORMAL DEPARTURE LAST
                VALUE   (LST)  VALUE       VALUE  FROM      YEAR
                                                  NORMAL
..................................................................
TEMPERATURE (F)
 YESTERDAY
  MAXIMUM         68    204 AM  78    2003  59      9       62
  MINIMUM         38   1159 PM  17    1996  32      6       25
  AVERAGE         53                        45      8       44

PRECIPITATION (IN)
  YESTERDAY        T             1.28 1961   0.03  -0.03     0.00
  MONTH TO DATE    0.03                      0.59  -0.56     0.38
  SINCE OCT 1      0.03                      0.59  -0.56     0.38
  SINCE JAN 1     10.29                      9.50   0.79     5.18

SNOWFALL (IN)
  YESTERDAY        0.0
  MONTH TO DATE    0.0
  SINCE SEP 1      0.0
  SINCE JUL 1      0.0
  SNOW DEPTH       0

DEGREE DAYS
 HEATING
  YESTERDAY       12                        20     -8       21
  MONTH TO DATE  259                       339    -80      441
  SINCE SEP 1    402                       542   -140      578
  SINCE JUL 1    437                       588   -151      578

 COOLING
  YESTERDAY        0                         0      0        0
  MONTH TO DATE    0                         0      0        0
  SINCE SEP 1     35                        22     13       61
  SINCE JAN 1    421                       392     29      688
..................................................................


WIND (MPH)
  HIGHEST WIND SPEED    37   HIGHEST WIND DIRECTION    SW (240)
  HIGHEST GUST SPEED    45   HIGHEST GUST DIRECTION    SW (240)
  AVERAGE WIND SPEED    17.2


SKY COVER
  POSSIBLE SUNSHINE  MM
  AVERAGE SKY COVER 0.5


WEATHER CONDITIONS
 THE FOLLOWING WEATHER WAS RECORDED YESTERDAY.
  LIGHT RAIN


RELATIVE HUMIDITY (PERCENT)
 HIGHEST    80           700 AM
 LOWEST     27           100 AM
 AVERAGE    54

..........................................................


THE POCATELLO ID CLIMATE NORMALS FOR TODAY
                         NORMAL    RECORD    YEAR
 MAXIMUM TEMPERATURE (F)   58        83      2003
 MINIMUM TEMPERATURE (F)   32        17      1949


SUNRISE AND SUNSET
OCTOBER 22 2014.......SUNRISE   752 AM MDT   SUNSET   637 PM MDT
OCTOBER 23 2014.......SUNRISE   754 AM MDT   SUNSET   635 PM MDT


-  INDICATES NEGATIVE NUMBERS.
R  INDICATES RECORD WAS SET OR TIED.
MM INDICATES DATA IS MISSING.
T  INDICATES TRACE AMOUNT.




$$
