000
CDUS43 KABR 181031
CLIPIR


CLIMATE REPORT
NATIONAL WEATHER SERVICE ABERDEEN SD
431 AM CST WED JAN 18 2017


...................................

...THE PIERRE SD CLIMATE SUMMARY FOR JANUARY 17 2017...

CLIMATE NORMAL PERIOD 1981 TO 2010
CLIMATE RECORD PERIOD 1892 TO 2017


WEATHER ITEM   OBSERVED TIME   RECORD YEAR NORMAL DEPARTURE LAST
                VALUE   (LST)  VALUE       VALUE  FROM      YEAR
                                                  NORMAL
..................................................................
TEMPERATURE (F)
 YESTERDAY
  MAXIMUM         27    434 PM  56    1934  30     -3        4
  MINIMUM          7   1252 AM -22    1943  10     -3      -10
  AVERAGE         17                        20     -3       -3

PRECIPITATION (IN)
  YESTERDAY        0.00          0.31 1996   0.01  -0.01     0.00
  MONTH TO DATE    0.37                      0.24   0.13     0.12
  SINCE DEC 1      2.07                      0.79   1.28     1.13
  SINCE JAN 1      0.37                      0.24   0.13     0.12

SNOWFALL (IN)
  YESTERDAY        0.0           3.5  1936   0.2   -0.2      0.0
  MONTH TO DATE    3.0                       2.7    0.3      1.8
  SINCE OCT 1     21.4                      13.9    7.5     22.2
  SINCE JUL 1     21.4                      13.9    7.5     22.2
  SNOW DEPTH       5

DEGREE DAYS
 HEATING
  YESTERDAY       48                        45      3       68
  MONTH TO DATE  983                       770    213      821
  SINCE DEC 1   2502                      2112    390     2066
  SINCE JUL 1   3639                      3732    -93     3363

 COOLING
  YESTERDAY        0                         0      0        0
  MONTH TO DATE    0                         0      0        0
  SINCE DEC 1      0                         0      0        0
  SINCE JAN 1      0                         0      0        0
..................................................................


WIND (MPH)
  RESULTANT WIND SPEED   5   RESULTANT WIND DIRECTION  SW (230)
  HIGHEST WIND SPEED    13   HIGHEST WIND DIRECTION     W (250)
  HIGHEST GUST SPEED    15   HIGHEST GUST DIRECTION     W (250)
  AVERAGE WIND SPEED     5.3




RELATIVE HUMIDITY (PERCENT)
 HIGHEST    88          1200 AM
 LOWEST     68           100 PM
 AVERAGE    78

..........................................................


THE PIERRE SD CLIMATE NORMALS FOR TODAY
                         NORMAL    RECORD    YEAR
 MAXIMUM TEMPERATURE (F)   30        54      1964
 MINIMUM TEMPERATURE (F)   10       -27      1970


SUNRISE AND SUNSET
JANUARY 18 2017.......SUNRISE   812 AM CST   SUNSET   532 PM CST
JANUARY 19 2017.......SUNRISE   811 AM CST   SUNSET   533 PM CST


-  INDICATES NEGATIVE NUMBERS.
R  INDICATES RECORD WAS SET OR TIED.
MM INDICATES DATA IS MISSING.
T  INDICATES TRACE AMOUNT.




$$
