000
CDUS43 KABR 290908
CLIPIR


CLIMATE REPORT
NATIONAL WEATHER SERVICE ABERDEEN SD
407 AM CDT WED JUL 29 2015


...................................

...THE PIERRE SD CLIMATE SUMMARY FOR JULY 28 2015...

CLIMATE NORMAL PERIOD 1981 TO 2010
CLIMATE RECORD PERIOD 1892 TO 2015


WEATHER ITEM   OBSERVED TIME   RECORD YEAR NORMAL DEPARTURE LAST
                VALUE   (LST)  VALUE       VALUE  FROM      YEAR
                                                  NORMAL
..................................................................
TEMPERATURE (F)
 YESTERDAY
  MAXIMUM         83    456 PM 111    2006  90     -7       80
                                      1999
  MINIMUM         61    619 AM  46    2013  63     -2       51
                                      1971
  AVERAGE         72                        76     -4       66

PRECIPITATION (IN)
  YESTERDAY        T             0.80 1986   0.08  -0.08     0.00
  MONTH TO DATE    2.15                      2.36  -0.21     0.84
  SINCE JUN 1      8.31                      5.93   2.38     5.23
  SINCE JAN 1     15.66                     13.13   2.53    13.16

DEGREE DAYS
 HEATING
  YESTERDAY        0                         0      0        0
  MONTH TO DATE    2                         0      2       19
  SINCE JUN 1      7                        53    -46       86
  SINCE JUL 1      2                         0      2       19

 COOLING
  YESTERDAY        7                        11     -4        1
  MONTH TO DATE  268                       289    -21      211
  SINCE JUN 1    403                       423    -20      270
  SINCE JAN 1    417                       455    -38      318
..................................................................


WIND (MPH)
  RESULTANT WIND SPEED  19   RESULTANT WIND DIRECTION   W (290)
  HIGHEST WIND SPEED    37   HIGHEST WIND DIRECTION     W (280)
  HIGHEST GUST SPEED    44   HIGHEST GUST DIRECTION     W (260)
  AVERAGE WIND SPEED    19.2




RELATIVE HUMIDITY (PERCENT)
 HIGHEST   100           200 AM
 LOWEST     24           400 PM
 AVERAGE    62

..........................................................


THE PIERRE SD CLIMATE NORMALS FOR TODAY
                         NORMAL    RECORD    YEAR
 MAXIMUM TEMPERATURE (F)   90       111      2006
 MINIMUM TEMPERATURE (F)   63        47      1971


SUNRISE AND SUNSET
JULY 29 2015..........SUNRISE   625 AM CDT   SUNSET   910 PM CDT
JULY 30 2015..........SUNRISE   626 AM CDT   SUNSET   909 PM CDT


-  INDICATES NEGATIVE NUMBERS.
R  INDICATES RECORD WAS SET OR TIED.
MM INDICATES DATA IS MISSING.
T  INDICATES TRACE AMOUNT.




$$
