000
CDUS43 KABR 021026
CLIPIR


CLIMATE REPORT
NATIONAL WEATHER SERVICE ABERDEEN SD
526 AM CDT THU OCT 2 2014


...................................

...THE PIERRE SD CLIMATE SUMMARY FOR OCTOBER 1 2014...

CLIMATE NORMAL PERIOD 1981 TO 2010
CLIMATE RECORD PERIOD 1892 TO 2014


WEATHER ITEM   OBSERVED TIME   RECORD YEAR NORMAL DEPARTURE LAST
                VALUE   (LST)  VALUE       VALUE  FROM      YEAR
                                                  NORMAL
..................................................................
TEMPERATURE (F)
 YESTERDAY
  MAXIMUM         71    218 PM  96    1953  69      2       72
  MINIMUM         49   1003 PM  25    2003  42      7       45
  AVERAGE         60                        55      5       59

PRECIPITATION (IN)
  YESTERDAY        T             0.82 1977   0.07  -0.07     0.00
  MONTH TO DATE    T                         0.07  -0.07     0.00
  SINCE SEP 1      0.61                      1.94  -1.33     1.16
  SINCE JAN 1     16.83                     17.12  -0.29    18.08

DEGREE DAYS
 HEATING
  YESTERDAY        5                        10     -5        6
  MONTH TO DATE    5                        10     -5        6
  SINCE SEP 1    132                       161    -29       62
  SINCE JUL 1    160                       181    -21       71

 COOLING
  YESTERDAY        0                         1     -1        0
  MONTH TO DATE    0                         1     -1        0
  SINCE SEP 1     84                        87     -3      167
  SINCE JAN 1    620                       864   -244      853
..................................................................


WIND (MPH)
  RESULTANT WIND SPEED  10   RESULTANT WIND DIRECTION  NW (300)
  HIGHEST WIND SPEED    24   HIGHEST WIND DIRECTION    NW (320)
  HIGHEST GUST SPEED    29   HIGHEST GUST DIRECTION    NW (320)
  AVERAGE WIND SPEED    11.5




RELATIVE HUMIDITY (PERCENT)
 HIGHEST    80          1000 PM
 LOWEST     47           100 PM
 AVERAGE    64

..........................................................


THE PIERRE SD CLIMATE NORMALS FOR TODAY
                         NORMAL    RECORD    YEAR
 MAXIMUM TEMPERATURE (F)   68        98      1997
 MINIMUM TEMPERATURE (F)   42        25      1999


SUNRISE AND SUNSET
OCTOBER  2 2014.......SUNRISE   740 AM CDT   SUNSET   720 PM CDT
OCTOBER  3 2014.......SUNRISE   741 AM CDT   SUNSET   718 PM CDT


-  INDICATES NEGATIVE NUMBERS.
R  INDICATES RECORD WAS SET OR TIED.
MM INDICATES DATA IS MISSING.
T  INDICATES TRACE AMOUNT.




$$
