000
CDUS43 KABR 201027
CLIPIR


CLIMATE REPORT
NATIONAL WEATHER SERVICE ABERDEEN SD
427 AM CST THU NOV 20 2014


...................................

...THE PIERRE SD CLIMATE SUMMARY FOR NOVEMBER 19 2014...

CLIMATE NORMAL PERIOD 1981 TO 2010
CLIMATE RECORD PERIOD 1892 TO 2014


WEATHER ITEM   OBSERVED TIME   RECORD YEAR NORMAL DEPARTURE LAST
                VALUE   (LST)  VALUE       VALUE  FROM      YEAR
                                                  NORMAL
..................................................................
TEMPERATURE (F)
 YESTERDAY
  MAXIMUM         29   1241 AM  70    2003  42    -13       65
  MINIMUM         12   1030 PM   4    1955  22    -10       30
  AVERAGE         21                        32    -11       48

PRECIPITATION (IN)
  YESTERDAY        T             0.57 2011   0.03  -0.03     0.00
  MONTH TO DATE    0.80                      0.53   0.27     0.24
  SINCE SEP 1      1.71                      4.05  -2.34     6.16
  SINCE JAN 1     17.93                     19.23  -1.30    23.08

SNOWFALL (IN)
  YESTERDAY        T             9.5  2011   0.2   -0.2      0.0
  MONTH TO DATE    9.0                       2.9    6.1      1.5
  SINCE OCT 1      9.0                       3.9    5.1      2.0
  SINCE JUL 1      9.0                       3.9    5.1      2.0
  SNOW DEPTH       5

DEGREE DAYS
 HEATING
  YESTERDAY       44                        33     11       17
  MONTH TO DATE  697                       540    157      510
  SINCE SEP 1   1246                      1201     45     1179
  SINCE JUL 1   1274                      1221     53     1188

 COOLING
  YESTERDAY        0                         0      0        0
  MONTH TO DATE    0                         0      0        0
  SINCE SEP 1     86                        91     -5      167
  SINCE JAN 1    622                       868   -246      853
..................................................................


WIND (MPH)
  RESULTANT WIND SPEED  16   RESULTANT WIND DIRECTION  NW (320)
  HIGHEST WIND SPEED    29   HIGHEST WIND DIRECTION    NW (310)
  HIGHEST GUST SPEED    34   HIGHEST GUST DIRECTION    NW (310)
  AVERAGE WIND SPEED    16.4




RELATIVE HUMIDITY (PERCENT)
 HIGHEST    80          1100 PM
 LOWEST     65           300 PM
 AVERAGE    73

..........................................................


THE PIERRE SD CLIMATE NORMALS FOR TODAY
                         NORMAL    RECORD    YEAR
 MAXIMUM TEMPERATURE (F)   41        73      1962
 MINIMUM TEMPERATURE (F)   21        -7      1937


SUNRISE AND SUNSET
NOVEMBER 20 2014......SUNRISE   744 AM CST   SUNSET   509 PM CST
NOVEMBER 21 2014......SUNRISE   745 AM CST   SUNSET   509 PM CST


-  INDICATES NEGATIVE NUMBERS.
R  INDICATES RECORD WAS SET OR TIED.
MM INDICATES DATA IS MISSING.
T  INDICATES TRACE AMOUNT.




$$
