000
CDUS43 KABR 020906
CLIPIR


CLIMATE REPORT
NATIONAL WEATHER SERVICE ABERDEEN SD
405 AM CDT MON MAY 2 2016


...................................

...THE PIERRE SD CLIMATE SUMMARY FOR MAY 1 2016...

CLIMATE NORMAL PERIOD 1981 TO 2010
CLIMATE RECORD PERIOD 1892 TO 2016


WEATHER ITEM   OBSERVED TIME   RECORD YEAR NORMAL DEPARTURE LAST
                VALUE   (LST)  VALUE       VALUE  FROM      YEAR
                                                  NORMAL
..................................................................
TEMPERATURE (F)
 YESTERDAY
  MAXIMUM         61    442 PM  98    1959  66     -5       76
  MINIMUM         31    612 AM  22    1961  40     -9       42
  AVERAGE         46                        53     -7       59

PRECIPITATION (IN)
  YESTERDAY        0.00          2.13 1972   0.09  -0.09     0.00
  MONTH TO DATE    0.00                      0.09  -0.09     0.00
  SINCE MAR 1      5.24                      3.13   2.11     0.82
  SINCE JAN 1      6.24                      4.14   2.10     1.17

SNOWFALL (IN)
  YESTERDAY        0.0           1.0  1967   0.0    0.0      0.0
  MONTH TO DATE    0.0                       0.0    0.0      0.0
  SINCE OCT 1     28.7                      31.9   -3.2     27.1
  SINCE JUL 1     28.7                      31.9   -3.2     27.1
  SNOW DEPTH       0

DEGREE DAYS
 HEATING
  YESTERDAY       19                        12      7        6
  MONTH TO DATE   19                        12      7        6
  SINCE MAR 1   1284                      1504   -220     1209
  SINCE JUL 1   6118                      7002   -884     6718

 COOLING
  YESTERDAY        0                         0      0        0
  MONTH TO DATE    0                         0      0        0
  SINCE MAR 1      6                         4      2        5
  SINCE JAN 1      6                         4      2        5
..................................................................


WIND (MPH)
  RESULTANT WIND SPEED   6   RESULTANT WIND DIRECTION   N (350)
  HIGHEST WIND SPEED    16   HIGHEST WIND DIRECTION     N (340)
  HIGHEST GUST SPEED    22   HIGHEST GUST DIRECTION    NW (310)
  AVERAGE WIND SPEED     8.0




RELATIVE HUMIDITY (PERCENT)
 HIGHEST    92           600 AM
 LOWEST     33           300 PM
 AVERAGE    63

..........................................................


THE PIERRE SD CLIMATE NORMALS FOR TODAY
                         NORMAL    RECORD    YEAR
 MAXIMUM TEMPERATURE (F)   67        92      1955
 MINIMUM TEMPERATURE (F)   41        22      2013


SUNRISE AND SUNSET
MAY  2 2016...........SUNRISE   630 AM CDT   SUNSET   847 PM CDT
MAY  3 2016...........SUNRISE   628 AM CDT   SUNSET   848 PM CDT


-  INDICATES NEGATIVE NUMBERS.
R  INDICATES RECORD WAS SET OR TIED.
MM INDICATES DATA IS MISSING.
T  INDICATES TRACE AMOUNT.




$$
