000
CDUS43 KABR 191034
CLIPIR


CLIMATE REPORT
NATIONAL WEATHER SERVICE ABERDEEN SD
434 AM CST SUN NOV 19 2017


...................................

...THE PIERRE SD CLIMATE SUMMARY FOR NOVEMBER 18 2017...

CLIMATE NORMAL PERIOD 1981 TO 2010
CLIMATE RECORD PERIOD 1892 TO 2017


WEATHER ITEM   OBSERVED TIME   RECORD YEAR NORMAL DEPARTURE LAST
                VALUE   (LST)  VALUE       VALUE  FROM      YEAR
                                                  NORMAL
..................................................................
TEMPERATURE (F)
 YESTERDAY
  MAXIMUM         39    228 AM  67    1949  43     -4       34
  MINIMUM         21   1002 PM   3    2014  22     -1       26
  AVERAGE         30                        32     -2       30

PRECIPITATION (IN)
  YESTERDAY        T             0.23 1985   0.02  -0.02     0.16
  MONTH TO DATE    0.05                      0.50  -0.45     0.20
  SINCE SEP 1      3.02                      4.02  -1.00     2.25
  SINCE JAN 1     13.46                     19.20  -5.74    17.97

SNOWFALL (IN)
  YESTERDAY        0.0           2.3  1985   0.2   -0.2      0.9
  MONTH TO DATE    T                         2.7   -2.7      1.1
  SINCE OCT 1      T                         3.7   -3.7      1.1
  SINCE JUL 1      T                         3.7   -3.7      1.1
  SNOW DEPTH       0

DEGREE DAYS
 HEATING
  YESTERDAY       35                        33      2       35
  MONTH TO DATE  564                       507     57      274
  SINCE SEP 1   1158                      1168    -10      725
  SINCE JUL 1   1163                      1188    -25      745

 COOLING
  YESTERDAY        0                         0      0        0
  MONTH TO DATE    0                         0      0        0
  SINCE SEP 1    110                        91     19       97
  SINCE JAN 1    868                       868      0      961
..................................................................


WIND (MPH)
  RESULTANT WIND SPEED  10   RESULTANT WIND DIRECTION  NW (320)
  HIGHEST WIND SPEED    23   HIGHEST WIND DIRECTION    NW (330)
  HIGHEST GUST SPEED    28   HIGHEST GUST DIRECTION    NW (330)
  AVERAGE WIND SPEED    11.2




RELATIVE HUMIDITY (PERCENT)
 HIGHEST   100           100 AM
 LOWEST     56           200 PM
 AVERAGE    78

..........................................................


THE PIERRE SD CLIMATE NORMALS FOR TODAY
                         NORMAL    RECORD    YEAR
 MAXIMUM TEMPERATURE (F)   42        70      2003
 MINIMUM TEMPERATURE (F)   22         4      1955


SUNRISE AND SUNSET
NOVEMBER 19 2017......SUNRISE   743 AM CST   SUNSET   510 PM CST
NOVEMBER 20 2017......SUNRISE   744 AM CST   SUNSET   509 PM CST


-  INDICATES NEGATIVE NUMBERS.
R  INDICATES RECORD WAS SET OR TIED.
MM INDICATES DATA IS MISSING.
T  INDICATES TRACE AMOUNT.




$$
