000
CDUS43 KABR 201112
CLIPIR


CLIMATE REPORT
NATIONAL WEATHER SERVICE ABERDEEN SD
511 AM CST SAT JAN 20 2018


...................................

...THE PIERRE SD CLIMATE SUMMARY FOR JANUARY 19 2018...

CLIMATE NORMAL PERIOD 1981 TO 2010
CLIMATE RECORD PERIOD 1892 TO 2018


WEATHER ITEM   OBSERVED TIME   RECORD YEAR NORMAL DEPARTURE LAST
                VALUE   (LST)  VALUE       VALUE  FROM      YEAR
                                                  NORMAL
..................................................................
TEMPERATURE (F)
 YESTERDAY
  MAXIMUM         49    312 PM  56    1999  30     19       31
  MINIMUM         22    316 AM -32    1970  10     12        8
  AVERAGE         36                        20     16       20

PRECIPITATION (IN)
  YESTERDAY        0.00          0.30 2003   0.02  -0.02     0.00
  MONTH TO DATE    0.04                      0.27  -0.23     0.37
  SINCE DEC 1      0.51                      0.82  -0.31     2.07
  SINCE JAN 1      0.04                      0.27  -0.23     0.37

SNOWFALL (IN)
  YESTERDAY        0.0           3.8  1945   0.1   -0.1      0.0
  MONTH TO DATE    T                         2.9   -2.9      3.0
  SINCE OCT 1      4.4                      14.1   -9.7     21.4
  SINCE JUL 1      4.4                      14.1   -9.7     21.4
  SNOW DEPTH       0

DEGREE DAYS
 HEATING
  YESTERDAY       29                        45    -16       45
  MONTH TO DATE  962                       860    102     1069
  SINCE DEC 1   2241                      2202     39     2588
  SINCE JUL 1   3698                      3822   -124     3725

 COOLING
  YESTERDAY        0                         0      0        0
  MONTH TO DATE    0                         0      0        0
  SINCE DEC 1      0                         0      0        0
  SINCE JAN 1      0                         0      0        0
..................................................................


WIND (MPH)
  RESULTANT WIND SPEED   6   RESULTANT WIND DIRECTION  NW (310)
  HIGHEST WIND SPEED    21   HIGHEST WIND DIRECTION    NW (320)
  HIGHEST GUST SPEED    24   HIGHEST GUST DIRECTION    NW (320)
  AVERAGE WIND SPEED     7.3




RELATIVE HUMIDITY (PERCENT)
 HIGHEST   100           900 PM
 LOWEST     54           300 PM
 AVERAGE    77

..........................................................


THE PIERRE SD CLIMATE NORMALS FOR TODAY
                         NORMAL    RECORD    YEAR
 MAXIMUM TEMPERATURE (F)   30        65      1964
 MINIMUM TEMPERATURE (F)   10       -25      1954


SUNRISE AND SUNSET
JANUARY 20 2018.......SUNRISE   811 AM CST   SUNSET   534 PM CST
JANUARY 21 2018.......SUNRISE   810 AM CST   SUNSET   536 PM CST


-  INDICATES NEGATIVE NUMBERS.
R  INDICATES RECORD WAS SET OR TIED.
MM INDICATES DATA IS MISSING.
T  INDICATES TRACE AMOUNT.




$$
