000
CDUS43 KABR 231043
CLIPIR


CLIMATE REPORT
NATIONAL WEATHER SERVICE ABERDEEN SD
542 AM CDT SAT AUG 23 2014


...................................

...THE PIERRE SD CLIMATE SUMMARY FOR AUGUST 22 2014...

CLIMATE NORMAL PERIOD 1981 TO 2010
CLIMATE RECORD PERIOD 1892 TO 2014


WEATHER ITEM   OBSERVED TIME   RECORD YEAR NORMAL DEPARTURE LAST
                VALUE   (LST)  VALUE       VALUE  FROM      YEAR
                                                  NORMAL
..................................................................
TEMPERATURE (F)
 YESTERDAY
  MAXIMUM         81    336 PM 105    1960  86     -5       86
  MINIMUM         65    617 AM  45    1974  59      6       63
  AVERAGE         73                        73      0       75

PRECIPITATION (IN)
  YESTERDAY        0.11          2.00 1946   0.05   0.06     0.00
  MONTH TO DATE    1.88                      1.36   0.52     2.47
  SINCE JUN 1      7.14                      7.54  -0.40     8.01
  SINCE JAN 1     15.07                     14.74   0.33    16.87

DEGREE DAYS
 HEATING
  YESTERDAY        0                         1     -1        0
  MONTH TO DATE    0                         2     -2        0
  SINCE JUN 1     86                        61     25       69
  SINCE JUL 1     19                         8     11        9

 COOLING
  YESTERDAY        8                         8      0       10
  MONTH TO DATE  175                       219    -44      134
  SINCE JUN 1    464                       680   -216      519
  SINCE JAN 1    512                       712   -200      541
..................................................................


WIND (MPH)
  RESULTANT WIND SPEED  11   RESULTANT WIND DIRECTION   E (70)
  HIGHEST WIND SPEED    21   HIGHEST WIND DIRECTION     E (70)
  HIGHEST GUST SPEED    27   HIGHEST GUST DIRECTION     E (70)
  AVERAGE WIND SPEED    12.6




RELATIVE HUMIDITY (PERCENT)
 HIGHEST   100           600 AM
 LOWEST     62           300 PM
 AVERAGE    81

..........................................................


THE PIERRE SD CLIMATE NORMALS FOR TODAY
                         NORMAL    RECORD    YEAR
 MAXIMUM TEMPERATURE (F)   86       110      1936
 MINIMUM TEMPERATURE (F)   59        43      1942


SUNRISE AND SUNSET
AUGUST 23 2014........SUNRISE   653 AM CDT   SUNSET   833 PM CDT
AUGUST 24 2014........SUNRISE   655 AM CDT   SUNSET   831 PM CDT


-  INDICATES NEGATIVE NUMBERS.
R  INDICATES RECORD WAS SET OR TIED.
MM INDICATES DATA IS MISSING.
T  INDICATES TRACE AMOUNT.




$$
