000
CDUS43 KABR 021040
CLIPIR


CLIMATE REPORT
NATIONAL WEATHER SERVICE ABERDEEN SD
539 AM CDT THU JUL 2 2015


...................................

...THE PIERRE SD CLIMATE SUMMARY FOR JULY 1 2015...

CLIMATE NORMAL PERIOD 1981 TO 2010
CLIMATE RECORD PERIOD 1892 TO 2015


WEATHER ITEM   OBSERVED TIME   RECORD YEAR NORMAL DEPARTURE LAST
                VALUE   (LST)  VALUE       VALUE  FROM      YEAR
                                                  NORMAL
..................................................................
TEMPERATURE (F)
 YESTERDAY
  MAXIMUM         83    328 PM 103    1974  86     -3       71
  MINIMUM         61    303 AM  42    1959  60      1       51
  AVERAGE         72                        73     -1       61

PRECIPITATION (IN)
  YESTERDAY        0.00          1.50 1997   0.08  -0.08     0.05
  MONTH TO DATE    0.00                      0.08  -0.08     0.05
  SINCE JUN 1      6.16                      3.65   2.51     4.44
  SINCE JAN 1     13.51                     10.85   2.66    12.37

DEGREE DAYS
 HEATING
  YESTERDAY        0                         0      0        4
  MONTH TO DATE    0                         0      0        4
  SINCE JUN 1      5                        53    -48       71
  SINCE JUL 1      0                         0      0        4

 COOLING
  YESTERDAY        7                         8     -1        0
  MONTH TO DATE    7                         8     -1        0
  SINCE JUN 1    142                       142      0       59
  SINCE JAN 1    156                       174    -18      107
..................................................................


WIND (MPH)
  RESULTANT WIND SPEED   5   RESULTANT WIND DIRECTION   E (90)
  HIGHEST WIND SPEED    12   HIGHEST WIND DIRECTION    NE (30)
  HIGHEST GUST SPEED    14   HIGHEST GUST DIRECTION    NE (50)
  AVERAGE WIND SPEED     5.4




RELATIVE HUMIDITY (PERCENT)
 HIGHEST   100           100 AM
 LOWEST     55           300 PM
 AVERAGE    78

..........................................................


THE PIERRE SD CLIMATE NORMALS FOR TODAY
                         NORMAL    RECORD    YEAR
 MAXIMUM TEMPERATURE (F)   86       105      1936
 MINIMUM TEMPERATURE (F)   60        43      1968


SUNRISE AND SUNSET
JULY  2 2015..........SUNRISE   601 AM CDT   SUNSET   929 PM CDT
JULY  3 2015..........SUNRISE   602 AM CDT   SUNSET   929 PM CDT


-  INDICATES NEGATIVE NUMBERS.
R  INDICATES RECORD WAS SET OR TIED.
MM INDICATES DATA IS MISSING.
T  INDICATES TRACE AMOUNT.




$$
