000
CDUS41 KPBZ 300702
CLIPIT

CLIMATE REPORT
NATIONAL WEATHER SERVICE PITTSBURGH PA
301 AM EDT SUN APR 30 2017

...................................

...THE PITTSBURGH PA CLIMATE SUMMARY FOR APRIL 29 2017...

CLIMATE NORMAL PERIOD 1981 TO 2010
CLIMATE RECORD PERIOD 1871 TO 2017

WEATHER ITEM   OBSERVED TIME   RECORD YEAR NORMAL DEPARTURE LAST
                VALUE   (LST)  VALUE       VALUE  FROM      YEAR
                                                  NORMAL
..................................................................
TEMPERATURE (F)
 YESTERDAY
  MAXIMUM         74    530 PM  88    1899  66      8       57
  MINIMUM         54   1213 AM  28    1977  44     10       46
  AVERAGE         64                        55      9       52

PRECIPITATION (IN)
  YESTERDAY        0.26          1.24 1964   0.11   0.15      T
  MONTH TO DATE    3.53                      3.01   0.52     2.03
  SINCE JUN 1     34.94                     34.14   0.80    35.87
  SINCE JAN 1     13.55                     11.05   2.50     9.79

SNOWFALL (IN)
  YESTERDAY        0.0           0.1  1961   0.0    0.0      0.0
  MONTH TO DATE    T                         1.5   -1.5      3.1
  SINCE OCT 1     32.0                      41.9   -9.9     29.6
  SINCE JUL 1     32.0                      41.9   -9.9     29.6
  SNOW DEPTH       0

DEGREE DAYS
 HEATING
  YESTERDAY        1                        10     -9       13
  MONTH TO DATE  248                       420   -172      397
  SINCE MAR 1   1021                      1208   -187      917
  SINCE JUL 1   4447                      5465  -1018     4483

 COOLING
  YESTERDAY        0                         0      0        0
  MONTH TO DATE   16                         0     16        1
  SINCE MAR 1     18                         1     17        3
  SINCE JAN 1     19                         1     18        3
..................................................................

WIND (MPH)
  HIGHEST WIND SPEED    17   HIGHEST WIND DIRECTION     N (360)
  HIGHEST GUST SPEED    23   HIGHEST GUST DIRECTION     W (270)
  AVERAGE WIND SPEED     6.8


SKY COVER
  POSSIBLE SUNSHINE  MM
  AVERAGE SKY COVER 0.9


WEATHER CONDITIONS
 THE FOLLOWING WEATHER WAS RECORDED YESTERDAY.
  THUNDERSTORM
  RAIN
  LIGHT RAIN
  FOG


RELATIVE HUMIDITY (PERCENT)
 HIGHEST   100           500 AM
 LOWEST     68           500 PM
 AVERAGE    84

..........................................................


THE PITTSBURGH PA CLIMATE NORMALS FOR TODAY
                         NORMAL    RECORD    YEAR
 MAXIMUM TEMPERATURE (F)   67        88      1899
 MINIMUM TEMPERATURE (F)   45        28      1977


SUNRISE AND SUNSET
APRIL 30 2017.........SUNRISE   621 AM EDT   SUNSET   816 PM EDT
MAY  1 2017...........SUNRISE   620 AM EDT   SUNSET   817 PM EDT


-  INDICATES NEGATIVE NUMBERS.
R  INDICATES RECORD WAS SET OR TIED.
MM INDICATES DATA IS MISSING.
T  INDICATES TRACE AMOUNT.

&&

SNOW DEPTH IS MEASURED AT 7 AM EST OR 8 AM EDT.

$$
