000
CDUS41 KPBZ 180801
CLIPIT

CLIMATE REPORT
NATIONAL WEATHER SERVICE PITTSBURGH PA
301 AM EST WED JAN 18 2017

...................................

...THE PITTSBURGH PA CLIMATE SUMMARY FOR JANUARY 17 2017...

CLIMATE NORMAL PERIOD 1981 TO 2010
CLIMATE RECORD PERIOD 1871 TO 2017

WEATHER ITEM   OBSERVED TIME   RECORD YEAR NORMAL DEPARTURE LAST
                VALUE   (LST)  VALUE       VALUE  FROM      YEAR
                                                  NORMAL
..................................................................
TEMPERATURE (F)
 YESTERDAY
  MAXIMUM         62    339 PM  63    1990  35     27       30
                                      1932
  MINIMUM         37    134 AM -18    1982  21     16        9
  AVERAGE         50                        28     22       20

PRECIPITATION (IN)
  YESTERDAY        0.05          1.12 1978   0.09  -0.04     0.05
  MONTH TO DATE    1.96                      1.50   0.46     1.30
  SINCE JUN 1     23.35                     24.59  -1.24    27.38
  SINCE JAN 1      1.96                      1.50   0.46     1.30

SNOWFALL (IN)
  YESTERDAY        0.0          10.2  1978   0.4   -0.4      0.9
  MONTH TO DATE    2.4                       6.2   -3.8      6.9
  SINCE OCT 1     10.5                      16.9   -6.4      7.2
  SINCE JUL 1     10.5                      16.9   -6.4      7.2
  SNOW DEPTH       0

DEGREE DAYS
 HEATING
  YESTERDAY       15                        37    -22       45
  MONTH TO DATE  569                       625    -56      622
  SINCE DEC 1   1538                      1637    -99     1251
  SINCE JUL 1   2385                      2800   -415     2105

 COOLING
  YESTERDAY        0                         0      0        0
  MONTH TO DATE    0                         0      0        0
  SINCE DEC 1      0                         0      0        0
  SINCE JAN 1      0                         0      0        0
..................................................................

WIND (MPH)
  HIGHEST WIND SPEED    21   HIGHEST WIND DIRECTION     W (280)
  HIGHEST GUST SPEED    29   HIGHEST GUST DIRECTION     W (270)
  AVERAGE WIND SPEED     8.1


SKY COVER
  POSSIBLE SUNSHINE  MM
  AVERAGE SKY COVER 0.9


WEATHER CONDITIONS
 THE FOLLOWING WEATHER WAS RECORDED YESTERDAY.
  LIGHT RAIN
  FOG


RELATIVE HUMIDITY (PERCENT)
 HIGHEST   100           200 AM
 LOWEST     72           200 PM
 AVERAGE    86

..........................................................


THE PITTSBURGH PA CLIMATE NORMALS FOR TODAY
                         NORMAL    RECORD    YEAR
 MAXIMUM TEMPERATURE (F)   36        69      1929
 MINIMUM TEMPERATURE (F)   21       -16      1994


SUNRISE AND SUNSET
JANUARY 18 2017.......SUNRISE   741 AM EST   SUNSET   523 PM EST
JANUARY 19 2017.......SUNRISE   740 AM EST   SUNSET   524 PM EST


-  INDICATES NEGATIVE NUMBERS.
R  INDICATES RECORD WAS SET OR TIED.
MM INDICATES DATA IS MISSING.
T  INDICATES TRACE AMOUNT.

&&

SNOW DEPTH IS MEASURED AT 7 AM EST OR 8 AM EDT.

$$
