000
CDUS41 KPBZ 262228
CLIPIT

CLIMATE REPORT
NATIONAL WEATHER SERVICE PITTSBURGH PA
528 PM EST SUN FEB 26 2017

...................................

...THE PITTSBURGH PA CLIMATE SUMMARY FOR FEBRUARY 26 2017...
VALID TODAY AS OF 0500 PM LOCAL TIME.

CLIMATE NORMAL PERIOD 1981 TO 2010
CLIMATE RECORD PERIOD 1871 TO 2017

WEATHER ITEM   OBSERVED TIME   RECORD YEAR NORMAL DEPARTURE LAST
                VALUE   (LST)  VALUE       VALUE  FROM      YEAR
                                                  NORMAL
..................................................................
TEMPERATURE (F)
 TODAY
  MAXIMUM         39    353 PM  76    2000  42     -3       31
  MINIMUM         26    554 AM  -6    1963  25      1       22
  AVERAGE         33                        34     -1       27

PRECIPITATION (IN)
  TODAY            T             2.01 1887   0.08  -0.08      T
  MONTH TO DATE    1.46                      2.21  -0.75     3.10
  SINCE JUN 1     26.39                     28.00  -1.61    30.97
  SINCE JAN 1      5.00                      4.91   0.09     4.89

SNOWFALL (IN)
  TODAY            T             5.7  1894   0.4   -0.4      0.1
  MONTH TO DATE    6.7                       9.5   -2.8      9.5
  SINCE OCT 1     22.3                      32.0   -9.7     24.4
  SINCE JUL 1     22.3                      32.0   -9.7     24.4
  SNOW DEPTH       T

DEGREE DAYS
 HEATING
  TODAY           32                        31      1       38
  MONTH TO DATE  630                       886   -256      841
  SINCE DEC 1   2534                      3032   -498     2648
  SINCE JUL 1   3381                      4195   -814     3502

 COOLING
  TODAY            0                         0      0        0
  MONTH TO DATE    1                         0      1        0
  SINCE DEC 1      1                         0      1        0
  SINCE JAN 1      1                         0      1        0
..................................................................

WIND (MPH)
  HIGHEST WIND SPEED    22   HIGHEST WIND DIRECTION     W (290)
  HIGHEST GUST SPEED    26   HIGHEST GUST DIRECTION     W (290)
  AVERAGE WIND SPEED    11.0


SKY COVER
  POSSIBLE SUNSHINE  MM
  AVERAGE SKY COVER 0.8


WEATHER CONDITIONS
 THE FOLLOWING WEATHER WAS RECORDED TODAY.
  LIGHT SNOW


RELATIVE HUMIDITY (PERCENT)
 HIGHEST    81           600 AM
 LOWEST     37           400 PM
 AVERAGE    59

..........................................................


THE PITTSBURGH PA CLIMATE NORMALS FOR TOMORROW
                         NORMAL    RECORD    YEAR
 MAXIMUM TEMPERATURE (F)   43        72      1880
 MINIMUM TEMPERATURE (F)   25        -9      1963


SUNRISE AND SUNSET
FEBRUARY 26 2017......SUNRISE   659 AM EST   SUNSET   609 PM EST
FEBRUARY 27 2017......SUNRISE   657 AM EST   SUNSET   610 PM EST


-  INDICATES NEGATIVE NUMBERS.
R  INDICATES RECORD WAS SET OR TIED.
MM INDICATES DATA IS MISSING.
T  INDICATES TRACE AMOUNT.

&&

SNOW DEPTH IS MEASURED AT 7 AM EST OR 8 AM EDT.

$$
