000
CDUS41 KPBZ 042126
CLIPIT

CLIMATE REPORT
NATIONAL WEATHER SERVICE PITTSBURGH PA
526 PM EDT FRI SEP 4 2015

...................................

...THE PITTSBURGH PA CLIMATE SUMMARY FOR SEPTEMBER 4 2015...
VALID TODAY AS OF 0500 PM LOCAL TIME.

CLIMATE NORMAL PERIOD 1981 TO 2010
CLIMATE RECORD PERIOD 1871 TO 2015

WEATHER ITEM   OBSERVED TIME   RECORD YEAR NORMAL DEPARTURE LAST
                VALUE   (LST)  VALUE       VALUE  FROM      YEAR
                                                  NORMAL
..................................................................
TEMPERATURE (F)
 TODAY
  MAXIMUM         89    201 PM  95    1953  79     10       84
                                      1884
  MINIMUM         67    544 AM  42    1997  58      9       61
  AVERAGE         78                        68     10       73

PRECIPITATION (IN)
  TODAY            0.00          2.09 1958   0.11  -0.11     0.00
  MONTH TO DATE    T                         0.44  -0.44     0.21
  SINCE JUN 1     13.24                     12.05   1.19    14.50
  SINCE JAN 1     27.72                     27.15   0.57    29.59

SNOWFALL (IN)
  TODAY            0.0           0.0  2002   0.0    0.0      0.0
                                      2001
  MONTH TO DATE    0.0                       0.0    0.0      0.0
  SINCE OCT 1     47.5                      41.9    5.6     63.4
  SINCE JUL 1      0.0                       0.0    0.0      0.0
  SNOW DEPTH       0

DEGREE DAYS
 HEATING
  TODAY            0                         1     -1        0
  MONTH TO DATE    0                         4     -4        0
  SINCE SEP 1      0                         4     -4        0
  SINCE JUL 1      6                        17    -11       21

 COOLING
  TODAY           13                         4      9        8
  MONTH TO DATE   56                        19     37       34
  SINCE SEP 1     56                        19     37       34
  SINCE JAN 1    859                       671    188      655
..................................................................

WIND (MPH)
  HIGHEST WIND SPEED    13   HIGHEST WIND DIRECTION     W (260)
  HIGHEST GUST SPEED    17   HIGHEST GUST DIRECTION     W (250)
  AVERAGE WIND SPEED     4.1


SKY COVER
  POSSIBLE SUNSHINE  MM
  AVERAGE SKY COVER 0.8


WEATHER CONDITIONS
 THE FOLLOWING WEATHER WAS RECORDED TODAY.
  FOG
  HAZE


RELATIVE HUMIDITY (PERCENT)
 HIGHEST    90           300 AM
 LOWEST     36           300 PM
 AVERAGE    63

..........................................................


THE PITTSBURGH PA CLIMATE NORMALS FOR TOMORROW
                         NORMAL    RECORD    YEAR
 MAXIMUM TEMPERATURE (F)   78       101      1881
 MINIMUM TEMPERATURE (F)   58        43      1972


SUNRISE AND SUNSET
SEPTEMBER  4 2015.....SUNRISE   651 AM EDT   SUNSET   748 PM EDT
SEPTEMBER  5 2015.....SUNRISE   652 AM EDT   SUNSET   747 PM EDT


-  INDICATES NEGATIVE NUMBERS.
R  INDICATES RECORD WAS SET OR TIED.
MM INDICATES DATA IS MISSING.
T  INDICATES TRACE AMOUNT.

&&

SNOW DEPTH IS MEASURED AT 7 AM EST OR 8 AM EDT.

$$
