000
CDUS41 KPBZ 260703
CLIPIT


CLIMATE REPORT
NATIONAL WEATHER SERVICE PITTSBURGH PA
303 AM EDT SAT JUL 26 2014


...................................

...THE PITTSBURGH PA CLIMATE SUMMARY FOR JULY 25 2014...

CLIMATE NORMAL PERIOD 1981 TO 2010
CLIMATE RECORD PERIOD 1871 TO 2014


WEATHER ITEM   OBSERVED TIME   RECORD YEAR NORMAL DEPARTURE LAST
                VALUE   (LST)  VALUE       VALUE  FROM      YEAR
                                                  NORMAL
..................................................................
TEMPERATURE (F)
 YESTERDAY
  MAXIMUM         79    355 PM  96    1934  82     -3       76
                                      1892
                                      1885
  MINIMUM         51R   546 AM  51    1953  63    -12       55
  AVERAGE         65                        73     -8       66

PRECIPITATION (IN)
  YESTERDAY        T             0.92 1921   0.12  -0.12     0.00
  MONTH TO DATE    3.37                      3.12   0.25     5.98
  SINCE JUN 1      7.42                      7.42   0.00    11.46
  SINCE JAN 1     22.51                     22.52  -0.01    23.80

SNOWFALL (IN)
  YESTERDAY        0.0           0.0  2002   0.0    0.0      0.0
                                      2001
  MONTH TO DATE    0.0                       0.0    0.0      0.0
  SINCE OCT 1     63.4                      41.4   22.0     57.4
  SINCE JUL 1      0.0                       0.0    0.0      0.0
  SNOW DEPTH       0

DEGREE DAYS
 HEATING
  YESTERDAY        0                         0      0        0
  MONTH TO DATE    3                         0      3        0
  SINCE JUN 1     12                        38    -26       16
  SINCE JUL 1      3                         0      3        0

 COOLING
  YESTERDAY        0                         8     -8        1
  MONTH TO DATE  168                       197    -29      257
  SINCE JUN 1    353                       347      6      411
  SINCE JAN 1    427                       399     28      515
..................................................................


WIND (MPH)
  HIGHEST WIND SPEED    12   HIGHEST WIND DIRECTION     W (280)
  HIGHEST GUST SPEED    15   HIGHEST GUST DIRECTION     W (280)
  AVERAGE WIND SPEED     3.1


SKY COVER
  POSSIBLE SUNSHINE  MM
  AVERAGE SKY COVER 0.4


WEATHER CONDITIONS
 THE FOLLOWING WEATHER WAS RECORDED YESTERDAY.
  NO SIGNIFICANT WEATHER WAS OBSERVED.


RELATIVE HUMIDITY (PERCENT)
 HIGHEST    89           300 AM
 LOWEST     26           300 PM
 AVERAGE    58

..........................................................


THE PITTSBURGH PA CLIMATE NORMALS FOR TODAY
                         NORMAL    RECORD    YEAR
 MAXIMUM TEMPERATURE (F)   82        96      1934
                                             1930
                                             1892
 MINIMUM TEMPERATURE (F)   63        51      1977
                                             1965
                                             1920


SUNRISE AND SUNSET
JULY 26 2014..........SUNRISE   612 AM EDT   SUNSET   842 PM EDT
JULY 27 2014..........SUNRISE   613 AM EDT   SUNSET   841 PM EDT


-  INDICATES NEGATIVE NUMBERS.
R  INDICATES RECORD WAS SET OR TIED.
MM INDICATES DATA IS MISSING.
T  INDICATES TRACE AMOUNT.





&&
SNOW DEPTH IS MEASURED AT 7 AM EST OR 8 AM EDT.
$$
