000
CDUS41 KPBZ 212115
CLIPIT

CLIMATE REPORT
NATIONAL WEATHER SERVICE PITTSBURGH PA
514 PM EDT SAT OCT 21 2017

...................................

...THE PITTSBURGH PA CLIMATE SUMMARY FOR OCTOBER 21 2017...
VALID TODAY AS OF 0500 PM LOCAL TIME.

CLIMATE NORMAL PERIOD 1981 TO 2010
CLIMATE RECORD PERIOD 1871 TO 2017

WEATHER ITEM   OBSERVED TIME   RECORD YEAR NORMAL DEPARTURE LAST
                VALUE   (LST)  VALUE       VALUE  FROM      YEAR
                                                  NORMAL
..................................................................
TEMPERATURE (F)
 TODAY
  MAXIMUM         75    258 PM  82    1949  61     14       60
  MINIMUM         43    452 AM  23    1952  41      2       46
  AVERAGE         59                        51      8       53

PRECIPITATION (IN)
  TODAY            0.00          1.39 1970   0.07  -0.07     1.26
  MONTH TO DATE    2.53                      1.50   1.03     3.47
  SINCE JUN 1     15.94                     16.22  -0.28    16.06
  SINCE JAN 1     34.65                     31.32   3.33    29.68

SNOWFALL (IN)
  TODAY            0.0           T    1987   0.0    0.0      0.0
  MONTH TO DATE    0.0                       0.1   -0.1      0.0
  SINCE OCT 1      0.0                       0.1   -0.1      0.0
  SINCE JUL 1      0.0                       0.1   -0.1      0.0
  SNOW DEPTH       0

DEGREE DAYS
 HEATING
  TODAY            6                        14     -8       12
  MONTH TO DATE   83                       233   -150      129
  SINCE SEP 1    151                       334   -183      144
  SINCE JUL 1    156                       347   -191      145

 COOLING
  TODAY            0                         0      0        0
  MONTH TO DATE   39                         6     33       23
  SINCE SEP 1    160                        82     78      179
  SINCE JAN 1    864                       734    130     1154
..................................................................

WIND (MPH)
  HIGHEST WIND SPEED     9   HIGHEST WIND DIRECTION     S (160)
  HIGHEST GUST SPEED    13   HIGHEST GUST DIRECTION    SE (150)
  AVERAGE WIND SPEED     4.6


SKY COVER
  POSSIBLE SUNSHINE  MM
  AVERAGE SKY COVER 0.9


WEATHER CONDITIONS
 THE FOLLOWING WEATHER WAS RECORDED TODAY.
  NO SIGNIFICANT WEATHER WAS OBSERVED.


RELATIVE HUMIDITY (PERCENT)
 HIGHEST    86           800 AM
 LOWEST     43           300 PM
 AVERAGE    65

..........................................................


THE PITTSBURGH PA CLIMATE NORMALS FOR TOMORROW
                         NORMAL    RECORD    YEAR
 MAXIMUM TEMPERATURE (F)   61        84      1947
                                             1900
 MINIMUM TEMPERATURE (F)   41        29      1997
                                             1987
                                             1976


SUNRISE AND SUNSET
OCTOBER 21 2017.......SUNRISE   739 AM EDT   SUNSET   632 PM EDT
OCTOBER 22 2017.......SUNRISE   740 AM EDT   SUNSET   630 PM EDT


-  INDICATES NEGATIVE NUMBERS.
R  INDICATES RECORD WAS SET OR TIED.
MM INDICATES DATA IS MISSING.
T  INDICATES TRACE AMOUNT.

&&

SNOW DEPTH IS MEASURED AT 7 AM EST OR 8 AM EDT.

$$
