000
CDUS41 KPBZ 051224
CLIPIT

CLIMATE REPORT
NATIONAL WEATHER SERVICE PITTSBURGH PA
824 AM EDT WED AUG 5 2015

...................................

...THE PITTSBURGH PA CLIMATE SUMMARY FOR AUGUST 5 2015...
VALID AS OF 0800 AM LOCAL TIME.

CLIMATE NORMAL PERIOD 1981 TO 2010
CLIMATE RECORD PERIOD 1871 TO 2015

WEATHER ITEM   OBSERVED TIME   RECORD YEAR NORMAL DEPARTURE LAST
                VALUE   (LST)  VALUE       VALUE  FROM      YEAR
                                                  NORMAL
..................................................................
TEMPERATURE (F)
 TODAY
  MAXIMUM         66    103 AM 101    1918
  MINIMUM         60    527 AM  48    1951  63     -3       61

PRECIPITATION (IN)
  TODAY            0.00          3.06 1956   0.12  -0.12     0.03
  MONTH TO DATE    0.93                      0.59   0.34     0.17
  SINCE JUN 1     11.88                      8.72   3.16     9.41
  SINCE JAN 1     26.36                     23.82   2.54    24.50

SNOWFALL (IN)
  TODAY            0.0           0.0  2002   0.0    0.0      0.0
                                      2001
  MONTH TO DATE    0.0                       0.0    0.0      0.0
  SINCE OCT 1     47.5                      41.9    5.6     63.4
  SINCE JUL 1      0.0                       0.0    0.0      0.0
  SNOW DEPTH       0

DEGREE DAYS
 HEATING
  TODAY            2

 COOLING
  TODAY            0
..................................................................


WEATHER CONDITIONS
 THE FOLLOWING WEATHER WAS RECORDED TODAY.
  NO SIGNIFICANT WEATHER WAS OBSERVED.


RELATIVE HUMIDITY (PERCENT)
 HIGHEST    84           600 AM

..........................................................


THE PITTSBURGH PA CLIMATE NORMALS FOR TOMORROW
                         NORMAL    RECORD    YEAR
 MAXIMUM TEMPERATURE (F)   82       103      1918
 MINIMUM TEMPERATURE (F)   63        47      1994


SUNRISE AND SUNSET
AUGUST  5 2015........SUNRISE   622 AM EDT   SUNSET   831 PM EDT
AUGUST  6 2015........SUNRISE   623 AM EDT   SUNSET   830 PM EDT


-  INDICATES NEGATIVE NUMBERS.
R  INDICATES RECORD WAS SET OR TIED.
MM INDICATES DATA IS MISSING.
T  INDICATES TRACE AMOUNT.

&&

SNOW DEPTH IS MEASURED AT 7 AM EST OR 8 AM EDT.

$$
