000
CDUS41 KRLX 252128
CLIPKB


CLIMATE REPORT
NATIONAL WEATHER SERVICE CHARLESTON WV
527 PM EDT SAT MAR 25 2017


...................................

...THE PARKERSBURG WV CLIMATE SUMMARY FOR MARCH 25 2017...
VALID TODAY AS OF 0500 PM LOCAL TIME.

CLIMATE NORMAL PERIOD 1981 TO 2010
CLIMATE RECORD PERIOD 1889 TO 2017


WEATHER ITEM   OBSERVED TIME   RECORD YEAR NORMAL DEPARTURE LAST
                VALUE   (LST)  VALUE       VALUE  FROM      YEAR
                                                  NORMAL
..................................................................
TEMPERATURE (F)
 TODAY
  MAXIMUM         75    329 PM  89    1929  58     17       59
  MINIMUM         60   1230 AM  13    1974  36     24       41
  AVERAGE         68                        47     21       50

PRECIPITATION (IN)
  TODAY            0.00          T    2002   0.13  -0.13     0.04
                                      2002
                                      2014
  MONTH TO DATE    2.52                      2.98  -0.46     2.18
  SINCE MAR 1      2.52                      2.98  -0.46     2.18
  SINCE JAN 1     11.07                      8.63   2.44     7.72

DEGREE DAYS
 HEATING
  TODAY            0                        18    -18       15
  MONTH TO DATE  603                       566     37      388
  SINCE MAR 1    603                       566     37      388
  SINCE JUL 1   3634                      4356   -722     3601

 COOLING
  TODAY            3                         0      3        0
  MONTH TO DATE    3                         0      3        2
  SINCE MAR 1      3                         0      3        2
  SINCE JAN 1      7                         0      7        2
..................................................................


WIND (MPH)
  HIGHEST WIND SPEED    15   HIGHEST WIND DIRECTION     W (270)
  HIGHEST GUST SPEED    21   HIGHEST GUST DIRECTION     W (270)
  AVERAGE WIND SPEED     6.5


SKY COVER
  POSSIBLE SUNSHINE  MM
  AVERAGE SKY COVER 0.5


WEATHER CONDITIONS
 THE FOLLOWING WEATHER WAS RECORDED TODAY.
  NO SIGNIFICANT WEATHER WAS OBSERVED.


RELATIVE HUMIDITY (PERCENT)
 HIGHEST    60           100 AM
 LOWEST     41          1200 PM
 AVERAGE    51

..........................................................


THE PARKERSBURG WV CLIMATE NORMALS FOR TOMORROW
                         NORMAL    RECORD    YEAR
 MAXIMUM TEMPERATURE (F)   58        84      1907
 MINIMUM TEMPERATURE (F)   36        14      1940


SUNRISE AND SUNSET
MARCH 25 2017.........SUNRISE   721 AM EDT   SUNSET   743 PM EDT
MARCH 26 2017.........SUNRISE   719 AM EDT   SUNSET   744 PM EDT


-  INDICATES NEGATIVE NUMBERS.
R  INDICATES RECORD WAS SET OR TIED.
MM INDICATES DATA IS MISSING.
T  INDICATES TRACE AMOUNT.




$$
