000
CDUS41 KRLX 262122
CLIPKB


CLIMATE REPORT
NATIONAL WEATHER SERVICE CHARLESTON WV
521 PM EDT TUE MAY 26 2015


...................................

...THE PARKERSBURG WV CLIMATE SUMMARY FOR MAY 26 2015...
VALID TODAY AS OF 0500 PM LOCAL TIME.

CLIMATE NORMAL PERIOD 1981 TO 2010
CLIMATE RECORD PERIOD 1889 TO 2015


WEATHER ITEM   OBSERVED TIME   RECORD YEAR NORMAL DEPARTURE LAST
                VALUE   (LST)  VALUE       VALUE  FROM      YEAR
                                                  NORMAL
..................................................................
TEMPERATURE (F)
 TODAY
  MAXIMUM         84    359 PM  93    1911  76      8       MM
  MINIMUM         64    527 AM  35    1988  54     10       MM
  AVERAGE         74                        65      9       MM

PRECIPITATION (IN)
  TODAY            0.03          0.91 2006   0.14  -0.11    MM
  MONTH TO DATE    0.67                      3.56  -2.89    MM
  SINCE MAR 1     13.04                     10.56   2.48    MM
  SINCE JAN 1     16.93                     16.21   0.72    MM

DEGREE DAYS
 HEATING
  TODAY            0                         3     -3       MM
  MONTH TO DATE   75                       134    -59       MM
  SINCE MAR 1   1124                      1150    -26       MM
  SINCE JUL 1   5342                      4940    402       MM

 COOLING
  TODAY            9                         3      6       MM
  MONTH TO DATE  106                        46     60       MM
  SINCE MAR 1    118                        67     51       MM
  SINCE JAN 1    118                        67     51       MM
..................................................................


WIND (MPH)
  HIGHEST WIND SPEED    15   HIGHEST WIND DIRECTION    SE (140)
  HIGHEST GUST SPEED    20   HIGHEST GUST DIRECTION     S (180)
  AVERAGE WIND SPEED     4.3


SKY COVER
  POSSIBLE SUNSHINE  MM
  AVERAGE SKY COVER 0.5


WEATHER CONDITIONS
 THE FOLLOWING WEATHER WAS RECORDED TODAY.
  LIGHT RAIN
  FOG


RELATIVE HUMIDITY (PERCENT)
 HIGHEST    93           500 AM
 LOWEST     55           400 PM
 AVERAGE    74

..........................................................


THE PARKERSBURG WV CLIMATE NORMALS FOR TOMORROW
                         NORMAL    RECORD    YEAR
 MAXIMUM TEMPERATURE (F)   77        91      2012
                                             1911
 MINIMUM TEMPERATURE (F)   54        36      1925


SUNRISE AND SUNSET
MAY 26 2015...........SUNRISE   604 AM EDT   SUNSET   842 PM EDT
MAY 27 2015...........SUNRISE   603 AM EDT   SUNSET   843 PM EDT


-  INDICATES NEGATIVE NUMBERS.
R  INDICATES RECORD WAS SET OR TIED.
MM INDICATES DATA IS MISSING.
T  INDICATES TRACE AMOUNT.




$$
