000
CDUS41 KRLX 290719
CLIPKB


CLIMATE REPORT
NATIONAL WEATHER SERVICE CHARLESTON WV
319 AM EDT FRI APR 29 2016


...................................

...THE PARKERSBURG WV CLIMATE SUMMARY FOR APRIL 28 2016...

CLIMATE NORMAL PERIOD 1981 TO 2010
CLIMATE RECORD PERIOD 1889 TO 2016


WEATHER ITEM   OBSERVED TIME   RECORD YEAR NORMAL DEPARTURE LAST
                VALUE   (LST)  VALUE       VALUE  FROM      YEAR
                                                  NORMAL
..................................................................
TEMPERATURE (F)
 YESTERDAY
  MAXIMUM         78    252 PM  91    1986  70      8       65
  MINIMUM         57    704 AM  27    1934  46     11       35
  AVERAGE         68                        58     10       50

PRECIPITATION (IN)
  YESTERDAY        0.30          1.43 2002   0.11   0.19     0.00
  MONTH TO DATE    4.14                      3.05   1.09     6.72
  SINCE JAN 1     12.46                     12.43   0.03    16.20

SNOWFALL (IN)
  YESTERDAY        0.0
  MONTH TO DATE    0.0
  SINCE SEP 1      0.0
  SNOW DEPTH      MM

DEGREE DAYS
 HEATING
  YESTERDAY        0                         8     -8       15
  MONTH TO DATE  316                       330    -14      282
  SINCE MAR 1    753                      1001   -248     1023
  SINCE JUL 1   3966                      4791   -825     5241

 COOLING
  YESTERDAY        3                         1      2        0
  MONTH TO DATE   12                        18     -6       12
  SINCE MAR 1     20                        21     -1       12
  SINCE JAN 1     20                        21     -1       12
..................................................................


WIND (MPH)
  HIGHEST WIND SPEED    16   HIGHEST WIND DIRECTION    SW (240)
  HIGHEST GUST SPEED    21   HIGHEST GUST DIRECTION    SW (230)
  AVERAGE WIND SPEED     4.5


SKY COVER
  POSSIBLE SUNSHINE  MM
  AVERAGE SKY COVER 0.7


WEATHER CONDITIONS
 THE FOLLOWING WEATHER WAS RECORDED YESTERDAY.
  THUNDERSTORM
  HEAVY RAIN
  RAIN
  LIGHT RAIN
  FOG


RELATIVE HUMIDITY (PERCENT)
 HIGHEST    93           500 AM
 LOWEST     60           200 PM
 AVERAGE    77

..........................................................


THE PARKERSBURG WV CLIMATE NORMALS FOR TODAY
                         NORMAL    RECORD    YEAR
 MAXIMUM TEMPERATURE (F)   70        89      1899
 MINIMUM TEMPERATURE (F)   46        31      2010
                                             1992


SUNRISE AND SUNSET
APRIL 29 2016.........SUNRISE   629 AM EDT   SUNSET   818 PM EDT
APRIL 30 2016.........SUNRISE   628 AM EDT   SUNSET   819 PM EDT


-  INDICATES NEGATIVE NUMBERS.
R  INDICATES RECORD WAS SET OR TIED.
MM INDICATES DATA IS MISSING.
T  INDICATES TRACE AMOUNT.




$$
