000
CDUS41 KRLX 290718
CLIPKB


CLIMATE REPORT
NATIONAL WEATHER SERVICE CHARLESTON WV
317 AM EDT WED JUL 29 2015


...................................

...THE PARKERSBURG WV CLIMATE SUMMARY FOR JULY 28 2015...

CLIMATE NORMAL PERIOD 1981 TO 2010
CLIMATE RECORD PERIOD 1889 TO 2015


WEATHER ITEM   OBSERVED TIME   RECORD YEAR NORMAL DEPARTURE LAST
                VALUE   (LST)  VALUE       VALUE  FROM      YEAR
                                                  NORMAL
..................................................................
TEMPERATURE (F)
 YESTERDAY
  MAXIMUM         92    350 PM 104    1930  85      7       MM
  MINIMUM         69    558 AM  50    1962  64      5       MM
  AVERAGE         81                        74      7       MM

PRECIPITATION (IN)
  YESTERDAY        0.00          1.27 2003   0.14  -0.14    MM
  MONTH TO DATE    1.15                      3.83  -2.68    MM
  SINCE JAN 1     25.23                     24.80   0.43    MM

SNOWFALL (IN)
  YESTERDAY        0.0
  MONTH TO DATE    0.0
  SINCE SEP 1      0.0
  SINCE JUL 1      0.0
  SNOW DEPTH       0

DEGREE DAYS
 HEATING
  YESTERDAY        0                         0      0       MM
  MONTH TO DATE    0                         0      0       MM
  SINCE JUN 1     15                        19     -4       MM
  SINCE JUL 1      0                         0      0       MM

 COOLING
  YESTERDAY       16                         9      7       MM
  MONTH TO DATE  244                       264    -20       MM
  SINCE JUN 1    467                       455     12       MM
  SINCE JAN 1    628                       539     89       MM
..................................................................


WIND (MPH)
  HIGHEST WIND SPEED     8   HIGHEST WIND DIRECTION     N (20)
  HIGHEST GUST SPEED    25   HIGHEST GUST DIRECTION    SE (150)
  AVERAGE WIND SPEED     1.7


SKY COVER
  POSSIBLE SUNSHINE  MM
  AVERAGE SKY COVER 0.4


WEATHER CONDITIONS
 THE FOLLOWING WEATHER WAS RECORDED YESTERDAY.
  FOG
  FOG W/VISIBILITY <= 1/4 MILE
  HAZE


RELATIVE HUMIDITY (PERCENT)
 HIGHEST   100           100 AM
 LOWEST     46          1200 PM
 AVERAGE    73

..........................................................


THE PARKERSBURG WV CLIMATE NORMALS FOR TODAY
                         NORMAL    RECORD    YEAR
 MAXIMUM TEMPERATURE (F)   85        97      1953
 MINIMUM TEMPERATURE (F)   64        50      1925


SUNRISE AND SUNSET
JULY 29 2015..........SUNRISE   623 AM EDT   SUNSET   841 PM EDT
JULY 30 2015..........SUNRISE   624 AM EDT   SUNSET   840 PM EDT


-  INDICATES NEGATIVE NUMBERS.
R  INDICATES RECORD WAS SET OR TIED.
MM INDICATES DATA IS MISSING.
T  INDICATES TRACE AMOUNT.




$$
