000
CDUS41 KRLX 250719
CLIPKB


CLIMATE REPORT
NATIONAL WEATHER SERVICE CHARLESTON WV
317 AM EDT MON SEP 25 2017


...................................

...THE PARKERSBURG WV CLIMATE SUMMARY FOR SEPTEMBER 24 2017...

CLIMATE NORMAL PERIOD 1981 TO 2010
CLIMATE RECORD PERIOD 1889 TO 2017


WEATHER ITEM   OBSERVED TIME   RECORD YEAR NORMAL DEPARTURE LAST
                VALUE   (LST)  VALUE       VALUE  FROM      YEAR
                                                  NORMAL
..................................................................
TEMPERATURE (F)
 YESTERDAY
  MAXIMUM         90    259 PM  92    2007  74     16       85
                                      1961
  MINIMUM         57    701 AM  36    1989  52      5       63
                                      1974
  AVERAGE         74                        63     11       74

PRECIPITATION (IN)
  YESTERDAY        0.00          1.68 1991   0.09  -0.09     0.00
  MONTH TO DATE    1.28                      2.48  -1.20     0.73
  SINCE JAN 1     40.75                     31.27   9.48    26.62

SNOWFALL (IN)
  YESTERDAY       MM
  MONTH TO DATE   MM
  SINCE SEP 1     MM
  SNOW DEPTH      MM

DEGREE DAYS
 HEATING
  YESTERDAY        0                         4     -4        0
  MONTH TO DATE   45                        41      4        0
  SINCE SEP 1     45                        41      4        0
  SINCE JUL 1     47                        46      1        0

 COOLING
  YESTERDAY        9                         2      7        9
  MONTH TO DATE   93                        96     -3      225
  SINCE SEP 1     93                        96     -3      225
  SINCE JAN 1    895                       926    -31     1303
..................................................................


WIND (MPH)
  HIGHEST WIND SPEED    13   HIGHEST WIND DIRECTION    NE (60)
  HIGHEST GUST SPEED    16   HIGHEST GUST DIRECTION     E (70)
  AVERAGE WIND SPEED     2.0


SKY COVER
  POSSIBLE SUNSHINE  MM
  AVERAGE SKY COVER 0.1


WEATHER CONDITIONS
 THE FOLLOWING WEATHER WAS RECORDED YESTERDAY.
  FOG


RELATIVE HUMIDITY (PERCENT)
 HIGHEST   100           600 AM
 LOWEST     38           300 PM
 AVERAGE    69

..........................................................


THE PARKERSBURG WV CLIMATE NORMALS FOR TODAY
                         NORMAL    RECORD    YEAR
 MAXIMUM TEMPERATURE (F)   74        95      2007
 MINIMUM TEMPERATURE (F)   51        35      1942


SUNRISE AND SUNSET
SEPTEMBER 25 2017.....SUNRISE   716 AM EDT   SUNSET   717 PM EDT
SEPTEMBER 26 2017.....SUNRISE   717 AM EDT   SUNSET   716 PM EDT


-  INDICATES NEGATIVE NUMBERS.
R  INDICATES RECORD WAS SET OR TIED.
MM INDICATES DATA IS MISSING.
T  INDICATES TRACE AMOUNT.




$$
