000
CDUS41 KRLX 260725
CLIPKB


CLIMATE REPORT
NATIONAL WEATHER SERVICE CHARLESTON WV
325 AM EDT WED JUL 26 2017


...................................

...THE PARKERSBURG WV CLIMATE SUMMARY FOR JULY 25 2017...

CLIMATE NORMAL PERIOD 1981 TO 2010
CLIMATE RECORD PERIOD 1889 TO 2017


WEATHER ITEM   OBSERVED TIME   RECORD YEAR NORMAL DEPARTURE LAST
                VALUE   (LST)  VALUE       VALUE  FROM      YEAR
                                                  NORMAL
..................................................................
TEMPERATURE (F)
 YESTERDAY
  MAXIMUM         75    355 PM 102    1934  85    -10       92
  MINIMUM         56    559 AM  53    2013  64     -8       74
                                      1947
  AVERAGE         66                        74     -8       83

PRECIPITATION (IN)
  YESTERDAY        0.00          1.90 1977   0.15  -0.15     0.00
  MONTH TO DATE    7.03                      3.40   3.63     3.26
  SINCE JAN 1     33.54                     24.37   9.17    23.63

SNOWFALL (IN)
  YESTERDAY       MM
  MONTH TO DATE   MM
  SINCE SEP 1     MM
  SNOW DEPTH      MM

DEGREE DAYS
 HEATING
  YESTERDAY        0                         0      0        0
  MONTH TO DATE    0                         0      0        0
  SINCE JUN 1     19                        19      0        7
  SINCE JUL 1      0                         0      0        0

 COOLING
  YESTERDAY        1                         9     -8       18
  MONTH TO DATE  260                       237     23      267
  SINCE JUN 1    448                       428     20      499
  SINCE JAN 1    568                       512     56      587
..................................................................


WIND (MPH)
  HIGHEST WIND SPEED    10   HIGHEST WIND DIRECTION    NE (40)
  HIGHEST GUST SPEED    15   HIGHEST GUST DIRECTION    NE (30)
  AVERAGE WIND SPEED     2.5


SKY COVER
  POSSIBLE SUNSHINE  MM
  AVERAGE SKY COVER 0.4


WEATHER CONDITIONS
 THE FOLLOWING WEATHER WAS RECORDED YESTERDAY.
  FOG
  FOG W/VISIBILITY <= 1/4 MILE


RELATIVE HUMIDITY (PERCENT)
 HIGHEST   100           400 AM
 LOWEST     59           900 AM
 AVERAGE    80

..........................................................


THE PARKERSBURG WV CLIMATE NORMALS FOR TODAY
                         NORMAL    RECORD    YEAR
 MAXIMUM TEMPERATURE (F)   85       103      1934
 MINIMUM TEMPERATURE (F)   64        56      1946


SUNRISE AND SUNSET
JULY 26 2017..........SUNRISE   621 AM EDT   SUNSET   843 PM EDT
JULY 27 2017..........SUNRISE   621 AM EDT   SUNSET   843 PM EDT


-  INDICATES NEGATIVE NUMBERS.
R  INDICATES RECORD WAS SET OR TIED.
MM INDICATES DATA IS MISSING.
T  INDICATES TRACE AMOUNT.




$$
