000
CDUS46 KLOX 230900
CLIPMD


CLIMATE REPORT
NATIONAL WEATHER SERVICE LOS ANGELES/OXNARD CA
159 AM PDT WED APR 23 2014


...................................

...THE PALMDALE AIRPORT CA CLIMATE SUMMARY FOR APRIL 22 2014...

CLIMATE NORMAL PERIOD 1981 TO 2010
CLIMATE RECORD PERIOD 1931 TO 2014


WEATHER ITEM   OBSERVED TIME   RECORD YEAR NORMAL DEPARTURE LAST
                VALUE   (LST)  VALUE       VALUE  FROM      YEAR
                                                  NORMAL
..................................................................
TEMPERATURE (F)
 YESTERDAY
  MAXIMUM         67    312 PM  96    1949  74     -7       87
  MINIMUM         52   1159 PM  28    1963  45      7       59
  AVERAGE         60                        60      0       73

PRECIPITATION (IN)
  YESTERDAY        0.00          0.05 1955   0.02  -0.02     0.00
  MONTH TO DATE    0.11                      0.37  -0.26     0.00
  SINCE JUL 1      4.14                      7.86  -3.72     1.00
  SINCE JAN 1      2.07                      4.88  -2.81     0.71

SNOWFALL (IN)
  YESTERDAY        0.0           T    1960  MM               0.0
  MONTH TO DATE    0.0                      MM               0.0
  SINCE MAR 1      0.0                      MM               0.0
  SINCE JUL 1      0.0                      MM               0.0
  SNOW DEPTH       0

DEGREE DAYS
 HEATING
  YESTERDAY        5                         6     -1        0
  MONTH TO DATE   91                       188    -97      104
  SINCE MAR 1    354                       564   -210      310
  SINCE JUL 1   2252                      2809   -557     2514

 COOLING
  YESTERDAY        0                         1     -1        8
  MONTH TO DATE   43                         7     36       23
  SINCE MAR 1     43                         9     34       30
  SINCE JAN 1     44                         9     35       30
..................................................................


WIND (MPH)
  HIGHEST WIND SPEED    38   HIGHEST WIND DIRECTION     W (290)
  HIGHEST GUST SPEED    45   HIGHEST GUST DIRECTION     W (290)
  AVERAGE WIND SPEED    20.3


SKY COVER
  POSSIBLE SUNSHINE  MM
  AVERAGE SKY COVER 0.0


WEATHER CONDITIONS
 THE FOLLOWING WEATHER WAS RECORDED YESTERDAY.
  NO SIGNIFICANT WEATHER WAS OBSERVED.


RELATIVE HUMIDITY (PERCENT)
 HIGHEST    47           600 AM
 LOWEST     21           500 PM
 AVERAGE    34

..........................................................


THE PALMDALE AIRPORT CA CLIMATE NORMALS FOR TODAY
                         NORMAL    RECORD    YEAR
 MAXIMUM TEMPERATURE (F)   75        95      1949
 MINIMUM TEMPERATURE (F)   46        29      1968


SUNRISE AND SUNSET
APRIL 23 2014.........SUNRISE   611 AM PDT   SUNSET   731 PM PDT
APRIL 24 2014.........SUNRISE   610 AM PDT   SUNSET   732 PM PDT


-  INDICATES NEGATIVE NUMBERS.
R  INDICATES RECORD WAS SET OR TIED.
MM INDICATES DATA IS MISSING.
T  INDICATES TRACE AMOUNT.




$$
