521
CDUS46 KLOX 290916
CLIPMD


CLIMATE REPORT
NATIONAL WEATHER SERVICE LOS ANGELES/OXNARD CA
214 AM PDT FRI JUL 29 2016


...................................

...THE PALMDALE AIRPORT CA CLIMATE SUMMARY FOR JULY 28 2016...

CLIMATE NORMAL PERIOD 1981 TO 2010
CLIMATE RECORD PERIOD 1931 TO 2016


WEATHER ITEM   OBSERVED TIME   RECORD YEAR NORMAL DEPARTURE LAST
                VALUE   (LST)  VALUE       VALUE  FROM      YEAR
                                                  NORMAL
..................................................................
TEMPERATURE (F)
 YESTERDAY
  MAXIMUM        106    317 PM 110    1995  99      7       99
  MINIMUM         77    456 AM  53    1983  66     11       62
  AVERAGE         92                        83      9       81

PRECIPITATION (IN)
  YESTERDAY        0.00          0.02 1995   0.00   0.00     0.00
  MONTH TO DATE    0.00                      0.09  -0.09     0.95
  SINCE OCT 1      4.28                      7.86  -3.58     5.20
  SINCE JAN 1      2.47                      5.41  -2.94     2.63

SNOWFALL (IN)
  YESTERDAY        0.0           0.0  1973  MM               0.0
  MONTH TO DATE    0.0                      MM               0.0
  SINCE JUN 1      0.0                      MM               0.0
  SINCE JUL 1      0.0                      MM               0.0
  SNOW DEPTH       0

DEGREE DAYS
 HEATING
  YESTERDAY        0                         0      0        0
  MONTH TO DATE    0                         0      0        0
  SINCE JUN 1      0                         7     -7        0
  SINCE JUL 1      0                         0      0        0

 COOLING
  YESTERDAY       27                        18      9       16
  MONTH TO DATE  515                       450     65      370
  SINCE JUN 1   1003                       756    247      818
  SINCE JAN 1   1147                       926    221      943
..................................................................


WIND (MPH)
  HIGHEST WIND SPEED    23   HIGHEST WIND DIRECTION     W (250)
  HIGHEST GUST SPEED    28   HIGHEST GUST DIRECTION     W (250)
  AVERAGE WIND SPEED    10.6


SKY COVER
  POSSIBLE SUNSHINE  MM
  AVERAGE SKY COVER 0.0


WEATHER CONDITIONS
 THE FOLLOWING WEATHER WAS RECORDED YESTERDAY.
  HAZE


RELATIVE HUMIDITY (PERCENT)
 HIGHEST    31           500 AM
 LOWEST     12          1200 PM
 AVERAGE    22

..........................................................


THE PALMDALE AIRPORT CA CLIMATE NORMALS FOR TODAY
                         NORMAL    RECORD    YEAR
 MAXIMUM TEMPERATURE (F)   99       111      1995
 MINIMUM TEMPERATURE (F)   67        52      1941


SUNRISE AND SUNSET
JULY 29 2016..........SUNRISE   601 AM PDT   SUNSET   756 PM PDT
JULY 30 2016..........SUNRISE   601 AM PDT   SUNSET   756 PM PDT


-  INDICATES NEGATIVE NUMBERS.
R  INDICATES RECORD WAS SET OR TIED.
MM INDICATES DATA IS MISSING.
T  INDICATES TRACE AMOUNT.




$$
