000
CDUS46 KLOX 060858
CLIPMD


CLIMATE REPORT
NATIONAL WEATHER SERVICE LOS ANGELES/OXNARD CA
1258 AM PST FRI MAR 6 2015


...................................

...THE PALMDALE AIRPORT CA CLIMATE SUMMARY FOR MARCH 5 2015...

CLIMATE NORMAL PERIOD 1981 TO 2010
CLIMATE RECORD PERIOD 1931 TO 2015


WEATHER ITEM   OBSERVED TIME   RECORD YEAR NORMAL DEPARTURE LAST
                VALUE   (LST)  VALUE       VALUE  FROM      YEAR
                                                  NORMAL
..................................................................
TEMPERATURE (F)
 YESTERDAY
  MAXIMUM         66    401 PM  83    1986  65      1       74
  MINIMUM         28    634 AM  22    1963  39    -11       42
  AVERAGE         47                        52     -5       58

PRECIPITATION (IN)
  YESTERDAY        0.00          0.58 1941   0.08  -0.08     0.00
  MONTH TO DATE    0.03                      0.39  -0.36     0.48
  SINCE OCT 1      3.71                      6.13  -2.42     3.81
  SINCE JAN 1      1.14                      3.68  -2.54     1.87

SNOWFALL (IN)
  YESTERDAY        0.0           0.0  1974  MM               0.0
  MONTH TO DATE    0.0                      MM               0.0
  SINCE MAR 1      0.0                      MM               0.0
  SINCE JUL 1      0.0                      MM               0.0
  SNOW DEPTH       0

DEGREE DAYS
 HEATING
  YESTERDAY       18                        13      5        7
  MONTH TO DATE   93                        68     25       62
  SINCE MAR 1     93                        68     25       62
  SINCE JUL 1   1748                      2313   -565     1960

 COOLING
  YESTERDAY        0                         0      0        0
  MONTH TO DATE    0                         0      0        0
  SINCE MAR 1      0                         0      0        0
  SINCE JAN 1      0                         0      0        1
..................................................................


WIND (MPH)
  HIGHEST WIND SPEED    20   HIGHEST WIND DIRECTION     E (70)
  HIGHEST GUST SPEED    23   HIGHEST GUST DIRECTION     E (70)
  AVERAGE WIND SPEED     5.3


SKY COVER
  POSSIBLE SUNSHINE  MM
  AVERAGE SKY COVER 0.0


WEATHER CONDITIONS
 THE FOLLOWING WEATHER WAS RECORDED YESTERDAY.
  NO SIGNIFICANT WEATHER WAS OBSERVED.


RELATIVE HUMIDITY (PERCENT)
 HIGHEST    69           500 AM
 LOWEST     13           200 PM
 AVERAGE    41

..........................................................


THE PALMDALE AIRPORT CA CLIMATE NORMALS FOR TODAY
                         NORMAL    RECORD    YEAR
 MAXIMUM TEMPERATURE (F)   65        86      1972
 MINIMUM TEMPERATURE (F)   39        23      1967


SUNRISE AND SUNSET
MARCH  6 2015.........SUNRISE   615 AM PST   SUNSET   552 PM PST
MARCH  7 2015.........SUNRISE   614 AM PST   SUNSET   553 PM PST


-  INDICATES NEGATIVE NUMBERS.
R  INDICATES RECORD WAS SET OR TIED.
MM INDICATES DATA IS MISSING.
T  INDICATES TRACE AMOUNT.




$$
