000
CDUS46 KLOX 210940
CLIPMD


CLIMATE REPORT
NATIONAL WEATHER SERVICE LOS ANGELES/OXNARD CA
140 AM PST FRI NOV 21 2014


...................................

...THE PALMDALE AIRPORT CA CLIMATE SUMMARY FOR NOVEMBER 20 2014...

CLIMATE NORMAL PERIOD 1981 TO 2010
CLIMATE RECORD PERIOD 1931 TO 2014


WEATHER ITEM   OBSERVED TIME   RECORD YEAR NORMAL DEPARTURE LAST
                VALUE   (LST)  VALUE       VALUE  FROM      YEAR
                                                  NORMAL
..................................................................
TEMPERATURE (F)
 YESTERDAY
  MAXIMUM         66    136 PM  80    1995  65      1       66
  MINIMUM         39    557 AM   8    1964  35      4       51
  AVERAGE         53                        50      3       59

PRECIPITATION (IN)
  YESTERDAY        0.00          0.71 1967   0.02  -0.02      T
  MONTH TO DATE    T                         0.50  -0.50      T
  SINCE JUL 1      0.16                      1.63  -1.47     0.21
  SINCE JAN 1      3.21                      6.95  -3.74     1.07

SNOWFALL (IN)
  YESTERDAY        0.0           0.0  1973  MM               0.0
  MONTH TO DATE    0.0                      MM               0.0
  SINCE SEP 1      0.0                      MM               0.0
  SINCE JUL 1      0.0                      MM               0.0
  SNOW DEPTH       0

DEGREE DAYS
 HEATING
  YESTERDAY       12                        15     -3        6
  MONTH TO DATE  171                       229    -58      181
  SINCE SEP 1    197                       356   -159      342
  SINCE JUL 1    197                       356   -159      342

 COOLING
  YESTERDAY        0                         0      0        0
  MONTH TO DATE    1                         0      1        0
  SINCE SEP 1    510                       332    178      361
  SINCE JAN 1   2223                      1814    409     2126
..................................................................


WIND (MPH)
  HIGHEST WIND SPEED    24   HIGHEST WIND DIRECTION    SW (240)
  HIGHEST GUST SPEED    29   HIGHEST GUST DIRECTION    SW (240)
  AVERAGE WIND SPEED     9.5


SKY COVER
  POSSIBLE SUNSHINE  MM
  AVERAGE SKY COVER 0.1


WEATHER CONDITIONS
 THE FOLLOWING WEATHER WAS RECORDED YESTERDAY.
  NO SIGNIFICANT WEATHER WAS OBSERVED.


RELATIVE HUMIDITY (PERCENT)
 HIGHEST    76           600 AM
 LOWEST     31           100 PM
 AVERAGE    54

..........................................................


THE PALMDALE AIRPORT CA CLIMATE NORMALS FOR TODAY
                         NORMAL    RECORD    YEAR
 MAXIMUM TEMPERATURE (F)   65        80      1995
 MINIMUM TEMPERATURE (F)   35        12      1964


SUNRISE AND SUNSET
NOVEMBER 21 2014......SUNRISE   632 AM PST   SUNSET   444 PM PST
NOVEMBER 22 2014......SUNRISE   633 AM PST   SUNSET   444 PM PST


-  INDICATES NEGATIVE NUMBERS.
R  INDICATES RECORD WAS SET OR TIED.
MM INDICATES DATA IS MISSING.
T  INDICATES TRACE AMOUNT.




$$
