000
CDUS46 KLOX 310926
CLIPMD


CLIMATE REPORT
NATIONAL WEATHER SERVICE LOS ANGELES/OXNARD CA
225 AM PDT TUE MAY 31 2016


...................................

...THE PALMDALE AIRPORT CA CLIMATE SUMMARY FOR MAY 30 2016...

CLIMATE NORMAL PERIOD 1981 TO 2010
CLIMATE RECORD PERIOD 1931 TO 2016


WEATHER ITEM   OBSERVED TIME   RECORD YEAR NORMAL DEPARTURE LAST
                VALUE   (LST)  VALUE       VALUE  FROM      YEAR
                                                  NORMAL
..................................................................
TEMPERATURE (F)
 YESTERDAY
  MAXIMUM         94    248 PM 103    1984  87      7       96
  MINIMUM         62    514 AM  39    1998  56      6       60
  AVERAGE         78                        71      7       78

PRECIPITATION (IN)
  YESTERDAY        0.00          0.00   MM   0.01  -0.01     0.00
  MONTH TO DATE    T                         0.25  -0.25     0.10
  SINCE OCT 1      4.28                      7.68  -3.40     4.22
  SINCE JAN 1      2.47                      5.23  -2.76     1.65

SNOWFALL (IN)
  YESTERDAY        0.0          MM      MM  MM               0.0
  MONTH TO DATE    0.0                      MM               0.0
  SINCE MAR 1      0.0                      MM               0.0
  SINCE JUL 1      T                        MM               0.0
  SNOW DEPTH       0

DEGREE DAYS
 HEATING
  YESTERDAY        0                         1     -1        0
  MONTH TO DATE   61                        67     -6       98
  SINCE MAR 1    444                       672   -228      444
  SINCE JUL 1   2605                      2917   -312     2099

 COOLING
  YESTERDAY       13                         7      6       13
  MONTH TO DATE  106                       139    -33       76
  SINCE MAR 1    126                       162    -36      111
  SINCE JAN 1    126                       162    -36      111
..................................................................


WIND (MPH)
  HIGHEST WIND SPEED    32   HIGHEST WIND DIRECTION     W (280)
  HIGHEST GUST SPEED    39   HIGHEST GUST DIRECTION     W (290)
  AVERAGE WIND SPEED    13.4


SKY COVER
  POSSIBLE SUNSHINE  MM
  AVERAGE SKY COVER 0.0


WEATHER CONDITIONS
 THE FOLLOWING WEATHER WAS RECORDED YESTERDAY.
  NO SIGNIFICANT WEATHER WAS OBSERVED.


RELATIVE HUMIDITY (PERCENT)
 HIGHEST    46           500 AM
 LOWEST      8           200 PM
 AVERAGE    27

..........................................................


THE PALMDALE AIRPORT CA CLIMATE NORMALS FOR TODAY
                         NORMAL    RECORD    YEAR
 MAXIMUM TEMPERATURE (F)   87       104      2001
 MINIMUM TEMPERATURE (F)   56        41      2011
                                             1966


SUNRISE AND SUNSET
MAY 31 2016...........SUNRISE   541 AM PDT   SUNSET   800 PM PDT
JUNE  1 2016..........SUNRISE   540 AM PDT   SUNSET   800 PM PDT


-  INDICATES NEGATIVE NUMBERS.
R  INDICATES RECORD WAS SET OR TIED.
MM INDICATES DATA IS MISSING.
T  INDICATES TRACE AMOUNT.




$$
