000
CDUS46 KLOX 180910
CLIPMD


CLIMATE REPORT
NATIONAL WEATHER SERVICE LOS ANGELES/OXNARD CA
109 AM PST THU DEC 18 2014


...................................

...THE PALMDALE AIRPORT CA CLIMATE SUMMARY FOR DECEMBER 17 2014...

CLIMATE NORMAL PERIOD 1981 TO 2010
CLIMATE RECORD PERIOD 1931 TO 2014


WEATHER ITEM   OBSERVED TIME   RECORD YEAR NORMAL DEPARTURE LAST
                VALUE   (LST)  VALUE       VALUE  FROM      YEAR
                                                  NORMAL
..................................................................
TEMPERATURE (F)
 YESTERDAY
  MAXIMUM         53   1250 PM  78    1939  58     -5       66
  MINIMUM         39   1157 PM  12    1935  30      9       36
  AVERAGE         46                        44      2       51

PRECIPITATION (IN)
  YESTERDAY        0.14          1.73 1940   0.04   0.10     0.00
  MONTH TO DATE    2.57                      0.37   2.20      T
  SINCE JUL 1      2.73                      2.20   0.53     2.07
  SINCE JAN 1      5.78                      7.52  -1.74     2.93

SNOWFALL (IN)
  YESTERDAY       MM             T    1970  MM               0.0
  MONTH TO DATE    0.0                      MM               0.0
  SINCE DEC 1      0.0                      MM               0.0
  SINCE JUL 1      0.0                      MM               0.0
  SNOW DEPTH       0

DEGREE DAYS
 HEATING
  YESTERDAY       19                        21     -2       14
  MONTH TO DATE  260                       343    -83      374
  SINCE DEC 1    260                       343    -83      374
  SINCE JUL 1    574                       870   -296      887

 COOLING
  YESTERDAY        0                         0      0        0
  MONTH TO DATE    0                         0      0        0
  SINCE DEC 1      0                         0      0        0
  SINCE JAN 1   2223                      1815    408     2126
..................................................................


WIND (MPH)
  HIGHEST WIND SPEED    23   HIGHEST WIND DIRECTION     W (290)
  HIGHEST GUST SPEED    28   HIGHEST GUST DIRECTION     W (290)
  AVERAGE WIND SPEED     9.2


SKY COVER
  POSSIBLE SUNSHINE  MM
  AVERAGE SKY COVER 0.6


WEATHER CONDITIONS
 THE FOLLOWING WEATHER WAS RECORDED YESTERDAY.
  LIGHT RAIN
  FOG


RELATIVE HUMIDITY (PERCENT)
 HIGHEST    92          1200 AM
 LOWEST     54           300 PM
 AVERAGE    73

..........................................................


THE PALMDALE AIRPORT CA CLIMATE NORMALS FOR TODAY
                         NORMAL    RECORD    YEAR
 MAXIMUM TEMPERATURE (F)   58        73      1999
 MINIMUM TEMPERATURE (F)   30        14      1935


SUNRISE AND SUNSET
DECEMBER 18 2014......SUNRISE   654 AM PST   SUNSET   444 PM PST
DECEMBER 19 2014......SUNRISE   654 AM PST   SUNSET   445 PM PST


-  INDICATES NEGATIVE NUMBERS.
R  INDICATES RECORD WAS SET OR TIED.
MM INDICATES DATA IS MISSING.
T  INDICATES TRACE AMOUNT.




$$
