000
CDUS46 KLOX 230900
CLIPMD


CLIMATE REPORT
NATIONAL WEATHER SERVICE LOS ANGELES/OXNARD CA
200 AM PDT SUN APR 23 2017


...................................

...THE PALMDALE AIRPORT CA CLIMATE SUMMARY FOR APRIL 22 2017...

CLIMATE NORMAL PERIOD 1981 TO 2010
CLIMATE RECORD PERIOD 1931 TO 2017


WEATHER ITEM   OBSERVED TIME   RECORD YEAR NORMAL DEPARTURE LAST
                VALUE   (LST)  VALUE       VALUE  FROM      YEAR
                                                  NORMAL
..................................................................
TEMPERATURE (F)
 YESTERDAY
  MAXIMUM         90    246 PM  96    1949  74     16       77
  MINIMUM         48    528 AM  28    1963  45      3       51
  AVERAGE         69                        60      9       64

PRECIPITATION (IN)
  YESTERDAY        0.00          0.05 1955   0.02  -0.02     0.00
  MONTH TO DATE    T                         0.37  -0.37     0.08
  SINCE OCT 1      5.91                      7.33  -1.42     4.17
  SINCE JAN 1      4.12                      4.88  -0.76     2.36

SNOWFALL (IN)
  YESTERDAY       MM             T    1960  MM               0.0
  MONTH TO DATE    0.0                      MM               0.0
  SINCE MAR 1      0.0                      MM               0.0
  SINCE JUL 1      0.0                      MM                T
  SNOW DEPTH       0

DEGREE DAYS
 HEATING
  YESTERDAY        0                         6     -6        1
  MONTH TO DATE   92                       188    -96       59
  SINCE MAR 1    335                       564   -229      328
  SINCE JUL 1   2244                      2809   -565     2489

 COOLING
  YESTERDAY        4                         1      3        0
  MONTH TO DATE    6                         7     -1       20
  SINCE MAR 1     13                         9      4       20
  SINCE JAN 1     13                         9      4       20
..................................................................


WIND (MPH)
  HIGHEST WIND SPEED    24   HIGHEST WIND DIRECTION    SW (230)
  HIGHEST GUST SPEED    28   HIGHEST GUST DIRECTION    SW (240)
  AVERAGE WIND SPEED     7.8


SKY COVER
  POSSIBLE SUNSHINE  MM
  AVERAGE SKY COVER 0.0


WEATHER CONDITIONS
 THE FOLLOWING WEATHER WAS RECORDED YESTERDAY.
  LIGHT RAIN


RELATIVE HUMIDITY (PERCENT)
 HIGHEST    59           600 AM
 LOWEST     11           200 PM
 AVERAGE    35

..........................................................


THE PALMDALE AIRPORT CA CLIMATE NORMALS FOR TODAY
                         NORMAL    RECORD    YEAR
 MAXIMUM TEMPERATURE (F)   75        95      1949
 MINIMUM TEMPERATURE (F)   46        29      1968


SUNRISE AND SUNSET
APRIL 23 2017.........SUNRISE   611 AM PDT   SUNSET   731 PM PDT
APRIL 24 2017.........SUNRISE   609 AM PDT   SUNSET   732 PM PDT


-  INDICATES NEGATIVE NUMBERS.
R  INDICATES RECORD WAS SET OR TIED.
MM INDICATES DATA IS MISSING.
T  INDICATES TRACE AMOUNT.




$$
