147
CDUS44 KMOB 232230
CLIPNS


CLIMATE REPORT
NATIONAL WEATHER SERVICE MOBILE AL
528 PM CDT MON OCT 23 2017


...................................

...THE PENSACOLA CLIMATE SUMMARY FOR OCTOBER 23 2017...
VALID TODAY AS OF 0500 PM LOCAL TIME.

CLIMATE NORMAL PERIOD 1981 TO 2010
CLIMATE RECORD PERIOD 1879 TO 2017


WEATHER ITEM   OBSERVED TIME   RECORD YEAR NORMAL DEPARTURE LAST
                VALUE   (LST)  VALUE       VALUE  FROM      YEAR
                                                  NORMAL
..................................................................
TEMPERATURE (F)
 TODAY
  MAXIMUM         78    240 AM  88    1953  77      1       80
                                      1949
  MINIMUM         67    826 AM  38    1937  58      9       51
  AVERAGE         73                        67      6       66

PRECIPITATION (IN)
  TODAY            0.02          3.30 2008   0.17  -0.15     0.00
  MONTH TO DATE    7.06                      3.91   3.15      T
  SINCE MAR 1     69.57                     44.97  24.60    45.49
  SINCE JAN 1     84.92                     54.66  30.26    54.14

DEGREE DAYS
 HEATING
  TODAY            0                         2     -2        0
  MONTH TO DATE    0                        16    -16        1
  SINCE SEP 1      0                        17    -17        1
  SINCE JUL 1      0                        17    -17        1

 COOLING
  TODAY            8                         4      4        1
  MONTH TO DATE  304                       151    153      239
  SINCE SEP 1    778                       554    224      755
  SINCE JAN 1   3257                      2521    736     3058
..................................................................


WIND (MPH)
  HIGHEST WIND SPEED    23   HIGHEST WIND DIRECTION    NW (330)
  HIGHEST GUST SPEED    28   HIGHEST GUST DIRECTION    NW (330)
  AVERAGE WIND SPEED    14.0


SKY COVER
  POSSIBLE SUNSHINE  MM
  AVERAGE SKY COVER 0.5


WEATHER CONDITIONS
 THE FOLLOWING WEATHER WAS RECORDED TODAY.
  LIGHT RAIN


RELATIVE HUMIDITY (PERCENT)
 HIGHEST    90           500 AM
 LOWEST     39           200 PM
 AVERAGE    65

..........................................................


THE PENSACOLA CLIMATE NORMALS FOR TOMORROW
                         NORMAL    RECORD    YEAR
 MAXIMUM TEMPERATURE (F)   77        89      1941
 MINIMUM TEMPERATURE (F)   58        40      1937
                                             1917


SUNRISE AND SUNSET
OCTOBER 23 2017.......SUNRISE   657 AM CDT   SUNSET   609 PM CDT
OCTOBER 24 2017.......SUNRISE   657 AM CDT   SUNSET   608 PM CDT


-  INDICATES NEGATIVE NUMBERS.
R  INDICATES RECORD WAS SET OR TIED.
MM INDICATES DATA IS MISSING.
T  INDICATES TRACE AMOUNT.




$$
