000
CDUS44 KMOB 282225
CLIPNS


CLIMATE REPORT
NATIONAL WEATHER SERVICE MOBILE AL
525 PM CDT SAT MAY 28 2016


...................................

...THE PENSACOLA CLIMATE SUMMARY FOR MAY 28 2016...
VALID TODAY AS OF 0500 PM LOCAL TIME.

CLIMATE NORMAL PERIOD 1981 TO 2010
CLIMATE RECORD PERIOD 1879 TO 2016


WEATHER ITEM   OBSERVED TIME   RECORD YEAR NORMAL DEPARTURE LAST
                VALUE   (LST)  VALUE       VALUE  FROM      YEAR
                                                  NORMAL
..................................................................
TEMPERATURE (F)
 TODAY
  MAXIMUM         85    314 PM  98    2012  86     -1       83
  MINIMUM         73    458 AM  55    1961  69      4       72
  AVERAGE         79                        78      1       78

PRECIPITATION (IN)
  TODAY            0.00          2.66 1948   0.14  -0.14     0.00
  MONTH TO DATE    1.88                      3.73  -1.85     5.13
  SINCE MAR 1     15.53                     13.86   1.67    17.49
  SINCE JAN 1     24.18                     23.55   0.63    27.90

DEGREE DAYS
 COOLING
  TODAY           14                        13      1       13
  MONTH TO DATE  301                       259     42      308
  SINCE MAR 1    528                       393    135      609
  SINCE JAN 1    546                       407    139      616
..................................................................


WIND (MPH)
  HIGHEST WIND SPEED    16   HIGHEST WIND DIRECTION     S (160)
  HIGHEST GUST SPEED    21   HIGHEST GUST DIRECTION    SE (140)
  AVERAGE WIND SPEED     7.2


SKY COVER
  POSSIBLE SUNSHINE  MM
  AVERAGE SKY COVER 0.1


WEATHER CONDITIONS
 THE FOLLOWING WEATHER WAS RECORDED TODAY.
  NO SIGNIFICANT WEATHER WAS OBSERVED.


RELATIVE HUMIDITY (PERCENT)
 HIGHEST    84           300 AM
 LOWEST     40           300 PM
 AVERAGE    62

..........................................................


THE PENSACOLA CLIMATE NORMALS FOR TOMORROW
                         NORMAL    RECORD    YEAR
 MAXIMUM TEMPERATURE (F)   86        98      2012
 MINIMUM TEMPERATURE (F)   69        58      1988
                                             1984


SUNRISE AND SUNSET
MAY 28 2016...........SUNRISE   548 AM CDT   SUNSET   744 PM CDT
MAY 29 2016...........SUNRISE   548 AM CDT   SUNSET   745 PM CDT


-  INDICATES NEGATIVE NUMBERS.
R  INDICATES RECORD WAS SET OR TIED.
MM INDICATES DATA IS MISSING.
T  INDICATES TRACE AMOUNT.




$$
