000
CDUS44 KMOB 300649
CLIPNS


CLIMATE REPORT
NATIONAL WEATHER SERVICE MOBILE AL
148 AM CDT SAT MAY 30 2015


...................................

...THE PENSACOLA CLIMATE SUMMARY FOR MAY 29 2015...

CLIMATE NORMAL PERIOD 1981 TO 2010
CLIMATE RECORD PERIOD 1879 TO 2015


WEATHER ITEM   OBSERVED TIME   RECORD YEAR NORMAL DEPARTURE LAST
                VALUE   (LST)  VALUE       VALUE  FROM      YEAR
                                                  NORMAL
..................................................................
TEMPERATURE (F)
 YESTERDAY
  MAXIMUM         84    143 PM  98    2012  86     -2       76
  MINIMUM         70    513 AM  58    1988  69      1       71
                                      1984
  AVERAGE         77                        78     -1       74

PRECIPITATION (IN)
  YESTERDAY        0.00          2.02 1975   0.15  -0.15     0.89
  MONTH TO DATE    5.13                      3.88   1.25     5.01
  SINCE MAR 1     17.49                     14.01   3.48    44.32
  SINCE JAN 1     27.90                     23.70   4.20    55.65

DEGREE DAYS
 COOLING
  YESTERDAY       12                        13     -1        9
  MONTH TO DATE  320                       272     48      279
  SINCE MAR 1    621                       406    215      413
  SINCE JAN 1    628                       420    208      428
..................................................................


WIND (MPH)
  HIGHEST WIND SPEED    16   HIGHEST WIND DIRECTION    SE (140)
  HIGHEST GUST SPEED    21   HIGHEST GUST DIRECTION     S (170)
  AVERAGE WIND SPEED     8.0


SKY COVER
  POSSIBLE SUNSHINE  MM
  AVERAGE SKY COVER 0.3


WEATHER CONDITIONS
 THE FOLLOWING WEATHER WAS RECORDED YESTERDAY.
  NO SIGNIFICANT WEATHER WAS OBSERVED.


RELATIVE HUMIDITY (PERCENT)
 HIGHEST   100          1200 AM
 LOWEST     65          1100 AM
 AVERAGE    83

..........................................................


THE PENSACOLA CLIMATE NORMALS FOR TODAY
                         NORMAL    RECORD    YEAR
 MAXIMUM TEMPERATURE (F)   86        94      1945
                                             1921
 MINIMUM TEMPERATURE (F)   70        52      1984


SUNRISE AND SUNSET
MAY 30 2015...........SUNRISE   548 AM CDT   SUNSET   745 PM CDT
MAY 31 2015...........SUNRISE   547 AM CDT   SUNSET   746 PM CDT


-  INDICATES NEGATIVE NUMBERS.
R  INDICATES RECORD WAS SET OR TIED.
MM INDICATES DATA IS MISSING.
T  INDICATES TRACE AMOUNT.




$$
