626
CDUS44 KMOB 070645
CLIPNS


CLIMATE REPORT
NATIONAL WEATHER SERVICE MOBILE AL
1245 AM CST WED DEC 7 2016


...................................

...THE PENSACOLA CLIMATE SUMMARY FOR DECEMBER 6 2016...

CLIMATE NORMAL PERIOD 1981 TO 2010
CLIMATE RECORD PERIOD 1879 TO 2016


WEATHER ITEM   OBSERVED TIME   RECORD YEAR NORMAL DEPARTURE LAST
                VALUE   (LST)  VALUE       VALUE  FROM      YEAR
                                                  NORMAL
..................................................................
TEMPERATURE (F)
 YESTERDAY
  MAXIMUM         72    414 AM  81    2014  65      7       70
  MINIMUM         56   1159 PM  26    1937  46     10       53
                                      1886
  AVERAGE         64                        55      9       62

PRECIPITATION (IN)
  YESTERDAY        0.38          2.18 1953   0.16   0.22     0.00
  MONTH TO DATE    6.09                      0.95   5.14     0.59
  SINCE MAR 1     52.44                     51.98   0.46    57.53
  SINCE JAN 1     61.09                     61.67  -0.58    67.94

SNOWFALL (IN)
  YESTERDAY        0.0           0.0  2002   0.0    0.0      0.0
                                      2001
                                      2000
  MONTH TO DATE    0.0                       0.0    0.0      0.0
  SINCE MAR 1      0.0                       0.0    0.0      0.0
  SINCE JUL 1      0.0                       0.0    0.0      0.0
  SNOW DEPTH       0

DEGREE DAYS
 HEATING
  YESTERDAY        1                        10     -9        3
  MONTH TO DATE   19                        58    -39       41
  SINCE DEC 1     19                        58    -39       41
  SINCE JUL 1     88                       270   -182      118

 COOLING
  YESTERDAY        0                         1     -1        0
  MONTH TO DATE    7                         6      1        6
  SINCE DEC 1      7                         6      1        6
  SINCE JAN 1   3215                      2602    613     3039
..................................................................


WIND (MPH)
  HIGHEST WIND SPEED    23   HIGHEST WIND DIRECTION     W (250)
  HIGHEST GUST SPEED    32   HIGHEST GUST DIRECTION    SW (240)
  AVERAGE WIND SPEED    10.4


SKY COVER
  POSSIBLE SUNSHINE  MM
  AVERAGE SKY COVER 0.6


WEATHER CONDITIONS
 THE FOLLOWING WEATHER WAS RECORDED YESTERDAY.
  THUNDERSTORM
  HEAVY RAIN
  LIGHT RAIN
  FOG


RELATIVE HUMIDITY (PERCENT)
 HIGHEST    93          1200 AM
 LOWEST     63           200 PM
 AVERAGE    78

..........................................................


THE PENSACOLA CLIMATE NORMALS FOR TODAY
                         NORMAL    RECORD    YEAR
 MAXIMUM TEMPERATURE (F)   64        80      1951
 MINIMUM TEMPERATURE (F)   46        21      1937


SUNRISE AND SUNSET
DECEMBER  7 2016......SUNRISE   633 AM CST   SUNSET   448 PM CST
DECEMBER  8 2016......SUNRISE   634 AM CST   SUNSET   448 PM CST


-  INDICATES NEGATIVE NUMBERS.
R  INDICATES RECORD WAS SET OR TIED.
MM INDICATES DATA IS MISSING.
T  INDICATES TRACE AMOUNT.




$$
