000
CDUS44 KMOB 032238
CLIPNS


CLIMATE REPORT
NATIONAL WEATHER SERVICE MOBILE AL
534 PM CDT MON AUG 3 2015


...................................

...THE PENSACOLA CLIMATE SUMMARY FOR AUGUST 3 2015...
VALID TODAY AS OF 0500 PM LOCAL TIME.

CLIMATE NORMAL PERIOD 1981 TO 2010
CLIMATE RECORD PERIOD 1879 TO 2015


WEATHER ITEM   OBSERVED TIME   RECORD YEAR NORMAL DEPARTURE LAST
                VALUE   (LST)  VALUE       VALUE  FROM      YEAR
                                                  NORMAL
..................................................................
TEMPERATURE (F)
 TODAY
  MAXIMUM         95   1243 PM 101    1951  90      5       87
  MINIMUM         79    611 AM  69    1965  74      5       74
                                      1939
  AVERAGE         87                        82      5       81

PRECIPITATION (IN)
  TODAY            0.00          9.60 1919   0.24  -0.24      T
  MONTH TO DATE    0.62                      0.74  -0.12      T
  SINCE MAR 1     29.21                     29.06   0.15    56.05
  SINCE JAN 1     39.62                     38.75   0.87    67.38

DEGREE DAYS
 COOLING
  TODAY           22                        17      5       16
  MONTH TO DATE   60                        51      9       44
  SINCE JUN 1   1154                      1049    105     1017
  SINCE JAN 1   1807                      1497    310     1468
..................................................................


WIND (MPH)
  HIGHEST WIND SPEED    18   HIGHEST WIND DIRECTION    SW (210)
  HIGHEST GUST SPEED    23   HIGHEST GUST DIRECTION     S (200)
  AVERAGE WIND SPEED     7.2


SKY COVER
  POSSIBLE SUNSHINE  MM
  AVERAGE SKY COVER 0.2


WEATHER CONDITIONS
 THE FOLLOWING WEATHER WAS RECORDED TODAY.
  NO SIGNIFICANT WEATHER WAS OBSERVED.


RELATIVE HUMIDITY (PERCENT)
 HIGHEST    91           400 AM
 LOWEST     36          1200 PM
 AVERAGE    64

..........................................................


THE PENSACOLA CLIMATE NORMALS FOR TOMORROW
                         NORMAL    RECORD    YEAR
 MAXIMUM TEMPERATURE (F)   90        99      1951
 MINIMUM TEMPERATURE (F)   74        70      1992


SUNRISE AND SUNSET
AUGUST  3 2015........SUNRISE   608 AM CDT   SUNSET   742 PM CDT
AUGUST  4 2015........SUNRISE   609 AM CDT   SUNSET   741 PM CDT


-  INDICATES NEGATIVE NUMBERS.
R  INDICATES RECORD WAS SET OR TIED.
MM INDICATES DATA IS MISSING.
T  INDICATES TRACE AMOUNT.




$$
