000
CDUS41 KALY 170628
CLIPOU


CLIMATE REPORT
NATIONAL WEATHER SERVICE ALBANY NY
227 AM EDT WED SEP 17 2014




THE POUGHKEEPSIE NY CLIMATE SUMMARY FOR SEPTEMBER 16 2014...

CLIMATE NORMAL PERIOD 1981 TO 2010
CLIMATE RECORD PERIOD 1949 TO 2014


WEATHER ITEM   OBSERVED TIME   RECORD YEAR NORMAL DEPARTURE LAST
                VALUE   (LST)  VALUE       VALUE  FROM      YEAR
                                                  NORMAL

TEMPERATURE (F)
 YESTERDAY
  MAXIMUM         69    237 PM  95    1991  75     -6       70
  MINIMUM         50   1159 PM  30    1964  51     -1       49
  AVERAGE         60                        63     -3       60

PRECIPITATION (IN)
  YESTERDAY        0.17          0.86 1957   0.14   0.03     0.01
  MONTH TO DATE    0.50                      2.22  -1.72     1.63
  SINCE SEP 1      0.50                      2.22  -1.72     1.63
  SINCE JAN 1     25.17                     33.00  -7.83    31.85

DEGREE DAYS
 HEATING
  YESTERDAY        5                         4      1        5
  MONTH TO DATE   37                        38     -1       44
  SINCE SEP 1     37                        38     -1       44
  SINCE JUL 1     42                        55    -13       47

 COOLING
  YESTERDAY        0                         2     -2        0
  MONTH TO DATE   73                        49     24       64
  SINCE SEP 1     73                        49     24       64
  SINCE JAN 1    670                       653     17      821



WIND (MPH)
  HIGHEST WIND SPEED     7   HIGHEST WIND DIRECTION     N (20)
  HIGHEST GUST SPEED     9   HIGHEST GUST DIRECTION    SE (150)
  AVERAGE WIND SPEED     1.5


SKY COVER
  AVERAGE SKY COVER 0.9



RELATIVE HUMIDITY (PERCENT)
 HIGHEST   100          1000 PM
 LOWEST     55           200 PM
 AVERAGE    78




THE POUGHKEEPSIE NY CLIMATE NORMALS FOR TODAY
                         NORMAL    RECORD    YEAR
 MAXIMUM TEMPERATURE (F)   75        93      1991
 MINIMUM TEMPERATURE (F)   51        30      1986


SUNRISE AND SUNSET
SEPTEMBER 17 2014.....SUNRISE   638 AM EDT   SUNSET   701 PM EDT
SEPTEMBER 18 2014.....SUNRISE   639 AM EDT   SUNSET   700 PM EDT


-  INDICATES NEGATIVE NUMBERS.
R  INDICATES RECORD WAS SET OR TIED.
MM INDICATES DATA IS MISSING.
T  INDICATES TRACE AMOUNT.






RECORDS FOR KPOU DATE BACK TO 1949...
HOWEVER...DATA IS MISSING FROM JANUARY 1993 - JULY 2000.
$$
