000
CDUS41 KALY 290624
CLIPOU


CLIMATE REPORT
NATIONAL WEATHER SERVICE ALBANY NY
123 AM EST MON DEC 29 2014


...................................

...THE POUGHKEEPSIE NY CLIMATE SUMMARY FOR DECEMBER 28 2014...

CLIMATE NORMAL PERIOD 1981 TO 2010
CLIMATE RECORD PERIOD 1949 TO 2014


WEATHER ITEM   OBSERVED TIME   RECORD YEAR NORMAL DEPARTURE LAST
                VALUE   (LST)  VALUE       VALUE  FROM      YEAR
                                                  NORMAL
..................................................................
TEMPERATURE (F)
 YESTERDAY
  MAXIMUM         52    154 PM  64    1982  37     15       50
  MINIMUM         39   1159 PM -13    1950  18     21       21
  AVERAGE         46                        27     19       36

PRECIPITATION (IN)
  YESTERDAY        0.05          0.86 1959   0.10  -0.05     0.00
  MONTH TO DATE    3.00                      3.23  -0.23     2.49
  SINCE DEC 1      3.00                      3.23  -0.23     2.49
  SINCE JAN 1     34.14                     46.23 -12.09    39.07

DEGREE DAYS
 HEATING
  YESTERDAY       19                        38    -19       29
  MONTH TO DATE  791                       935   -144      928
  SINCE DEC 1    791                       935   -144      928
  SINCE JUL 1   1942                      2213   -271     2171

 COOLING
  YESTERDAY        0                         0      0        0
  MONTH TO DATE    0                         0      0        0
  SINCE DEC 1      0                         0      0        0
  SINCE JAN 1    696                       672     24      829
..................................................................


WIND (MPH)
  HIGHEST WIND SPEED    16   HIGHEST WIND DIRECTION     W (270)
  HIGHEST GUST SPEED    23   HIGHEST GUST DIRECTION    NW (300)
  AVERAGE WIND SPEED     5.8


SKY COVER
  AVERAGE SKY COVER 0.7



RELATIVE HUMIDITY (PERCENT)
 HIGHEST    89           700 AM
 LOWEST     53           500 PM
 AVERAGE    71

..........................................................


THE POUGHKEEPSIE NY CLIMATE NORMALS FOR TODAY
                         NORMAL    RECORD    YEAR
 MAXIMUM TEMPERATURE (F)   36        72      1984
 MINIMUM TEMPERATURE (F)   18        -1      1970


SUNRISE AND SUNSET
DECEMBER 29 2014......SUNRISE   722 AM EST   SUNSET   433 PM EST
DECEMBER 30 2014......SUNRISE   722 AM EST   SUNSET   434 PM EST


-  INDICATES NEGATIVE NUMBERS.
R  INDICATES RECORD WAS SET OR TIED.
MM INDICATES DATA IS MISSING.
T  INDICATES TRACE AMOUNT.





RECORDS FOR KPOU DATE BACK TO 1949...
HOWEVER...DATA IS MISSING FROM JANUARY 1993 - JULY 2000.
$$
