120
CDUS41 KALY 102144
CLIPOU


CLIMATE REPORT
NATIONAL WEATHER SERVICE ALBANY NY
444 PM EST SAT DEC 10 2016


...................................

...THE POUGHKEEPSIE NY CLIMATE SUMMARY FOR DECEMBER 10 2016...
VALID TODAY AS OF 0400 PM LOCAL TIME.

CLIMATE NORMAL PERIOD 1981 TO 2010
CLIMATE RECORD PERIOD 1949 TO 2016


WEATHER ITEM   OBSERVED TIME   RECORD YEAR NORMAL DEPARTURE LAST
                VALUE   (LST)  VALUE       VALUE  FROM      YEAR
                                                  NORMAL
..................................................................
TEMPERATURE (F)
 TODAY
  MAXIMUM         33    310 PM  63    1966  42     -9       60
  MINIMUM         15    643 AM  -4    1949  24     -9       38
  AVERAGE         24                        33     -9       49

PRECIPITATION (IN)
  TODAY            0.00          0.73 1953   0.12  -0.12     0.00
  MONTH TO DATE    0.73                      1.21  -0.48     0.80
  SINCE DEC 1      0.73                      1.21  -0.48     0.80
  SINCE JAN 1     31.25                     44.21 -12.96    26.72

DEGREE DAYS
 HEATING
  TODAY           41                        32      9       16
  MONTH TO DATE  292                       303    -11      240
  SINCE DEC 1    292                       303    -11      240
  SINCE JUL 1   1438                      1581   -143     1228

 COOLING
  TODAY            0                         0      0        0
  MONTH TO DATE    0                         0      0        0
  SINCE DEC 1      0                         0      0        0
  SINCE JAN 1   1053                       672    381      964
..................................................................


WIND (MPH)
  HIGHEST WIND SPEED     8   HIGHEST WIND DIRECTION     W (280)
  HIGHEST GUST SPEED    MM   HIGHEST GUST DIRECTION    MM
  AVERAGE WIND SPEED     2.6


SKY COVER
  AVERAGE SKY COVER 0.3



RELATIVE HUMIDITY (PERCENT)
 HIGHEST    88           400 AM
 LOWEST     43           300 PM
 AVERAGE    66

..........................................................


THE POUGHKEEPSIE NY CLIMATE NORMALS FOR TOMORROW
                         NORMAL    RECORD    YEAR
 MAXIMUM TEMPERATURE (F)   42        63      1966
 MINIMUM TEMPERATURE (F)   24        -5      1958


SUNRISE AND SUNSET
DECEMBER 10 2016......SUNRISE   712 AM EST   SUNSET   425 PM EST
DECEMBER 11 2016......SUNRISE   713 AM EST   SUNSET   425 PM EST


-  INDICATES NEGATIVE NUMBERS.
R  INDICATES RECORD WAS SET OR TIED.
MM INDICATES DATA IS MISSING.
T  INDICATES TRACE AMOUNT.




RECORDS FOR KPOU DATE BACK TO 1949...
HOWEVER...DATA IS MISSING FROM JANUARY 1993 - JULY 2000.
$$
