000
CDUS41 KALY 280623
CLIPOU


CLIMATE REPORT
NATIONAL WEATHER SERVICE ALBANY NY
222 AM EDT TUE JUL 28 2015


...................................

...THE POUGHKEEPSIE NY CLIMATE SUMMARY FOR JULY 27 2015...

CLIMATE NORMAL PERIOD 1981 TO 2010
CLIMATE RECORD PERIOD 1949 TO 2015


WEATHER ITEM   OBSERVED TIME   RECORD YEAR NORMAL DEPARTURE LAST
                VALUE   (LST)  VALUE       VALUE  FROM      YEAR
                                                  NORMAL
..................................................................
TEMPERATURE (F)
 YESTERDAY
  MAXIMUM         88    106 PM  97    2005  85      3       86
  MINIMUM         67    457 AM  47    1977  61      6       65
  AVERAGE         78                        73      5       76

PRECIPITATION (IN)
  YESTERDAY        0.00          1.33 1974   0.16  -0.16     0.43
  MONTH TO DATE    1.74                      3.98  -2.24     4.91
  SINCE JUN 1      5.87                      8.41  -2.54     7.20
  SINCE JAN 1     16.54                     25.91  -9.37    21.23

DEGREE DAYS
 HEATING
  YESTERDAY        0                         0      0        0
  MONTH TO DATE    0                         0      0        0
  SINCE JUN 1     46                        49     -3        7
  SINCE JUL 1      0                         0      0        0

 COOLING
  YESTERDAY       13                         8      5       11
  MONTH TO DATE  228                       208     20      245
  SINCE JUN 1    361                       335     26      383
  SINCE JAN 1    474                       371    103      416
..................................................................


WIND (MPH)
  HIGHEST WIND SPEED    12   HIGHEST WIND DIRECTION    SW (240)
  HIGHEST GUST SPEED    17   HIGHEST GUST DIRECTION    SW (230)
  AVERAGE WIND SPEED     2.9


SKY COVER
  AVERAGE SKY COVER 0.1



RELATIVE HUMIDITY (PERCENT)
 HIGHEST    97          1200 AM
 LOWEST     48           100 PM
 AVERAGE    73

..........................................................


THE POUGHKEEPSIE NY CLIMATE NORMALS FOR TODAY
                         NORMAL    RECORD    YEAR
 MAXIMUM TEMPERATURE (F)   85        96      1949
 MINIMUM TEMPERATURE (F)   61        47      1977


SUNRISE AND SUNSET
JULY 28 2015..........SUNRISE   546 AM EDT   SUNSET   818 PM EDT
JULY 29 2015..........SUNRISE   547 AM EDT   SUNSET   817 PM EDT


-  INDICATES NEGATIVE NUMBERS.
R  INDICATES RECORD WAS SET OR TIED.
MM INDICATES DATA IS MISSING.
T  INDICATES TRACE AMOUNT.




RECORDS FOR KPOU DATE BACK TO 1949...
HOWEVER...DATA IS MISSING FROM JANUARY 1993 - JULY 2000.
$$
