000
CDUS46 KLOX 270858
CLIPRB


CLIMATE REPORT
NATIONAL WEATHER SERVICE LOS ANGELES/OXNARD CA
158 AM PDT FRI MAY 27 2016


...................................

...THE PASO ROBLES AIRPORT CA CLIMATE SUMMARY FOR MAY 26 2016...

CLIMATE NORMAL PERIOD 1981 TO 2010
CLIMATE RECORD PERIOD 1948 TO 2016


WEATHER ITEM   OBSERVED TIME   RECORD YEAR NORMAL DEPARTURE LAST
                VALUE   (LST)  VALUE       VALUE  FROM      YEAR
                                                  NORMAL
..................................................................
TEMPERATURE (F)
 YESTERDAY
  MAXIMUM         81    116 PM 103    1974  83     -2       75
  MINIMUM         51    427 AM  36    1980  48      3       50
  AVERAGE         66                        65      1       63

PRECIPITATION (IN)
  YESTERDAY        0.00          0.02 2010   0.00   0.00     0.00
  MONTH TO DATE    T                         0.24  -0.24     0.15
  SINCE OCT 1      8.06                     12.41  -4.35     8.63
  SINCE JAN 1      6.00                      8.75  -2.75     2.91

SNOWFALL (IN)
  YESTERDAY        0.0
  MONTH TO DATE    0.0
  SINCE MAR 1      0.0
  SINCE JUL 1      0.0

DEGREE DAYS
 HEATING
  YESTERDAY        0                         2     -2        2
  MONTH TO DATE   69                        98    -29      115
  SINCE MAR 1    471                       717   -246      443
  SINCE JUL 1   2258                      2810   -552     1803

 COOLING
  YESTERDAY        1                         3     -2        0
  MONTH TO DATE   29                        44    -15        8
  SINCE MAR 1     34                        53    -19       48
  SINCE JAN 1     34                        53    -19       48
..................................................................


WIND (MPH)
  HIGHEST WIND SPEED    22   HIGHEST WIND DIRECTION    SW (210)
  HIGHEST GUST SPEED    26   HIGHEST GUST DIRECTION    SW (210)
  AVERAGE WIND SPEED    10.1


SKY COVER
  POSSIBLE SUNSHINE  MM
  AVERAGE SKY COVER 0.3


WEATHER CONDITIONS
 THE FOLLOWING WEATHER WAS RECORDED YESTERDAY.
  NO SIGNIFICANT WEATHER WAS OBSERVED.


RELATIVE HUMIDITY (PERCENT)
 HIGHEST    89           100 AM
 LOWEST     25           100 PM
 AVERAGE    57

..........................................................


THE PASO ROBLES AIRPORT CA CLIMATE NORMALS FOR TODAY
                         NORMAL    RECORD    YEAR
 MAXIMUM TEMPERATURE (F)   83        99      2003
 MINIMUM TEMPERATURE (F)   48        38      1980


SUNRISE AND SUNSET
MAY 27 2016...........SUNRISE   550 AM PDT   SUNSET   810 PM PDT
MAY 28 2016...........SUNRISE   549 AM PDT   SUNSET   811 PM PDT


-  INDICATES NEGATIVE NUMBERS.
R  INDICATES RECORD WAS SET OR TIED.
MM INDICATES DATA IS MISSING.
T  INDICATES TRACE AMOUNT.




$$
