000
CDUS46 KLOX 310900
CLIPRB


CLIMATE REPORT
NATIONAL WEATHER SERVICE LOS ANGELES/OXNARD CA
200 AM PDT FRI OCT 31 2014


...................................

...THE PASO ROBLES AIRPORT CA CLIMATE SUMMARY FOR OCTOBER 30 2014...

CLIMATE NORMAL PERIOD 1981 TO 2010
CLIMATE RECORD PERIOD 1948 TO 2014


WEATHER ITEM   OBSERVED TIME   RECORD YEAR NORMAL DEPARTURE LAST
                VALUE   (LST)  VALUE       VALUE  FROM      YEAR
                                                  NORMAL
..................................................................
TEMPERATURE (F)
 YESTERDAY
  MAXIMUM         82    105 PM  91    1966  74      8       69
  MINIMUM         47    615 AM  21    1971  41      6       35
  AVERAGE         65                        58      7       52

PRECIPITATION (IN)
  YESTERDAY        0.00          0.47 1982   0.04  -0.04     0.00
  MONTH TO DATE    T                         0.59  -0.59     0.02
  SINCE JUL 1      T                         0.92  -0.92     0.02
  SINCE JAN 1      4.46                      9.71  -5.25     1.48

SNOWFALL (IN)
  YESTERDAY        0.0
  MONTH TO DATE    0.0
  SINCE SEP 1      0.0
  SINCE JUL 1      0.0

DEGREE DAYS
 HEATING
  YESTERDAY        0                         8     -8       13
  MONTH TO DATE   39                       130    -91      128
  SINCE SEP 1     40                       154   -114      139
  SINCE JUL 1     40                       162   -122      139

 COOLING
  YESTERDAY        0                         0      0        0
  MONTH TO DATE  104                        34     70        5
  SINCE SEP 1    349                       192    157      199
  SINCE JAN 1   1356                       925    431     1173
..................................................................


WIND (MPH)
  HIGHEST WIND SPEED    18   HIGHEST WIND DIRECTION    SW (230)
  HIGHEST GUST SPEED    22   HIGHEST GUST DIRECTION    SW (220)
  AVERAGE WIND SPEED     2.8


SKY COVER
  POSSIBLE SUNSHINE  MM
  AVERAGE SKY COVER 0.0


WEATHER CONDITIONS
 THE FOLLOWING WEATHER WAS RECORDED YESTERDAY.
  NO SIGNIFICANT WEATHER WAS OBSERVED.


RELATIVE HUMIDITY (PERCENT)
 HIGHEST    72          1100 PM
 LOWEST     21           100 PM
 AVERAGE    47

..........................................................


THE PASO ROBLES AIRPORT CA CLIMATE NORMALS FOR TODAY
                         NORMAL    RECORD    YEAR
 MAXIMUM TEMPERATURE (F)   74        94      1949
 MINIMUM TEMPERATURE (F)   41        28      1961


SUNRISE AND SUNSET
OCTOBER 31 2014.......SUNRISE   724 AM PDT   SUNSET   608 PM PDT
NOVEMBER  1 2014......SUNRISE   725 AM PDT   SUNSET   607 PM PDT


-  INDICATES NEGATIVE NUMBERS.
R  INDICATES RECORD WAS SET OR TIED.
MM INDICATES DATA IS MISSING.
T  INDICATES TRACE AMOUNT.




$$
