000
CDUS46 KLOX 210911
CLIPRB


CLIMATE REPORT
NATIONAL WEATHER SERVICE LOS ANGELES/OXNARD CA
111 AM PST WED FEB 21 2018


...................................

...THE PASO ROBLES AIRPORT CA CLIMATE SUMMARY FOR FEBRUARY 20 2018...

CLIMATE NORMAL PERIOD 1981 TO 2010
CLIMATE RECORD PERIOD 1948 TO 2018


WEATHER ITEM   OBSERVED TIME   RECORD YEAR NORMAL DEPARTURE LAST
                VALUE   (LST)  VALUE       VALUE  FROM      YEAR
                                                  NORMAL
..................................................................
TEMPERATURE (F)
 YESTERDAY
  MAXIMUM         56    353 PM  80    1991  63     -7       61
  MINIMUM         22    612 AM  19    1953  39    -17       52
  AVERAGE         39                        51    -12       57

PRECIPITATION (IN)
  YESTERDAY        0.00          0.80 1979   0.10  -0.10     0.21
  MONTH TO DATE    T                         1.80  -1.80     3.75
  SINCE OCT 1      2.30                      8.21  -5.91    14.34
  SINCE JAN 1      2.03                      4.55  -2.52    10.66

SNOWFALL (IN)
  YESTERDAY        0.0
  MONTH TO DATE    0.0
  SINCE DEC 1      0.0
  SINCE JUL 1      0.0

DEGREE DAYS
 HEATING
  YESTERDAY       26                        14     12        8
  MONTH TO DATE  238                       308    -70      221
  SINCE DEC 1   1141                      1435   -294     1272
  SINCE JUL 1   1518                      1984   -466     1656

 COOLING
  YESTERDAY        0                         0      0        0
  MONTH TO DATE    0                         0      0        0
  SINCE DEC 1      0                         0      0        0
  SINCE JAN 1      0                         0      0        0
..................................................................


WIND (MPH)
  HIGHEST WIND SPEED    14   HIGHEST WIND DIRECTION    NW (320)
  HIGHEST GUST SPEED    18   HIGHEST GUST DIRECTION    NW (310)
  AVERAGE WIND SPEED     4.7


SKY COVER
  POSSIBLE SUNSHINE  MM
  AVERAGE SKY COVER 0.0


WEATHER CONDITIONS
 THE FOLLOWING WEATHER WAS RECORDED YESTERDAY.
  NO SIGNIFICANT WEATHER WAS OBSERVED.


RELATIVE HUMIDITY (PERCENT)
 HIGHEST    92           500 AM
 LOWEST     14           300 PM
 AVERAGE    53

..........................................................


THE PASO ROBLES AIRPORT CA CLIMATE NORMALS FOR TODAY
                         NORMAL    RECORD    YEAR
 MAXIMUM TEMPERATURE (F)   63        79      1991
 MINIMUM TEMPERATURE (F)   39        22      1953


SUNRISE AND SUNSET
FEBRUARY 21 2018......SUNRISE   642 AM PST   SUNSET   550 PM PST
FEBRUARY 22 2018......SUNRISE   641 AM PST   SUNSET   551 PM PST


-  INDICATES NEGATIVE NUMBERS.
R  INDICATES RECORD WAS SET OR TIED.
MM INDICATES DATA IS MISSING.
T  INDICATES TRACE AMOUNT.




$$
