000
CDUS46 KLOX 300118
CLIPRB


CLIMATE REPORT
NATIONAL WEATHER SERVICE LOS ANGELES/OXNARD CA
618 PM PDT MON JUN 29 2015


...................................

...THE PASO ROBLES AIRPORT CA CLIMATE SUMMARY FOR JUNE 29 2015...
VALID TODAY AS OF 0600 PM LOCAL TIME.

CLIMATE NORMAL PERIOD 1981 TO 2010
CLIMATE RECORD PERIOD 1948 TO 2015


WEATHER ITEM   OBSERVED TIME   RECORD YEAR NORMAL DEPARTURE LAST
                VALUE   (LST)  VALUE       VALUE  FROM      YEAR
                                                  NORMAL
..................................................................
TEMPERATURE (F)
 TODAY
  MAXIMUM        105    343 PM 111    2013  91     14      104
  MINIMUM         57    507 AM  43    1989  53      4       56
  AVERAGE         81                        72      9       80

PRECIPITATION (IN)
  TODAY            0.00          0.02 1982   0.00   0.00     0.00
  MONTH TO DATE    0.18                      0.02   0.16     0.00
  SINCE OCT 1      8.81                     12.45  -3.64     4.92
  SINCE JAN 1      3.09                      8.79  -5.70     4.46

SNOWFALL (IN)
  TODAY            0.0
  MONTH TO DATE    0.0
  SINCE JUN 1      0.0
  SINCE JUL 1      0.0

DEGREE DAYS
 HEATING
  TODAY            0                         0      0        0
  MONTH TO DATE    8                        27    -19       11
  SINCE JUN 1      8                        27    -19       11
  SINCE JUL 1   1811                      2849  -1038     2117

 COOLING
  TODAY           16                         7      9       15
  MONTH TO DATE  243                       135    108      202
  SINCE JUN 1    243                       135    108      202
  SINCE JAN 1    314                       203    111      355
..................................................................


WIND (MPH)
  HIGHEST WIND SPEED    15   HIGHEST WIND DIRECTION    SW (210)
  HIGHEST GUST SPEED    20   HIGHEST GUST DIRECTION    NW (310)
  AVERAGE WIND SPEED     6.5


SKY COVER
  POSSIBLE SUNSHINE  MM
  AVERAGE SKY COVER 0.0


WEATHER CONDITIONS
 THE FOLLOWING WEATHER WAS RECORDED TODAY.
  NO SIGNIFICANT WEATHER WAS OBSERVED.


RELATIVE HUMIDITY (PERCENT)
 HIGHEST    93           400 AM
 LOWEST     15           300 PM
 AVERAGE    54

..........................................................


THE PASO ROBLES AIRPORT CA CLIMATE NORMALS FOR TOMORROW
                         NORMAL    RECORD    YEAR
 MAXIMUM TEMPERATURE (F)   91       110      2013
 MINIMUM TEMPERATURE (F)   53        44      1958


SUNRISE AND SUNSET
JUNE 29 2015..........SUNRISE   549 AM PDT   SUNSET   822 PM PDT
JUNE 30 2015..........SUNRISE   550 AM PDT   SUNSET   822 PM PDT


-  INDICATES NEGATIVE NUMBERS.
R  INDICATES RECORD WAS SET OR TIED.
MM INDICATES DATA IS MISSING.
T  INDICATES TRACE AMOUNT.




$$
