000
CDUS46 KLOX 200901
CLIPRB


CLIMATE REPORT
NATIONAL WEATHER SERVICE LOS ANGELES/OXNARD CA
201 AM PDT WED AUG 20 2014


...................................

...THE PASO ROBLES AIRPORT CA CLIMATE SUMMARY FOR AUGUST 19 2014...

CLIMATE NORMAL PERIOD 1981 TO 2010
CLIMATE RECORD PERIOD 1948 TO 2014


WEATHER ITEM   OBSERVED TIME   RECORD YEAR NORMAL DEPARTURE LAST
                VALUE   (LST)  VALUE       VALUE  FROM      YEAR
                                                  NORMAL
..................................................................
TEMPERATURE (F)
 YESTERDAY
  MAXIMUM         75    228 PM 109    1992  93    -18       95
  MINIMUM         56   1159 PM  44    1996  53      3       60
  AVERAGE         66                        73     -7       78

PRECIPITATION (IN)
  YESTERDAY        0.00          0.89 1976   0.00   0.00     0.00
  MONTH TO DATE    0.00                      0.05  -0.05     0.00
  SINCE JUL 1      T                         0.05  -0.05      T
  SINCE JAN 1      4.46                      8.84  -4.38     1.46

SNOWFALL (IN)
  YESTERDAY        0.0
  MONTH TO DATE    0.0
  SINCE JUN 1      0.0
  SINCE JUL 1      0.0

DEGREE DAYS
 HEATING
  YESTERDAY        0                         0      0        0
  MONTH TO DATE    0                         0      0        0
  SINCE JUN 1     11                        31    -20        5
  SINCE JUL 1      0                         4     -4        0

 COOLING
  YESTERDAY        1                         8     -7       13
  MONTH TO DATE  187                       165     22      175
  SINCE JUN 1    763                       574    189      720
  SINCE JAN 1    916                       642    274      850
..................................................................


WIND (MPH)
  HIGHEST WIND SPEED    24   HIGHEST WIND DIRECTION    SW (210)
  HIGHEST GUST SPEED    29   HIGHEST GUST DIRECTION     S (190)
  AVERAGE WIND SPEED     9.6


SKY COVER
  POSSIBLE SUNSHINE  MM
  AVERAGE SKY COVER 0.4


WEATHER CONDITIONS
 THE FOLLOWING WEATHER WAS RECORDED YESTERDAY.
  NO SIGNIFICANT WEATHER WAS OBSERVED.


RELATIVE HUMIDITY (PERCENT)
 HIGHEST    87           200 AM
 LOWEST     53           100 PM
 AVERAGE    70

..........................................................


THE PASO ROBLES AIRPORT CA CLIMATE NORMALS FOR TODAY
                         NORMAL    RECORD    YEAR
 MAXIMUM TEMPERATURE (F)   93       107      1992
 MINIMUM TEMPERATURE (F)   53        46      1978


SUNRISE AND SUNSET
AUGUST 20 2014........SUNRISE   625 AM PDT   SUNSET   746 PM PDT
AUGUST 21 2014........SUNRISE   626 AM PDT   SUNSET   744 PM PDT


-  INDICATES NEGATIVE NUMBERS.
R  INDICATES RECORD WAS SET OR TIED.
MM INDICATES DATA IS MISSING.
T  INDICATES TRACE AMOUNT.




$$
