000
CDUS46 KLOX 110906
CLIPRB


CLIMATE REPORT
NATIONAL WEATHER SERVICE LOS ANGELES/OXNARD CA
106 AM PST THU FEB 11 2016


...................................

...THE PASO ROBLES AIRPORT CA CLIMATE SUMMARY FOR FEBRUARY 10 2016...

CLIMATE NORMAL PERIOD 1981 TO 2010
CLIMATE RECORD PERIOD 1948 TO 2016


WEATHER ITEM   OBSERVED TIME   RECORD YEAR NORMAL DEPARTURE LAST
                VALUE   (LST)  VALUE       VALUE  FROM      YEAR
                                                  NORMAL
..................................................................
TEMPERATURE (F)
 YESTERDAY
  MAXIMUM         78    350 PM  79    2006  61     17       67
  MINIMUM         37    716 AM  22    1965  38     -1       45
  AVERAGE         58                        50      8       56

PRECIPITATION (IN)
  YESTERDAY        0.00          1.38 1962   0.09  -0.09     0.00
  MONTH TO DATE    0.00                      0.90  -0.90     1.71
  SINCE OCT 1      5.55                      7.31  -1.76     7.67
  SINCE JAN 1      3.49                      3.65  -0.16     1.95

SNOWFALL (IN)
  YESTERDAY        0.0
  MONTH TO DATE    0.0
  SINCE DEC 1      0.0
  SINCE JUL 1      0.0

DEGREE DAYS
 HEATING
  YESTERDAY        7                        16     -9        9
  MONTH TO DATE  150                       161    -11       83
  SINCE DEC 1   1179                      1288   -109      910
  SINCE JUL 1   1615                      1837   -222     1189

 COOLING
  YESTERDAY        0                         0      0        0
  MONTH TO DATE    0                         0      0        0
  SINCE DEC 1      0                         0      0        0
  SINCE JAN 1      0                         0      0        0
..................................................................


WIND (MPH)
  HIGHEST WIND SPEED    13   HIGHEST WIND DIRECTION     E (90)
  HIGHEST GUST SPEED    17   HIGHEST GUST DIRECTION    NE (40)
  AVERAGE WIND SPEED     4.2


SKY COVER
  POSSIBLE SUNSHINE  MM
  AVERAGE SKY COVER 0.0


WEATHER CONDITIONS
 THE FOLLOWING WEATHER WAS RECORDED YESTERDAY.
  FOG


RELATIVE HUMIDITY (PERCENT)
 HIGHEST   100           400 AM
 LOWEST     33           300 PM
 AVERAGE    67

..........................................................


THE PASO ROBLES AIRPORT CA CLIMATE NORMALS FOR TODAY
                         NORMAL    RECORD    YEAR
 MAXIMUM TEMPERATURE (F)   61        76      2006
 MINIMUM TEMPERATURE (F)   38        25      1966


SUNRISE AND SUNSET
FEBRUARY 11 2016......SUNRISE   654 AM PST   SUNSET   540 PM PST
FEBRUARY 12 2016......SUNRISE   653 AM PST   SUNSET   541 PM PST


-  INDICATES NEGATIVE NUMBERS.
R  INDICATES RECORD WAS SET OR TIED.
MM INDICATES DATA IS MISSING.
T  INDICATES TRACE AMOUNT.




$$
