000
CDUS45 KFGZ 240059
CLIPRC
CLIMATE REPORT
NATIONAL WEATHER SERVICE FLAGSTAFF, AZ
558 PM MST MON OCT 23 2017


...................................

...THE PRESCOTT AZ AIRPORT CLIMATE SUMMARY FOR OCTOBER 23 2017...
VALID TODAY AS OF 0500 PM LOCAL TIME.

CLIMATE NORMAL PERIOD 1981 TO 2010
CLIMATE RECORD PERIOD 1948 TO 2017


WEATHER ITEM   OBSERVED TIME   RECORD YEAR NORMAL DEPARTURE LAST
                VALUE   (LST)  VALUE       VALUE  FROM      YEAR
                                                  NORMAL
..................................................................
TEMPERATURE (F)
 TODAY
  MAXIMUM         86R   422 PM  85    2003  69     17       80
  MINIMUM         39    659 AM  24    1996  39      0       48
  AVERAGE         63                        54      9

PRECIPITATION (IN)
  TODAY            0.00          0.96 1987   0.03  -0.03
  MONTH TO DATE    0.00                      0.70  -0.70
  SINCE SEP 1      0.53                      2.21  -1.68
  SINCE JAN 1     12.38                     11.87   0.51

DEGREE DAYS
 HEATING
  TODAY            2                        11     -9
  SINCE JUL 1    166                       207    -41

 COOLING
  TODAY            0                         0      0
  SINCE JAN 1   1145                       940    205
..................................................................


WIND (MPH)
  HIGHEST WIND SPEED    13   HIGHEST WIND DIRECTION     N (340)
  HIGHEST GUST SPEED    18   HIGHEST GUST DIRECTION     N (360)
  AVERAGE WIND SPEED     5.6


SKY COVER
  POSSIBLE SUNSHINE  MM
  AVERAGE SKY COVER 0.0


WEATHER CONDITIONS
 THE FOLLOWING WEATHER WAS RECORDED TODAY.
  NO SIGNIFICANT WEATHER WAS OBSERVED.


RELATIVE HUMIDITY (PERCENT)
 HIGHEST    53           100 AM
 LOWEST      9           100 PM

..........................................................


THE PRESCOTT AZ AIRPORT CLIMATE NORMALS FOR TOMORROW
                         NORMAL    RECORD    YEAR
 MAXIMUM TEMPERATURE (F)   69        88      1959
 MINIMUM TEMPERATURE (F)   39        23      1975


SUNRISE AND SUNSET
OCTOBER 23 2017.......SUNRISE   642 AM MST   SUNSET   545 PM MST
OCTOBER 24 2017.......SUNRISE   643 AM MST   SUNSET   544 PM MST


-  INDICATES NEGATIVE NUMBERS.
R  INDICATES RECORD WAS SET OR TIED.
MM INDICATES DATA IS MISSING.
T  INDICATES TRACE AMOUNT.




$$
