000
CDUS45 KFGZ 230737
CLIPRC
CLIMATE REPORT
NATIONAL WEATHER SERVICE FLAGSTAFF, AZ
1236 AM MST FRI JUN 23 2017


...................................

...THE PRESCOTT AZ AIRPORT CLIMATE SUMMARY FOR JUNE 22 2017...

CLIMATE NORMAL PERIOD 1981 TO 2010
CLIMATE RECORD PERIOD 1948 TO 2017


WEATHER ITEM   OBSERVED TIME   RECORD YEAR NORMAL DEPARTURE LAST
                VALUE   (LST)  VALUE       VALUE  FROM      YEAR
                                                  NORMAL
..................................................................
TEMPERATURE (F)
 YESTERDAY
  MAXIMUM        100    256 PM 102    1954  88     12       95
  MINIMUM         68    553 AM  46    1991  57     11       72
  AVERAGE         84                        73     11

PRECIPITATION (IN)
  YESTERDAY        0.00          0.08 2005   0.02  -0.02      T
  MONTH TO DATE    0.00                      0.23  -0.23     0.04
  SINCE SEP 1     11.65                      9.08   2.57     7.31
  SINCE JAN 1      4.90                      4.77   0.13     3.82

DEGREE DAYS
 HEATING
  YESTERDAY        0                                0
  MONTH TO DATE    6                              -10
  SINCE JUL 1   3543                             -736

 COOLING
  YESTERDAY       19                               11
  MONTH TO DATE  204                               89
  SINCE JAN 1    237                               80
..................................................................


WIND (MPH)
  HIGHEST WIND SPEED    26   HIGHEST WIND DIRECTION     W (250)
  HIGHEST GUST SPEED    33   HIGHEST GUST DIRECTION    SW (240)
  AVERAGE WIND SPEED    10.5


SKY COVER
  AVERAGE SKY COVER 0.0


WEATHER CONDITIONS
 THE FOLLOWING WEATHER WAS RECORDED YESTERDAY.
  HAZE


RELATIVE HUMIDITY (PERCENT)
 HIGHEST    30
 LOWEST      8

..........................................................


THE PRESCOTT AZ AIRPORT CLIMATE NORMALS FOR TODAY
                         NORMAL    RECORD    YEAR
 MAXIMUM TEMPERATURE (F)   89        98      2006
 MINIMUM TEMPERATURE (F)   57        45      1948


SUNRISE AND SUNSET
JUNE 23 2017..........SUNRISE   518 AM MST   SUNSET   746 PM MST
JUNE 24 2017..........SUNRISE   518 AM MST   SUNSET   747 PM MST


-  INDICATES NEGATIVE NUMBERS.
R  INDICATES RECORD WAS SET OR TIED.
MM INDICATES DATA IS MISSING.
T  INDICATES TRACE AMOUNT.




$$
