000
CDUS45 KFGZ 060112
CLIPRC
CLIMATE REPORT
NATIONAL WEATHER SERVICE FLAGSTAFF, AZ
610 PM MST FRI FEB 5 2016


...................................

...THE PRESCOTT AZ AIRPORT CLIMATE SUMMARY FOR FEBRUARY 5 2016...
VALID TODAY AS OF 0500 PM LOCAL TIME.

CLIMATE NORMAL PERIOD 1981 TO 2010
CLIMATE RECORD PERIOD 1948 TO 2016


WEATHER ITEM   OBSERVED TIME   RECORD YEAR NORMAL DEPARTURE LAST
                VALUE   (LST)  VALUE       VALUE  FROM      YEAR
                                                  NORMAL
..................................................................
TEMPERATURE (F)
 TODAY
  MAXIMUM         50    446 PM  76    1963  54     -4       72
  MINIMUM         23    720 AM  -1    1985  27     -4       31
  AVERAGE         37                        40     -3

PRECIPITATION (IN)
  TODAY            0.00          0.90 1976   0.04  -0.04
  MONTH TO DATE    0.09                      0.20  -0.11
  SINCE SEP 1      4.97                      5.63  -0.66
  SINCE JAN 1      1.48                      1.32   0.16

DEGREE DAYS
 HEATING
  TODAY           28                        25      3
  SINCE JUL 1   2596                      2642    -46

 COOLING
  TODAY            0                         0      0
  SINCE JAN 1      0                         0      0
..................................................................


WIND (MPH)
  HIGHEST WIND SPEED    12   HIGHEST WIND DIRECTION    NE (30)
  HIGHEST GUST SPEED    14   HIGHEST GUST DIRECTION    NE (50)
  AVERAGE WIND SPEED     4.3


SKY COVER
  POSSIBLE SUNSHINE  MM
  AVERAGE SKY COVER 0.0


WEATHER CONDITIONS
 THE FOLLOWING WEATHER WAS RECORDED TODAY.
  NO SIGNIFICANT WEATHER WAS OBSERVED.


RELATIVE HUMIDITY (PERCENT)
 HIGHEST    75           300 AM
 LOWEST     21           400 PM

..........................................................


THE PRESCOTT AZ AIRPORT CLIMATE NORMALS FOR TOMORROW
                         NORMAL    RECORD    YEAR
 MAXIMUM TEMPERATURE (F)   54        77      1963
 MINIMUM TEMPERATURE (F)   27         6      1989


SUNRISE AND SUNSET
FEBRUARY  5 2016......SUNRISE   725 AM MST   SUNSET   603 PM MST
FEBRUARY  6 2016......SUNRISE   724 AM MST   SUNSET   604 PM MST


-  INDICATES NEGATIVE NUMBERS.
R  INDICATES RECORD WAS SET OR TIED.
MM INDICATES DATA IS MISSING.
T  INDICATES TRACE AMOUNT.




$$
