000
CDUS45 KFGZ 160808
CLIPRC
CLIMATE REPORT
NATIONAL WEATHER SERVICE FLAGSTAFF, AZ
105 AM MST WED AUG 16 2017


...................................

...THE PRESCOTT AZ AIRPORT CLIMATE SUMMARY FOR AUGUST 15 2017...

CLIMATE NORMAL PERIOD 1981 TO 2010
CLIMATE RECORD PERIOD 1948 TO 2017


WEATHER ITEM   OBSERVED TIME   RECORD YEAR NORMAL DEPARTURE LAST
                VALUE   (LST)  VALUE       VALUE  FROM      YEAR
                                                  NORMAL
..................................................................
TEMPERATURE (F)
 YESTERDAY
  MAXIMUM         81    426 PM  99    1996  87     -6       91
  MINIMUM         56    227 AM  45    1968  61     -5       65
  AVERAGE         69                        74     -5

PRECIPITATION (IN)
  YESTERDAY        0.00          0.42 1984   0.09  -0.09     0.01
  MONTH TO DATE    2.19                      1.35   0.84     3.14
  SINCE SEP 1     18.36                     12.70   5.66    11.53
  SINCE JAN 1     11.61                      8.39   3.22     8.04

DEGREE DAYS
 HEATING
  YESTERDAY        0                                0
  MONTH TO DATE    0                                0
  SINCE JUL 1      0                                0

 COOLING
  YESTERDAY        4                               -5
  MONTH TO DATE  128                              -13
  SINCE JAN 1    870                              174
..................................................................


WIND (MPH)
  HIGHEST WIND SPEED    18   HIGHEST WIND DIRECTION    SW (220)
  HIGHEST GUST SPEED    24   HIGHEST GUST DIRECTION     S (200)
  AVERAGE WIND SPEED     7.6


SKY COVER
  AVERAGE SKY COVER 0.0


WEATHER CONDITIONS
 THE FOLLOWING WEATHER WAS RECORDED YESTERDAY.
  NO SIGNIFICANT WEATHER WAS OBSERVED.


RELATIVE HUMIDITY (PERCENT)
 HIGHEST    57
 LOWEST     12

..........................................................


THE PRESCOTT AZ AIRPORT CLIMATE NORMALS FOR TODAY
                         NORMAL    RECORD    YEAR
 MAXIMUM TEMPERATURE (F)   87        96      2015
 MINIMUM TEMPERATURE (F)   61        49      1987


SUNRISE AND SUNSET
AUGUST 16 2017........SUNRISE   551 AM MST   SUNSET   716 PM MST
AUGUST 17 2017........SUNRISE   552 AM MST   SUNSET   715 PM MST


-  INDICATES NEGATIVE NUMBERS.
R  INDICATES RECORD WAS SET OR TIED.
MM INDICATES DATA IS MISSING.
T  INDICATES TRACE AMOUNT.




$$
