000
CDUS45 KFGZ 220753
CLIPRC
CLIMATE REPORT
NATIONAL WEATHER SERVICE FLAGSTAFF, AZ
1252 AM MST FRI AUG 22 2014


...................................

...THE PRESCOTT AZ AIRPORT CLIMATE SUMMARY FOR AUGUST 21 2014...

CLIMATE NORMAL PERIOD 1981 TO 2010
CLIMATE RECORD PERIOD 1948 TO 2014


WEATHER ITEM   OBSERVED TIME   RECORD YEAR NORMAL DEPARTURE LAST
                VALUE   (LST)  VALUE       VALUE  FROM      YEAR
                                                  NORMAL
..................................................................
TEMPERATURE (F)
 YESTERDAY
  MAXIMUM         72    420 PM  96    2007  86    -14       80
  MINIMUM         56    559 AM  48    1990  60     -4       67
  AVERAGE         64                        73     -9

PRECIPITATION (IN)
  YESTERDAY        0.02          0.93 1988   0.08  -0.06      T
  MONTH TO DATE    3.65                      1.86   1.79     0.26
  SINCE SEP 1     11.17                     13.21  -2.04     8.05
  SINCE JAN 1      6.45                      8.90  -2.45     6.09

DEGREE DAYS
 HEATING
  YESTERDAY        1                                1
  MONTH TO DATE    3                                3
  SINCE JUL 1      3                                3

 COOLING
  YESTERDAY        0                               -8
  MONTH TO DATE  163                              -28
  SINCE JAN 1    843                               97
..................................................................


WIND (MPH)
  HIGHEST WIND SPEED    23   HIGHEST WIND DIRECTION    SW (220)
  HIGHEST GUST SPEED    29   HIGHEST GUST DIRECTION    SW (220)
  AVERAGE WIND SPEED     6.4


SKY COVER
  AVERAGE SKY COVER 0.3


WEATHER CONDITIONS
 THE FOLLOWING WEATHER WAS RECORDED YESTERDAY.
  THUNDERSTORM
  RAIN
  LIGHT RAIN


RELATIVE HUMIDITY (PERCENT)
 HIGHEST    80
 LOWEST     53

..........................................................


THE PRESCOTT AZ AIRPORT CLIMATE NORMALS FOR TODAY
                         NORMAL    RECORD    YEAR
 MAXIMUM TEMPERATURE (F)   86        96      2011
 MINIMUM TEMPERATURE (F)   60        44      1968


SUNRISE AND SUNSET
AUGUST 22 2014........SUNRISE   556 AM MST   SUNSET   709 PM MST
AUGUST 23 2014........SUNRISE   556 AM MST   SUNSET   708 PM MST


-  INDICATES NEGATIVE NUMBERS.
R  INDICATES RECORD WAS SET OR TIED.
MM INDICATES DATA IS MISSING.
T  INDICATES TRACE AMOUNT.




$$
