000
CDUS45 KFGZ 170734
CLIPRC
CLIMATE REPORT
NATIONAL WEATHER SERVICE FLAGSTAFF, AZ
1233 AM MST TUE JAN 17 2017


...................................

...THE PRESCOTT AZ AIRPORT CLIMATE SUMMARY FOR JANUARY 16 2017...

CLIMATE NORMAL PERIOD 1981 TO 2010
CLIMATE RECORD PERIOD 1948 TO 2017


WEATHER ITEM   OBSERVED TIME   RECORD YEAR NORMAL DEPARTURE LAST
                VALUE   (LST)  VALUE       VALUE  FROM      YEAR
                                                  NORMAL
..................................................................
TEMPERATURE (F)
 YESTERDAY
  MAXIMUM         51    310 PM  68    1974  52     -1       52
  MINIMUM         32   1157 PM   8    2007  26      6       22
  AVERAGE         42                        39      3

PRECIPITATION (IN)
  YESTERDAY        0.00          0.57 1993   0.04  -0.04     0.00
  MONTH TO DATE    0.65                      0.62   0.03     1.07
  SINCE SEP 1      7.40                      4.93   2.47     4.56
  SINCE JAN 1      0.65                      0.62   0.03     1.07

DEGREE DAYS
 HEATING
  YESTERDAY       23                               -3
  MONTH TO DATE  359                              -69
  SINCE JUL 1   1746                             -385

 COOLING
  YESTERDAY        0                                0
  MONTH TO DATE    0                                0
  SINCE JAN 1      0                                0
..................................................................


WIND (MPH)
  HIGHEST WIND SPEED    12   HIGHEST WIND DIRECTION     W (250)
  HIGHEST GUST SPEED    14   HIGHEST GUST DIRECTION    SW (240)
  AVERAGE WIND SPEED     3.0


SKY COVER
  AVERAGE SKY COVER 0.6


WEATHER CONDITIONS
 THE FOLLOWING WEATHER WAS RECORDED YESTERDAY.
  NO SIGNIFICANT WEATHER WAS OBSERVED.


RELATIVE HUMIDITY (PERCENT)
 HIGHEST   100
 LOWEST     54

..........................................................


THE PRESCOTT AZ AIRPORT CLIMATE NORMALS FOR TODAY
                         NORMAL    RECORD    YEAR
 MAXIMUM TEMPERATURE (F)   52        73      1971
 MINIMUM TEMPERATURE (F)   26         8      1987


SUNRISE AND SUNSET
JANUARY 17 2017.......SUNRISE   736 AM MST   SUNSET   544 PM MST
JANUARY 18 2017.......SUNRISE   735 AM MST   SUNSET   545 PM MST


-  INDICATES NEGATIVE NUMBERS.
R  INDICATES RECORD WAS SET OR TIED.
MM INDICATES DATA IS MISSING.
T  INDICATES TRACE AMOUNT.




$$
