000
CDUS45 KFGZ 110741
CLIPRC
CLIMATE REPORT
NATIONAL WEATHER SERVICE FLAGSTAFF, AZ
1231 AM MST SUN DEC 11 2016


...................................

...THE PRESCOTT AZ AIRPORT CLIMATE SUMMARY FOR DECEMBER 10 2016...

CLIMATE NORMAL PERIOD 1981 TO 2010
CLIMATE RECORD PERIOD 1948 TO 2016


WEATHER ITEM   OBSERVED TIME   RECORD YEAR NORMAL DEPARTURE LAST
                VALUE   (LST)  VALUE       VALUE  FROM      YEAR
                                                  NORMAL
..................................................................
TEMPERATURE (F)
 YESTERDAY
  MAXIMUM         61    103 PM  71    1950  52      9       68
  MINIMUM         28    638 AM  10    2013  25      3       33
                                      1972
  AVERAGE         45                        38      7

PRECIPITATION (IN)
  YESTERDAY        0.00          0.96 1965   0.03  -0.03     0.00
  MONTH TO DATE    0.00                      0.30  -0.30     0.00
  SINCE SEP 1      4.09                      3.65   0.44     3.19
  SINCE JAN 1     14.85                     13.31   1.54    15.53

DEGREE DAYS
 HEATING
  YESTERDAY       20                               -6
  MONTH TO DATE  248                               -6
  SINCE JUL 1    883                             -245

 COOLING
  YESTERDAY        0                                0
  MONTH TO DATE    0                                0
  SINCE JAN 1   1092                              151
..................................................................


WIND (MPH)
  HIGHEST WIND SPEED    17   HIGHEST WIND DIRECTION    SW (210)
  HIGHEST GUST SPEED    23   HIGHEST GUST DIRECTION     S (200)
  AVERAGE WIND SPEED     6.5


SKY COVER
  AVERAGE SKY COVER 0.0


WEATHER CONDITIONS
 THE FOLLOWING WEATHER WAS RECORDED YESTERDAY.
  NO SIGNIFICANT WEATHER WAS OBSERVED.


RELATIVE HUMIDITY (PERCENT)
 HIGHEST   100
 LOWEST     35

..........................................................


THE PRESCOTT AZ AIRPORT CLIMATE NORMALS FOR TODAY
                         NORMAL    RECORD    YEAR
 MAXIMUM TEMPERATURE (F)   51        73      1950
 MINIMUM TEMPERATURE (F)   25         2      1949


SUNRISE AND SUNSET
DECEMBER 11 2016......SUNRISE   727 AM MST   SUNSET   519 PM MST
DECEMBER 12 2016......SUNRISE   728 AM MST   SUNSET   520 PM MST


-  INDICATES NEGATIVE NUMBERS.
R  INDICATES RECORD WAS SET OR TIED.
MM INDICATES DATA IS MISSING.
T  INDICATES TRACE AMOUNT.




$$
