000
CDUS45 KFGZ 160811
CLIPRC
CLIMATE REPORT
NATIONAL WEATHER SERVICE FLAGSTAFF, AZ
1247 AM MST TUE SEP 16 2014


...................................

...THE PRESCOTT AZ AIRPORT CLIMATE SUMMARY FOR SEPTEMBER 15 2014...

CLIMATE NORMAL PERIOD 1981 TO 2010
CLIMATE RECORD PERIOD 1948 TO 2014


WEATHER ITEM   OBSERVED TIME   RECORD YEAR NORMAL DEPARTURE LAST
                VALUE   (LST)  VALUE       VALUE  FROM      YEAR
                                                  NORMAL
..................................................................
TEMPERATURE (F)
 YESTERDAY
  MAXIMUM         87    255 PM  94    1956  82      5       84
  MINIMUM         58    528 AM  41    1970  54      4       53
  AVERAGE         73                        68      5

PRECIPITATION (IN)
  YESTERDAY        0.00          0.87 2001   0.05  -0.05     0.00
  MONTH TO DATE    1.23                      0.83   0.40     2.48
  SINCE SEP 1      1.23                      0.83   0.40     2.48
  SINCE JAN 1      8.70                     10.49  -1.79    10.70

DEGREE DAYS
 HEATING
  YESTERDAY        0                               -1
  MONTH TO DATE    0                               -4
  SINCE JUL 1      3                               -2

 COOLING
  YESTERDAY        8                                4
  MONTH TO DATE   84                                3
  SINCE JAN 1    978                               76
..................................................................


WIND (MPH)
  HIGHEST WIND SPEED    18   HIGHEST WIND DIRECTION    SE (130)
  HIGHEST GUST SPEED    25   HIGHEST GUST DIRECTION    SE (140)
  AVERAGE WIND SPEED     3.3


SKY COVER
  AVERAGE SKY COVER 0.2


WEATHER CONDITIONS
 THE FOLLOWING WEATHER WAS RECORDED YESTERDAY.
  NO SIGNIFICANT WEATHER WAS OBSERVED.


RELATIVE HUMIDITY (PERCENT)
 HIGHEST    78
 LOWEST     29

..........................................................


THE PRESCOTT AZ AIRPORT CLIMATE NORMALS FOR TODAY
                         NORMAL    RECORD    YEAR
 MAXIMUM TEMPERATURE (F)   82        94      1956
 MINIMUM TEMPERATURE (F)   53        41      1970


SUNRISE AND SUNSET
SEPTEMBER 16 2014.....SUNRISE   613 AM MST   SUNSET   635 PM MST
SEPTEMBER 17 2014.....SUNRISE   614 AM MST   SUNSET   634 PM MST


-  INDICATES NEGATIVE NUMBERS.
R  INDICATES RECORD WAS SET OR TIED.
MM INDICATES DATA IS MISSING.
T  INDICATES TRACE AMOUNT.




$$
