000
CDUS45 KFGZ 010739
CLIPRC
CLIMATE REPORT
NATIONAL WEATHER SERVICE FLAGSTAFF, AZ
1237 AM MST SUN MAR 1 2015


...................................

...THE PRESCOTT AZ AIRPORT CLIMATE SUMMARY FOR FEBRUARY 28 2015...

CLIMATE NORMAL PERIOD 1981 TO 2010
CLIMATE RECORD PERIOD 1948 TO 2015


WEATHER ITEM   OBSERVED TIME   RECORD YEAR NORMAL DEPARTURE LAST
                VALUE   (LST)  VALUE       VALUE  FROM      YEAR
                                                  NORMAL
..................................................................
TEMPERATURE (F)
 YESTERDAY
  MAXIMUM         54    245 PM  74    1986  57     -3       61
  MINIMUM         42   1159 PM   2    1962  30     12       40
  AVERAGE         48                        44      4

PRECIPITATION (IN)
  YESTERDAY        0.08          1.44 1991   0.05   0.03     0.12
  MONTH TO DATE    0.70                      1.39  -0.69     0.12
  SINCE SEP 1      6.88                      6.82   0.06     4.89
  SINCE JAN 1      2.20                      2.51  -0.31     0.17

DEGREE DAYS
 HEATING
  YESTERDAY       17                               -4
  MONTH TO DATE  444                             -211
  SINCE JUL 1   2536                             -636

 COOLING
  YESTERDAY        0                                0
  MONTH TO DATE    0                                0
  SINCE JAN 1      0                                0
..................................................................


WIND (MPH)
  HIGHEST WIND SPEED    29   HIGHEST WIND DIRECTION    SW (230)
  HIGHEST GUST SPEED    42   HIGHEST GUST DIRECTION    SW (240)
  AVERAGE WIND SPEED    13.2


SKY COVER
  AVERAGE SKY COVER 0.8


WEATHER CONDITIONS
 THE FOLLOWING WEATHER WAS RECORDED YESTERDAY.
  RAIN
  LIGHT RAIN
  FOG


RELATIVE HUMIDITY (PERCENT)
 HIGHEST    70
 LOWEST     38

..........................................................


THE PRESCOTT AZ AIRPORT CLIMATE NORMALS FOR TODAY
                         NORMAL    RECORD    YEAR
 MAXIMUM TEMPERATURE (F)   57        74      1967
 MINIMUM TEMPERATURE (F)   31        13      1987


SUNRISE AND SUNSET
MARCH  1 2015.........SUNRISE   659 AM MST   SUNSET   626 PM MST
MARCH  2 2015.........SUNRISE   658 AM MST   SUNSET   626 PM MST


-  INDICATES NEGATIVE NUMBERS.
R  INDICATES RECORD WAS SET OR TIED.
MM INDICATES DATA IS MISSING.
T  INDICATES TRACE AMOUNT.




$$
