000
CDUS45 KFGZ 300842
CLIPRC
CLIMATE REPORT
NATIONAL WEATHER SERVICE FLAGSTAFF, AZ
141 AM MST TUE SEP 30 2014


...................................

...THE PRESCOTT AZ AIRPORT CLIMATE SUMMARY FOR SEPTEMBER 29 2014...

CLIMATE NORMAL PERIOD 1981 TO 2010
CLIMATE RECORD PERIOD 1948 TO 2014


WEATHER ITEM   OBSERVED TIME   RECORD YEAR NORMAL DEPARTURE LAST
                VALUE   (LST)  VALUE       VALUE  FROM      YEAR
                                                  NORMAL
..................................................................
TEMPERATURE (F)
 YESTERDAY
  MAXIMUM         72    337 PM  93    2010  78     -6       79
  MINIMUM         42    509 AM  38    1999  48     -6       42
  AVERAGE         57                        63     -6

PRECIPITATION (IN)
  YESTERDAY        0.00          1.49 1971   0.04  -0.04     0.00
  MONTH TO DATE    2.59                      1.47   1.12     2.48
  SINCE SEP 1      2.59                      1.47   1.12     2.48
  SINCE JAN 1     10.06                     11.13  -1.07    10.70

DEGREE DAYS
 HEATING
  YESTERDAY        8                                5
  MONTH TO DATE   17                              -14
  SINCE JUL 1     20                              -12

 COOLING
  YESTERDAY        0                               -1
  MONTH TO DATE  145                               32
  SINCE JAN 1   1039                              105
..................................................................


WIND (MPH)
  HIGHEST WIND SPEED    10   HIGHEST WIND DIRECTION     W (260)
  HIGHEST GUST SPEED    14   HIGHEST GUST DIRECTION     N (10)
  AVERAGE WIND SPEED     5.1


SKY COVER
  AVERAGE SKY COVER 0.0


WEATHER CONDITIONS
 THE FOLLOWING WEATHER WAS RECORDED YESTERDAY.
  NO SIGNIFICANT WEATHER WAS OBSERVED.


RELATIVE HUMIDITY (PERCENT)
 HIGHEST    76
 LOWEST     20

..........................................................


THE PRESCOTT AZ AIRPORT CLIMATE NORMALS FOR TODAY
                         NORMAL    RECORD    YEAR
 MAXIMUM TEMPERATURE (F)   77        92      2010
 MINIMUM TEMPERATURE (F)   48        34      1965


SUNRISE AND SUNSET
SEPTEMBER 30 2014.....SUNRISE   624 AM MST   SUNSET   615 PM MST
OCTOBER  1 2014.......SUNRISE   624 AM MST   SUNSET   614 PM MST


-  INDICATES NEGATIVE NUMBERS.
R  INDICATES RECORD WAS SET OR TIED.
MM INDICATES DATA IS MISSING.
T  INDICATES TRACE AMOUNT.




$$
