000
CDUS46 KPDT 250029
CLIPSC

CLIMATE REPORT
NATIONAL WEATHER SERVICE PENDLETON OR
428 PM PST FRI NOV 24 2017


...................................

...THE PASCO WA CLIMATE SUMMARY FOR NOVEMBER 24 2017...
VALID TODAY AS OF 0400 PM LOCAL TIME.

CLIMATE NORMAL PERIOD 1981 TO 2010
CLIMATE RECORD PERIOD 1948 TO 2017


WEATHER ITEM   OBSERVED TIME   RECORD YEAR NORMAL DEPARTURE LAST
                VALUE   (LST)  VALUE       VALUE  FROM      YEAR
                                                  NORMAL
..................................................................
TEMPERATURE (F)
 TODAY
  MAXIMUM         56    228 PM  68    1909  46     10       57
  MINIMUM         44   1207 AM  -7    2010  31     13       39
  AVERAGE         50                        38     12       48

PRECIPITATION (IN)
  TODAY            0.00          0.42 1940   0.04  -0.04      T
  MONTH TO DATE    1.10                      0.84   0.26     0.52
  SINCE OCT 1      1.77                      1.49   0.28     3.10
  SINCE JAN 1      8.12                      7.37   0.75     8.72

SNOWFALL (IN)
  TODAY            0.0
  SNOW DEPTH       0

DEGREE DAYS
 HEATING
  TODAY           15                        27    -12       17
  MONTH TO DATE  508                       543    -35      414
  SINCE SEP 1   1009                      1049    -40      822
  SINCE JUL 1   1009                      1061    -52      822

 COOLING
  TODAY            0                         0      0        0
  MONTH TO DATE    0                         0      0        0
  SINCE SEP 1    103                        53     50       27
  SINCE JAN 1    981                       710    271      778
..................................................................


WIND (MPH)
  RESULTANT WIND SPEED  13   RESULTANT WIND DIRECTION  SW (230)
  HIGHEST WIND SPEED    21   HIGHEST WIND DIRECTION    SW (240)
  HIGHEST GUST SPEED    27   HIGHEST GUST DIRECTION     W (250)


SKY COVER
  POSSIBLE SUNSHINE  MM
  AVERAGE SKY COVER 0.0


WEATHER CONDITIONS
 THE FOLLOWING WEATHER WAS RECORDED TODAY.
  NO SIGNIFICANT WEATHER WAS OBSERVED.


RELATIVE HUMIDITY (PERCENT)
 HIGHEST    71
 LOWEST     51
 AVERAGE    61

..........................................................


THE PASCO WA CLIMATE NORMALS FOR TOMORROW
                         NORMAL    RECORD    YEAR
 MAXIMUM TEMPERATURE (F)   45        68      1962
 MINIMUM TEMPERATURE (F)   31         2      1896


SUNRISE AND SUNSET
NOVEMBER 24 2017......SUNRISE   710 AM PST   SUNSET   416 PM PST
NOVEMBER 25 2017......SUNRISE   712 AM PST   SUNSET   415 PM PST


-  INDICATES NEGATIVE NUMBERS.
R  INDICATES RECORD WAS SET OR TIED.
MM INDICATES DATA IS MISSING.
T  INDICATES TRACE AMOUNT.




$$
