000
CDUS46 KPDT 270838
CLIPSC

CLIMATE REPORT
NATIONAL WEATHER SERVICE PENDLETON OR
136 AM PDT SAT AUG 27 2016


...................................

...THE PASCO WA CLIMATE SUMMARY FOR AUGUST 26 2016...

CLIMATE NORMAL PERIOD 1981 TO 2010
CLIMATE RECORD PERIOD 1948 TO 2016


WEATHER ITEM   OBSERVED TIME   RECORD YEAR NORMAL DEPARTURE LAST
                VALUE   (LST)  VALUE       VALUE  FROM      YEAR
                                                  NORMAL
..................................................................
TEMPERATURE (F)
 YESTERDAY
  MAXIMUM         94    408 PM  97    2005  88      6       93
  MINIMUM         50    528 AM  46    2008  53     -3       52
                                      1993
  AVERAGE         72                        70      2       73

PRECIPITATION (IN)
  YESTERDAY        0.00          0.14 1956   0.01  -0.01     0.00
  MONTH TO DATE    0.04                      0.21  -0.17     0.03
  SINCE OCT 1      8.14                      8.37  -0.23     5.60
  SINCE JAN 1      5.38                      5.42  -0.04     3.23

SNOWFALL (IN)
  YESTERDAY        0.0
  SNOW DEPTH       0

DEGREE DAYS
 HEATING
  YESTERDAY        0                         1     -1        0
  MONTH TO DATE    0                         1     -1        0
  SINCE JUN 1     30                        38     -8        1
  SINCE JUL 1      0                         6     -6        0

 COOLING
  YESTERDAY        7                         6      1        8
  MONTH TO DATE  225                       220      5      241
  SINCE JUN 1    677                       597     80      952
  SINCE JAN 1    710                       630     80     1034
..................................................................


WIND (MPH)
  RESULTANT WIND SPEED   1   RESULTANT WIND DIRECTION   E (80)
  HIGHEST WIND SPEED    13   HIGHEST WIND DIRECTION    NW (330)
  HIGHEST GUST SPEED    14   HIGHEST GUST DIRECTION    NW (320)


SKY COVER
  POSSIBLE SUNSHINE  MM
  AVERAGE SKY COVER 0.0


WEATHER CONDITIONS
 THE FOLLOWING WEATHER WAS RECORDED YESTERDAY.
  NO SIGNIFICANT WEATHER WAS OBSERVED.


RELATIVE HUMIDITY (PERCENT)
 HIGHEST    89
 LOWEST     16
 AVERAGE    53

..........................................................


THE PASCO WA CLIMATE NORMALS FOR TODAY
                         NORMAL    RECORD    YEAR
 MAXIMUM TEMPERATURE (F)   87       100      1999
 MINIMUM TEMPERATURE (F)   53        45      2007


SUNRISE AND SUNSET
AUGUST 27 2016........SUNRISE   611 AM PDT   SUNSET   743 PM PDT
AUGUST 28 2016........SUNRISE   613 AM PDT   SUNSET   742 PM PDT


-  INDICATES NEGATIVE NUMBERS.
R  INDICATES RECORD WAS SET OR TIED.
MM INDICATES DATA IS MISSING.
T  INDICATES TRACE AMOUNT.




$$
