000
CDUS46 KPDT 010836
CLIPSC

CLIMATE REPORT
NATIONAL WEATHER SERVICE PENDLETON OR
125 AM PDT MON SEP 1 2014


...................................

...THE PASCO WA CLIMATE SUMMARY FOR AUGUST 31 2014...

CLIMATE NORMAL PERIOD 1981 TO 2010
CLIMATE RECORD PERIOD 1948 TO 2014


WEATHER ITEM   OBSERVED TIME   RECORD YEAR NORMAL DEPARTURE LAST
                VALUE   (LST)  VALUE       VALUE  FROM      YEAR
                                                  NORMAL
..................................................................
TEMPERATURE (F)
 YESTERDAY
  MAXIMUM         80    333 PM 101    1998  86     -6       89
  MINIMUM         56    337 AM  40    2008  52      4       54
  AVERAGE         68                        69     -1       72

PRECIPITATION (IN)
  YESTERDAY        0.00          0.26 2010   0.01  -0.01     0.00
  MONTH TO DATE    0.47                      0.27   0.20     0.38
  SINCE OCT 1      3.64                      8.43  -4.79     6.68
  SINCE JAN 1      3.06                      5.48  -2.42     3.32

SNOWFALL (IN)
  YESTERDAY        0.0
  SNOW DEPTH       0

DEGREE DAYS
 HEATING
  YESTERDAY        0                         1     -1        0
  MONTH TO DATE    0                         6     -6        0
  SINCE JUN 1     18                        44    -26       19
  SINCE JUL 1      0                        12    -12        0

 COOLING
  YESTERDAY        3                         5     -2        7
  MONTH TO DATE  337                       247     90      321
  SINCE JUN 1    884                       624    260      816
  SINCE JAN 1    918                       657    261      862
..................................................................


WIND (MPH)
  RESULTANT WIND SPEED   4   RESULTANT WIND DIRECTION  SW (230)
  HIGHEST WIND SPEED    22   HIGHEST WIND DIRECTION    NW (330)
  HIGHEST GUST SPEED    26   HIGHEST GUST DIRECTION     N (340)


SKY COVER
  POSSIBLE SUNSHINE  MM
  AVERAGE SKY COVER 0.3


WEATHER CONDITIONS
 THE FOLLOWING WEATHER WAS RECORDED YESTERDAY.
  NO SIGNIFICANT WEATHER WAS OBSERVED.


RELATIVE HUMIDITY (PERCENT)
 HIGHEST    72
 LOWEST     28
 AVERAGE    50

..........................................................


THE PASCO WA CLIMATE NORMALS FOR TODAY
                         NORMAL    RECORD    YEAR
 MAXIMUM TEMPERATURE (F)   86       103      1998
 MINIMUM TEMPERATURE (F)   51        41      1999


SUNRISE AND SUNSET
SEPTEMBER  1 2014.....SUNRISE   617 AM PDT   SUNSET   735 PM PDT
SEPTEMBER  2 2014.....SUNRISE   618 AM PDT   SUNSET   733 PM PDT


-  INDICATES NEGATIVE NUMBERS.
R  INDICATES RECORD WAS SET OR TIED.
MM INDICATES DATA IS MISSING.
T  INDICATES TRACE AMOUNT.




$$
