000
CDUS46 KPDT 250839
CLIPSC

CLIMATE REPORT
NATIONAL WEATHER SERVICE PENDLETON OR
125 AM PDT FRI JUL 25 2014


...................................

...THE PASCO WA CLIMATE SUMMARY FOR JULY 24 2014...

CLIMATE NORMAL PERIOD 1981 TO 2010
CLIMATE RECORD PERIOD 1948 TO 2014


WEATHER ITEM   OBSERVED TIME   RECORD YEAR NORMAL DEPARTURE LAST
                VALUE   (LST)  VALUE       VALUE  FROM      YEAR
                                                  NORMAL
..................................................................
TEMPERATURE (F)
 YESTERDAY
  MAXIMUM         82    333 PM 108    2006  93    -11      100
  MINIMUM         57    431 AM  50    2012  57      0       56
                                      2011
  AVERAGE         70                        75     -5       78

PRECIPITATION (IN)
  YESTERDAY        0.00          0.11 1992   0.00   0.00     0.00
  MONTH TO DATE    0.03                      0.25  -0.22      T
  SINCE OCT 1      3.17                      8.13  -4.96     6.30
  SINCE JAN 1      2.59                      5.18  -2.59     2.94

SNOWFALL (IN)
  YESTERDAY        0.0
  SNOW DEPTH       0

DEGREE DAYS
 HEATING
  YESTERDAY        0                         0      0        0
  MONTH TO DATE    0                         1     -1        0
  SINCE JUN 1     18                        33    -15       19
  SINCE JUL 1      0                         1     -1        0

 COOLING
  YESTERDAY        5                        10     -5       13
  MONTH TO DATE  346                       197    149      300
  SINCE JUN 1    457                       306    151      424
  SINCE JAN 1    491                       339    152      470
..................................................................


WIND (MPH)
  RESULTANT WIND SPEED  13   RESULTANT WIND DIRECTION  SW (230)
  HIGHEST WIND SPEED    29   HIGHEST WIND DIRECTION    SW (240)
  HIGHEST GUST SPEED    35   HIGHEST GUST DIRECTION    SW (240)


SKY COVER
  POSSIBLE SUNSHINE  MM
  AVERAGE SKY COVER 0.0


WEATHER CONDITIONS
 THE FOLLOWING WEATHER WAS RECORDED YESTERDAY.
  NO SIGNIFICANT WEATHER WAS OBSERVED.


RELATIVE HUMIDITY (PERCENT)
 HIGHEST    72
 LOWEST     30
 AVERAGE    51

..........................................................


THE PASCO WA CLIMATE NORMALS FOR TODAY
                         NORMAL    RECORD    YEAR
 MAXIMUM TEMPERATURE (F)   93       104      1998
 MINIMUM TEMPERATURE (F)   57        52      2007


SUNRISE AND SUNSET
JULY 25 2014..........SUNRISE   530 AM PDT   SUNSET   835 PM PDT
JULY 26 2014..........SUNRISE   531 AM PDT   SUNSET   834 PM PDT


-  INDICATES NEGATIVE NUMBERS.
R  INDICATES RECORD WAS SET OR TIED.
MM INDICATES DATA IS MISSING.
T  INDICATES TRACE AMOUNT.




$$
