000
CDUS46 KPDT 200829 RRB
CLIPSC

CLIMATE REPORT
NATIONAL WEATHER SERVICE PENDLETON OR
1227 AM PST TUE FEB 20 2018


...................................

...THE PASCO WA CLIMATE SUMMARY FOR FEBRUARY 19 2018...

CLIMATE NORMAL PERIOD 1981 TO 2010
CLIMATE RECORD PERIOD 1948 TO 2018


WEATHER ITEM   OBSERVED TIME   RECORD YEAR NORMAL DEPARTURE LAST
                VALUE   (LST)  VALUE       VALUE  FROM      YEAR
                                                  NORMAL
..................................................................
TEMPERATURE (F)
 YESTERDAY
  MAXIMUM         34    401 PM  66    1896  50    -16       55
  MINIMUM         16    708 AM   5    2006  29    -13       30
                                      1910
  AVERAGE         25                        39    -14       43

PRECIPITATION (IN)
  YESTERDAY        0.00          0.60 1906   0.03  -0.03     0.08
  MONTH TO DATE    0.40                      0.60  -0.20     0.96
  SINCE OCT 1      4.09                      4.77  -0.68     5.68
  SINCE JAN 1      1.37                      1.82  -0.45     1.91

SNOWFALL (IN)
  YESTERDAY        0.0
  SNOW DEPTH       0

DEGREE DAYS
 HEATING
  YESTERDAY       40                        26     14       22
  MONTH TO DATE  426                       513    -87      654
  SINCE DEC 1   2247                      2435   -188     3135
  SINCE JUL 1   3415                      3664   -249     4081

 COOLING
  YESTERDAY        0                         0      0        0
  MONTH TO DATE    0                         0      0        0
  SINCE DEC 1      0                         0      0        0
  SINCE JAN 1      0                         0      0        0
..................................................................


WIND (MPH)
  RESULTANT WIND SPEED   6   RESULTANT WIND DIRECTION   N (340)
  HIGHEST WIND SPEED    23   HIGHEST WIND DIRECTION     N (10)
  HIGHEST GUST SPEED    27   HIGHEST GUST DIRECTION     N (10)


SKY COVER
  POSSIBLE SUNSHINE  MM
  AVERAGE SKY COVER 0.5


WEATHER CONDITIONS
 THE FOLLOWING WEATHER WAS RECORDED YESTERDAY.
  NO SIGNIFICANT WEATHER WAS OBSERVED.


RELATIVE HUMIDITY (PERCENT)
 HIGHEST    61
 LOWEST     28
 AVERAGE    45

..........................................................


THE PASCO WA CLIMATE NORMALS FOR TODAY
                         NORMAL    RECORD    YEAR
 MAXIMUM TEMPERATURE (F)   51        68      1982
 MINIMUM TEMPERATURE (F)   29        13      2006


SUNRISE AND SUNSET
FEBRUARY 20 2018......SUNRISE   651 AM PST   SUNSET   530 PM PST
FEBRUARY 21 2018......SUNRISE   649 AM PST   SUNSET   531 PM PST


-  INDICATES NEGATIVE NUMBERS.
R  INDICATES RECORD WAS SET OR TIED.
MM INDICATES DATA IS MISSING.
T  INDICATES TRACE AMOUNT.




$$
