000
CDUS46 KPDT 280928
CLIPSC

CLIMATE REPORT
NATIONAL WEATHER SERVICE PENDLETON OR
127 AM PST SAT FEB 28 2015


...................................

...THE PASCO WA CLIMATE SUMMARY FOR FEBRUARY 27 2015...

CLIMATE NORMAL PERIOD 1981 TO 2010
CLIMATE RECORD PERIOD 1948 TO 2015


WEATHER ITEM   OBSERVED TIME   RECORD YEAR NORMAL DEPARTURE LAST
                VALUE   (LST)  VALUE       VALUE  FROM      YEAR
                                                  NORMAL
..................................................................
TEMPERATURE (F)
 YESTERDAY
  MAXIMUM         58    324 PM  62    2010  53      5       42
                                      2005
  MINIMUM         39    714 AM   8    1993  29     10       33
  AVERAGE         49                        41      8       38

PRECIPITATION (IN)
  YESTERDAY        T             0.42 2000   0.03  -0.03     0.03
  MONTH TO DATE    0.54                      0.83  -0.29     0.61
  SINCE OCT 1      3.60                      5.00  -1.40     1.55
  SINCE JAN 1      1.23                      2.05  -0.82     0.97

SNOWFALL (IN)
  YESTERDAY        0.0
  SNOW DEPTH       0

DEGREE DAYS
 HEATING
  YESTERDAY       16                        24     -8       27
  MONTH TO DATE  582                       709   -127      796
  SINCE DEC 1   2364                      2631   -267     2856
  SINCE JUL 1   3429                      3860   -431     4206

 COOLING
  YESTERDAY        0                         0      0        0
  MONTH TO DATE    0                         0      0        0
  SINCE DEC 1      0                         0      0        0
  SINCE JAN 1      0                         0      0        0
..................................................................


WIND (MPH)
  RESULTANT WIND SPEED   8   RESULTANT WIND DIRECTION   N (20)
  HIGHEST WIND SPEED    25   HIGHEST WIND DIRECTION     N (10)
  HIGHEST GUST SPEED    31   HIGHEST GUST DIRECTION     N (20)


SKY COVER
  POSSIBLE SUNSHINE  MM
  AVERAGE SKY COVER 0.7


WEATHER CONDITIONS
THE FOLLOWING WEATHER WAS RECORDED YESTERDAY.
  LIGHT RAIN


RELATIVE HUMIDITY (PERCENT)
 HIGHEST    92
 LOWEST     36
 AVERAGE    64

..........................................................


THE PASCO WA CLIMATE NORMALS FOR TODAY
                         NORMAL    RECORD    YEAR
 MAXIMUM TEMPERATURE (F)   54        64      2008
 MINIMUM TEMPERATURE (F)   30         7      1993


SUNRISE AND SUNSET
FEBRUARY 28 2015......SUNRISE   638 AM PST   SUNSET   541 PM PST
MARCH  1 2015.........SUNRISE   636 AM PST   SUNSET   542 PM PST


-  INDICATES NEGATIVE NUMBERS.
R  INDICATES RECORD WAS SET OR TIED.
MM INDICATES DATA IS MISSING.
T  INDICATES TRACE AMOUNT.

$$
