000
CDUS46 KPDT 280831
CLIPSC

CLIMATE REPORT
NATIONAL WEATHER SERVICE PENDLETON OR
129 AM PDT SAT MAY 28 2016


...................................

...THE PASCO WA CLIMATE SUMMARY FOR MAY 27 2016...

CLIMATE NORMAL PERIOD 1981 TO 2010
CLIMATE RECORD PERIOD 1948 TO 2016


WEATHER ITEM   OBSERVED TIME   RECORD YEAR NORMAL DEPARTURE LAST
                VALUE   (LST)  VALUE       VALUE  FROM      YEAR
                                                  NORMAL
..................................................................
TEMPERATURE (F)
 YESTERDAY
  MAXIMUM         71    539 PM  99    2000  78     -7       83
  MINIMUM         49    524 AM  41    2014  50     -1       55
  AVERAGE         60                        64     -4       69

PRECIPITATION (IN)
  YESTERDAY        0.00          0.13 1969   0.03  -0.03     0.01
  MONTH TO DATE    1.52                      0.60   0.92     1.28
  SINCE OCT 1      7.31                      7.07   0.24     5.57
  SINCE JAN 1      4.55                      4.12   0.43     3.20

SNOWFALL (IN)
  YESTERDAY        0.0
  SNOW DEPTH       0

DEGREE DAYS
 HEATING
  YESTERDAY        5                         3      2        0
  MONTH TO DATE   66                       154    -88      107
  SINCE MAR 1    787                      1095   -308      935
  SINCE JUL 1   4305                      4978   -673     4391

 COOLING
  YESTERDAY        0                         2     -2        4
  MONTH TO DATE   28                        24      4       45
  SINCE MAR 1     32                        25      7       45
  SINCE JAN 1     32                        25      7       45
..................................................................


WIND (MPH)
  RESULTANT WIND SPEED   6   RESULTANT WIND DIRECTION  SW (220)
  HIGHEST WIND SPEED    16   HIGHEST WIND DIRECTION    SW (210)
  HIGHEST GUST SPEED    20   HIGHEST GUST DIRECTION    SW (220)


SKY COVER
  POSSIBLE SUNSHINE  MM
  AVERAGE SKY COVER 0.1


WEATHER CONDITIONS
 THE FOLLOWING WEATHER WAS RECORDED YESTERDAY.
  NO SIGNIFICANT WEATHER WAS OBSERVED.


RELATIVE HUMIDITY (PERCENT)
 HIGHEST    66
 LOWEST     19
 AVERAGE    43

..........................................................


THE PASCO WA CLIMATE NORMALS FOR TODAY
                         NORMAL    RECORD    YEAR
 MAXIMUM TEMPERATURE (F)   78        96      2005
 MINIMUM TEMPERATURE (F)   50        40      1998


SUNRISE AND SUNSET
MAY 28 2016...........SUNRISE   510 AM PDT   SUNSET   838 PM PDT
MAY 29 2016...........SUNRISE   510 AM PDT   SUNSET   839 PM PDT


-  INDICATES NEGATIVE NUMBERS.
R  INDICATES RECORD WAS SET OR TIED.
MM INDICATES DATA IS MISSING.
T  INDICATES TRACE AMOUNT.

$$
