000
CDUS46 KPDT 061046
CLIPSC

CLIMATE REPORT
NATIONAL WEATHER SERVICE PENDLETON OR
346 AM PDT FRI MAY 6 2016

...................................

...THE PASCO WA CLIMATE SUMMARY FOR MAY 5 2016...

CLIMATE NORMAL PERIOD 1981 TO 2010
CLIMATE RECORD PERIOD 1948 TO 2016


WEATHER ITEM   OBSERVED TIME   RECORD YEAR NORMAL DEPARTURE LAST
                VALUE   (LST)  VALUE       VALUE  FROM      YEAR
                                                  NORMAL
..................................................................
TEMPERATURE (F)
 YESTERDAY
  MAXIMUM         74    406 PM  97    1992  73      1       71
  MINIMUM         54    517 AM  30    2010  42     12       45
  AVERAGE         64                        57      7       58

PRECIPITATION (IN)
  YESTERDAY        0.00          0.06 1979   0.02  -0.02     0.00
                                      1979
                                      2010
  MONTH TO DATE    0.23                      0.09   0.14     0.00
  SINCE OCT 1      6.02                      6.56  -0.54     4.29
  SINCE JAN 1      3.26                      3.61  -0.35     1.92

SNOWFALL (IN)
  YESTERDAY        0.0
  SNOW DEPTH       0

DEGREE DAYS
 HEATING
  YESTERDAY        1                         8     -7        7
  MONTH TO DATE    7                        42    -35       30
  SINCE MAR 1    728                       983   -255      858
  SINCE JUL 1   4246                      4866   -620     4314

COOLING
  YESTERDAY        0                         0      0        0
  MONTH TO DATE    8                         0      8        0
  SINCE MAR 1     12                         1     11        0
  SINCE JAN 1     12                         1     11        0
..................................................................


WIND (MPH)
  RESULTANT WIND SPEED   4   RESULTANT WIND DIRECTION  NW (320)
  HIGHEST WIND SPEED    14   HIGHEST WIND DIRECTION    NW (310)
  HIGHEST GUST SPEED    19   HIGHEST GUST DIRECTION     N (350)


SKY COVER
  POSSIBLE SUNSHINE  MM
  AVERAGE SKY COVER 0.1


WEATHER CONDITIONS
 THE FOLLOWING WEATHER WAS RECORDED YESTERDAY.
  NO SIGNIFICANT WEATHER WAS OBSERVED.


RELATIVE HUMIDITY (PERCENT)
 HIGHEST    93
 LOWEST     49
 AVERAGE    71

..........................................................


THE PASCO WA CLIMATE NORMALS FOR TODAY
                         NORMAL    RECORD    YEAR
 MAXIMUM TEMPERATURE (F)   73       100      1992
 MINIMUM TEMPERATURE (F)   42        30      2002


SUNRISE AND SUNSET
MAY  6 2016...........SUNRISE   534 AM PDT   SUNSET   812 PM PDT
MAY  7 2016...........SUNRISE   533 AM PDT   SUNSET   814 PM PDT


-  INDICATES NEGATIVE NUMBERS.
R  INDICATES RECORD WAS SET OR TIED.
MM INDICATES DATA IS MISSING.
T  INDICATES TRACE AMOUNT.

$$
