000
CDUS46 KPDT 270030 RRB
CLIPSC

CLIMATE REPORT
NATIONAL WEATHER SERVICE PENDLETON OR
529 PM PDT WED AUG 26 2015


...................................

...THE PASCO WA CLIMATE SUMMARY FOR AUGUST 26 2015...
VALID TODAY AS OF 0500 PM LOCAL TIME.

CLIMATE NORMAL PERIOD 1981 TO 2010
CLIMATE RECORD PERIOD 1948 TO 2015


WEATHER ITEM   OBSERVED TIME   RECORD YEAR NORMAL DEPARTURE LAST
                VALUE   (LST)  VALUE       VALUE  FROM      YEAR
                                                  NORMAL
..................................................................
TEMPERATURE (F)
 TODAY
  MAXIMUM         93    342 PM  97    2005  88      5       93
  MINIMUM         52    544 AM  46    2008  53     -1       53
                                      1993
  AVERAGE         73                        70      3       73

PRECIPITATION (IN)
  TODAY            0.00          0.14 1956   0.01  -0.01     0.00
  MONTH TO DATE    0.03                      0.21  -0.18     0.47
  SINCE OCT 1      5.60                      8.37  -2.77     3.64
  SINCE JAN 1      3.23                      5.42  -2.19     3.06

SNOWFALL (IN)
  TODAY            0.0
  SNOW DEPTH       0

DEGREE DAYS
 HEATING
  TODAY            0                         1     -1        0
  MONTH TO DATE    0                         1     -1        0
  SINCE JUN 1      1                        38    -37       18
  SINCE JUL 1      0                         6     -6        0

 COOLING
  TODAY            8                         6      2        8
  MONTH TO DATE  241                       220     21      299
  SINCE JUN 1    952                       597    355      846
  SINCE JAN 1   1034                       630    404      880
..................................................................


WIND (MPH)
  RESULTANT WIND SPEED   3   RESULTANT WIND DIRECTION   N (360)
  HIGHEST WIND SPEED     8   HIGHEST WIND DIRECTION     N (340)
  HIGHEST GUST SPEED    10   HIGHEST GUST DIRECTION     N (340)


SKY COVER
  POSSIBLE SUNSHINE  MM
  AVERAGE SKY COVER 0.0


WEATHER CONDITIONS
 THE FOLLOWING WEATHER WAS RECORDED TODAY.
  HAZE


RELATIVE HUMIDITY (PERCENT)
 HIGHEST    93
 LOWEST     20
 AVERAGE    57

..........................................................


THE PASCO WA CLIMATE NORMALS FOR TOMORROW
                         NORMAL    RECORD    YEAR
 MAXIMUM TEMPERATURE (F)   87       100      1999
 MINIMUM TEMPERATURE (F)   53        45      2007


SUNRISE AND SUNSET
AUGUST 26 2015........SUNRISE   609 AM PDT   SUNSET   747 PM PDT
AUGUST 27 2015........SUNRISE   610 AM PDT   SUNSET   745 PM PDT


-  INDICATES NEGATIVE NUMBERS.
R  INDICATES RECORD WAS SET OR TIED.
MM INDICATES DATA IS MISSING.
T  INDICATES TRACE AMOUNT.




$$
