000
CDUS46 KPDT 260038
CLIPSC

CLIMATE REPORT
NATIONAL WEATHER SERVICE PENDLETON OR
526 PM PDT SAT OCT 25 2014


...................................

...THE PASCO WA CLIMATE SUMMARY FOR OCTOBER 25 2014...
VALID TODAY AS OF 0500 PM LOCAL TIME.

CLIMATE NORMAL PERIOD 1981 TO 2010
CLIMATE RECORD PERIOD 1948 TO 2014


WEATHER ITEM   OBSERVED TIME   RECORD YEAR NORMAL DEPARTURE LAST
                VALUE   (LST)  VALUE       VALUE  FROM      YEAR
                                                  NORMAL
..................................................................
TEMPERATURE (F)
 TODAY
  MAXIMUM         57    235 PM  71    1998  61     -4       64
  MINIMUM         44    723 AM  21    2002  36      8       32
  AVERAGE         51                        49      2       48

PRECIPITATION (IN)
  TODAY            T             0.22 1980   0.02  -0.02     0.00
  MONTH TO DATE    0.59                      0.53   0.06     0.03
  SINCE OCT 1      0.59                      0.53   0.06     0.03
  SINCE JAN 1      3.70                      6.41  -2.71     4.34

SNOWFALL (IN)
  TODAY            0.0
  SNOW DEPTH       0

DEGREE DAYS
 HEATING
  TODAY           14                        16     -2       17
  MONTH TO DATE  158                       301   -143      365
  SINCE SEP 1    200                       400   -200      433
  SINCE JUL 1    200                       412   -212      433

 COOLING
  TODAY            0                         0      0        0
  MONTH TO DATE   11                         0     11        0
  SINCE SEP 1     73                        52     21      133
  SINCE JAN 1    991                       709    282      995
..................................................................


WIND (MPH)
  RESULTANT WIND SPEED   3   RESULTANT WIND DIRECTION   N (340)
  HIGHEST WIND SPEED    14   HIGHEST WIND DIRECTION    NW (310)
  HIGHEST GUST SPEED    18   HIGHEST GUST DIRECTION    NW (310)


SKY COVER
  POSSIBLE SUNSHINE  MM
  AVERAGE SKY COVER 0.4


WEATHER CONDITIONS
THE FOLLOWING WEATHER WAS RECORDED TODAY.
  FOG
  FOG W/VISIBILITY <= 1/4 MILE


RELATIVE HUMIDITY (PERCENT)
 HIGHEST   100
 LOWEST     77
 AVERAGE    89

..........................................................


THE PASCO WA CLIMATE NORMALS FOR TOMORROW
                         NORMAL    RECORD    YEAR
 MAXIMUM TEMPERATURE (F)   61        70      1998
 MINIMUM TEMPERATURE (F)   36        20      2002


SUNRISE AND SUNSET
OCTOBER 25 2014.......SUNRISE   728 AM PDT   SUNSET   553 PM PDT
OCTOBER 26 2014.......SUNRISE   729 AM PDT   SUNSET   551 PM PDT


-  INDICATES NEGATIVE NUMBERS.
R  INDICATES RECORD WAS SET OR TIED.
MM INDICATES DATA IS MISSING.
T  INDICATES TRACE AMOUNT.




$$
