000
CDUS46 KPDT 030029 RRA
CLIPSC

CLIMATE REPORT
NATIONAL WEATHER SERVICE PENDLETON OR
527 PM PDT SUN AUG 2 2015


...................................

...THE PASCO WA CLIMATE SUMMARY FOR AUGUST 2 2015...
VALID TODAY AS OF 0500 PM LOCAL TIME.

CLIMATE NORMAL PERIOD 1981 TO 2010
CLIMATE RECORD PERIOD 1948 TO 2015


WEATHER ITEM   OBSERVED TIME   RECORD YEAR NORMAL DEPARTURE LAST
                VALUE   (LST)  VALUE       VALUE  FROM      YEAR
                                                  NORMAL
..................................................................
TEMPERATURE (F)
 TODAY
  MAXIMUM        103    207 PM 104    2009  93     10       92
                                      1999
  MINIMUM         55    513 AM  49    2006  58     -3       65
  AVERAGE         79                        75      4       79

PRECIPITATION (IN)
  TODAY            0.00          0.15 1970   0.01  -0.01     0.01
  MONTH TO DATE    0.00                      0.01  -0.01     0.01
  SINCE OCT 1      5.57                      8.17  -2.60     3.18
  SINCE JAN 1      3.20                      5.22  -2.02     2.60

SNOWFALL (IN)
  TODAY            0.0
  SNOW DEPTH       0

DEGREE DAYS
 HEATING
  TODAY            0                         0      0        0
  MONTH TO DATE    0                         0      0        0
  SINCE JUN 1      1                        37    -36       18
  SINCE JUL 1      0                         5     -5        0

 COOLING
  TODAY           14                        10      4       14
  MONTH TO DATE   29                        20      9       32
  SINCE JUN 1    740                       397    343      579
  SINCE JAN 1    822                       430    392      613
..................................................................


WIND (MPH)
  RESULTANT WIND SPEED   2   RESULTANT WIND DIRECTION  NE (50)
  HIGHEST WIND SPEED     9   HIGHEST WIND DIRECTION     N (20)
  HIGHEST GUST SPEED    13   HIGHEST GUST DIRECTION    NE (40)


SKY COVER
  POSSIBLE SUNSHINE  MM
  AVERAGE SKY COVER 0.0


WEATHER CONDITIONS
 THE FOLLOWING WEATHER WAS RECORDED TODAY.
  HAZE


RELATIVE HUMIDITY (PERCENT)
 HIGHEST    77
 LOWEST     10
 AVERAGE    44

..........................................................


THE PASCO WA CLIMATE NORMALS FOR TOMORROW
                         NORMAL    RECORD    YEAR
 MAXIMUM TEMPERATURE (F)   93       107      1998
 MINIMUM TEMPERATURE (F)   58        44      2002


SUNRISE AND SUNSET
AUGUST  2 2015........SUNRISE   539 AM PDT   SUNSET   826 PM PDT
AUGUST  3 2015........SUNRISE   540 AM PDT   SUNSET   824 PM PDT


-  INDICATES NEGATIVE NUMBERS.
R  INDICATES RECORD WAS SET OR TIED.
MM INDICATES DATA IS MISSING.
T  INDICATES TRACE AMOUNT.




$$
