000
CDUS46 KPDT 210827
CLIPSC

CLIMATE REPORT
NATIONAL WEATHER SERVICE PENDLETON OR
1226 AM PST FRI NOV 21 2014


...................................

...THE PASCO WA CLIMATE SUMMARY FOR NOVEMBER 20 2014...

CLIMATE NORMAL PERIOD 1981 TO 2010
CLIMATE RECORD PERIOD 1948 TO 2014


WEATHER ITEM   OBSERVED TIME   RECORD YEAR NORMAL DEPARTURE LAST
                VALUE   (LST)  VALUE       VALUE  FROM      YEAR
                                                  NORMAL
..................................................................
TEMPERATURE (F)
 YESTERDAY
  MAXIMUM         36   1248 PM  62    1998  48    -12       41
  MINIMUM         24   1159 PM  14    2013  32     -8       14
  AVERAGE         30                        40    -10       28

PRECIPITATION (IN)
  YESTERDAY        0.03          0.85 1966   0.04  -0.01     0.00
  MONTH TO DATE    0.28                      0.68  -0.40     0.40
  SINCE OCT 1      0.99                      1.33  -0.34     0.44
  SINCE JAN 1      4.10                      7.21  -3.11     4.75

SNOWFALL (IN)
  YESTERDAY       MM
  SNOW DEPTH      MM

DEGREE DAYS
 HEATING
  YESTERDAY       35                        25     10       37
  MONTH TO DATE  542                       438    104      411
  SINCE SEP 1    823                       944   -121      964
  SINCE JUL 1    823                       956   -133      964

 COOLING
  YESTERDAY        0                         0      0        0
  MONTH TO DATE    0                         0      0        0
  SINCE SEP 1     73                        53     20      133
  SINCE JAN 1    991                       710    281      995
..................................................................


WIND (MPH)
  RESULTANT WIND SPEED   0   RESULTANT WIND DIRECTION  NW (300)
  HIGHEST WIND SPEED     9   HIGHEST WIND DIRECTION    NW (310)
  HIGHEST GUST SPEED    11   HIGHEST GUST DIRECTION    NW (310)


SKY COVER
  POSSIBLE SUNSHINE  MM
  AVERAGE SKY COVER 0.6


WEATHER CONDITIONS
THE FOLLOWING WEATHER WAS RECORDED YESTERDAY.
  LIGHT SNOW
  FOG
  HAZE


RELATIVE HUMIDITY (PERCENT)
 HIGHEST   100
 LOWEST     82
 AVERAGE    91

..........................................................


THE PASCO WA CLIMATE NORMALS FOR TODAY
                         NORMAL    RECORD    YEAR
 MAXIMUM TEMPERATURE (F)   47        58      2001
 MINIMUM TEMPERATURE (F)   31        10      2013


SUNRISE AND SUNSET
NOVEMBER 21 2014......SUNRISE   706 AM PST   SUNSET   418 PM PST
NOVEMBER 22 2014......SUNRISE   707 AM PST   SUNSET   417 PM PST


-  INDICATES NEGATIVE NUMBERS.
R  INDICATES RECORD WAS SET OR TIED.
MM INDICATES DATA IS MISSING.
T  INDICATES TRACE AMOUNT.




$$
