000
CDUS46 KPDT 280848 RRA
CLIPSC

CLIMATE REPORT
NATIONAL WEATHER SERVICE PENDLETON OR
148 AM PDT SUN MAY 28 2017


...................................

...THE PASCO WA CLIMATE SUMMARY FOR MAY 27 2017...

CLIMATE NORMAL PERIOD 1981 TO 2010
CLIMATE RECORD PERIOD 1948 TO 2017


WEATHER ITEM   OBSERVED TIME   RECORD YEAR NORMAL DEPARTURE LAST
                VALUE   (LST)  VALUE       VALUE  FROM      YEAR
                                                  NORMAL
..................................................................
TEMPERATURE (F)
 YESTERDAY
  MAXIMUM         90    344 PM  96    1944  78     12       71
  MINIMUM         48    452 AM  35    1918  50     -2       49
  AVERAGE         69                        64      5       60

PRECIPITATION (IN)
  YESTERDAY        0.00          0.36 1945   0.03  -0.03     0.00
  MONTH TO DATE    0.48                      0.60  -0.12     1.52
  SINCE OCT 1      9.44                      7.07   2.37     7.31
  SINCE JAN 1      5.67                      4.12   1.55     4.55

SNOWFALL (IN)
  YESTERDAY        0.0
  SNOW DEPTH       0

DEGREE DAYS
 HEATING
  YESTERDAY        0                         3     -3        5
  MONTH TO DATE  154                       154      0       66
  SINCE MAR 1   1059                      1095    -36      787
  SINCE JUL 1   5381                      4978    403     4305

 COOLING
  YESTERDAY        4                         2      2        0
  MONTH TO DATE   23                        24     -1       28
  SINCE MAR 1     23                        25     -2       32
  SINCE JAN 1     23                        25     -2       32
..................................................................


WIND (MPH)
  RESULTANT WIND SPEED   1   RESULTANT WIND DIRECTION   E (80)
  HIGHEST WIND SPEED    12   HIGHEST WIND DIRECTION     E (80)
  HIGHEST GUST SPEED    16   HIGHEST GUST DIRECTION     E (100)


SKY COVER
  POSSIBLE SUNSHINE  MM
  AVERAGE SKY COVER 0.0


WEATHER CONDITIONS
 THE FOLLOWING WEATHER WAS RECORDED YESTERDAY.
  NO SIGNIFICANT WEATHER WAS OBSERVED.


RELATIVE HUMIDITY (PERCENT)
 HIGHEST    86
 LOWEST     17
 AVERAGE    52

..........................................................


THE PASCO WA CLIMATE NORMALS FOR TODAY
                         NORMAL    RECORD    YEAR
 MAXIMUM TEMPERATURE (F)   78        96      2005
                                             1983
                                             1972
 MINIMUM TEMPERATURE (F)   50        37      1998


SUNRISE AND SUNSET
MAY 28 2017...........SUNRISE   511 AM PDT   SUNSET   837 PM PDT
MAY 29 2017...........SUNRISE   510 AM PDT   SUNSET   838 PM PDT


-  INDICATES NEGATIVE NUMBERS.
R  INDICATES RECORD WAS SET OR TIED.
MM INDICATES DATA IS MISSING.
T  INDICATES TRACE AMOUNT.

$$
