000
CDUS41 KALY 100638
CLIPSF


CLIMATE REPORT
NATIONAL WEATHER SERVICE ALBANY NY
136 AM EST SAT DEC 10 2016


...................................

...THE PITTSFIELD MA CLIMATE SUMMARY FOR DECEMBER 9 2016...

CLIMATE NORMAL PERIOD 1981 TO 2010
CLIMATE RECORD PERIOD 9999 TO 9999


WEATHER ITEM   OBSERVED TIME   NORMAL DEPARTURE LAST
                VALUE   (LST)  VALUE  FROM      YEAR
                                      NORMAL
......................................................
TEMPERATURE (F)
 YESTERDAY
  MAXIMUM         29   1225 PM  36     -7       44
  MINIMUM         18   1159 PM  22     -4       26
  AVERAGE         24            29     -5       35

PRECIPITATION (IN)
  YESTERDAY        T             0.10  -0.10     0.00
  MONTH TO DATE    0.70          0.92  -0.22     0.56
  SINCE DEC 1      0.70          0.92  -0.22     0.56
  SINCE JAN 1     32.64         43.30 -10.66    37.51

DEGREE DAYS
 HEATING
  YESTERDAY       41            36      5       30
  MONTH TO DATE  286           309    -23      252
  SINCE DEC 1    286           309    -23      252
  SINCE JUL 1   1693          1960   -267     1625

 COOLING
  YESTERDAY        0             0      0        0
  MONTH TO DATE    0             0      0        0
  SINCE DEC 1      0             0      0        0
  SINCE JAN 1    432           290    142      361
......................................................


WIND (MPH)
  HIGHEST WIND SPEED    26   HIGHEST WIND DIRECTION     W (280)
  HIGHEST GUST SPEED    39   HIGHEST GUST DIRECTION     W (290)
  AVERAGE WIND SPEED    15.4


SKY COVER
  AVERAGE SKY COVER 0.7



RELATIVE HUMIDITY (PERCENT)
 HIGHEST    80
 LOWEST     46
 AVERAGE    63

..........................................................


THE PITTSFIELD MA CLIMATE NORMALS FOR TODAY
                         NORMAL
 MAXIMUM TEMPERATURE (F)   36
 MINIMUM TEMPERATURE (F)   22


SUNRISE AND SUNSET
DECEMBER 10 2016......SUNRISE   712 AM EST   SUNSET   420 PM EST
DECEMBER 11 2016......SUNRISE   713 AM EST   SUNSET   420 PM EST


-  INDICATES NEGATIVE NUMBERS.
R  INDICATES RECORD WAS SET OR TIED.
MM INDICATES DATA IS MISSING.
T  INDICATES TRACE AMOUNT.




$$
