000
CDUS41 KALY 200624
CLIPSF


CLIMATE REPORT
NATIONAL WEATHER SERVICE ALBANY NY
223 AM EDT SUN APR 20 2014


...................................

...THE PITTSFIELD MA CLIMATE SUMMARY FOR APRIL 19 2014...

CLIMATE NORMAL PERIOD 1981 TO 2010
CLIMATE RECORD PERIOD 9999 TO 9999


WEATHER ITEM   OBSERVED TIME   NORMAL DEPARTURE LAST
                VALUE   (LST)  VALUE  FROM      YEAR
                                      NORMAL
......................................................
TEMPERATURE (F)
 YESTERDAY
  MAXIMUM         58    213 PM  56      2       69
  MINIMUM         29    314 AM  35     -6       43
  AVERAGE         44            46     -2       56

PRECIPITATION (IN)
  YESTERDAY        0.00          0.11  -0.11     0.57
  MONTH TO DATE    1.73          2.74  -1.01     2.00
  SINCE MAR 1      4.86          6.11  -1.25     3.79
  SINCE JAN 1     11.24         11.71  -0.47     7.42

DEGREE DAYS
 HEATING
  YESTERDAY       21            19      2        9
  MONTH TO DATE  415           440    -25      438
  SINCE MAR 1   1646          1467    179     1493
  SINCE JUL 1   7198          6847    351     6432

 COOLING
  YESTERDAY        0             0      0        0
  MONTH TO DATE    1             0      1        0
  SINCE MAR 1      1             0      1        0
  SINCE JAN 1      1             0      1        0
......................................................


WIND (MPH)
  HIGHEST WIND SPEED    22   HIGHEST WIND DIRECTION    NW (300)
  HIGHEST GUST SPEED    30   HIGHEST GUST DIRECTION     W (290)
  AVERAGE WIND SPEED     6.3


SKY COVER
  AVERAGE SKY COVER 0.2



RELATIVE HUMIDITY (PERCENT)
 HIGHEST    92
 LOWEST     30
 AVERAGE    61

..........................................................


THE PITTSFIELD MA CLIMATE NORMALS FOR TODAY
                         NORMAL
 MAXIMUM TEMPERATURE (F)   57
 MINIMUM TEMPERATURE (F)   36


SUNRISE AND SUNSET
APRIL 20 2014.........SUNRISE   604 AM EDT   SUNSET   741 PM EDT
APRIL 21 2014.........SUNRISE   603 AM EDT   SUNSET   742 PM EDT


-  INDICATES NEGATIVE NUMBERS.
R  INDICATES RECORD WAS SET OR TIED.
MM INDICATES DATA IS MISSING.
T  INDICATES TRACE AMOUNT.




$$
