000
CDUS41 KALY 050634
CLIPSF


CLIMATE REPORT
NATIONAL WEATHER SERVICE ALBANY NY
133 AM EST THU MAR 5 2015


...................................

...THE PITTSFIELD MA CLIMATE SUMMARY FOR MARCH 4 2015...

CLIMATE NORMAL PERIOD 1981 TO 2010
CLIMATE RECORD PERIOD 9999 TO 9999


WEATHER ITEM   OBSERVED TIME   NORMAL DEPARTURE LAST
                VALUE   (LST)  VALUE  FROM      YEAR
                                      NORMAL
......................................................
TEMPERATURE (F)
 YESTERDAY
  MAXIMUM         35    323 PM  38     -3       21
  MINIMUM         30   1159 PM  18     12        1
  AVERAGE         33            28      5       11

PRECIPITATION (IN)
  YESTERDAY        0.00          0.08  -0.08     0.00
  MONTH TO DATE    0.41          0.33   0.08      T
  SINCE MAR 1      0.41          0.33   0.08      T
  SINCE JAN 1      5.50          5.93  -0.43     6.38

DEGREE DAYS
 HEATING
  YESTERDAY       32            37     -5       54
  MONTH TO DATE  179           150     29      206
  SINCE MAR 1    179           150     29      206
  SINCE JUL 1   5842          5530    312     5758

 COOLING
  YESTERDAY        0             0      0        0
  MONTH TO DATE    0             0      0        0
  SINCE MAR 1      0             0      0        0
  SINCE JAN 1      0             0      0        0
......................................................


WIND (MPH)
  HIGHEST WIND SPEED    18   HIGHEST WIND DIRECTION    SW (220)
  HIGHEST GUST SPEED    31   HIGHEST GUST DIRECTION    SW (230)
  AVERAGE WIND SPEED     8.0


SKY COVER
  AVERAGE SKY COVER 0.8



RELATIVE HUMIDITY (PERCENT)
 HIGHEST    89
 LOWEST     69
 AVERAGE    79

..........................................................


THE PITTSFIELD MA CLIMATE NORMALS FOR TODAY
                         NORMAL
 MAXIMUM TEMPERATURE (F)   38
 MINIMUM TEMPERATURE (F)   19


SUNRISE AND SUNSET
MARCH  5 2015.........SUNRISE   623 AM EST   SUNSET   547 PM EST
MARCH  6 2015.........SUNRISE   621 AM EST   SUNSET   549 PM EST


-  INDICATES NEGATIVE NUMBERS.
R  INDICATES RECORD WAS SET OR TIED.
MM INDICATES DATA IS MISSING.
T  INDICATES TRACE AMOUNT.




$$
