000
CDUS46 KSGX 240023
CLIPSP


CLIMATE REPORT
NATIONAL WEATHER SERVICE SAN DIEGO, CA
523 PM PDT THU OCT 23 2014


...................................

...THE PALM SPRINGS INTL AIRPORT CA CLIMATE SUMMARY FOR OCTOBER 23 2014...
VALID TODAY AS OF 0500 PM LOCAL TIME.

CLIMATE NORMAL PERIOD 1981 TO 2010
CLIMATE RECORD PERIOD 1893 TO 2014


WEATHER ITEM   OBSERVED TIME   RECORD YEAR NORMAL DEPARTURE LAST
                VALUE   (LST)  VALUE       VALUE  FROM      YEAR
                                                  NORMAL
..................................................................
TEMPERATURE (F)
 TODAY
  MAXIMUM         95    200 PM 104    2003  87      8       93
                                      1959
  MINIMUM         69    442 AM  45    1957  60      9       63
                                      1953
                                      1951
  AVERAGE         82                        73      9       78

PRECIPITATION (IN)
  TODAY            0.00          0.56 1941   0.02  -0.02     0.00
  MONTH TO DATE    0.00                      0.30  -0.30     0.07
  SINCE JUL 1      1.19                      1.25  -0.06     1.15
  SINCE JAN 1      1.94                      4.19  -2.25     2.12

SNOWFALL (IN)
  TODAY            0.0
  MONTH TO DATE    0.0
  SINCE JAN 1      0.0
  SINCE JUL 1      0.0
  SNOW DEPTH       0

DEGREE DAYS
 HEATING
  TODAY            0                         0      0        0
  MONTH TO DATE    0                         0      0        6
  SINCE SEP 1      0                         0      0        6
  SINCE JUL 1      0                         0      0        6

 COOLING
  TODAY           17                         9      8       13
  MONTH TO DATE  399                       278    121      225
  SINCE SEP 1   1160                       920    240      894
  SINCE JAN 1   4757                      4004    753     4390
..................................................................


WIND (MPH)
  RESULTANT WIND SPEED   3   RESULTANT WIND DIRECTION   N (350)
  HIGHEST WIND SPEED    13   HIGHEST WIND DIRECTION    NW (320)
  HIGHEST GUST SPEED    16   HIGHEST GUST DIRECTION    NW (330)
  AVERAGE WIND SPEED     6.8


SKY COVER
  POSSIBLE SUNSHINE  MM
  AVERAGE SKY COVER 0.1


WEATHER CONDITIONS
 THE FOLLOWING WEATHER WAS RECORDED TODAY.
  NO SIGNIFICANT WEATHER WAS OBSERVED.


RELATIVE HUMIDITY (PERCENT)
 HIGHEST    22           600 AM
 LOWEST     12           900 AM
 AVERAGE    17

..........................................................


THE PALM SPRINGS INTL AIRPORT CA CLIMATE NORMALS FOR TOMORROW
                         NORMAL    RECORD    YEAR
 MAXIMUM TEMPERATURE (F)   86       105      1959
 MINIMUM TEMPERATURE (F)   60        30      1951


SUNRISE AND SUNSET
OCTOBER 23 2014.......SUNRISE   657 AM PDT   SUNSET   603 PM PDT
OCTOBER 24 2014.......SUNRISE   658 AM PDT   SUNSET   602 PM PDT


-  INDICATES NEGATIVE NUMBERS.
R  INDICATES RECORD WAS SET OR TIED.
MM INDICATES DATA IS MISSING.
T  INDICATES TRACE AMOUNT.




$$
