000
CDUS46 KSGX 011435
CLIPSP


CLIMATE REPORT
NATIONAL WEATHER SERVICE SAN DIEGO, CA
735 AM PDT TUE SEP 1 2015


...................................

...THE PALM SPRINGS INTL AIRPORT CA CLIMATE SUMMARY FOR AUGUST 31 2015...

CLIMATE NORMAL PERIOD 1981 TO 2010
CLIMATE RECORD PERIOD 1893 TO 2015


WEATHER ITEM   OBSERVED TIME   RECORD YEAR NORMAL DEPARTURE LAST
                VALUE   (LST)  VALUE       VALUE  FROM      YEAR
                                                  NORMAL
..................................................................
TEMPERATURE (F)
 YESTERDAY
  MAXIMUM        107    323 PM 118    1950 105      2      111
  MINIMUM         79    600 AM  56    1957  76      3       80
  AVERAGE         93                        90      3       96

PRECIPITATION (IN)
  YESTERDAY        0.00          0.34 1967   0.01  -0.01     0.00
  MONTH TO DATE    T                         0.34  -0.34     0.88
  SINCE OCT 1      2.63                      5.38  -2.75     2.08
  SINCE JAN 1      1.76                      3.53  -1.77     1.90

DEGREE DAYS
 HEATING
  YESTERDAY        0                         0      0        0
  MONTH TO DATE    0                         0      0        0
  SINCE JUN 1      0                         0      0        0
  SINCE JUL 1      0                         0      0        0

 COOLING
  YESTERDAY       28                        26      2       31
  MONTH TO DATE  957                       832    125      825
  SINCE JUN 1   2547                      2325    222     2487
  SINCE JAN 1   3612                      3084    528     3597
..................................................................


WIND (MPH)
  RESULTANT WIND SPEED   4   RESULTANT WIND DIRECTION   N (340)
  HIGHEST WIND SPEED    24   HIGHEST WIND DIRECTION    NW (320)
  HIGHEST GUST SPEED    31   HIGHEST GUST DIRECTION    NW (310)
  AVERAGE WIND SPEED     7.5


SKY COVER
  POSSIBLE SUNSHINE  MM
  AVERAGE SKY COVER 0.2


WEATHER CONDITIONS
 THE FOLLOWING WEATHER WAS RECORDED YESTERDAY.
  NO SIGNIFICANT WEATHER WAS OBSERVED.


RELATIVE HUMIDITY (PERCENT)
 HIGHEST    54           600 AM
 LOWEST     10           400 PM
 AVERAGE    32

..........................................................


THE PALM SPRINGS INTL AIRPORT CA CLIMATE NORMALS FOR TODAY
                         NORMAL    RECORD    YEAR
 MAXIMUM TEMPERATURE (F)  104       121      1950
 MINIMUM TEMPERATURE (F)   76        56      1956
                                             1951
                                             1941


SUNRISE AND SUNSET
SEPTEMBER  1 2015.....SUNRISE   620 AM PDT   SUNSET   712 PM PDT
SEPTEMBER  2 2015.....SUNRISE   620 AM PDT   SUNSET   710 PM PDT


-  INDICATES NEGATIVE NUMBERS.
R  INDICATES RECORD WAS SET OR TIED.
MM INDICATES DATA IS MISSING.
T  INDICATES TRACE AMOUNT.




$$
