000
CDUS46 KSGX 271422
CLIPSP


CLIMATE REPORT
NATIONAL WEATHER SERVICE SAN DIEGO, CA
622 AM PST SAT DEC 27 2014


...................................

...THE PALM SPRINGS INTL AIRPORT CA CLIMATE SUMMARY FOR DECEMBER 26 2014...

CLIMATE NORMAL PERIOD 1981 TO 2010
CLIMATE RECORD PERIOD 1893 TO 2014


WEATHER ITEM   OBSERVED TIME   RECORD YEAR NORMAL DEPARTURE LAST
                VALUE   (LST)  VALUE       VALUE  FROM      YEAR
                                                  NORMAL
..................................................................
TEMPERATURE (F)
 YESTERDAY
  MAXIMUM         62    114 PM  84    1933  66     -4       79
  MINIMUM         46    427 AM  28    1987  44      2       52
  AVERAGE         54                        55     -1       66

PRECIPITATION (IN)
  YESTERDAY        0.00          1.20 1927   0.04  -0.04     0.00
  MONTH TO DATE    0.74                      0.65   0.09      T
  SINCE JUL 1      2.00                      2.57  -0.57     1.26
  SINCE JAN 1      2.75                      5.51  -2.76     2.23

SNOWFALL (IN)
  YESTERDAY        0.0
  MONTH TO DATE    0.0
  SINCE JAN 1      0.0
  SINCE JUL 1      0.0
  SNOW DEPTH       0

DEGREE DAYS
 HEATING
  YESTERDAY       11                        10      1        0
  MONTH TO DATE  132                       243   -111      195
  SINCE DEC 1    132                       243   -111      195
  SINCE JUL 1    165                       339   -174      256

 COOLING
  YESTERDAY        0                         0      0        1
  MONTH TO DATE   24                         0     24        4
  SINCE DEC 1     24                         0     24        4
  SINCE JAN 1   4948                      4137    811     4510
..................................................................


WIND (MPH)
  RESULTANT WIND SPEED   1   RESULTANT WIND DIRECTION  NW (330)
  HIGHEST WIND SPEED    17   HIGHEST WIND DIRECTION     N (10)
  HIGHEST GUST SPEED    23   HIGHEST GUST DIRECTION     W (280)
  AVERAGE WIND SPEED     5.2


SKY COVER
  POSSIBLE SUNSHINE  MM
  AVERAGE SKY COVER 0.0


WEATHER CONDITIONS
 THE FOLLOWING WEATHER WAS RECORDED YESTERDAY.
  NO SIGNIFICANT WEATHER WAS OBSERVED.


RELATIVE HUMIDITY (PERCENT)
 HIGHEST    26           200 AM
 LOWEST     11           100 PM
 AVERAGE    19

..........................................................


THE PALM SPRINGS INTL AIRPORT CA CLIMATE NORMALS FOR TODAY
                         NORMAL    RECORD    YEAR
 MAXIMUM TEMPERATURE (F)   67        85      1980
 MINIMUM TEMPERATURE (F)   44        28      1987
                                             1924


SUNRISE AND SUNSET
DECEMBER 27 2014......SUNRISE   650 AM PST   SUNSET   445 PM PST
DECEMBER 28 2014......SUNRISE   650 AM PST   SUNSET   445 PM PST


-  INDICATES NEGATIVE NUMBERS.
R  INDICATES RECORD WAS SET OR TIED.
MM INDICATES DATA IS MISSING.
T  INDICATES TRACE AMOUNT.




$$
