111
CDUS46 KSGX 240017
CLIPSP


CLIMATE REPORT
NATIONAL WEATHER SERVICE SAN DIEGO, CA
417 PM PST THU FEB 23 2017


...................................

...THE PALM SPRINGS INTL AIRPORT CA CLIMATE SUMMARY FOR FEBRUARY 23 2017...
VALID TODAY AS OF 0400 PM LOCAL TIME.

CLIMATE NORMAL PERIOD 1981 TO 2010
CLIMATE RECORD PERIOD 1893 TO 2017


WEATHER ITEM   OBSERVED TIME   RECORD YEAR NORMAL DEPARTURE LAST
                VALUE   (LST)  VALUE       VALUE  FROM      YEAR
                                                  NORMAL
..................................................................
TEMPERATURE (F)
 TODAY
  MAXIMUM         68    301 PM  94    1947  74     -6       80
  MINIMUM         52    654 AM  29    1953  49      3       58
  AVERAGE         60                        62     -2       69

PRECIPITATION (IN)
  TODAY            0.00          0.50 1930   0.05  -0.05     0.00
  MONTH TO DATE    0.48                      0.84  -0.36      T
  SINCE OCT 1      5.80                      3.69   2.11     2.45
  SINCE JAN 1      4.01                      1.84   2.17     2.26

DEGREE DAYS
 HEATING
  TODAY            5                         4      1        0
  MONTH TO DATE   45                       133    -88       56
  SINCE DEC 1    557                       664   -107      603
  SINCE JUL 1    618                       760   -142      710

 COOLING
  TODAY            0                         1     -1        4
  MONTH TO DATE   45                        22     23      113
  SINCE DEC 1     46                        34     12      113
  SINCE JAN 1     45                        30     15      113
..................................................................


WIND (MPH)
  RESULTANT WIND SPEED   8   RESULTANT WIND DIRECTION  NW (320)
  HIGHEST WIND SPEED    22   HIGHEST WIND DIRECTION    NW (320)
  HIGHEST GUST SPEED    29   HIGHEST GUST DIRECTION    NW (330)
  AVERAGE WIND SPEED     8.2


SKY COVER
  POSSIBLE SUNSHINE  MM
  AVERAGE SKY COVER 0.0


WEATHER CONDITIONS
 THE FOLLOWING WEATHER WAS RECORDED TODAY.
  NO SIGNIFICANT WEATHER WAS OBSERVED.


RELATIVE HUMIDITY (PERCENT)
 HIGHEST    54           700 AM
 LOWEST     24           200 PM
 AVERAGE    39

..........................................................


THE PALM SPRINGS INTL AIRPORT CA CLIMATE NORMALS FOR TOMORROW
                         NORMAL    RECORD    YEAR
 MAXIMUM TEMPERATURE (F)   74        94      1986
 MINIMUM TEMPERATURE (F)   50        34      1935


SUNRISE AND SUNSET
FEBRUARY 23 2017......SUNRISE   621 AM PST   SUNSET   538 PM PST
FEBRUARY 24 2017......SUNRISE   620 AM PST   SUNSET   539 PM PST


-  INDICATES NEGATIVE NUMBERS.
R  INDICATES RECORD WAS SET OR TIED.
MM INDICATES DATA IS MISSING.
T  INDICATES TRACE AMOUNT.




$$
