000
CDUS46 KSGX 111230
CLIPSP


CLIMATE REPORT
NATIONAL WEATHER SERVICE SAN DIEGO, CA
430 AM PST MON DEC 11 2017


...................................

...THE PALM SPRINGS INTL AIRPORT CA CLIMATE SUMMARY FOR DECEMBER 10 2017...

CLIMATE NORMAL PERIOD 1981 TO 2010
CLIMATE RECORD PERIOD 1893 TO 2017


WEATHER ITEM   OBSERVED TIME   RECORD YEAR NORMAL DEPARTURE LAST
                VALUE   (LST)  VALUE       VALUE  FROM      YEAR
                                                  NORMAL
..................................................................
TEMPERATURE (F)
 YESTERDAY
  MAXIMUM         83   1206 PM  88    1958  67     16       73
  MINIMUM         62   1101 PM  30    1971  44     18       48
  AVERAGE         73                        56     17       61

PRECIPITATION (IN)
  YESTERDAY        0.00          3.80 1943   0.03  -0.03     0.00
  MONTH TO DATE    0.00                      0.19  -0.19      T
  SINCE OCT 1      T                         1.16  -1.16     0.29
  SINCE JAN 1      7.17                      5.05   2.12     3.65

DEGREE DAYS
 HEATING
  YESTERDAY        0                         9     -9        4
  MONTH TO DATE    7                        83    -76       59
  SINCE DEC 1      7                        83    -76       59
  SINCE JUL 1      7                       179   -172      120

 COOLING
  YESTERDAY        8                         0      8        0
  MONTH TO DATE   19                         0     19        0
  SINCE DEC 1     19                         0     19        0
  SINCE JAN 1   5210                      4137   1073     4808
..................................................................


WIND (MPH)
  RESULTANT WIND SPEED   5   RESULTANT WIND DIRECTION   W (260)
  HIGHEST WIND SPEED    10   HIGHEST WIND DIRECTION    SW (240)
  HIGHEST GUST SPEED    16   HIGHEST GUST DIRECTION     W (290)
  AVERAGE WIND SPEED     5.6


SKY COVER
  POSSIBLE SUNSHINE  MM
  AVERAGE SKY COVER 0.0


WEATHER CONDITIONS
 THE FOLLOWING WEATHER WAS RECORDED YESTERDAY.
  NO SIGNIFICANT WEATHER WAS OBSERVED.


RELATIVE HUMIDITY (PERCENT)
 HIGHEST    14           900 AM
 LOWEST      5          1200 PM
 AVERAGE    10

..........................................................


THE PALM SPRINGS INTL AIRPORT CA CLIMATE NORMALS FOR TODAY
                         NORMAL    RECORD    YEAR
 MAXIMUM TEMPERATURE (F)   67        87      1958
 MINIMUM TEMPERATURE (F)   44        32      1945


SUNRISE AND SUNSET
DECEMBER 11 2017......SUNRISE   641 AM PST   SUNSET   438 PM PST
DECEMBER 12 2017......SUNRISE   642 AM PST   SUNSET   438 PM PST


-  INDICATES NEGATIVE NUMBERS.
R  INDICATES RECORD WAS SET OR TIED.
MM INDICATES DATA IS MISSING.
T  INDICATES TRACE AMOUNT.




$$
