000
CDUS46 KSGX 021420
CLIPSP


CLIMATE REPORT
NATIONAL WEATHER SERVICE SAN DIEGO, CA
620 AM PST MON MAR 2 2015


...................................

...THE PALM SPRINGS INTL AIRPORT CA CLIMATE SUMMARY FOR MARCH 1 2015...

CLIMATE NORMAL PERIOD 1981 TO 2010
CLIMATE RECORD PERIOD 1893 TO 2015


WEATHER ITEM   OBSERVED TIME   RECORD YEAR NORMAL DEPARTURE LAST
                VALUE   (LST)  VALUE       VALUE  FROM      YEAR
                                                  NORMAL
..................................................................
TEMPERATURE (F)
 YESTERDAY
  MAXIMUM         59   1201 AM  90    1986  75    -16       66
                                      1967
  MINIMUM         51   1159 PM  32    1962  50      1       52
                                      1945
  AVERAGE         55                        63     -8       59

PRECIPITATION (IN)
  YESTERDAY        0.52          1.93 1991   0.05   0.47     0.28
  MONTH TO DATE    0.52                      0.05   0.47     0.28
  SINCE OCT 1      1.78                      3.93  -2.15     0.88
  SINCE JAN 1      0.91                      2.08  -1.17     0.70

SNOWFALL (IN)
  YESTERDAY        0.0
  MONTH TO DATE    0.0
  SINCE JAN 1      0.0
  SINCE JUL 1      0.0
  SNOW DEPTH       0

DEGREE DAYS
 HEATING
  YESTERDAY       10                         3      7        6
  MONTH TO DATE   10                         3      7        6
  SINCE MAR 1     10                         3      7        6
  SINCE JUL 1    381                       781   -400      417

 COOLING
  YESTERDAY        0                         1     -1        0
  MONTH TO DATE    0                         1     -1        0
  SINCE MAR 1      0                         1     -1        0
  SINCE JAN 1    120                        28     92      108
..................................................................


WIND (MPH)
  RESULTANT WIND SPEED   1   RESULTANT WIND DIRECTION   S (200)
  HIGHEST WIND SPEED     8   HIGHEST WIND DIRECTION    NW (310)
  HIGHEST GUST SPEED     9   HIGHEST GUST DIRECTION    NW (320)
  AVERAGE WIND SPEED     2.9


SKY COVER
  POSSIBLE SUNSHINE  MM
  AVERAGE SKY COVER 0.8


WEATHER CONDITIONS
 THE FOLLOWING WEATHER WAS RECORDED YESTERDAY.
  LIGHT RAIN
  FOG


RELATIVE HUMIDITY (PERCENT)
 HIGHEST   100           500 PM
 LOWEST     47          1200 AM
 AVERAGE    74

..........................................................


THE PALM SPRINGS INTL AIRPORT CA CLIMATE NORMALS FOR TODAY
                         NORMAL    RECORD    YEAR
 MAXIMUM TEMPERATURE (F)   76        93      1934
 MINIMUM TEMPERATURE (F)   51        33      1939


SUNRISE AND SUNSET
MARCH  2 2015.........SUNRISE   614 AM PST   SUNSET   543 PM PST
MARCH  3 2015.........SUNRISE   612 AM PST   SUNSET   544 PM PST


-  INDICATES NEGATIVE NUMBERS.
R  INDICATES RECORD WAS SET OR TIED.
MM INDICATES DATA IS MISSING.
T  INDICATES TRACE AMOUNT.




$$
