000
CDUS46 KSGX 291429
CLIPSP


CLIMATE REPORT
NATIONAL WEATHER SERVICE SAN DIEGO, CA
629 AM PST THU JAN 29 2015


...................................

...THE PALM SPRINGS INTL AIRPORT CA CLIMATE SUMMARY FOR JANUARY 28 2015...

CLIMATE NORMAL PERIOD 1981 TO 2010
CLIMATE RECORD PERIOD 1893 TO 2015


WEATHER ITEM   OBSERVED TIME   RECORD YEAR NORMAL DEPARTURE LAST
                VALUE   (LST)  VALUE       VALUE  FROM      YEAR
                                                  NORMAL
..................................................................
TEMPERATURE (F)
 YESTERDAY
  MAXIMUM         74    307 PM  89    1971  70      4       81
  MINIMUM         52    718 AM  23    1948  47      5       51
  AVERAGE         63                        58      5       66

PRECIPITATION (IN)
  YESTERDAY        0.00          0.90 1911   0.02  -0.02     0.00
  MONTH TO DATE    0.12                      0.95  -0.83     0.00
  SINCE OCT 1      0.99                      2.80  -1.81     0.18
  SINCE JAN 1      0.12                      0.95  -0.83     0.00

SNOWFALL (IN)
  YESTERDAY        0.0
  MONTH TO DATE    0.0
  SINCE JAN 1      0.0
  SINCE JUL 1      0.0
  SNOW DEPTH       0

DEGREE DAYS
 HEATING
  YESTERDAY        2                         7     -5        0
  MONTH TO DATE  112                       220   -108       68
  SINCE DEC 1    327                       510   -183      288
  SINCE JUL 1    360                       606   -246      349

 COOLING
  YESTERDAY        0                         0      0        1
  MONTH TO DATE   14                         0     14       35
  SINCE DEC 1     38                         4     34       39
  SINCE JAN 1     14                         0     14       35
..................................................................


WIND (MPH)
  RESULTANT WIND SPEED   1   RESULTANT WIND DIRECTION   N (350)
  HIGHEST WIND SPEED     9   HIGHEST WIND DIRECTION    NW (330)
  HIGHEST GUST SPEED    10   HIGHEST GUST DIRECTION     W (270)
  AVERAGE WIND SPEED     3.0


SKY COVER
  POSSIBLE SUNSHINE  MM
  AVERAGE SKY COVER 0.1


WEATHER CONDITIONS
 THE FOLLOWING WEATHER WAS RECORDED YESTERDAY.
  NO SIGNIFICANT WEATHER WAS OBSERVED.


RELATIVE HUMIDITY (PERCENT)
 HIGHEST    83           100 AM
 LOWEST     29           200 PM
 AVERAGE    56

..........................................................


THE PALM SPRINGS INTL AIRPORT CA CLIMATE NORMALS FOR TODAY
                         NORMAL    RECORD    YEAR
 MAXIMUM TEMPERATURE (F)   70        89      1971
 MINIMUM TEMPERATURE (F)   47        26      1948


SUNRISE AND SUNSET
JANUARY 29 2015.......SUNRISE   645 AM PST   SUNSET   514 PM PST
JANUARY 30 2015.......SUNRISE   644 AM PST   SUNSET   515 PM PST


-  INDICATES NEGATIVE NUMBERS.
R  INDICATES RECORD WAS SET OR TIED.
MM INDICATES DATA IS MISSING.
T  INDICATES TRACE AMOUNT.




$$
