000
CDUS46 KSGX 231421
CLIPSP


CLIMATE REPORT
NATIONAL WEATHER SERVICE SAN DIEGO, CA
720 AM PDT SAT MAY 23 2015


...................................

...THE PALM SPRINGS INTL AIRPORT CA CLIMATE SUMMARY FOR MAY 22 2015...

CLIMATE NORMAL PERIOD 1981 TO 2010
CLIMATE RECORD PERIOD 1893 TO 2015


WEATHER ITEM   OBSERVED TIME   RECORD YEAR NORMAL DEPARTURE LAST
                VALUE   (LST)  VALUE       VALUE  FROM      YEAR
                                                  NORMAL
..................................................................
TEMPERATURE (F)
 YESTERDAY
  MAXIMUM         80    240 PM 112    2005  95    -15       87
  MINIMUM         62    420 AM  44    1933  66     -4       65
  AVERAGE         71                        81    -10       76

PRECIPITATION (IN)
  YESTERDAY        0.00          0.01 2006   0.00   0.00      T
  MONTH TO DATE    0.12                      0.11   0.01      T
  SINCE OCT 1      2.21                      4.71  -2.50     0.93
  SINCE JAN 1      1.34                      2.86  -1.52     0.75

SNOWFALL (IN)
  YESTERDAY        0.0
  MONTH TO DATE    0.0
  SINCE MAR 1      0.0
  SINCE JUL 1      0.0
  SNOW DEPTH       0

DEGREE DAYS
 HEATING
  YESTERDAY        0                         0      0        0
  MONTH TO DATE    6                         0      6        0
  SINCE MAR 1     36                        94    -58       20
  SINCE JUL 1    407                       872   -465      431

 COOLING
  YESTERDAY        6                        16    -10       11
  MONTH TO DATE  209                       287    -78      336
  SINCE MAR 1    800                       580    220      801
  SINCE JAN 1    920                       607    313      909
..................................................................


WIND (MPH)
  RESULTANT WIND SPEED  12   RESULTANT WIND DIRECTION  NW (330)
  HIGHEST WIND SPEED    26   HIGHEST WIND DIRECTION    NW (330)
  HIGHEST GUST SPEED    31   HIGHEST GUST DIRECTION    NW (330)
  AVERAGE WIND SPEED    12.0


SKY COVER
  POSSIBLE SUNSHINE  MM
  AVERAGE SKY COVER 0.1


WEATHER CONDITIONS
 THE FOLLOWING WEATHER WAS RECORDED YESTERDAY.
  NO SIGNIFICANT WEATHER WAS OBSERVED.


RELATIVE HUMIDITY (PERCENT)
 HIGHEST    48           400 AM
 LOWEST     25          1200 PM
 AVERAGE    37

..........................................................


THE PALM SPRINGS INTL AIRPORT CA CLIMATE NORMALS FOR TODAY
                         NORMAL    RECORD    YEAR
 MAXIMUM TEMPERATURE (F)   95       114      2001
 MINIMUM TEMPERATURE (F)   66        49      1960


SUNRISE AND SUNSET
MAY 23 2015...........SUNRISE   540 AM PDT   SUNSET   746 PM PDT
MAY 24 2015...........SUNRISE   539 AM PDT   SUNSET   747 PM PDT


-  INDICATES NEGATIVE NUMBERS.
R  INDICATES RECORD WAS SET OR TIED.
MM INDICATES DATA IS MISSING.
T  INDICATES TRACE AMOUNT.




$$
