000
CDUS45 KPUB 271148
CLIPUB


CLIMATE REPORT
NATIONAL WEATHER SERVICE PUEBLO
448 AM MST SAT DEC 27 2014


...................................

...THE PUEBLO CO CLIMATE SUMMARY FOR DECEMBER 26 2014...

CLIMATE NORMAL PERIOD 1981 TO 2010
CLIMATE RECORD PERIOD 1888 TO 2014


WEATHER ITEM   OBSERVED TIME   RECORD YEAR NORMAL DEPARTURE LAST
                VALUE   (LST)  VALUE       VALUE  FROM      YEAR
                                                  NORMAL
..................................................................
TEMPERATURE (F)
 YESTERDAY
  MAXIMUM         28   1228 AM  73    2005  46    -18       56
  MINIMUM         18   1159 PM -12    1911  13      5       12
  AVERAGE         23                        30     -7       34

PRECIPITATION (IN)
  YESTERDAY        0.01          0.30 1974   0.01   0.00     0.00
                                      1942
  MONTH TO DATE    0.14                      0.33  -0.19     0.02
  SINCE DEC 1      0.14                      0.33  -0.19     0.02
  SINCE JAN 1     11.73                     12.52  -0.79     9.67

SNOWFALL (IN)
  YESTERDAY        0.3           4.4  1942   0.1    0.2      0.0
  MONTH TO DATE    0.6                       4.6   -4.0      2.0
  SINCE DEC 1      0.6                       4.6   -4.0      2.0
  SINCE JUL 1     10.5                      10.6   -0.1      5.7
  SNOW DEPTH       0

DEGREE DAYS
 HEATING
  YESTERDAY       42                        36      6       31
  MONTH TO DATE  807                       908   -101      900
  SINCE DEC 1    807                       908   -101      900
  SINCE JUL 1   1969                      2189   -220     2083

 COOLING
  YESTERDAY        0                         0      0        0
  MONTH TO DATE    0                         0      0        0
  SINCE DEC 1      0                         0      0        0
  SINCE JAN 1   1002                       897    105     1230
..................................................................


WIND (MPH)
  HIGHEST WIND SPEED    16   HIGHEST WIND DIRECTION    NE (50)
  HIGHEST GUST SPEED    20   HIGHEST GUST DIRECTION    NE (40)
  AVERAGE WIND SPEED     8.4


SKY COVER
  POSSIBLE SUNSHINE  MM
  AVERAGE SKY COVER 1.0


WEATHER CONDITIONS
 THE FOLLOWING WEATHER WAS RECORDED YESTERDAY.
  LIGHT SNOW
  FOG
  HAZE


RELATIVE HUMIDITY (PERCENT)
 HIGHEST    92           600 PM
 LOWEST     60           500 AM
 AVERAGE    76

..........................................................


THE PUEBLO CO CLIMATE NORMALS FOR TODAY
                         NORMAL    RECORD    YEAR
 MAXIMUM TEMPERATURE (F)   46        75      1980
 MINIMUM TEMPERATURE (F)   13       -15      1911


SUNRISE AND SUNSET
DECEMBER 27 2014......SUNRISE   714 AM MST   SUNSET   445 PM MST
DECEMBER 28 2014......SUNRISE   714 AM MST   SUNSET   445 PM MST


-  INDICATES NEGATIVE NUMBERS.
R  INDICATES RECORD WAS SET OR TIED.
MM INDICATES DATA IS MISSING.
T  INDICATES TRACE AMOUNT.




$$
