000
CDUS45 KPUB 200030
CLIPUB


CLIMATE REPORT
NATIONAL WEATHER SERVICE PUEBLO
530 PM MST MON FEB 19 2018


...................................

...THE PUEBLO CO CLIMATE SUMMARY FOR FEBRUARY 19 2018...
VALID TODAY AS OF 0500 PM LOCAL TIME.

CLIMATE NORMAL PERIOD 1981 TO 2010
CLIMATE RECORD PERIOD 1888 TO 2018


WEATHER ITEM   OBSERVED TIME   RECORD YEAR NORMAL DEPARTURE LAST
                VALUE   (LST)  VALUE       VALUE  FROM      YEAR
                                                  NORMAL
..................................................................
TEMPERATURE (F)
 TODAY
  MAXIMUM         49    113 AM  78    1981  51     -2       67
  MINIMUM         19    939 AM  -5    1942  18      1       29
  AVERAGE         34                        35     -1       48

PRECIPITATION (IN)
  TODAY            T             0.43 2004   0.02  -0.02     0.00
                                      1919
  MONTH TO DATE    0.49                      0.18   0.31     0.17
  SINCE DEC 1      0.73                      0.91  -0.18     1.68
  SINCE JAN 1      0.72                      0.53   0.19     0.92

SNOWFALL (IN)
  TODAY            T             4.3  1987   0.1   -0.1      0.0
  MONTH TO DATE    9.4                       2.7    6.7      0.0
  SINCE DEC 1     11.2                      14.7   -3.5     14.2
  SINCE JUL 1     12.6                      20.7   -8.1     14.2
  SNOW DEPTH       0

DEGREE DAYS
 HEATING
  TODAY           31                        30      1       17
  MONTH TO DATE  551                       613    -62      401
  SINCE DEC 1   2485                      2764   -279     2485
  SINCE JUL 1   3506                      4045   -539     3267

 COOLING
  TODAY            0                         0      0        0
  MONTH TO DATE    0                         0      0        0
  SINCE DEC 1      0                         0      0        0
  SINCE JAN 1      0                         0      0        0
..................................................................


WIND (MPH)
  HIGHEST WIND SPEED    29   HIGHEST WIND DIRECTION    NE (40)
  HIGHEST GUST SPEED    33   HIGHEST GUST DIRECTION    NE (30)
  AVERAGE WIND SPEED    11.3


SKY COVER
  POSSIBLE SUNSHINE  MM
  AVERAGE SKY COVER 0.8


WEATHER CONDITIONS
 THE FOLLOWING WEATHER WAS RECORDED TODAY.
  LIGHT SNOW
  HAZE


RELATIVE HUMIDITY (PERCENT)
 HIGHEST    88           400 AM
 LOWEST     34          1200 AM
 AVERAGE    61

..........................................................


THE PUEBLO CO CLIMATE NORMALS FOR TOMORROW
                         NORMAL    RECORD    YEAR
 MAXIMUM TEMPERATURE (F)   52        81      1981
 MINIMUM TEMPERATURE (F)   19        -6      1889


SUNRISE AND SUNSET
FEBRUARY 19 2018......SUNRISE   643 AM MST   SUNSET   541 PM MST
FEBRUARY 20 2018......SUNRISE   642 AM MST   SUNSET   542 PM MST


-  INDICATES NEGATIVE NUMBERS.
R  INDICATES RECORD WAS SET OR TIED.
MM INDICATES DATA IS MISSING.
T  INDICATES TRACE AMOUNT.




$$
