000
CDUS46 KOTX 250831
CLIPUW


CLIMATE REPORT
NATIONAL WEATHER SERVICE SPOKANE, WA
130 AM PDT FRI JUL 25 2014


...................................

...THE PULLMAN-MOSCOW  AIRPORT CLIMATE SUMMARY FOR JULY 24 2014...

CLIMATE NORMAL PERIOD 1981 TO 2010
CLIMATE RECORD PERIOD 9999 TO 9999


WEATHER ITEM   OBSERVED TIME   RECORD YEAR NORMAL DEPARTURE LAST
                VALUE   (LST)  VALUE       VALUE  FROM      YEAR
                                                  NORMAL
..................................................................
TEMPERATURE (F)
 YESTERDAY
  MAXIMUM         70    402 PM  98    2006  84    -14       94
                                      1994
  MINIMUM         49   1159 PM  35    1953  51     -2       46
  AVERAGE         60                        67     -7       70

PRECIPITATION (IN)
  YESTERDAY        0.00          0.12 1992   0.02  -0.02     0.00
  MONTH TO DATE    0.33                      0.55  -0.22     0.12
  SINCE OCT 1     14.28                     15.34  -1.06    15.97
  SINCE JAN 1     10.94                     10.14   0.80     8.43

SNOWFALL (IN)
  YESTERDAY       MM            MM      MM  MM     MM       MM
  MONTH TO DATE   MM                        MM     MM       MM
  SINCE JUN 1     MM                        MM     MM       MM
  SINCE JUL 1     MM                        MM     MM       MM
  SNOW DEPTH      MM

DEGREE DAYS
 HEATING
  YESTERDAY        5                         1      4        0
  MONTH TO DATE    5                        55    -50       21
  SINCE JUN 1    209                       261    -52      211
  SINCE JUL 1      5                        55    -50       21

 COOLING
  YESTERDAY        0                         3     -3        5
  MONTH TO DATE  139                        55     84       87
  SINCE JUN 1    140                        68     72      120
  SINCE JAN 1    141                        73     68      132
..................................................................


WIND (MPH)
  HIGHEST WIND SPEED    25   HIGHEST WIND DIRECTION    SW (240)
  HIGHEST GUST SPEED    33   HIGHEST GUST DIRECTION    SW (230)
  AVERAGE WIND SPEED    11.7


SKY COVER
  POSSIBLE SUNSHINE  MM
  AVERAGE SKY COVER 0.2


WEATHER CONDITIONS
 THE FOLLOWING WEATHER WAS RECORDED YESTERDAY.
  NO SIGNIFICANT WEATHER WAS OBSERVED.


RELATIVE HUMIDITY (PERCENT)
 HIGHEST    74           500 AM
 LOWEST     35           500 PM
 AVERAGE    55

..........................................................


THE PULLMAN-MOSCOW  AIRPORT CLIMATE NORMALS FOR TODAY
                         NORMAL    RECORD    YEAR
 MAXIMUM TEMPERATURE (F)   84       100      1994
 MINIMUM TEMPERATURE (F)   51        38      1954


SUNRISE AND SUNSET
JULY 25 2014..........SUNRISE   520 AM PDT   SUNSET   829 PM PDT
JULY 26 2014..........SUNRISE   522 AM PDT   SUNSET   828 PM PDT


-  INDICATES NEGATIVE NUMBERS.
R  INDICATES RECORD WAS SET OR TIED.
MM INDICATES DATA IS MISSING.
T  INDICATES TRACE AMOUNT.




$$
