000
CDUS46 KOTX 040819
CLIPUW


CLIMATE REPORT
NATIONAL WEATHER SERVICE SPOKANE, WA
118 AM PDT SAT JUL 4 2015


...................................

...THE PULLMAN-MOSCOW  AIRPORT CLIMATE SUMMARY FOR JULY 3 2015...

CLIMATE NORMAL PERIOD 1981 TO 2010
CLIMATE RECORD PERIOD 9999 TO 9999


WEATHER ITEM   OBSERVED TIME   RECORD YEAR NORMAL DEPARTURE LAST
                VALUE   (LST)  VALUE       VALUE  FROM      YEAR
                                                  NORMAL
..................................................................
TEMPERATURE (F)
 YESTERDAY
  MAXIMUM         97R       MM  93    2008  78     19       85
                                      1967
  MINIMUM         54        MM  33    1962  48      6       48
  AVERAGE         76                        63     13       67

PRECIPITATION (IN)
  YESTERDAY        0.00          0.54 1995   0.03  -0.03      T
  MONTH TO DATE    0.00                      0.10  -0.10      T
  SINCE OCT 1     16.09                     14.89   1.20    13.95
  SINCE JAN 1      9.24                      9.69  -0.45    10.61

SNOWFALL (IN)
  YESTERDAY       MM

DEGREE DAYS
 HEATING
  YESTERDAY        0                         4     -4        0
  MONTH TO DATE    0                        12    -12        0
  SINCE JUN 1     79                       218   -139      204
  SINCE JUL 1      0                        12    -12        0

 COOLING
  YESTERDAY       11                         2      9        2
  MONTH TO DATE   28                         4     24       12
  SINCE JUN 1    121                        17    104       13
  SINCE JAN 1    133                        22    111       14
..................................................................


WIND (MPH)
  HIGHEST WIND SPEED    10   HIGHEST WIND DIRECTION     W (290)
  HIGHEST GUST SPEED    MM   HIGHEST GUST DIRECTION    MM
  AVERAGE WIND SPEED     3.7


SKY COVER
  POSSIBLE SUNSHINE   0 PERCENT
  AVERAGE SKY COVER 0.0


WEATHER CONDITIONS
 THE FOLLOWING WEATHER WAS RECORDED YESTERDAY.
  NO SIGNIFICANT WEATHER WAS OBSERVED.


RELATIVE HUMIDITY (PERCENT)
 HIGHEST     0          1200 AM
 LOWEST      0          1200 AM
 AVERAGE     0

..........................................................


THE PULLMAN-MOSCOW  AIRPORT CLIMATE NORMALS FOR TODAY
                         NORMAL    RECORD    YEAR
 MAXIMUM TEMPERATURE (F)   78        96      1968
 MINIMUM TEMPERATURE (F)   48        35      1999


SUNRISE AND SUNSET
JULY  4 2015..........SUNRISE   500 AM PDT   SUNSET   845 PM PDT
JULY  5 2015..........SUNRISE   501 AM PDT   SUNSET   845 PM PDT


-  INDICATES NEGATIVE NUMBERS.
R  INDICATES RECORD WAS SET OR TIED.
MM INDICATES DATA IS MISSING.
T  INDICATES TRACE AMOUNT.




$$
