000
CDUS46 KOTX 010821
CLIPUW


CLIMATE REPORT
NATIONAL WEATHER SERVICE SPOKANE, WA
121 AM PDT SAT NOV 1 2014


...................................

...THE PULLMAN-MOSCOW  AIRPORT CLIMATE SUMMARY FOR OCTOBER 31 2014...

CLIMATE NORMAL PERIOD 1981 TO 2010
CLIMATE RECORD PERIOD 9999 TO 9999


WEATHER ITEM   OBSERVED TIME   RECORD YEAR NORMAL DEPARTURE LAST
                VALUE   (LST)  VALUE       VALUE  FROM      YEAR
                                                  NORMAL
..................................................................
TEMPERATURE (F)
 YESTERDAY
  MAXIMUM         61    135 PM  66    2012  51     10       54
                                      1958
  MINIMUM         46   1159 PM   8    2002  34     12       34
  AVERAGE         54                        42     12       44

PRECIPITATION (IN)
  YESTERDAY        T             1.37 1997   0.05  -0.05      T
  MONTH TO DATE    1.02                      1.34  -0.32     0.15
  SINCE OCT 1      1.02                      1.34  -0.32     0.15
  SINCE JAN 1     12.90                     13.03  -0.13    11.69

SNOWFALL (IN)
  YESTERDAY       MM

DEGREE DAYS
 HEATING
  YESTERDAY       11                        23    -12       21
  MONTH TO DATE  336                       545   -209      618
  SINCE SEP 1    464                       773   -309      797
  SINCE JUL 1    489                       906   -417      837

 COOLING
  YESTERDAY        0                         0      0        0
  MONTH TO DATE    0                         1     -1        0
  SINCE SEP 1     19                        23     -4       72
  SINCE JAN 1    346                       213    133      334
..................................................................


WIND (MPH)
  HIGHEST WIND SPEED    17   HIGHEST WIND DIRECTION     W (280)
  HIGHEST GUST SPEED    19   HIGHEST GUST DIRECTION     W (260)
  AVERAGE WIND SPEED     4.0


SKY COVER
  POSSIBLE SUNSHINE  MM
  AVERAGE SKY COVER 0.8


WEATHER CONDITIONS
 THE FOLLOWING WEATHER WAS RECORDED YESTERDAY.
  LIGHT RAIN
  FOG
  FOG W/VISIBILITY <= 1/4 MILE
  HAZE


RELATIVE HUMIDITY (PERCENT)
 HIGHEST   100           600 AM
 LOWEST     60           100 PM
 AVERAGE    80

..........................................................


THE PULLMAN-MOSCOW  AIRPORT CLIMATE NORMALS FOR TODAY
                         NORMAL    RECORD    YEAR
 MAXIMUM TEMPERATURE (F)   50        71      1988
 MINIMUM TEMPERATURE (F)   34        10      2003


SUNRISE AND SUNSET
NOVEMBER  1 2014......SUNRISE   731 AM PDT   SUNSET   533 PM PDT
NOVEMBER  2 2014......SUNRISE   632 AM PST   SUNSET   431 PM PST


-  INDICATES NEGATIVE NUMBERS.
R  INDICATES RECORD WAS SET OR TIED.
MM INDICATES DATA IS MISSING.
T  INDICATES TRACE AMOUNT.




$$
