000
CDUS46 KOTX 160840
CLIPUW


CLIMATE REPORT
NATIONAL WEATHER SERVICE SPOKANE, WA
139 AM PDT TUE SEP 16 2014


...................................

...THE PULLMAN-MOSCOW  AIRPORT CLIMATE SUMMARY FOR SEPTEMBER 15 2014...

CLIMATE NORMAL PERIOD 1981 TO 2010
CLIMATE RECORD PERIOD 9999 TO 9999


WEATHER ITEM   OBSERVED TIME   RECORD YEAR NORMAL DEPARTURE LAST
                VALUE   (LST)  VALUE       VALUE  FROM      YEAR
                                                  NORMAL
..................................................................
TEMPERATURE (F)
 YESTERDAY
  MAXIMUM         89    331 PM  90    2013  74     15       90
                                      1998
  MINIMUM         42    304 AM  26    1970  43     -1       61
  AVERAGE         66                        58      8       76

PRECIPITATION (IN)
  YESTERDAY        0.00          0.99 1959   0.02  -0.02     0.22
  MONTH TO DATE    0.03                      0.34  -0.31     0.52
  SINCE OCT 1     14.81                     16.45  -1.64    16.94
  SINCE JAN 1     11.47                     11.25   0.22     9.40

SNOWFALL (IN)
  YESTERDAY       MM            MM      MM  MM     MM       MM
  MONTH TO DATE   MM                        MM     MM       MM
  SINCE SEP 1     MM                        MM     MM       MM
  SINCE JUL 1     MM                        MM     MM       MM
  SNOW DEPTH      MM

DEGREE DAYS
 HEATING
  YESTERDAY        0                         7     -7        0
  MONTH TO DATE   79                        83     -4       12
  SINCE SEP 1     79                        83     -4       12
  SINCE JUL 1    104                       216   -112       52

 COOLING
  YESTERDAY        1                         1      0       11
  MONTH TO DATE    1                        19    -18       69
  SINCE SEP 1      1                        19    -18       69
  SINCE JAN 1    328                       209    119      331
..................................................................


WIND (MPH)
  HIGHEST WIND SPEED    16   HIGHEST WIND DIRECTION     E (110)
  HIGHEST GUST SPEED    19   HIGHEST GUST DIRECTION     E (100)
  AVERAGE WIND SPEED     4.5


SKY COVER
  POSSIBLE SUNSHINE  MM
  AVERAGE SKY COVER 0.0


WEATHER CONDITIONS
 THE FOLLOWING WEATHER WAS RECORDED YESTERDAY.
  HAZE


RELATIVE HUMIDITY (PERCENT)
 HIGHEST    49           200 AM
 LOWEST     10           300 PM
 AVERAGE    30

..........................................................


THE PULLMAN-MOSCOW  AIRPORT CLIMATE NORMALS FOR TODAY
                         NORMAL    RECORD    YEAR
 MAXIMUM TEMPERATURE (F)   73        95      1998
 MINIMUM TEMPERATURE (F)   43        28      1971


SUNRISE AND SUNSET
SEPTEMBER 16 2014.....SUNRISE   628 AM PDT   SUNSET   658 PM PDT
SEPTEMBER 17 2014.....SUNRISE   629 AM PDT   SUNSET   656 PM PDT


-  INDICATES NEGATIVE NUMBERS.
R  INDICATES RECORD WAS SET OR TIED.
MM INDICATES DATA IS MISSING.
T  INDICATES TRACE AMOUNT.




$$
