000
CDUS46 KOTX 300822
CLIPUW


CLIMATE REPORT
NATIONAL WEATHER SERVICE SPOKANE, WA
1222 AM PST FRI JAN 30 2015


...................................

...THE PULLMAN-MOSCOW  AIRPORT CLIMATE SUMMARY FOR JANUARY 29 2015...

CLIMATE NORMAL PERIOD 1981 TO 2010
CLIMATE RECORD PERIOD 9999 TO 9999


WEATHER ITEM   OBSERVED TIME   RECORD YEAR NORMAL DEPARTURE LAST
                VALUE   (LST)  VALUE       VALUE  FROM      YEAR
                                                  NORMAL
..................................................................
TEMPERATURE (F)
 YESTERDAY
  MAXIMUM         45   1241 PM  54    1967  38      7       36
  MINIMUM         32   1159 PM -20    1957  28      4       28
  AVERAGE         39                        33      6       32

PRECIPITATION (IN)
  YESTERDAY        0.00          0.88 2014   0.07  -0.07     0.88
  MONTH TO DATE    1.61                      1.69  -0.08     1.81
  SINCE OCT 1      8.46                      6.89   1.57     5.15
  SINCE JAN 1      1.61                      1.69  -0.08     1.81

SNOWFALL (IN)
  YESTERDAY       MM

DEGREE DAYS
 HEATING
  YESTERDAY       26                        32     -6       33
  MONTH TO DATE  838                       972   -134      916
  SINCE DEC 1   1769                      2052   -283     2081
  SINCE JUL 1   3106                      3796   -690     3770

 COOLING
  YESTERDAY        0                         0      0        0
  MONTH TO DATE    0                         0      0        0
  SINCE DEC 1      0                         0      0        0
  SINCE JAN 1      0                         0      0        0
..................................................................


WIND (MPH)
  HIGHEST WIND SPEED    13   HIGHEST WIND DIRECTION     E (90)
  HIGHEST GUST SPEED    15   HIGHEST GUST DIRECTION     E (90)
  AVERAGE WIND SPEED     4.9


SKY COVER
  POSSIBLE SUNSHINE  MM
  AVERAGE SKY COVER 0.4


WEATHER CONDITIONS
 THE FOLLOWING WEATHER WAS RECORDED YESTERDAY.
  FOG
  FOG W/VISIBILITY <= 1/4 MILE


RELATIVE HUMIDITY (PERCENT)
 HIGHEST   100           300 PM
 LOWEST     65          1200 PM
 AVERAGE    83

..........................................................


THE PULLMAN-MOSCOW  AIRPORT CLIMATE NORMALS FOR TODAY
                         NORMAL    RECORD    YEAR
 MAXIMUM TEMPERATURE (F)   38        54      1971
 MINIMUM TEMPERATURE (F)   28       -19      1950


SUNRISE AND SUNSET
JANUARY 30 2015.......SUNRISE   715 AM PST   SUNSET   449 PM PST
JANUARY 31 2015.......SUNRISE   714 AM PST   SUNSET   450 PM PST


-  INDICATES NEGATIVE NUMBERS.
R  INDICATES RECORD WAS SET OR TIED.
MM INDICATES DATA IS MISSING.
T  INDICATES TRACE AMOUNT.




$$
