000
CDUS46 KOTX 200822
CLIPUW


CLIMATE REPORT
NATIONAL WEATHER SERVICE SPOKANE, WA
122 AM PDT WED SEP 20 2017


...................................

...THE PULLMAN-MOSCOW  AIRPORT CLIMATE SUMMARY FOR SEPTEMBER 19 2017...

CLIMATE NORMAL PERIOD 1981 TO 2010
CLIMATE RECORD PERIOD 9999 TO 9999


WEATHER ITEM   OBSERVED TIME   RECORD YEAR NORMAL DEPARTURE LAST
                VALUE   (LST)  VALUE       VALUE  FROM      YEAR
                                                  NORMAL
..................................................................
TEMPERATURE (F)
 YESTERDAY
  MAXIMUM         52    436 PM  92    2008  72    -20       63
                                      1981
                                      1922
  MINIMUM         44    709 PM  24    1957  42      2       51
  AVERAGE         48                        57     -9       57

PRECIPITATION (IN)
  YESTERDAY        0.28                      0.03   0.25     0.00
  MONTH TO DATE    0.48                      0.45   0.03     0.31
  SINCE OCT 1     23.82                     16.56   7.26    20.26
  SINCE JAN 1     15.41                     11.36   4.05    12.27

SNOWFALL (IN)
  YESTERDAY       MM

DEGREE DAYS
 HEATING
  YESTERDAY       17                         8      9        8
  MONTH TO DATE   78                       114    -36      146
  SINCE SEP 1     78                       114    -36      146
  SINCE JUL 1    101                       247   -146      248

 COOLING
  YESTERDAY        0                         0      0        0
  MONTH TO DATE   81                        21     60        0
  SINCE SEP 1     81                        21     60        0
  SINCE JAN 1    515                       211    304      197
..................................................................


WIND (MPH)
  HIGHEST WIND SPEED    26   HIGHEST WIND DIRECTION    SW (240)
  HIGHEST GUST SPEED    37   HIGHEST GUST DIRECTION    SW (240)
  AVERAGE WIND SPEED    14.5


SKY COVER
  POSSIBLE SUNSHINE  MM
  AVERAGE SKY COVER 0.8


WEATHER CONDITIONS
 THE FOLLOWING WEATHER WAS RECORDED YESTERDAY.
  HEAVY RAIN
  RAIN
  LIGHT RAIN
  FOG


RELATIVE HUMIDITY (PERCENT)
 HIGHEST    89           900 AM
 LOWEST     63           300 PM
 AVERAGE    76

..........................................................


THE PULLMAN-MOSCOW  AIRPORT CLIMATE NORMALS FOR TODAY
                         NORMAL    RECORD    YEAR
 MAXIMUM TEMPERATURE (F)   72        91      1939
 MINIMUM TEMPERATURE (F)   42        30      2007
                                             1983


SUNRISE AND SUNSET
SEPTEMBER 20 2017.....SUNRISE   633 AM PDT   SUNSET   649 PM PDT
SEPTEMBER 21 2017.....SUNRISE   634 AM PDT   SUNSET   647 PM PDT


-  INDICATES NEGATIVE NUMBERS.
R  INDICATES RECORD WAS SET OR TIED.
MM INDICATES DATA IS MISSING.
T  INDICATES TRACE AMOUNT.




$$
