000
CDUS46 KOTX 120834
CLIPUW


CLIMATE REPORT
NATIONAL WEATHER SERVICE SPOKANE, WA
134 AM PDT SAT JUL 12 2014


...................................

...THE PULLMAN-MOSCOW  AIRPORT CLIMATE SUMMARY FOR JULY 11 2014...

CLIMATE NORMAL PERIOD 1981 TO 2010
CLIMATE RECORD PERIOD 9999 TO 9999


WEATHER ITEM   OBSERVED TIME   RECORD YEAR NORMAL DEPARTURE LAST
                VALUE   (LST)  VALUE       VALUE  FROM      YEAR
                                                  NORMAL
..................................................................
TEMPERATURE (F)
 YESTERDAY
  MAXIMUM         93    239 PM  97    1975  81     12       80
  MINIMUM         47    407 AM  33    2008  49     -2       45
  AVERAGE         70                        65      5       63

PRECIPITATION (IN)
  YESTERDAY        0.00          0.32 1998   0.03  -0.03     0.03
  MONTH TO DATE    T                         0.34  -0.34     0.04
  SINCE OCT 1     13.95                     15.13  -1.18    15.89
  SINCE JAN 1     10.61                      9.93   0.68     8.35

SNOWFALL (IN)
  YESTERDAY       MM            MM      MM  MM     MM       MM
  MONTH TO DATE   MM                        MM     MM       MM
  SINCE JUN 1     MM                        MM     MM       MM
  SINCE JUL 1     MM                        MM     MM       MM
  SNOW DEPTH      MM

DEGREE DAYS
 HEATING
  YESTERDAY        0                         2     -2        2
  MONTH TO DATE    0                        36    -36        7
  SINCE JUN 1    204                       242    -38      197
  SINCE JUL 1      0                        36    -36        7

 COOLING
  YESTERDAY        5                         2      3        0
  MONTH TO DATE   52                        20     32       45
  SINCE JUN 1     53                        33     20       78
  SINCE JAN 1     54                        38     16       90
..................................................................


WIND (MPH)
  HIGHEST WIND SPEED     9   HIGHEST WIND DIRECTION     N (10)
  HIGHEST GUST SPEED    12   HIGHEST GUST DIRECTION    NE (30)
  AVERAGE WIND SPEED     2.5


SKY COVER
  POSSIBLE SUNSHINE  MM
  AVERAGE SKY COVER 0.0


WEATHER CONDITIONS
 THE FOLLOWING WEATHER WAS RECORDED YESTERDAY.
  NO SIGNIFICANT WEATHER WAS OBSERVED.


RELATIVE HUMIDITY (PERCENT)
 HIGHEST    77           400 AM
 LOWEST     12           300 PM
 AVERAGE    45

..........................................................


THE PULLMAN-MOSCOW  AIRPORT CLIMATE NORMALS FOR TODAY
                         NORMAL    RECORD    YEAR
 MAXIMUM TEMPERATURE (F)   81       102      1967
 MINIMUM TEMPERATURE (F)   49        36      1973


SUNRISE AND SUNSET
JULY 12 2014..........SUNRISE   507 AM PDT   SUNSET   841 PM PDT
JULY 13 2014..........SUNRISE   508 AM PDT   SUNSET   840 PM PDT


-  INDICATES NEGATIVE NUMBERS.
R  INDICATES RECORD WAS SET OR TIED.
MM INDICATES DATA IS MISSING.
T  INDICATES TRACE AMOUNT.




$$
