000
CDUS46 KOTX 280821
CLIPUW


CLIMATE REPORT
NATIONAL WEATHER SERVICE SPOKANE, WA
121 AM PDT FRI AUG 28 2015


...................................

...THE PULLMAN-MOSCOW  AIRPORT CLIMATE SUMMARY FOR AUGUST 27 2015...

CLIMATE NORMAL PERIOD 1981 TO 2010
CLIMATE RECORD PERIOD 9999 TO 9999


WEATHER ITEM   OBSERVED TIME   RECORD YEAR NORMAL DEPARTURE LAST
                VALUE   (LST)  VALUE       VALUE  FROM      YEAR
                                                  NORMAL
..................................................................
TEMPERATURE (F)
 YESTERDAY
  MAXIMUM         87    341 PM  99    1996  80      7       88
  MINIMUM         51    535 AM  35    1942  48      3       51
  AVERAGE         69                        64      5       70

PRECIPITATION (IN)
  YESTERDAY        0.00          0.66 1964   0.02  -0.02     0.00
  MONTH TO DATE    T                         0.55  -0.55     0.50
  SINCE OCT 1     16.63                     16.03   0.60    14.78
  SINCE JAN 1      9.78                     10.83  -1.05    11.44

SNOWFALL (IN)
  YESTERDAY       MM

DEGREE DAYS
 HEATING
  YESTERDAY        0                         3     -3        0
  MONTH TO DATE   26                        51    -25        7
  SINCE JUN 1    124                       321   -197      221
  SINCE JUL 1     45                       115    -70       17

 COOLING
  YESTERDAY        4                         2      2        5
  MONTH TO DATE  126                        83     43      131
  SINCE JUN 1    388                       178    210      321
  SINCE JAN 1    400                       183    217      322
..................................................................


WIND (MPH)
  HIGHEST WIND SPEED    14   HIGHEST WIND DIRECTION     W (250)
  HIGHEST GUST SPEED    20   HIGHEST GUST DIRECTION     W (260)
  AVERAGE WIND SPEED     3.3


SKY COVER
  POSSIBLE SUNSHINE  MM
  AVERAGE SKY COVER 0.0


WEATHER CONDITIONS
 THE FOLLOWING WEATHER WAS RECORDED YESTERDAY.
  HAZE


RELATIVE HUMIDITY (PERCENT)
 HIGHEST    59           600 AM
 LOWEST     18           200 PM
 AVERAGE    39

..........................................................


THE PULLMAN-MOSCOW  AIRPORT CLIMATE NORMALS FOR TODAY
                         NORMAL    RECORD    YEAR
 MAXIMUM TEMPERATURE (F)   80       100      2009
 MINIMUM TEMPERATURE (F)   47        36      2007


SUNRISE AND SUNSET
AUGUST 28 2015........SUNRISE   603 AM PDT   SUNSET   736 PM PDT
AUGUST 29 2015........SUNRISE   604 AM PDT   SUNSET   734 PM PDT


-  INDICATES NEGATIVE NUMBERS.
R  INDICATES RECORD WAS SET OR TIED.
MM INDICATES DATA IS MISSING.
T  INDICATES TRACE AMOUNT.




$$
