000
CDUS41 KBOX 100555
CLIPVD


CLIMATE REPORT
NATIONAL WEATHER SERVICE TAUNTON MA
1255 AM EST SAT DEC 10 2016


...................................

...THE PROVIDENCE RI CLIMATE SUMMARY FOR DECEMBER 9 2016...

CLIMATE NORMAL PERIOD 1981 TO 2010
CLIMATE RECORD PERIOD 1904 TO 2016


WEATHER ITEM   OBSERVED TIME   RECORD YEAR NORMAL DEPARTURE LAST
                VALUE   (LST)  VALUE       VALUE  FROM      YEAR
                                                  NORMAL
..................................................................
TEMPERATURE (F)
 YESTERDAY
  MAXIMUM         38    121 PM  66    1991  44     -6       48
  MINIMUM         24   1159 PM   5    1934  29     -5       34
  AVERAGE         31                        36     -5       41

PRECIPITATION (IN)
  YESTERDAY        0.00          2.74 2014   0.15  -0.15     0.00
  MONTH TO DATE    0.46                      1.37  -0.91     0.40
  SINCE DEC 1      0.46                      1.37  -0.91     0.40
  SINCE JAN 1     37.32                     44.33  -7.01    36.43

SNOWFALL (IN)
  YESTERDAY        0.0           3.8  2005   0.3   -0.3      0.0
  MONTH TO DATE    0.4                       2.0   -1.6      0.0
  SINCE DEC 1      0.4                       2.0   -1.6      0.0
  SINCE JUL 1      0.4                       3.5   -3.1      0.0
  SNOW DEPTH       0

DEGREE DAYS
 HEATING
  YESTERDAY       34                        29      5       24
  MONTH TO DATE  230                       244    -14      197
  SINCE DEC 1    230                       244    -14      197
  SINCE JUL 1   1117                      1319   -202     1078

 COOLING
  YESTERDAY        0                         0      0        0
  MONTH TO DATE    0                         0      0        0
  SINCE DEC 1      0                         0      0        0
  SINCE JAN 1   1049                       744    305      955
..................................................................


WIND (MPH)
  RESULTANT WIND SPEED  13   RESULTANT WIND DIRECTION   W (290)
  HIGHEST WIND SPEED    23   HIGHEST WIND DIRECTION     W (280)
  HIGHEST GUST SPEED    33   HIGHEST GUST DIRECTION    NW (320)
  AVERAGE WIND SPEED    13.1


SKY COVER
  POSSIBLE SUNSHINE  MM
  AVERAGE SKY COVER 0.1


WEATHER CONDITIONS
 THE FOLLOWING WEATHER WAS RECORDED YESTERDAY.
  NO SIGNIFICANT WEATHER WAS OBSERVED.


RELATIVE HUMIDITY (PERCENT)
 HIGHEST    63          1200 AM
 LOWEST     35           100 PM
 AVERAGE    49

..........................................................


THE PROVIDENCE RI CLIMATE NORMALS FOR TODAY
                         NORMAL    RECORD    YEAR
 MAXIMUM TEMPERATURE (F)   44        67      1946
 MINIMUM TEMPERATURE (F)   28         5      1968


SUNRISE AND SUNSET
DECEMBER 10 2016......SUNRISE   702 AM EST   SUNSET   415 PM EST
DECEMBER 11 2016......SUNRISE   703 AM EST   SUNSET   415 PM EST


-  INDICATES NEGATIVE NUMBERS.
R  INDICATES RECORD WAS SET OR TIED.
MM INDICATES DATA IS MISSING.
T  INDICATES TRACE AMOUNT.




$$
