000
CDUS41 KBOX 182153
CLIPVD


CLIMATE REPORT
NATIONAL WEATHER SERVICE TAUNTON MA
442 PM EST THU JAN 18 2018


...................................

...THE PROVIDENCE RI CLIMATE SUMMARY FOR JANUARY 18 2018...
VALID AS OF 0400 PM LOCAL TIME.

CLIMATE NORMAL PERIOD 1981 TO 2010
CLIMATE RECORD PERIOD 1904 TO 2018


WEATHER ITEM   OBSERVED TIME   RECORD YEAR NORMAL DEPARTURE LAST
                VALUE   (LST)  VALUE       VALUE  FROM      YEAR
                                                  NORMAL
..................................................................
TEMPERATURE (F)
 TODAY
  MAXIMUM         34    209 PM  62    1973  37     -3       41
  MINIMUM         20    820 AM  -9    1982  21     -1       35
  AVERAGE         27                        29     -2       38

PRECIPITATION (IN)
  TODAY            0.00          1.65 1915   0.12  -0.12     0.20
  MONTH TO DATE    4.56                      2.26   2.30     2.71
  SINCE DEC 1      7.13                      6.48   0.65     5.85
  SINCE JAN 1      4.56                      2.26   2.30     2.71

SNOWFALL (IN)
  TODAY            0.0           7.5  2009   0.3   -0.3      0.0
                                      1948
  MONTH TO DATE   15.6                       5.3   10.3     14.1
  SINCE DEC 1     22.7                      14.0    8.7     18.5
  SINCE JUL 1     22.7                      15.5    7.2     18.5
  SNOW DEPTH       0

DEGREE DAYS
 HEATING
  TODAY           38                        36      2       27
  MONTH TO DATE  713                       644     69      578
  SINCE DEC 1   1754                      1596    158     1506
  SINCE JUL 1   2568                      2671   -103     2393

 COOLING
  TODAY            0                         0      0        0
  MONTH TO DATE    0                         0      0        0
  SINCE DEC 1      0                         0      0        0
  SINCE JAN 1      0                         0      0        0
..................................................................


WIND (MPH)
  HIGHEST WIND SPEED    17   HIGHEST WIND DIRECTION     N (350)
  HIGHEST GUST SPEED    23   HIGHEST GUST DIRECTION     N (360)
  AVERAGE WIND SPEED     9.4


SKY COVER
  POSSIBLE SUNSHINE  MM
  AVERAGE SKY COVER 0.4


WEATHER CONDITIONS
 THE FOLLOWING WEATHER WAS RECORDED TODAY.
  NO SIGNIFICANT WEATHER WAS OBSERVED.


RELATIVE HUMIDITY (PERCENT)
 HIGHEST    89          1200 AM
 LOWEST     47          1200 PM
 AVERAGE    68

..........................................................


THE PROVIDENCE RI CLIMATE NORMALS FOR TOMORROW
                         NORMAL    RECORD    YEAR
 MAXIMUM TEMPERATURE (F)   37        62      1951
 MINIMUM TEMPERATURE (F)   21        -4      1971


SUNRISE AND SUNSET
JANUARY 18 2018.......SUNRISE   709 AM EST   SUNSET   444 PM EST
JANUARY 19 2018.......SUNRISE   708 AM EST   SUNSET   445 PM EST


-  INDICATES NEGATIVE NUMBERS.
R  INDICATES RECORD WAS SET OR TIED.
MM INDICATES DATA IS MISSING.
T  INDICATES TRACE AMOUNT.




$$
