000
CDUS41 KBOX 210555
CLIPVD


CLIMATE REPORT
NATIONAL WEATHER SERVICE TAUNTON MA
155 AM EDT SUN SEP 21 2014


...................................

...THE PROVIDENCE RI CLIMATE SUMMARY FOR SEPTEMBER 20 2014...

CLIMATE NORMAL PERIOD 1981 TO 2010
CLIMATE RECORD PERIOD 1904 TO 2014


WEATHER ITEM   OBSERVED TIME   RECORD YEAR NORMAL DEPARTURE LAST
                VALUE   (LST)  VALUE       VALUE  FROM      YEAR
                                                  NORMAL
..................................................................
TEMPERATURE (F)
 YESTERDAY
  MAXIMUM         72    327 PM  93    1983  73     -1       77
  MINIMUM         39    443 AM  38    1979  54    -15       49
  AVERAGE         56                        63     -7       63

PRECIPITATION (IN)
  YESTERDAY        0.00          1.87 1960   0.13  -0.13     0.00
  MONTH TO DATE    0.54                      2.57  -2.03     4.32
  SINCE SEP 1      0.54                      2.57  -2.03     4.32
  SINCE JAN 1     31.99                     33.17  -1.18    35.13

SNOWFALL (IN)
  YESTERDAY        0.0           0.0  2002   0.0    0.0      0.0
  MONTH TO DATE    0.0                       0.0    0.0      0.0
  SINCE SEP 1      0.0                       0.0    0.0      0.0
  SINCE JUL 1      0.0                       0.0    0.0      0.0
  SNOW DEPTH       0

DEGREE DAYS
 HEATING
  YESTERDAY        9                         4      5        2
  MONTH TO DATE   42                        37      5       48
  SINCE SEP 1     42                        37      5       48
  SINCE JUL 1     42                        46     -4       48

 COOLING
  YESTERDAY        0                         2     -2        0
  MONTH TO DATE  100                        68     32       63
  SINCE SEP 1    100                        68     32       63
  SINCE JAN 1    682                       724    -42      885
..................................................................


WIND (MPH)
  RESULTANT WIND SPEED   5   RESULTANT WIND DIRECTION   S (180)
  HIGHEST WIND SPEED    20   HIGHEST WIND DIRECTION     S (200)
  HIGHEST GUST SPEED    24   HIGHEST GUST DIRECTION    SE (140)
  AVERAGE WIND SPEED     6.5


SKY COVER
  POSSIBLE SUNSHINE  MM
  AVERAGE SKY COVER 0.3


WEATHER CONDITIONS
 THE FOLLOWING WEATHER WAS RECORDED YESTERDAY.
  FOG


RELATIVE HUMIDITY (PERCENT)
 HIGHEST    93          1000 PM
 LOWEST     53           200 PM
 AVERAGE    73

..........................................................


THE PROVIDENCE RI CLIMATE NORMALS FOR TODAY
                         NORMAL    RECORD    YEAR
 MAXIMUM TEMPERATURE (F)   72        89      1914
 MINIMUM TEMPERATURE (F)   53        35      1956


SUNRISE AND SUNSET
SEPTEMBER 21 2014.....SUNRISE   632 AM EDT   SUNSET   645 PM EDT
SEPTEMBER 22 2014.....SUNRISE   633 AM EDT   SUNSET   643 PM EDT


-  INDICATES NEGATIVE NUMBERS.
R  INDICATES RECORD WAS SET OR TIED.
MM INDICATES DATA IS MISSING.
T  INDICATES TRACE AMOUNT.




$$
