000
CDUS41 KBOX 240539
CLIPVD


CLIMATE REPORT
NATIONAL WEATHER SERVICE TAUNTON MA
136 AM EDT TUE OCT 24 2017


...................................

...THE PROVIDENCE RI CLIMATE SUMMARY FOR OCTOBER 23 2017...

CLIMATE NORMAL PERIOD 1981 TO 2010
CLIMATE RECORD PERIOD 1904 TO 2017


WEATHER ITEM   OBSERVED TIME   RECORD YEAR NORMAL DEPARTURE LAST
                VALUE   (LST)  VALUE       VALUE  FROM      YEAR
                                                  NORMAL
..................................................................
TEMPERATURE (F)
 YESTERDAY
  MAXIMUM         72    233 PM  85    1947  61     11       61
  MINIMUM         49    132 AM  24    1969  42      7       45
  AVERAGE         61                        51     10       53

PRECIPITATION (IN)
  YESTERDAY        0.00          3.12 1970   0.13  -0.13     0.01
  MONTH TO DATE    0.60                      2.88  -2.28     3.12
  SINCE SEP 1      4.45                      6.80  -2.35     5.86
  SINCE JAN 1     38.65                     37.40   1.25    31.69

SNOWFALL (IN)
  YESTERDAY        0.0           T    2003   0.0    0.0      0.0
  MONTH TO DATE    0.0                       0.0    0.0      0.0
  SINCE SEP 1      0.0                       0.0    0.0      0.0
  SINCE JUL 1      0.0                       0.0    0.0      0.0
  SNOW DEPTH       0

DEGREE DAYS
 HEATING
  YESTERDAY        4                        14    -10       12
  MONTH TO DATE   98                       242   -144      161
  SINCE SEP 1    130                       330   -200      204
  SINCE JUL 1    138                       339   -201      204

 COOLING
  YESTERDAY        0                         0      0        0
  MONTH TO DATE   37                         6     31       15
  SINCE SEP 1    171                        86     85      166
  SINCE JAN 1    875                       742    133     1049
..................................................................


WIND (MPH)
  RESULTANT WIND SPEED   4   RESULTANT WIND DIRECTION   S (170)
  HIGHEST WIND SPEED    16   HIGHEST WIND DIRECTION     S (180)
  HIGHEST GUST SPEED    21   HIGHEST GUST DIRECTION     S (180)
  AVERAGE WIND SPEED     5.6


SKY COVER
  POSSIBLE SUNSHINE  MM
  AVERAGE SKY COVER 0.8


WEATHER CONDITIONS
 THE FOLLOWING WEATHER WAS RECORDED YESTERDAY.
  FOG
  FOG W/VISIBILITY <= 1/4 MILE


RELATIVE HUMIDITY (PERCENT)
 HIGHEST   100          1200 AM
 LOWEST     78           100 PM
 AVERAGE    89

..........................................................


THE PROVIDENCE RI CLIMATE NORMALS FOR TODAY
                         NORMAL    RECORD    YEAR
 MAXIMUM TEMPERATURE (F)   61        74      1963
 MINIMUM TEMPERATURE (F)   41        21      1969


SUNRISE AND SUNSET
OCTOBER 24 2017.......SUNRISE   709 AM EDT   SUNSET   551 PM EDT
OCTOBER 25 2017.......SUNRISE   710 AM EDT   SUNSET   549 PM EDT


-  INDICATES NEGATIVE NUMBERS.
R  INDICATES RECORD WAS SET OR TIED.
MM INDICATES DATA IS MISSING.
T  INDICATES TRACE AMOUNT.




$$
