000
CDUS41 KBOX 280531
CLIPVD


CLIMATE REPORT
NATIONAL WEATHER SERVICE TAUNTON MA
130 AM EDT FRI APR 28 2017


...................................

...THE PROVIDENCE RI CLIMATE SUMMARY FOR APRIL 27 2017...

CLIMATE NORMAL PERIOD 1981 TO 2010
CLIMATE RECORD PERIOD 1904 TO 2017


WEATHER ITEM   OBSERVED TIME   RECORD YEAR NORMAL DEPARTURE LAST
                VALUE   (LST)  VALUE       VALUE  FROM      YEAR
                                                  NORMAL
..................................................................
TEMPERATURE (F)
 YESTERDAY
  MAXIMUM         64   1148 AM  89    1990  63      1       57
  MINIMUM         54   1159 PM  32    1909  43     11       35
  AVERAGE         59                        53      6       46

PRECIPITATION (IN)
  YESTERDAY        0.00          1.94 1979   0.13  -0.13     0.00
  MONTH TO DATE    7.08                      3.98   3.10     3.91
  SINCE MAR 1     10.93                      8.99   1.94     6.59
  SINCE JAN 1     18.11                     16.14   1.97    14.94

SNOWFALL (IN)
  YESTERDAY        0.0           0.2  1993   0.0    0.0      0.0
  MONTH TO DATE    T                         0.6   -0.6      6.7
  SINCE MAR 1      7.7                       6.1    1.6      9.3
  SINCE JUL 1     45.9                      33.8   12.1     28.7
  SNOW DEPTH       0

DEGREE DAYS
 HEATING
  YESTERDAY        6                        12     -6       19
  MONTH TO DATE  374                       444    -70      464
  SINCE MAR 1   1294                      1253     41     1111
  SINCE JUL 1   4852                      5315   -463     4482

 COOLING
  YESTERDAY        0                         0      0        0
  MONTH TO DATE    7                         0      7        0
  SINCE MAR 1      7                         0      7        0
  SINCE JAN 1      7                         0      7        0
..................................................................


WIND (MPH)
  RESULTANT WIND SPEED   2   RESULTANT WIND DIRECTION  SE (140)
  HIGHEST WIND SPEED    14   HIGHEST WIND DIRECTION    SE (150)
  HIGHEST GUST SPEED    16   HIGHEST GUST DIRECTION     S (190)
  AVERAGE WIND SPEED     5.7


SKY COVER
  POSSIBLE SUNSHINE  MM
  AVERAGE SKY COVER 1.0


WEATHER CONDITIONS
 THE FOLLOWING WEATHER WAS RECORDED YESTERDAY.
  FOG


RELATIVE HUMIDITY (PERCENT)
 HIGHEST   100          1200 AM
 LOWEST     84          1000 AM
 AVERAGE    92

..........................................................


THE PROVIDENCE RI CLIMATE NORMALS FOR TODAY
                         NORMAL    RECORD    YEAR
 MAXIMUM TEMPERATURE (F)   63        91      1938
 MINIMUM TEMPERATURE (F)   43        31      1992
                                             1972


SUNRISE AND SUNSET
APRIL 28 2017.........SUNRISE   546 AM EDT   SUNSET   741 PM EDT
APRIL 29 2017.........SUNRISE   545 AM EDT   SUNSET   742 PM EDT


-  INDICATES NEGATIVE NUMBERS.
R  INDICATES RECORD WAS SET OR TIED.
MM INDICATES DATA IS MISSING.
T  INDICATES TRACE AMOUNT.




$$
