000
CDUS41 KBOX 012130
CLIPVD


CLIMATE REPORT
NATIONAL WEATHER SERVICE TAUNTON MA
526 PM EDT WED JUL 1 2015


...................................

...THE PROVIDENCE RI CLIMATE SUMMARY FOR JULY 1 2015...
VALID AS OF 0500 PM LOCAL TIME.

CLIMATE NORMAL PERIOD 1981 TO 2010
CLIMATE RECORD PERIOD 1904 TO 2015


WEATHER ITEM   OBSERVED TIME   RECORD YEAR NORMAL DEPARTURE LAST
                VALUE   (LST)  VALUE       VALUE  FROM      YEAR
                                                  NORMAL
..................................................................
TEMPERATURE (F)
 TODAY
  MAXIMUM         81    335 PM  97    1964  82     -1       88
  MINIMUM         65    143 AM  48    1988  63      2       68
  AVERAGE         73                        72      1       78

PRECIPITATION (IN)
  TODAY            0.70          3.77 1915   0.09   0.61     0.00
  MONTH TO DATE    0.70                      0.09   0.61     0.00
  SINCE JUN 1      6.05                      3.73   2.32     2.36
  SINCE JAN 1     23.00                     23.80  -0.80    25.16

SNOWFALL (IN)
  TODAY            0.0           T    1964   0.0    0.0      0.0
  MONTH TO DATE    0.0                       0.0    0.0      0.0
  SINCE JUN 1      0.0                       0.0    0.0      0.0
  SINCE JUL 1      0.0                       0.0    0.0      0.0
  SNOW DEPTH       0

DEGREE DAYS
 HEATING
  TODAY            0                         0      0        0
  MONTH TO DATE    0                         0      0        0
  SINCE JUN 1     72                        43     29       13
  SINCE JUL 1      0                         0      0        0

 COOLING
  TODAY            8                         7      1       13
  MONTH TO DATE    8                         7      1       13
  SINCE JUN 1    126                       139    -13      116
  SINCE JAN 1    190                       165     25      127
..................................................................


WIND (MPH)
  HIGHEST WIND SPEED    23   HIGHEST WIND DIRECTION    SW (230)
  HIGHEST GUST SPEED    29   HIGHEST GUST DIRECTION    SW (230)
  AVERAGE WIND SPEED    11.0


SKY COVER
  POSSIBLE SUNSHINE  MM
  AVERAGE SKY COVER 0.5


WEATHER CONDITIONS
 THE FOLLOWING WEATHER WAS RECORDED TODAY.
  THUNDERSTORM
  HEAVY RAIN
  RAIN
  LIGHT RAIN
  FOG
  HAZE


RELATIVE HUMIDITY (PERCENT)
 HIGHEST    93           700 AM
 LOWEST     54           400 PM
 AVERAGE    74

..........................................................


THE PROVIDENCE RI CLIMATE NORMALS FOR TOMORROW
                         NORMAL    RECORD    YEAR
 MAXIMUM TEMPERATURE (F)   82        98      1941
 MINIMUM TEMPERATURE (F)   63        51      1988
                                             1978
                                             1965


SUNRISE AND SUNSET
JULY  1 2015..........SUNRISE   515 AM EDT   SUNSET   824 PM EDT
JULY  2 2015..........SUNRISE   515 AM EDT   SUNSET   824 PM EDT


-  INDICATES NEGATIVE NUMBERS.
R  INDICATES RECORD WAS SET OR TIED.
MM INDICATES DATA IS MISSING.
T  INDICATES TRACE AMOUNT.




$$
