000
CDUS41 KBOX 242131
CLIPVD


CLIMATE REPORT
NATIONAL WEATHER SERVICE TAUNTON MA
427 PM EST FRI FEB 24 2017


...................................

...THE PROVIDENCE RI CLIMATE SUMMARY FOR FEBRUARY 24 2017...
VALID AS OF 0400 PM LOCAL TIME.

CLIMATE NORMAL PERIOD 1981 TO 2010
CLIMATE RECORD PERIOD 1904 TO 2017


WEATHER ITEM   OBSERVED TIME   RECORD YEAR NORMAL DEPARTURE LAST
                VALUE   (LST)  VALUE       VALUE  FROM      YEAR
                                                  NORMAL
..................................................................
TEMPERATURE (F)
 TODAY
  MAXIMUM         71    131 PM  72    1985  42     29       57
  MINIMUM         45    135 AM  -3    2015  25     20       35
                                      1907
  AVERAGE         58                        34     24       46

PRECIPITATION (IN)
  TODAY            0.00          1.81 1969   0.13  -0.13     0.78
  MONTH TO DATE    2.07                      2.76  -0.69     4.44
  SINCE DEC 1     10.17                     10.84  -0.67    12.27
  SINCE JAN 1      7.03                      6.62   0.41     7.47

SNOWFALL (IN)
  TODAY            0.0          14.2  1969   0.3   -0.3      0.0
  MONTH TO DATE   16.8                       7.5    9.3     11.5
  SINCE DEC 1     38.2                      25.2   13.0     19.4
  SINCE JUL 1     38.2                      26.7   11.5     19.4
  SNOW DEPTH       0

DEGREE DAYS
 HEATING
  TODAY            7                        31    -24       19
  MONTH TO DATE  728                       802    -74      783
  SINCE DEC 1   2585                      2864   -279     2376
  SINCE JUL 1   3472                      3939   -467     3257

 COOLING
  TODAY            0                         0      0        0
  MONTH TO DATE    0                         0      0        0
  SINCE DEC 1      0                         0      0        0
  SINCE JAN 1      0                         0      0        0
..................................................................


WIND (MPH)
  HIGHEST WIND SPEED    25   HIGHEST WIND DIRECTION    SW (220)
  HIGHEST GUST SPEED    31   HIGHEST GUST DIRECTION    SW (220)
  AVERAGE WIND SPEED     8.3


SKY COVER
  POSSIBLE SUNSHINE  MM
  AVERAGE SKY COVER 0.4


WEATHER CONDITIONS
 THE FOLLOWING WEATHER WAS RECORDED TODAY.
  FOG


RELATIVE HUMIDITY (PERCENT)
 HIGHEST    93          1200 AM
 LOWEST     49           100 PM
 AVERAGE    71

..........................................................


THE PROVIDENCE RI CLIMATE NORMALS FOR TOMORROW
                         NORMAL    RECORD    YEAR
 MAXIMUM TEMPERATURE (F)   42        69      1976
 MINIMUM TEMPERATURE (F)   25         1      1914


SUNRISE AND SUNSET
FEBRUARY 24 2017......SUNRISE   628 AM EST   SUNSET   530 PM EST
FEBRUARY 25 2017......SUNRISE   626 AM EST   SUNSET   532 PM EST


-  INDICATES NEGATIVE NUMBERS.
R  INDICATES RECORD WAS SET OR TIED.
MM INDICATES DATA IS MISSING.
T  INDICATES TRACE AMOUNT.




$$
