000
CDUS41 KBOX 312132
CLIPVD


CLIMATE REPORT
NATIONAL WEATHER SERVICE TAUNTON MA
429 PM EST SAT JAN 31 2015


...................................

...THE PROVIDENCE RI CLIMATE SUMMARY FOR JANUARY 31 2015...
VALID AS OF 0400 PM LOCAL TIME.

CLIMATE NORMAL PERIOD 1981 TO 2010
CLIMATE RECORD PERIOD 1904 TO 2015


WEATHER ITEM   OBSERVED TIME   RECORD YEAR NORMAL DEPARTURE LAST
                VALUE   (LST)  VALUE       VALUE  FROM      YEAR
                                                  NORMAL
..................................................................
TEMPERATURE (F)
 TODAY
  MAXIMUM         23    354 PM  62    2013  38    -15       45
                                      1988
                                      1947
  MINIMUM         12    904 AM  -6    1920  22    -10       17
  AVERAGE         18                        30    -12       31

PRECIPITATION (IN)
  TODAY            T             1.21 1914   0.13  -0.13     0.00
  MONTH TO DATE    3.62                      3.86  -0.24     3.69
  SINCE DEC 1      9.87                      8.08   1.79     8.51
  SINCE JAN 1      3.62                      3.86  -0.24     3.69

SNOWFALL (IN)
  TODAY            T             5.9  1931   0.3   -0.3      0.0
  MONTH TO DATE   25.6                       9.0   16.6     15.0
  SINCE DEC 1     26.5                      17.7    8.8     22.0
  SINCE JUL 1     28.1                      19.2    8.9     22.1
  SNOW DEPTH      11

DEGREE DAYS
 HEATING
  TODAY           47                        35     12       34
  MONTH TO DATE 1195                      1109     86     1177
  SINCE DEC 1   2030                      2062    -32     2153
  SINCE JUL 1   3066                      3137    -71     3256

 COOLING
  TODAY            0                         0      0        0
  MONTH TO DATE    0                         0      0        0
  SINCE DEC 1      0                         0      0        0
  SINCE JAN 1      0                         0      0        0
..................................................................


WIND (MPH)
  HIGHEST WIND SPEED    30   HIGHEST WIND DIRECTION    NW (310)
  HIGHEST GUST SPEED    42   HIGHEST GUST DIRECTION     N (340)
  AVERAGE WIND SPEED    19.7


SKY COVER
  POSSIBLE SUNSHINE  MM
  AVERAGE SKY COVER 0.6


WEATHER CONDITIONS
 THE FOLLOWING WEATHER WAS RECORDED TODAY.
  LIGHT SNOW


RELATIVE HUMIDITY (PERCENT)
 HIGHEST    59           300 AM
 LOWEST     31           200 PM
 AVERAGE    45

..........................................................


THE PROVIDENCE RI CLIMATE NORMALS FOR TOMORROW
                         NORMAL    RECORD    YEAR
 MAXIMUM TEMPERATURE (F)   38        64      1989
 MINIMUM TEMPERATURE (F)   22        -8      1920


SUNRISE AND SUNSET
JANUARY 31 2015.......SUNRISE   659 AM EST   SUNSET   500 PM EST
FEBRUARY  1 2015......SUNRISE   658 AM EST   SUNSET   501 PM EST


-  INDICATES NEGATIVE NUMBERS.
R  INDICATES RECORD WAS SET OR TIED.
MM INDICATES DATA IS MISSING.
T  INDICATES TRACE AMOUNT.




$$
