000
CDUS41 KBOX 210548
CLIPVD


CLIMATE REPORT
NATIONAL WEATHER SERVICE TAUNTON MA
147 AM EDT TUE OCT 21 2014


...................................

...THE PROVIDENCE RI CLIMATE SUMMARY FOR OCTOBER 20 2014...

CLIMATE NORMAL PERIOD 1981 TO 2010
CLIMATE RECORD PERIOD 1904 TO 2014


WEATHER ITEM   OBSERVED TIME   RECORD YEAR NORMAL DEPARTURE LAST
                VALUE   (LST)  VALUE       VALUE  FROM      YEAR
                                                  NORMAL
..................................................................
TEMPERATURE (F)
 YESTERDAY
  MAXIMUM         56    321 PM  80    1947  62     -6       64
  MINIMUM         34    627 AM  23    1970  42     -8       43
  AVERAGE         45                        52     -7       54

PRECIPITATION (IN)
  YESTERDAY        0.00          3.13 1906   0.12  -0.12     0.01
  MONTH TO DATE    2.01                      2.50  -0.49     0.51
  SINCE SEP 1      2.75                      6.42  -3.67     5.10
  SINCE JAN 1     34.20                     37.02  -2.82    35.91

SNOWFALL (IN)
  YESTERDAY        0.0           0.0  2009   0.0    0.0      0.0
  MONTH TO DATE    0.0                       0.0    0.0      0.0
  SINCE SEP 1      0.0                       0.0    0.0      0.0
  SINCE JUL 1      0.0                       0.0    0.0      0.0
  SNOW DEPTH       0

DEGREE DAYS
 HEATING
  YESTERDAY       20                        13      7       11
  MONTH TO DATE  158                       201    -43      120
  SINCE SEP 1    232                       289    -57      223
  SINCE JUL 1    232                       298    -66      223

 COOLING
  YESTERDAY        0                         0      0        0
  MONTH TO DATE   12                         6      6        7
  SINCE SEP 1    127                        86     41       70
  SINCE JAN 1    709                       742    -33      892
..................................................................


WIND (MPH)
  RESULTANT WIND SPEED   6   RESULTANT WIND DIRECTION  SW (240)
  HIGHEST WIND SPEED    16   HIGHEST WIND DIRECTION    SW (220)
  HIGHEST GUST SPEED    23   HIGHEST GUST DIRECTION     W (270)
  AVERAGE WIND SPEED     6.2


SKY COVER
  POSSIBLE SUNSHINE  MM
  AVERAGE SKY COVER 0.4


WEATHER CONDITIONS
 THE FOLLOWING WEATHER WAS RECORDED YESTERDAY.
  NO SIGNIFICANT WEATHER WAS OBSERVED.


RELATIVE HUMIDITY (PERCENT)
 HIGHEST    83           900 PM
 LOWEST     38           100 PM
 AVERAGE    61

..........................................................


THE PROVIDENCE RI CLIMATE NORMALS FOR TODAY
                         NORMAL    RECORD    YEAR
 MAXIMUM TEMPERATURE (F)   62        81      1920
 MINIMUM TEMPERATURE (F)   42        23      1972


SUNRISE AND SUNSET
OCTOBER 21 2014.......SUNRISE   705 AM EDT   SUNSET   555 PM EDT
OCTOBER 22 2014.......SUNRISE   706 AM EDT   SUNSET   554 PM EDT


-  INDICATES NEGATIVE NUMBERS.
R  INDICATES RECORD WAS SET OR TIED.
MM INDICATES DATA IS MISSING.
T  INDICATES TRACE AMOUNT.




$$
