000
CDUS41 KBOX 262119
CLIPVD


CLIMATE REPORT
NATIONAL WEATHER SERVICE TAUNTON MA
519 PM EDT MON JUN 26 2017


...................................

...THE PROVIDENCE RI CLIMATE SUMMARY FOR JUNE 26 2017...
VALID TODAY AS OF 0500 PM LOCAL TIME.

CLIMATE NORMAL PERIOD 1981 TO 2010
CLIMATE RECORD PERIOD 1904 TO 2017


WEATHER ITEM   OBSERVED TIME   RECORD YEAR NORMAL DEPARTURE LAST
                VALUE   (LST)  VALUE       VALUE  FROM      YEAR
                                                  NORMAL
..................................................................
TEMPERATURE (F)
 TODAY
  MAXIMUM         79    224 PM  97    1952  80     -1       77
  MINIMUM         60    406 AM  47    1986  62     -2       57
                                      1979
  AVERAGE         70                        71     -1       67

PRECIPITATION (IN)
  TODAY            0.00          1.98 1945   0.10  -0.10     0.00
  MONTH TO DATE    4.00                      3.28   0.72     0.84
  SINCE JUN 1      4.00                      3.28   0.72     0.84
  SINCE JAN 1     29.02                     23.35   5.67    18.96

SNOWFALL (IN)
  TODAY            0.0           0.0  2002   0.0    0.0      0.0
                                      2001
                                      2000
  MONTH TO DATE    0.0                       0.0    0.0      0.0
  SINCE JUN 1      0.0                       0.0    0.0      0.0
  SINCE JUL 1     45.9                      33.8   12.1     28.7
  SNOW DEPTH       0

DEGREE DAYS
 HEATING
  TODAY            0                         0      0        0
  MONTH TO DATE   49                        41      8       12
  SINCE JUN 1     49                        41      8       12
  SINCE JUL 1   5157                      5616   -459     4757

 COOLING
  TODAY            5                         6     -1        2
  MONTH TO DATE  148                       105     43      100
  SINCE JUN 1    148                       105     43      100
  SINCE JAN 1    206                       131     75      151
..................................................................


WIND (MPH)
  HIGHEST WIND SPEED    21   HIGHEST WIND DIRECTION    SW (210)
  HIGHEST GUST SPEED    27   HIGHEST GUST DIRECTION     S (190)
  AVERAGE WIND SPEED     7.9


SKY COVER
  POSSIBLE SUNSHINE  MM
  AVERAGE SKY COVER 0.3


WEATHER CONDITIONS
 THE FOLLOWING WEATHER WAS RECORDED TODAY.
  NO SIGNIFICANT WEATHER WAS OBSERVED.


RELATIVE HUMIDITY (PERCENT)
 HIGHEST    90           400 AM
 LOWEST     39           200 PM
 AVERAGE    65

..........................................................


THE PROVIDENCE RI CLIMATE NORMALS FOR TOMORROW
                         NORMAL    RECORD    YEAR
 MAXIMUM TEMPERATURE (F)   81        96      1980
                                             1941
 MINIMUM TEMPERATURE (F)   62        47      1979


SUNRISE AND SUNSET
JUNE 26 2017..........SUNRISE   513 AM EDT   SUNSET   824 PM EDT
JUNE 27 2017..........SUNRISE   513 AM EDT   SUNSET   824 PM EDT


-  INDICATES NEGATIVE NUMBERS.
R  INDICATES RECORD WAS SET OR TIED.
MM INDICATES DATA IS MISSING.
T  INDICATES TRACE AMOUNT.




$$
