000
CDUS41 KBOX 272120
CLIPVD


CLIMATE REPORT
NATIONAL WEATHER SERVICE TAUNTON MA
419 PM EST SAT DEC 27 2014


...................................

...THE PROVIDENCE RI CLIMATE SUMMARY FOR DECEMBER 27 2014...
VALID AS OF 0400 PM LOCAL TIME.

CLIMATE NORMAL PERIOD 1981 TO 2010
CLIMATE RECORD PERIOD 1904 TO 2014


WEATHER ITEM   OBSERVED TIME   RECORD YEAR NORMAL DEPARTURE LAST
                VALUE   (LST)  VALUE       VALUE  FROM      YEAR
                                                  NORMAL
..................................................................
TEMPERATURE (F)
 TODAY
  MAXIMUM         53    232 PM  59    1973  39     14       37
                                      1949
  MINIMUM         29   1259 AM   0    1914  23      6       25
  AVERAGE         41                        31     10       31

PRECIPITATION (IN)
  TODAY            0.00          1.70 1964   0.12  -0.12     0.00
  MONTH TO DATE    6.22                      3.77   2.45     3.59
  SINCE DEC 1      6.22                      3.77   2.45     3.59
  SINCE JAN 1     47.16                     46.73   0.43    44.23

SNOWFALL (IN)
  TODAY            0.0           3.8  1944   0.3   -0.3      0.0
  MONTH TO DATE    0.9                       7.4   -6.5      7.0
  SINCE DEC 1      0.9                       7.4   -6.5      7.0
  SINCE JUL 1      2.5                       8.9   -6.4      7.1
  SNOW DEPTH       0

DEGREE DAYS
 HEATING
  TODAY           24                        34    -10       34
  MONTH TO DATE  705                       814   -109      844
  SINCE DEC 1    705                       814   -109      844
  SINCE JUL 1   1741                      1889   -148     1947

 COOLING
  TODAY            0                         0      0        0
  MONTH TO DATE    0                         0      0        0
  SINCE DEC 1      0                         0      0        0
  SINCE JAN 1    709                       744    -35      892
..................................................................


WIND (MPH)
  HIGHEST WIND SPEED    14   HIGHEST WIND DIRECTION     W (250)
  HIGHEST GUST SPEED    18   HIGHEST GUST DIRECTION     W (250)
  AVERAGE WIND SPEED     6.1


SKY COVER
  POSSIBLE SUNSHINE  MM
  AVERAGE SKY COVER 0.3


WEATHER CONDITIONS
 THE FOLLOWING WEATHER WAS RECORDED TODAY.
  NO SIGNIFICANT WEATHER WAS OBSERVED.


RELATIVE HUMIDITY (PERCENT)
 HIGHEST    85          1200 AM
 LOWEST     46           200 PM
 AVERAGE    66

..........................................................


THE PROVIDENCE RI CLIMATE NORMALS FOR TOMORROW
                         NORMAL    RECORD    YEAR
 MAXIMUM TEMPERATURE (F)   39        60      2008
                                             1982
 MINIMUM TEMPERATURE (F)   23         4      1950


SUNRISE AND SUNSET
DECEMBER 27 2014......SUNRISE   712 AM EST   SUNSET   422 PM EST
DECEMBER 28 2014......SUNRISE   712 AM EST   SUNSET   423 PM EST


-  INDICATES NEGATIVE NUMBERS.
R  INDICATES RECORD WAS SET OR TIED.
MM INDICATES DATA IS MISSING.
T  INDICATES TRACE AMOUNT.




$$
