000
CDUS43 KLOT 170637
CLIPWK


CLIMATE REPORT
NATIONAL WEATHER SERVICE CHICAGO IL
136 AM CDT THU APR 17 2014


...................................

...THE CHICAGO EXECUTIVE CLIMATE SUMMARY FOR APRIL 16 2014...

CLIMATE NORMAL PERIOD 1981 TO 2010
CLIMATE RECORD PERIOD 1996 TO 2014


WEATHER ITEM   OBSERVED TIME   RECORD YEAR NORMAL DEPARTURE LAST
                VALUE   (LST)  VALUE       VALUE  FROM      YEAR
                                                  NORMAL
..................................................................
TEMPERATURE (F)
 YESTERDAY
  MAXIMUM         53    326 PM  88    2002  58     -5       57
  MINIMUM         27R   439 AM  29    2001  38    -11       39
  AVERAGE         40                        48     -8       48

PRECIPITATION (IN)
  YESTERDAY        0.00          1.01 1999   0.09  -0.09      T
  MONTH TO DATE    1.37                      1.27   0.10     0.67
  SINCE MAR 1      1.92                      3.52  -1.60     1.49
  SINCE JAN 1      4.05                      6.10  -2.05     6.45

DEGREE DAYS
 HEATING
  YESTERDAY       25                        17      8       17
  MONTH TO DATE  313                       317     -4      344
  SINCE MAR 1   1360                      1170    190     1369
  SINCE JUL 1   6719                      5908    811     5876

 COOLING
  YESTERDAY        0                         0      0        0
  MONTH TO DATE    0                         0      0        0
  SINCE MAR 1      0                         0      0        0
  SINCE JAN 1      0                         0      0        0
..................................................................


WIND (MPH)
  RESULTANT WIND SPEED  13   RESULTANT WIND DIRECTION   S (160)
  HIGHEST WIND SPEED    26   HIGHEST WIND DIRECTION    SE (150)
  HIGHEST GUST SPEED    36   HIGHEST GUST DIRECTION    SE (150)
  AVERAGE WIND SPEED    13.6



WEATHER CONDITIONS
 THE FOLLOWING WEATHER WAS RECORDED YESTERDAY.
  NO SIGNIFICANT WEATHER WAS OBSERVED.


..........................................................


THE CHICAGO EXECUTIVE CLIMATE NORMALS FOR TODAY
                         NORMAL    RECORD    YEAR
 MAXIMUM TEMPERATURE (F)   58        85      2002
 MINIMUM TEMPERATURE (F)   38        28      2001


SUNRISE AND SUNSET
APRIL 17 2014.........SUNRISE   608 AM CDT   SUNSET   735 PM CDT
APRIL 18 2014.........SUNRISE   606 AM CDT   SUNSET   736 PM CDT


-  INDICATES NEGATIVE NUMBERS.
R  INDICATES RECORD WAS SET OR TIED.
MM INDICATES DATA IS MISSING.
T  INDICATES TRACE AMOUNT.




$$
