000
CDUS43 KLOT 260633
CLIPWK


CLIMATE REPORT
NATIONAL WEATHER SERVICE CHICAGO IL
1232 AM CST MON JAN 26 2015


...................................

...THE CHICAGO EXECUTIVE CLIMATE SUMMARY FOR JANUARY 25 2015...

CLIMATE NORMAL PERIOD 1981 TO 2010
CLIMATE RECORD PERIOD 1996 TO 2015


WEATHER ITEM   OBSERVED TIME   RECORD YEAR NORMAL DEPARTURE LAST
                VALUE   (LST)  VALUE       VALUE  FROM      YEAR
                                                  NORMAL
..................................................................
TEMPERATURE (F)
 YESTERDAY
  MAXIMUM         34    431 AM  50    2002  31      3       33
  MINIMUM         24   1159 PM  -5    2008  16      8        7
  AVERAGE         29                        24      5       20

PRECIPITATION (IN)
  YESTERDAY        T             0.01 2008   0.05  -0.05      T
                                      2004
  MONTH TO DATE    0.69                      1.32  -0.63     1.21
  SINCE DEC 1      1.40                      3.15  -1.75     2.08
  SINCE JAN 1      0.69                      1.32  -0.63     1.21

DEGREE DAYS
 HEATING
  YESTERDAY       36                        41     -5       45
  MONTH TO DATE 1081                      1037     44     1156
  SINCE DEC 1   2099                      2184    -85     2449
  SINCE JUL 1   3502                      3454     48     3720

 COOLING
  YESTERDAY        0                         0      0        0
  MONTH TO DATE    0                         0      0        0
  SINCE DEC 1      0                         0      0        0
  SINCE JAN 1      0                         0      0        0
..................................................................


WIND (MPH)
  RESULTANT WIND SPEED  11   RESULTANT WIND DIRECTION  NE (30)
  HIGHEST WIND SPEED    22   HIGHEST WIND DIRECTION    NE (30)
  HIGHEST GUST SPEED    31   HIGHEST GUST DIRECTION    NE (40)
  AVERAGE WIND SPEED    11.9



WEATHER CONDITIONS
 THE FOLLOWING WEATHER WAS RECORDED YESTERDAY.
  LIGHT SNOW
  FOG
  HAZE


..........................................................


THE CHICAGO EXECUTIVE CLIMATE NORMALS FOR TODAY
                         NORMAL    RECORD    YEAR
 MAXIMUM TEMPERATURE (F)   31        53      2002
 MINIMUM TEMPERATURE (F)   17         0      2003
                                             1997


SUNRISE AND SUNSET
JANUARY 26 2015.......SUNRISE   710 AM CST   SUNSET   458 PM CST
JANUARY 27 2015.......SUNRISE   710 AM CST   SUNSET   500 PM CST


-  INDICATES NEGATIVE NUMBERS.
R  INDICATES RECORD WAS SET OR TIED.
MM INDICATES DATA IS MISSING.
T  INDICATES TRACE AMOUNT.




$$
