000
CDUS43 KLOT 270633
CLIPWK


CLIMATE REPORT
NATIONAL WEATHER SERVICE CHICAGO IL
133 AM CDT FRI MAY 27 2016


...................................

...THE CHICAGO EXECUTIVE CLIMATE SUMMARY FOR MAY 26 2016...

CLIMATE NORMAL PERIOD 1981 TO 2010
CLIMATE RECORD PERIOD 1996 TO 2016


WEATHER ITEM   OBSERVED TIME   RECORD YEAR NORMAL DEPARTURE LAST
                VALUE   (LST)  VALUE       VALUE  FROM      YEAR
                                                  NORMAL
..................................................................
TEMPERATURE (F)
 YESTERDAY
  MAXIMUM         84    411 PM  88    2014  72     12       75
  MINIMUM         62    333 AM  40    2002  51     11       67
                                      2001
  AVERAGE         73                        62     11       71

PRECIPITATION (IN)
  YESTERDAY        0.00          1.22 2009   0.10  -0.10     0.53
  MONTH TO DATE    4.33                      3.17   1.16     3.34
  SINCE MAR 1      9.96                      8.39   1.57     6.81
  SINCE JAN 1     11.62                     10.97   0.65     7.50

DEGREE DAYS
 HEATING
  YESTERDAY        0                         5     -5        0
  MONTH TO DATE  250                       223     27      189
  SINCE MAR 1   1485                      1598   -113     1607
  SINCE JUL 1   5548                      6336   -788     6735

 COOLING
  YESTERDAY        8                         2      6        6
  MONTH TO DATE   26                        27     -1       41
  SINCE MAR 1     28                        31     -3       41
  SINCE JAN 1     28                        31     -3       41
..................................................................


WIND (MPH)
  RESULTANT WIND SPEED   6   RESULTANT WIND DIRECTION  SW (210)
  HIGHEST WIND SPEED    16   HIGHEST WIND DIRECTION     S (180)
  HIGHEST GUST SPEED    21   HIGHEST GUST DIRECTION    SW (210)
  AVERAGE WIND SPEED     7.0



WEATHER CONDITIONS
 THE FOLLOWING WEATHER WAS RECORDED YESTERDAY.
  FOG


..........................................................


THE CHICAGO EXECUTIVE CLIMATE NORMALS FOR TODAY
                         NORMAL    RECORD    YEAR
 MAXIMUM TEMPERATURE (F)   73        95      2012
 MINIMUM TEMPERATURE (F)   51        42      2008


SUNRISE AND SUNSET
MAY 27 2016...........SUNRISE   521 AM CDT   SUNSET   817 PM CDT
MAY 28 2016...........SUNRISE   520 AM CDT   SUNSET   818 PM CDT


-  INDICATES NEGATIVE NUMBERS.
R  INDICATES RECORD WAS SET OR TIED.
MM INDICATES DATA IS MISSING.
T  INDICATES TRACE AMOUNT.




$$
