000
CDUS43 KLOT 250634
CLIPWK


CLIMATE REPORT
NATIONAL WEATHER SERVICE CHICAGO IL
133 AM CDT SUN SEP 25 2016


...................................

...THE CHICAGO EXECUTIVE CLIMATE SUMMARY FOR SEPTEMBER 24 2016...

CLIMATE NORMAL PERIOD 1981 TO 2010
CLIMATE RECORD PERIOD 1996 TO 2016


WEATHER ITEM   OBSERVED TIME   RECORD YEAR NORMAL DEPARTURE LAST
                VALUE   (LST)  VALUE       VALUE  FROM      YEAR
                                                  NORMAL
..................................................................
TEMPERATURE (F)
 YESTERDAY
  MAXIMUM         71    339 PM  91    2007  71      0       72
  MINIMUM         65    634 AM  34    2012  51     14       56
  AVERAGE         68                        61      7       64

PRECIPITATION (IN)
  YESTERDAY        0.00          0.21 2000   0.11  -0.11     0.00
  MONTH TO DATE    0.70                      2.50  -1.80     4.11
  SINCE SEP 1      0.70                      2.50  -1.80     4.11
  SINCE JAN 1     26.07                     24.98   1.09    24.41

DEGREE DAYS
 HEATING
  YESTERDAY        0                         5     -5        1
  MONTH TO DATE    1                        60    -59       33
  SINCE SEP 1      1                        60    -59       33
  SINCE JUL 1      3                        70    -67       62

 COOLING
  YESTERDAY        3                         1      2        0
  MONTH TO DATE  127                        73     54      145
  SINCE SEP 1    127                        73     54      145
  SINCE JAN 1   1040                       770    270      761
..................................................................


WIND (MPH)
  RESULTANT WIND SPEED   6   RESULTANT WIND DIRECTION   E (80)
  HIGHEST WIND SPEED    13   HIGHEST WIND DIRECTION     E (80)
  HIGHEST GUST SPEED    18   HIGHEST GUST DIRECTION    NE (50)
  AVERAGE WIND SPEED     6.0



WEATHER CONDITIONS
 THE FOLLOWING WEATHER WAS RECORDED YESTERDAY.
  NO SIGNIFICANT WEATHER WAS OBSERVED.


..........................................................


THE CHICAGO EXECUTIVE CLIMATE NORMALS FOR TODAY
                         NORMAL    RECORD    YEAR
 MAXIMUM TEMPERATURE (F)   71        86      2007
 MINIMUM TEMPERATURE (F)   50        40      2001
                                             2000


SUNRISE AND SUNSET
SEPTEMBER 25 2016.....SUNRISE   643 AM CDT   SUNSET   643 PM CDT
SEPTEMBER 26 2016.....SUNRISE   644 AM CDT   SUNSET   641 PM CDT


-  INDICATES NEGATIVE NUMBERS.
R  INDICATES RECORD WAS SET OR TIED.
MM INDICATES DATA IS MISSING.
T  INDICATES TRACE AMOUNT.




$$
