000
CDUS43 KLOT 240636
CLIPWK


CLIMATE REPORT
NATIONAL WEATHER SERVICE CHICAGO IL
135 AM CDT MON JUL 24 2017


...................................

...THE CHICAGO EXECUTIVE CLIMATE SUMMARY FOR JULY 23 2017...

CLIMATE NORMAL PERIOD 1981 TO 2010
CLIMATE RECORD PERIOD 1996 TO 2017


WEATHER ITEM   OBSERVED TIME   RECORD YEAR NORMAL DEPARTURE LAST
                VALUE   (LST)  VALUE       VALUE  FROM      YEAR
                                                  NORMAL
..................................................................
TEMPERATURE (F)
 YESTERDAY
  MAXIMUM         88    136 PM  97    2012  83      5       91
  MINIMUM         69   1159 PM  53    2000  64      5       69
  AVERAGE         79                        74      5       80

PRECIPITATION (IN)
  YESTERDAY        0.12          3.38 2011   0.14  -0.02     2.71
  MONTH TO DATE    7.51                      2.45   5.06     4.39
  SINCE JUN 1     13.39                      6.16   7.23     8.57
  SINCE JAN 1     29.97                     17.65  12.32    20.93

DEGREE DAYS
 HEATING
  YESTERDAY        0                         0      0        0
  MONTH TO DATE    0                         0      0        2
  SINCE JUN 1     14                        52    -38       20
  SINCE JUL 1      0                         0      0        2

 COOLING
  YESTERDAY       14                         9      5       15
  MONTH TO DATE  197                       201     -4      226
  SINCE JUN 1    382                       355     27      412
  SINCE JAN 1    406                       397      9      481
..................................................................


WIND (MPH)
  RESULTANT WIND SPEED   3   RESULTANT WIND DIRECTION  NW (310)
  HIGHEST WIND SPEED    18   HIGHEST WIND DIRECTION     N (360)
  HIGHEST GUST SPEED    25   HIGHEST GUST DIRECTION    NW (330)
  AVERAGE WIND SPEED     5.3



WEATHER CONDITIONS
 THE FOLLOWING WEATHER WAS RECORDED YESTERDAY.
  THUNDERSTORM
  RAIN
  LIGHT RAIN
  FOG


..........................................................


THE CHICAGO EXECUTIVE CLIMATE NORMALS FOR TODAY
                         NORMAL    RECORD    YEAR
 MAXIMUM TEMPERATURE (F)   83       102      2005
 MINIMUM TEMPERATURE (F)   64        50      2000


SUNRISE AND SUNSET
JULY 24 2017..........SUNRISE   537 AM CDT   SUNSET   818 PM CDT
JULY 25 2017..........SUNRISE   538 AM CDT   SUNSET   817 PM CDT


-  INDICATES NEGATIVE NUMBERS.
R  INDICATES RECORD WAS SET OR TIED.
MM INDICATES DATA IS MISSING.
T  INDICATES TRACE AMOUNT.




$$
