000
CDUS41 KGYX 302047
CLIPWM


CLIMATE REPORT
NATIONAL WEATHER SERVICE GRAY ME
447 PM EDT SUN APR 30 2017


...................................

...THE PORTLAND ME CLIMATE SUMMARY FOR APRIL 30 2017...
VALID TODAY AS OF 0400 PM LOCAL TIME.

CLIMATE NORMAL PERIOD 1981 TO 2010
CLIMATE RECORD PERIOD 1941 TO 2017


WEATHER ITEM   OBSERVED TIME   RECORD YEAR NORMAL DEPARTURE LAST
                VALUE   (LST)  VALUE       VALUE  FROM      YEAR
                                                  NORMAL
..................................................................
TEMPERATURE (F)
 TODAY
  MAXIMUM         53        MM  82    1985  59     -6       55
  MINIMUM         41        MM  28    1950  39      2       30
  AVERAGE         47                        49     -2       43

PRECIPITATION (IN)
  TODAY            0.00          1.33 1915   0.15  -0.15     0.00
  MONTH TO DATE    6.40                      4.32   2.08     1.56
  SINCE MAR 1      9.90                      8.56   1.34     5.93
  SINCE JAN 1     18.10                     15.19   2.91    13.47

SNOWFALL (IN)
  TODAY            0.0           T    1909   0.0    0.0      0.0
                                      1910
                                      1931
  MONTH TO DATE    7.9                       2.8    5.1      3.7
  SINCE MAR 1     29.1                      15.5   13.6     10.8
  SINCE JUL 1     95.3                      61.9   33.4     51.8
  SNOW DEPTH       0

DEGREE DAYS
 HEATING
  TODAY           18                        16      2       22
  MONTH TO DATE  543                       629    -86      665
  SINCE MAR 1   1657                      1606     51     1501
  SINCE JUL 1   6135                      6648   -513     5792

 COOLING
  TODAY            0                         0      0        0
  MONTH TO DATE    2                         0      2        0
  SINCE MAR 1      2                         0      2        0
  SINCE JAN 1      2                         0      2        0
..................................................................


WIND (MPH)
  HIGHEST WIND SPEED    22   HIGHEST WIND DIRECTION     N (340)
  HIGHEST GUST SPEED    36   HIGHEST GUST DIRECTION    NW (320)
  AVERAGE WIND SPEED    10.8


SKY COVER
  POSSIBLE SUNSHINE  MM
  AVERAGE SKY COVER 0.4


WEATHER CONDITIONS
 THE FOLLOWING WEATHER WAS RECORDED TODAY.
  NO SIGNIFICANT WEATHER WAS OBSERVED.


RELATIVE HUMIDITY (PERCENT)
 HIGHEST    53           100 PM
 LOWEST     38          1000 AM
 AVERAGE    46

..........................................................


THE PORTLAND ME CLIMATE NORMALS FOR TOMORROW
                         NORMAL    RECORD    YEAR
 MAXIMUM TEMPERATURE (F)   59        75      1972
 MINIMUM TEMPERATURE (F)   40        26      1978


SUNRISE AND SUNSET
APRIL 30 2017.........SUNRISE   535 AM EDT   SUNSET   743 PM EDT
MAY  1 2017...........SUNRISE   533 AM EDT   SUNSET   744 PM EDT


-  INDICATES NEGATIVE NUMBERS.
R  INDICATES RECORD WAS SET OR TIED.
MM INDICATES DATA IS MISSING.
T  INDICATES TRACE AMOUNT.




$$
