000
CDUS41 KGYX 280911
CLIPWM


CLIMATE REPORT
NATIONAL WEATHER SERVICE GRAY ME
411 AM EST TUE FEB 28 2017


...................................

...THE PORTLAND ME CLIMATE SUMMARY FOR FEBRUARY 27 2017...

CLIMATE NORMAL PERIOD 1981 TO 2010
CLIMATE RECORD PERIOD 1941 TO 2017


WEATHER ITEM   OBSERVED TIME   RECORD YEAR NORMAL DEPARTURE LAST
                VALUE   (LST)  VALUE       VALUE  FROM      YEAR
                                                  NORMAL
..................................................................
TEMPERATURE (F)
 YESTERDAY
  MAXIMUM         52    325 PM  57    1976  37     15       35
  MINIMUM         25   1205 AM -14    1950  20      5       13
  AVERAGE         39                        28     11       24

PRECIPITATION (IN)
  YESTERDAY        0.00          1.92 1912   0.13  -0.13     0.00
  MONTH TO DATE    4.55                      3.12   1.43     4.17
  SINCE DEC 1     13.51                     10.52   2.99    12.88
  SINCE JAN 1      8.20                      6.50   1.70     7.54

SNOWFALL (IN)
  YESTERDAY        0.0          13.6  1912   0.5   -0.5      0.0
  MONTH TO DATE   39.9                      11.7   28.2     20.5
  SINCE DEC 1     65.9                      44.1   21.8     41.0
  SINCE JUL 1     66.4                      46.0   20.4     41.0
  SNOW DEPTH       2

DEGREE DAYS
 HEATING
  YESTERDAY       26                        37    -11       41
  MONTH TO DATE  982                      1071    -89      997
  SINCE DEC 1   3200                      3516   -316     2998
  SINCE JUL 1   4452                      5007   -555     4244

 COOLING
  YESTERDAY        0                         0      0        0
  MONTH TO DATE    0                         0      0        0
  SINCE DEC 1      0                         0      0        0
  SINCE JAN 1      0                         0      0        0
..................................................................


WIND (MPH)
  RESULTANT WIND SPEED   9   RESULTANT WIND DIRECTION  SW (230)
  HIGHEST WIND SPEED    24   HIGHEST WIND DIRECTION     W (270)
  HIGHEST GUST SPEED    33   HIGHEST GUST DIRECTION     W (270)
  AVERAGE WIND SPEED     9.5


SKY COVER
  AVERAGE SKY COVER 0.1


WEATHER CONDITIONS
 THE FOLLOWING WEATHER WAS RECORDED YESTERDAY.
  NO SIGNIFICANT WEATHER WAS OBSERVED.


RELATIVE HUMIDITY (PERCENT)
 HIGHEST    63           500 AM
 LOWEST     27           300 PM
 AVERAGE    45

..........................................................


THE PORTLAND ME CLIMATE NORMALS FOR TODAY
                         NORMAL    RECORD    YEAR
 MAXIMUM TEMPERATURE (F)   38        56      1996
 MINIMUM TEMPERATURE (F)   20        -9      1950


SUNRISE AND SUNSET
FEBRUARY 28 2017......SUNRISE   619 AM EST   SUNSET   529 PM EST
MARCH  1 2017.........SUNRISE   617 AM EST   SUNSET   530 PM EST


-  INDICATES NEGATIVE NUMBERS.
R  INDICATES RECORD WAS SET OR TIED.
MM INDICATES DATA IS MISSING.
T  INDICATES TRACE AMOUNT.




$$
