000
CDUS41 KGYX 130913
CLIPWM


CLIMATE REPORT
NATIONAL WEATHER SERVICE GRAY ME
413 AM EST SAT FEB 13 2016


...................................

...THE PORTLAND ME CLIMATE SUMMARY FOR FEBRUARY 12 2016...

CLIMATE NORMAL PERIOD 1981 TO 2010
CLIMATE RECORD PERIOD 1941 TO 2016


WEATHER ITEM   OBSERVED TIME   RECORD YEAR NORMAL DEPARTURE LAST
                VALUE   (LST)  VALUE       VALUE  FROM      YEAR
                                                  NORMAL
..................................................................
TEMPERATURE (F)
 YESTERDAY
  MAXIMUM         21    639 PM  51    1984  34    -13       20
  MINIMUM         -2    732 AM -13    1967  16    -18        3
  AVERAGE         10                        25    -15       12

PRECIPITATION (IN)
  YESTERDAY        0.00          2.09 1881   0.12  -0.12     0.04
  MONTH TO DATE    1.73                      1.32   0.41     1.99
  SINCE DEC 1     10.44                      8.72   1.72    12.93
  SINCE JAN 1      5.10                      4.70   0.40     6.66

SNOWFALL (IN)
  YESTERDAY        0.0          12.7  1988   0.4   -0.4      1.3
  MONTH TO DATE   15.7                       5.4   10.3     23.1
  SINCE DEC 1     36.2                      37.8   -1.6     67.4
  SINCE JUL 1     36.2                      39.7   -3.5     77.7
  SNOW DEPTH       6

DEGREE DAYS
 HEATING
  YESTERDAY       55                        40     15       53
  MONTH TO DATE  429                       495    -66      613
  SINCE DEC 1   2430                      2940   -510     2929
  SINCE JUL 1   3676                      4431   -755     4240

 COOLING
  YESTERDAY        0                         0      0        0
  MONTH TO DATE    0                         0      0        0
  SINCE DEC 1      0                         0      0        0
  SINCE JAN 1      0                         0      0        0
..................................................................


WIND (MPH)
  RESULTANT WIND SPEED   5   RESULTANT WIND DIRECTION   W (270)
  HIGHEST WIND SPEED    17   HIGHEST WIND DIRECTION     W (290)
  HIGHEST GUST SPEED    23   HIGHEST GUST DIRECTION     W (290)
  AVERAGE WIND SPEED     6.2


SKY COVER
  AVERAGE SKY COVER 0.5


WEATHER CONDITIONS
 THE FOLLOWING WEATHER WAS RECORDED YESTERDAY.
  NO SIGNIFICANT WEATHER WAS OBSERVED.


RELATIVE HUMIDITY (PERCENT)
 HIGHEST    65           700 AM
 LOWEST     34           200 PM
 AVERAGE    50

..........................................................


THE PORTLAND ME CLIMATE NORMALS FOR TODAY
                         NORMAL    RECORD    YEAR
 MAXIMUM TEMPERATURE (F)   34        60      1951
 MINIMUM TEMPERATURE (F)   16       -22      1967


SUNRISE AND SUNSET
FEBRUARY 13 2016......SUNRISE   643 AM EST   SUNSET   508 PM EST
FEBRUARY 14 2016......SUNRISE   642 AM EST   SUNSET   509 PM EST


-  INDICATES NEGATIVE NUMBERS.
R  INDICATES RECORD WAS SET OR TIED.
MM INDICATES DATA IS MISSING.
T  INDICATES TRACE AMOUNT.




$$
