843
CDUS41 KGYX 232044
CLIPWM


CLIMATE REPORT
NATIONAL WEATHER SERVICE GRAY ME
444 PM EDT WED AUG 23 2017


...................................

...THE PORTLAND ME CLIMATE SUMMARY FOR AUGUST 23 2017...
VALID TODAY AS OF 0400 PM LOCAL TIME.

CLIMATE NORMAL PERIOD 1981 TO 2010
CLIMATE RECORD PERIOD 1941 TO 2017


WEATHER ITEM   OBSERVED TIME   RECORD YEAR NORMAL DEPARTURE LAST
                VALUE   (LST)  VALUE       VALUE  FROM      YEAR
                                                  NORMAL
..................................................................
TEMPERATURE (F)
 TODAY
  MAXIMUM         80    126 PM  94    1947  77      3       80
  MINIMUM         68    346 AM  39    1957  57     11       53
  AVERAGE         74                        67      7       67

PRECIPITATION (IN)
  TODAY            0.41          2.97 2009   0.10   0.31     0.00
  MONTH TO DATE    2.99                      2.35   0.64     1.85
  SINCE JUN 1      6.66                      9.75  -3.09     7.97
  SINCE JAN 1     30.70                     28.95   1.75    23.48

SNOWFALL (IN)
  TODAY            0.0           0.0  2002   0.0    0.0      0.0
                                      2001
                                      2000
  MONTH TO DATE    0.0                       0.0    0.0      0.0
  SINCE JUN 1      0.0                       0.0    0.0      0.0
  SINCE JUL 1      0.0                       0.0    0.0      0.0
  SNOW DEPTH       0

DEGREE DAYS
 HEATING
  TODAY            0                         1     -1        0
  MONTH TO DATE    1                        14    -13        1
  SINCE JUN 1     99                       137    -38       80
  SINCE JUL 1     14                        31    -17       14

 COOLING
  TODAY            9                         3      6        2
  MONTH TO DATE  113                        98     15      162
  SINCE JUN 1    349                       299     50      410
  SINCE JAN 1    366                       306     60      426
..................................................................


WIND (MPH)
  HIGHEST WIND SPEED    20   HIGHEST WIND DIRECTION     W (270)
  HIGHEST GUST SPEED    29   HIGHEST GUST DIRECTION     W (280)
  AVERAGE WIND SPEED    10.9


SKY COVER
  POSSIBLE SUNSHINE  MM
  AVERAGE SKY COVER 0.6


WEATHER CONDITIONS
 THE FOLLOWING WEATHER WAS RECORDED TODAY.
  THUNDERSTORM
  RAIN
  LIGHT RAIN
  FOG


RELATIVE HUMIDITY (PERCENT)
 HIGHEST   100           600 AM
 LOWEST     35          1100 AM
 AVERAGE    68

..........................................................


THE PORTLAND ME CLIMATE NORMALS FOR TOMORROW
                         NORMAL    RECORD    YEAR
 MAXIMUM TEMPERATURE (F)   77        93      1947
 MINIMUM TEMPERATURE (F)   57        42      1962


SUNRISE AND SUNSET
AUGUST 23 2017........SUNRISE   555 AM EDT   SUNSET   732 PM EDT
AUGUST 24 2017........SUNRISE   556 AM EDT   SUNSET   730 PM EDT


-  INDICATES NEGATIVE NUMBERS.
R  INDICATES RECORD WAS SET OR TIED.
MM INDICATES DATA IS MISSING.
T  INDICATES TRACE AMOUNT.




$$
