457
CDUS41 KGYX 030910
CLIPWM


CLIMATE REPORT
NATIONAL WEATHER SERVICE GRAY ME
409 AM EST SAT DEC 3 2016


...................................

...THE PORTLAND ME CLIMATE SUMMARY FOR DECEMBER 2 2016...

CLIMATE NORMAL PERIOD 1981 TO 2010
CLIMATE RECORD PERIOD 1941 TO 2016


WEATHER ITEM   OBSERVED TIME   RECORD YEAR NORMAL DEPARTURE LAST
                VALUE   (LST)  VALUE       VALUE  FROM      YEAR
                                                  NORMAL
..................................................................
TEMPERATURE (F)
 YESTERDAY
  MAXIMUM         50    242 PM  61    1998  42      8       44
  MINIMUM         33    542 AM   3    1940  26      7       36
  AVERAGE         42                        34      8       40

PRECIPITATION (IN)
  YESTERDAY        0.00          1.88 1942   0.14  -0.14     0.24
  MONTH TO DATE    1.12                      0.28   0.84     0.32
  SINCE DEC 1      1.12                      0.28   0.84     0.32
  SINCE JAN 1     37.93                     43.51  -5.58    38.80

SNOWFALL (IN)
  YESTERDAY        0.0           3.2  1989   0.3   -0.3      0.0
  MONTH TO DATE    0.0                       0.5   -0.5      0.0
  SINCE DEC 1      0.0                       0.5   -0.5      0.0
  SINCE JUL 1      0.5                       2.4   -1.9       T
  SNOW DEPTH       0

DEGREE DAYS
 HEATING
  YESTERDAY       23                        31     -8       25
  MONTH TO DATE   41                        62    -21       61
  SINCE DEC 1     41                        62    -21       61
  SINCE JUL 1   1293                      1553   -260     1307

 COOLING
  YESTERDAY        0                         0      0        0
  MONTH TO DATE    0                         0      0        0
  SINCE DEC 1      0                         0      0        0
  SINCE JAN 1    553                       359    194      492
..................................................................


WIND (MPH)
  RESULTANT WIND SPEED   9   RESULTANT WIND DIRECTION   W (270)
  HIGHEST WIND SPEED    20   HIGHEST WIND DIRECTION     W (270)
  HIGHEST GUST SPEED    25   HIGHEST GUST DIRECTION     W (260)
  AVERAGE WIND SPEED     8.8


SKY COVER
  AVERAGE SKY COVER 0.4


WEATHER CONDITIONS
 THE FOLLOWING WEATHER WAS RECORDED YESTERDAY.
  NO SIGNIFICANT WEATHER WAS OBSERVED.


RELATIVE HUMIDITY (PERCENT)
 HIGHEST    82           600 AM
 LOWEST     50           100 PM
 AVERAGE    66

..........................................................


THE PORTLAND ME CLIMATE NORMALS FOR TODAY
                         NORMAL    RECORD    YEAR
 MAXIMUM TEMPERATURE (F)   42        68      2009
 MINIMUM TEMPERATURE (F)   25        -4      1940


SUNRISE AND SUNSET
DECEMBER  3 2016......SUNRISE   657 AM EST   SUNSET   405 PM EST
DECEMBER  4 2016......SUNRISE   658 AM EST   SUNSET   405 PM EST


-  INDICATES NEGATIVE NUMBERS.
R  INDICATES RECORD WAS SET OR TIED.
MM INDICATES DATA IS MISSING.
T  INDICATES TRACE AMOUNT.




$$
