000
CDUS46 KSGX 210120
CLIRAL


CLIMATE REPORT
NATIONAL WEATHER SERVICE SAN DIEGO, CA
519 PM PST FRI JAN 20 2017


...................................

...THE RIVERSIDE MUNI AIRPORT CA CLIMATE SUMMARY FOR JANUARY 20 2017...
VALID TODAY AS OF 0500 PM LOCAL TIME.

CLIMATE NORMAL PERIOD 1981 TO 2010
CLIMATE RECORD PERIOD 1893 TO 2017


WEATHER ITEM   OBSERVED TIME   RECORD YEAR NORMAL DEPARTURE LAST
                VALUE   (LST)  VALUE       VALUE  FROM      YEAR
                                                  NORMAL
..................................................................
TEMPERATURE (F)
 TODAY
  MAXIMUM         57    212 PM  85    2009  67    -10       67
  MINIMUM         48    634 AM  24    1948  44      4       52
  AVERAGE         53                        55     -2       60

PRECIPITATION (IN)
  TODAY            1.01          1.40 1933   0.10   0.91     0.00
  MONTH TO DATE    3.39                      2.23   1.16     2.50
  SINCE OCT 1      8.65                      5.04   3.61     3.67
  SINCE JAN 1      3.39                      2.23   1.16     2.50

DEGREE DAYS
 HEATING
  TODAY           12                        10      2        5
  MONTH TO DATE  225                       204     21      221
  SINCE DEC 1    486                       530    -44      552
  SINCE JUL 1    590                       730   -140      714

 COOLING
  TODAY            0                         0      0        0
  MONTH TO DATE    0                         0      0        0
  SINCE DEC 1      0                         2     -2        2
  SINCE JAN 1      0                         0      0        0
..................................................................


WIND (MPH)
  RESULTANT WIND SPEED   3   RESULTANT WIND DIRECTION  SE (120)
  HIGHEST WIND SPEED    26   HIGHEST WIND DIRECTION     W (250)
  HIGHEST GUST SPEED    34   HIGHEST GUST DIRECTION     W (270)
  AVERAGE WIND SPEED     3.3


SKY COVER
  POSSIBLE SUNSHINE  MM
  AVERAGE SKY COVER 1.0


WEATHER CONDITIONS
 THE FOLLOWING WEATHER WAS RECORDED TODAY.
  HEAVY RAIN
  RAIN
  LIGHT RAIN
  FOG


RELATIVE HUMIDITY (PERCENT)
 HIGHEST   100           100 AM
 LOWEST     93           300 AM
 AVERAGE    97

..........................................................


THE RIVERSIDE MUNI AIRPORT CA CLIMATE NORMALS FOR TOMORROW
                         NORMAL    RECORD    YEAR
 MAXIMUM TEMPERATURE (F)   67        83      1968
 MINIMUM TEMPERATURE (F)   44        23      1922


SUNRISE AND SUNSET
JANUARY 20 2017.......SUNRISE   653 AM PST   SUNSET   509 PM PST
JANUARY 21 2017.......SUNRISE   653 AM PST   SUNSET   510 PM PST


-  INDICATES NEGATIVE NUMBERS.
R  INDICATES RECORD WAS SET OR TIED.
MM INDICATES DATA IS MISSING.
T  INDICATES TRACE AMOUNT.




$$
