000
CDUS46 KSGX 191418
CLIRAL


CLIMATE REPORT
NATIONAL WEATHER SERVICE SAN DIEGO, CA
718 AM PDT SAT APR 19 2014


...................................

...THE RIVERSIDE MUNI AIRPORT CA CLIMATE SUMMARY FOR APRIL 18 2014...

CLIMATE NORMAL PERIOD 1981 TO 2010
CLIMATE RECORD PERIOD 1893 TO 2014


WEATHER ITEM   OBSERVED TIME   RECORD YEAR NORMAL DEPARTURE LAST
                VALUE   (LST)  VALUE       VALUE  FROM      YEAR
                                                  NORMAL
..................................................................
TEMPERATURE (F)
 YESTERDAY
  MAXIMUM         74    225 PM  97    1914  76     -2       79
  MINIMUM         59   1159 PM  33    1917  51      8       47
  AVERAGE         67                        63      4       63

PRECIPITATION (IN)
  YESTERDAY        0.00          0.55 2000   0.03  -0.03     0.00
  MONTH TO DATE    0.14                      0.45  -0.31      T
  SINCE JUL 1      2.65                     11.65  -9.00     4.02
  SINCE JAN 1      1.50                      8.44  -6.94     2.11

SNOWFALL (IN)
  YESTERDAY        0.0
  MONTH TO DATE    0.0
  SINCE JAN 1      0.0
  SINCE JUL 1      0.0
  SNOW DEPTH       0

DEGREE DAYS
 HEATING
  YESTERDAY        0                         3     -3        2
  MONTH TO DATE   45                        76    -31       42
  SINCE MAR 1    120                       281   -161      142
  SINCE JUL 1    782                      1389   -607     1158

 COOLING
  YESTERDAY        2                         2      0        0
  MONTH TO DATE   55                        18     37        9
  SINCE MAR 1     85                        30     55       44
  SINCE JAN 1    114                        39     75       47
..................................................................


WIND (MPH)
  RESULTANT WIND SPEED   3   RESULTANT WIND DIRECTION   W (260)
  HIGHEST WIND SPEED    16   HIGHEST WIND DIRECTION     W (260)
  HIGHEST GUST SPEED    22   HIGHEST GUST DIRECTION     W (280)
  AVERAGE WIND SPEED     4.8


SKY COVER
  POSSIBLE SUNSHINE  MM
  AVERAGE SKY COVER 0.5


WEATHER CONDITIONS
 THE FOLLOWING WEATHER WAS RECORDED YESTERDAY.
  NO SIGNIFICANT WEATHER WAS OBSERVED.


RELATIVE HUMIDITY (PERCENT)
 HIGHEST    80          1200 AM
 LOWEST     46           300 PM
 AVERAGE    63

..........................................................


THE RIVERSIDE MUNI AIRPORT CA CLIMATE NORMALS FOR TODAY
                         NORMAL    RECORD    YEAR
 MAXIMUM TEMPERATURE (F)   76       100      1914
 MINIMUM TEMPERATURE (F)   51        34      1955


SUNRISE AND SUNSET
APRIL 19 2014.........SUNRISE   614 AM PDT   SUNSET   724 PM PDT
APRIL 20 2014.........SUNRISE   613 AM PDT   SUNSET   725 PM PDT


-  INDICATES NEGATIVE NUMBERS.
R  INDICATES RECORD WAS SET OR TIED.
MM INDICATES DATA IS MISSING.
T  INDICATES TRACE AMOUNT.




$$
