356
CDUS46 KSGX 271134
CLIRAL


CLIMATE REPORT
NATIONAL WEATHER SERVICE SAN DIEGO, CA
434 AM PDT TUE JUN 27 2017


...................................

...THE RIVERSIDE MUNI AIRPORT CA CLIMATE SUMMARY FOR JUNE 26 2017...

CLIMATE NORMAL PERIOD 1981 TO 2010
CLIMATE RECORD PERIOD 1893 TO 2017


WEATHER ITEM   OBSERVED TIME   RECORD YEAR NORMAL DEPARTURE LAST
                VALUE   (LST)  VALUE       VALUE  FROM      YEAR
                                                  NORMAL
..................................................................
TEMPERATURE (F)
 YESTERDAY
  MAXIMUM        107   1247 PM 112    1925  88     19      102
  MINIMUM         70    506 AM  42    1894  61      9       65
  AVERAGE         89                        75     14       84

PRECIPITATION (IN)
  YESTERDAY        0.00          T    1925   0.00   0.00     0.00
  MONTH TO DATE    0.00                      0.09  -0.09      T
  SINCE OCT 1     13.21                     11.99   1.22     5.45
  SINCE JAN 1      7.95                      9.18  -1.23     4.28

DEGREE DAYS
 HEATING
  YESTERDAY        0                         0      0        0
  MONTH TO DATE    0                         0      0        0
  SINCE JUN 1      0                         0      0        0
  SINCE JUL 1   1134                      1444   -310     1032

 COOLING
  YESTERDAY       24                        10     14       19
  MONTH TO DATE  294                       180    114      308
  SINCE JUN 1    294                       180    114      308
  SINCE JAN 1    572                       357    215      589
..................................................................


WIND (MPH)
  RESULTANT WIND SPEED   5   RESULTANT WIND DIRECTION   W (270)
  HIGHEST WIND SPEED    22   HIGHEST WIND DIRECTION     W (280)
  HIGHEST GUST SPEED    28   HIGHEST GUST DIRECTION     W (270)
  AVERAGE WIND SPEED     6.2


SKY COVER
  POSSIBLE SUNSHINE  MM
  AVERAGE SKY COVER 0.0


WEATHER CONDITIONS
 THE FOLLOWING WEATHER WAS RECORDED YESTERDAY.
  NO SIGNIFICANT WEATHER WAS OBSERVED.


RELATIVE HUMIDITY (PERCENT)
 HIGHEST    68           300 AM
 LOWEST      7           100 PM
 AVERAGE    38

..........................................................


THE RIVERSIDE MUNI AIRPORT CA CLIMATE NORMALS FOR TODAY
                         NORMAL    RECORD    YEAR
 MAXIMUM TEMPERATURE (F)   88       109      1990
                                             1976
 MINIMUM TEMPERATURE (F)   62        46      1920
                                             1893


SUNRISE AND SUNSET
JUNE 27 2017..........SUNRISE   541 AM PDT   SUNSET   805 PM PDT
JUNE 28 2017..........SUNRISE   541 AM PDT   SUNSET   805 PM PDT


-  INDICATES NEGATIVE NUMBERS.
R  INDICATES RECORD WAS SET OR TIED.
MM INDICATES DATA IS MISSING.
T  INDICATES TRACE AMOUNT.




$$
