252
CDUS46 KSGX 171250
CLIRAL


CLIMATE REPORT
NATIONAL WEATHER SERVICE SAN DIEGO, CA
450 AM PST FRI NOV 17 2017


...................................

...THE RIVERSIDE MUNI AIRPORT CA CLIMATE SUMMARY FOR NOVEMBER 16 2017...

CLIMATE NORMAL PERIOD 1981 TO 2010
CLIMATE RECORD PERIOD 1893 TO 2017


WEATHER ITEM   OBSERVED TIME   RECORD YEAR NORMAL DEPARTURE LAST
                VALUE   (LST)  VALUE       VALUE  FROM      YEAR
                                                  NORMAL
..................................................................
TEMPERATURE (F)
 YESTERDAY
  MAXIMUM         82    135 PM  93    2008  74      8       71
  MINIMUM         54    709 AM  31    1958  47      7       53
                                      1935
  AVERAGE         68                        60      8       62

PRECIPITATION (IN)
  YESTERDAY        0.00          0.89 1972   0.03  -0.03     0.00
  MONTH TO DATE    T                         0.52  -0.52     0.00
  SINCE OCT 1      T                         0.80  -0.80     0.96
  SINCE JAN 1      8.46                     10.39  -1.93     5.24

DEGREE DAYS
 HEATING
  YESTERDAY        0                         5     -5        3
  MONTH TO DATE   28                        64    -36        7
  SINCE SEP 1     29                        99    -70       10
  SINCE JUL 1     29                        99    -70       10

 COOLING
  YESTERDAY        3                         1      2        0
  MONTH TO DATE    9                        22    -13       96
  SINCE SEP 1    609                       493    116      629
  SINCE JAN 1   2257                      1751    506     2298
..................................................................


WIND (MPH)
  RESULTANT WIND SPEED   1   RESULTANT WIND DIRECTION   N (340)
  HIGHEST WIND SPEED    12   HIGHEST WIND DIRECTION     W (270)
  HIGHEST GUST SPEED    15   HIGHEST GUST DIRECTION     W (280)
  AVERAGE WIND SPEED     3.5


SKY COVER
  POSSIBLE SUNSHINE  MM
  AVERAGE SKY COVER 0.6


WEATHER CONDITIONS
 THE FOLLOWING WEATHER WAS RECORDED YESTERDAY.
  NO SIGNIFICANT WEATHER WAS OBSERVED.


RELATIVE HUMIDITY (PERCENT)
 HIGHEST    72           100 AM
 LOWEST     28           200 PM
 AVERAGE    50

..........................................................


THE RIVERSIDE MUNI AIRPORT CA CLIMATE NORMALS FOR TODAY
                         NORMAL    RECORD    YEAR
 MAXIMUM TEMPERATURE (F)   73        89      1949
                                             1916
                                             1895
 MINIMUM TEMPERATURE (F)   46        25      1958


SUNRISE AND SUNSET
NOVEMBER 17 2017......SUNRISE   624 AM PST   SUNSET   445 PM PST
NOVEMBER 18 2017......SUNRISE   625 AM PST   SUNSET   444 PM PST


-  INDICATES NEGATIVE NUMBERS.
R  INDICATES RECORD WAS SET OR TIED.
MM INDICATES DATA IS MISSING.
T  INDICATES TRACE AMOUNT.




$$
