000
CDUS46 KSGX 201419
CLIRAL


CLIMATE REPORT
NATIONAL WEATHER SERVICE SAN DIEGO, CA
718 AM PDT MON OCT 20 2014


...................................

...THE RIVERSIDE MUNI AIRPORT CA CLIMATE SUMMARY FOR OCTOBER 19 2014...

CLIMATE NORMAL PERIOD 1981 TO 2010
CLIMATE RECORD PERIOD 1893 TO 2014


WEATHER ITEM   OBSERVED TIME   RECORD YEAR NORMAL DEPARTURE LAST
                VALUE   (LST)  VALUE       VALUE  FROM      YEAR
                                                  NORMAL
..................................................................
TEMPERATURE (F)
 YESTERDAY
  MAXIMUM         81    252 PM 106    1921  81      0       91
  MINIMUM         57    633 AM  33    1949  54      3       54
  AVERAGE         69                        68      1       73

PRECIPITATION (IN)
  YESTERDAY        0.00          0.63 1920   0.01  -0.01     0.00
  MONTH TO DATE    0.00                      0.12  -0.12     0.30
  SINCE JUL 1      0.37                      0.52  -0.15     0.46
  SINCE JAN 1      2.09                      9.71  -7.62     2.67

SNOWFALL (IN)
  YESTERDAY        0.0
  MONTH TO DATE    0.0
  SINCE JAN 1      0.0
  SINCE JUL 1      0.0
  SNOW DEPTH       0

DEGREE DAYS
 HEATING
  YESTERDAY        0                         1     -1        0
  MONTH TO DATE    0                         9     -9       16
  SINCE SEP 1      0                        11    -11       16
  SINCE JUL 1      0                        11    -11       16

 COOLING
  YESTERDAY        4                         4      0        8
  MONTH TO DATE  180                       104     76       78
  SINCE SEP 1    632                       438    194      471
  SINCE JAN 1   2223                      1696    527     1940
..................................................................


WIND (MPH)
  RESULTANT WIND SPEED   2   RESULTANT WIND DIRECTION   W (270)
  HIGHEST WIND SPEED    12   HIGHEST WIND DIRECTION     W (260)
  HIGHEST GUST SPEED    16   HIGHEST GUST DIRECTION     W (270)
  AVERAGE WIND SPEED     3.0


SKY COVER
  POSSIBLE SUNSHINE  MM
  AVERAGE SKY COVER 0.0


WEATHER CONDITIONS
 THE FOLLOWING WEATHER WAS RECORDED YESTERDAY.
  NO SIGNIFICANT WEATHER WAS OBSERVED.


RELATIVE HUMIDITY (PERCENT)
 HIGHEST    86           400 AM
 LOWEST     39           200 PM
 AVERAGE    63

..........................................................


THE RIVERSIDE MUNI AIRPORT CA CLIMATE NORMALS FOR TODAY
                         NORMAL    RECORD    YEAR
 MAXIMUM TEMPERATURE (F)   81       104      1940
 MINIMUM TEMPERATURE (F)   54        33      1949


SUNRISE AND SUNSET
OCTOBER 20 2014.......SUNRISE   659 AM PDT   SUNSET   610 PM PDT
OCTOBER 21 2014.......SUNRISE   700 AM PDT   SUNSET   609 PM PDT


-  INDICATES NEGATIVE NUMBERS.
R  INDICATES RECORD WAS SET OR TIED.
MM INDICATES DATA IS MISSING.
T  INDICATES TRACE AMOUNT.




$$
