000
CDUS46 KSGX 251429
CLIRAL


CLIMATE REPORT
NATIONAL WEATHER SERVICE SAN DIEGO, CA
728 AM PDT SUN SEP 25 2016


...................................

...THE RIVERSIDE MUNI AIRPORT CA CLIMATE SUMMARY FOR SEPTEMBER 24 2016...

CLIMATE NORMAL PERIOD 1981 TO 2010
CLIMATE RECORD PERIOD 1893 TO 2016


WEATHER ITEM   OBSERVED TIME   RECORD YEAR NORMAL DEPARTURE LAST
                VALUE   (LST)  VALUE       VALUE  FROM      YEAR
                                                  NORMAL
..................................................................
TEMPERATURE (F)
 YESTERDAY
  MAXIMUM         97    227 PM 109    1949  88      9      100
  MINIMUM         57    512 AM  42    1923  61     -4       68
  AVERAGE         77                        74      3       84

PRECIPITATION (IN)
  YESTERDAY        0.00          0.72 1908   0.01  -0.01     0.00
  MONTH TO DATE    T                         0.18  -0.18     1.87
  SINCE OCT 1      5.45                     12.33  -6.88     9.57
  SINCE JAN 1      4.28                      9.52  -5.24     6.34

DEGREE DAYS
 HEATING
  YESTERDAY        0                         0      0        0
  MONTH TO DATE    0                         0      0        0
  SINCE SEP 1      0                         0      0        0
  SINCE JUL 1      0                         0      0        0

 COOLING
  YESTERDAY       12                         9      3       19
  MONTH TO DATE  234                       283    -49      378
  SINCE SEP 1    234                       283    -49      378
  SINCE JAN 1   1903                      1541    362     1981
..................................................................


WIND (MPH)
  RESULTANT WIND SPEED   2   RESULTANT WIND DIRECTION  NW (330)
  HIGHEST WIND SPEED    20   HIGHEST WIND DIRECTION     W (260)
  HIGHEST GUST SPEED    25   HIGHEST GUST DIRECTION     W (250)
  AVERAGE WIND SPEED     5.4


SKY COVER
  POSSIBLE SUNSHINE  MM
  AVERAGE SKY COVER 0.0


WEATHER CONDITIONS
 THE FOLLOWING WEATHER WAS RECORDED YESTERDAY.
  NO SIGNIFICANT WEATHER WAS OBSERVED.


RELATIVE HUMIDITY (PERCENT)
 HIGHEST    60           200 AM
 LOWEST      9           200 PM
 AVERAGE    35

..........................................................


THE RIVERSIDE MUNI AIRPORT CA CLIMATE NORMALS FOR TODAY
                         NORMAL    RECORD    YEAR
 MAXIMUM TEMPERATURE (F)   88       108      2010
                                             1921
 MINIMUM TEMPERATURE (F)   60        41      1934


SUNRISE AND SUNSET
SEPTEMBER 25 2016.....SUNRISE   640 AM PDT   SUNSET   642 PM PDT
SEPTEMBER 26 2016.....SUNRISE   641 AM PDT   SUNSET   640 PM PDT


-  INDICATES NEGATIVE NUMBERS.
R  INDICATES RECORD WAS SET OR TIED.
MM INDICATES DATA IS MISSING.
T  INDICATES TRACE AMOUNT.




$$
