586
CDUS46 KSGX 311422
CLIRAL


CLIMATE REPORT
NATIONAL WEATHER SERVICE SAN DIEGO, CA
722 AM PDT TUE MAY 31 2016


...................................

...THE RIVERSIDE MUNI AIRPORT CA CLIMATE SUMMARY FOR MAY 30 2016...

CLIMATE NORMAL PERIOD 1981 TO 2010
CLIMATE RECORD PERIOD 1893 TO 2016


WEATHER ITEM   OBSERVED TIME   RECORD YEAR NORMAL DEPARTURE LAST
                VALUE   (LST)  VALUE       VALUE  FROM      YEAR
                                                  NORMAL
..................................................................
TEMPERATURE (F)
 YESTERDAY
  MAXIMUM         81    353 PM  99    1984  81      0       92
                                      1910
  MINIMUM         58    148 AM  41    1953  58      0       59
                                      1906
  AVERAGE         70                        69      1       76

PRECIPITATION (IN)
  YESTERDAY        0.00          0.05 1937   0.00   0.00     0.00
  MONTH TO DATE    0.18                      0.30  -0.12     0.60
  SINCE OCT 1      5.45                     11.90  -6.45     5.75
  SINCE JAN 1      4.28                      9.09  -4.81     2.52

DEGREE DAYS
 HEATING
  YESTERDAY        0                         0      0        0
  MONTH TO DATE   20                        22     -2       50
  SINCE MAR 1    155                       334   -179      157
  SINCE JUL 1   1032                      1442   -410      764

 COOLING
  YESTERDAY        5                         5      0       11
  MONTH TO DATE   88                       111    -23       72
  SINCE MAR 1    201                       165     36      279
  SINCE JAN 1    277                       174    103      303
..................................................................


WIND (MPH)
  RESULTANT WIND SPEED   4   RESULTANT WIND DIRECTION   W (270)
  HIGHEST WIND SPEED    13   HIGHEST WIND DIRECTION     W (260)
  HIGHEST GUST SPEED    19   HIGHEST GUST DIRECTION     W (250)
  AVERAGE WIND SPEED     5.0


SKY COVER
  POSSIBLE SUNSHINE  MM
  AVERAGE SKY COVER 0.5


WEATHER CONDITIONS
 THE FOLLOWING WEATHER WAS RECORDED YESTERDAY.
  NO SIGNIFICANT WEATHER WAS OBSERVED.


RELATIVE HUMIDITY (PERCENT)
 HIGHEST    75          1200 AM
 LOWEST     36           400 PM
 AVERAGE    56

..........................................................


THE RIVERSIDE MUNI AIRPORT CA CLIMATE NORMALS FOR TODAY
                         NORMAL    RECORD    YEAR
 MAXIMUM TEMPERATURE (F)   82       103      1910
                                             1909
 MINIMUM TEMPERATURE (F)   58        42      1961


SUNRISE AND SUNSET
MAY 31 2016...........SUNRISE   540 AM PDT   SUNSET   756 PM PDT
JUNE  1 2016..........SUNRISE   540 AM PDT   SUNSET   756 PM PDT


-  INDICATES NEGATIVE NUMBERS.
R  INDICATES RECORD WAS SET OR TIED.
MM INDICATES DATA IS MISSING.
T  INDICATES TRACE AMOUNT.




$$
