000
CDUS46 KSGX 260019
CLIRAL


CLIMATE REPORT
NATIONAL WEATHER SERVICE SAN DIEGO, CA
419 PM PST SUN JAN 25 2015


...................................

...THE RIVERSIDE MUNI AIRPORT CA CLIMATE SUMMARY FOR JANUARY 25 2015...
VALID TODAY AS OF 0400 PM LOCAL TIME.

CLIMATE NORMAL PERIOD 1981 TO 2010
CLIMATE RECORD PERIOD 1893 TO 2015


WEATHER ITEM   OBSERVED TIME   RECORD YEAR NORMAL DEPARTURE LAST
                VALUE   (LST)  VALUE       VALUE  FROM      YEAR
                                                  NORMAL
..................................................................
TEMPERATURE (F)
 TODAY
  MAXIMUM         82    114 PM  87    1947  67     15       78
  MINIMUM         46    228 AM  25    1950  44      2       55
                                      1932
  AVERAGE         64                        55      9       67

PRECIPITATION (IN)
  TODAY            0.00          2.19 1969   0.04  -0.04     0.00
  MONTH TO DATE    0.20                      2.60  -2.40     0.00
  SINCE OCT 1      3.43                      5.41  -1.98     0.99
  SINCE JAN 1      0.20                      2.60  -2.40     0.00

SNOWFALL (IN)
  TODAY            0.0
  MONTH TO DATE    0.0
  SINCE JAN 1      0.0
  SINCE JUL 1      0.0
  SNOW DEPTH       0

DEGREE DAYS
 HEATING
  TODAY            1                        10     -9        0
  MONTH TO DATE  178                       254    -76       97
  SINCE DEC 1    437                       580   -143      342
  SINCE JUL 1    501                       780   -279      485

 COOLING
  TODAY            0                         0      0        2
  MONTH TO DATE    5                         0      5       16
  SINCE DEC 1     10                         2      8       26
  SINCE JAN 1      5                         0      5       16
..................................................................


WIND (MPH)
  RESULTANT WIND SPEED   4   RESULTANT WIND DIRECTION   E (80)
  HIGHEST WIND SPEED    14   HIGHEST WIND DIRECTION    NE (40)
  HIGHEST GUST SPEED    21   HIGHEST GUST DIRECTION    NE (40)
  AVERAGE WIND SPEED     4.9


SKY COVER
  POSSIBLE SUNSHINE  MM
  AVERAGE SKY COVER 0.1


WEATHER CONDITIONS
 THE FOLLOWING WEATHER WAS RECORDED TODAY.
  NO SIGNIFICANT WEATHER WAS OBSERVED.


RELATIVE HUMIDITY (PERCENT)
 HIGHEST    41           100 AM
 LOWEST     13          1100 AM
 AVERAGE    27

..........................................................


THE RIVERSIDE MUNI AIRPORT CA CLIMATE NORMALS FOR TOMORROW
                         NORMAL    RECORD    YEAR
 MAXIMUM TEMPERATURE (F)   67        86      1987
 MINIMUM TEMPERATURE (F)   44        22      1950


SUNRISE AND SUNSET
JANUARY 25 2015.......SUNRISE   651 AM PST   SUNSET   513 PM PST
JANUARY 26 2015.......SUNRISE   651 AM PST   SUNSET   514 PM PST


-  INDICATES NEGATIVE NUMBERS.
R  INDICATES RECORD WAS SET OR TIED.
MM INDICATES DATA IS MISSING.
T  INDICATES TRACE AMOUNT.




$$
