000
CDUS46 KSGX 231235
CLIRAL


CLIMATE REPORT
NATIONAL WEATHER SERVICE SAN DIEGO, CA
434 AM PST TUE JAN 23 2018


...................................

...THE RIVERSIDE MUNI AIRPORT CA CLIMATE SUMMARY FOR JANUARY 22 2018...

CLIMATE NORMAL PERIOD 1981 TO 2010
CLIMATE RECORD PERIOD 1893 TO 2018


WEATHER ITEM   OBSERVED TIME   RECORD YEAR NORMAL DEPARTURE LAST
                VALUE   (LST)  VALUE       VALUE  FROM      YEAR
                                                  NORMAL
..................................................................
TEMPERATURE (F)
 YESTERDAY
  MAXIMUM         70    317 PM  85    1994  67      3       53
  MINIMUM         39    731 AM  21    1937  44     -5       48
  AVERAGE         55                        55      0       51

PRECIPITATION (IN)
  YESTERDAY        0.00          1.59 2017   0.10  -0.10     1.59
  MONTH TO DATE    1.55                      2.42  -0.87     5.00
  SINCE OCT 1      1.58                      5.23  -3.65    10.26
  SINCE JAN 1      1.55                      2.42  -0.87     5.00

DEGREE DAYS
 HEATING
  YESTERDAY       10                        10      0       14
  MONTH TO DATE  103                       224   -121      252
  SINCE DEC 1    253                       550   -297      513
  SINCE JUL 1    299                       750   -451      617

 COOLING
  YESTERDAY        0                         0      0        0
  MONTH TO DATE    4                         0      4        0
  SINCE DEC 1      7                         2      5        0
  SINCE JAN 1      4                         0      4        0
..................................................................


WIND (MPH)
  RESULTANT WIND SPEED   4   RESULTANT WIND DIRECTION  NE (60)
  HIGHEST WIND SPEED    12   HIGHEST WIND DIRECTION     N (10)
  HIGHEST GUST SPEED    19   HIGHEST GUST DIRECTION     N (360)
  AVERAGE WIND SPEED     4.5


SKY COVER
  POSSIBLE SUNSHINE  MM
  AVERAGE SKY COVER 0.0


WEATHER CONDITIONS
 THE FOLLOWING WEATHER WAS RECORDED YESTERDAY.
  NO SIGNIFICANT WEATHER WAS OBSERVED.


RELATIVE HUMIDITY (PERCENT)
 HIGHEST    79           500 AM
 LOWEST     11           300 PM
 AVERAGE    45

..........................................................


THE RIVERSIDE MUNI AIRPORT CA CLIMATE NORMALS FOR TODAY
                         NORMAL    RECORD    YEAR
 MAXIMUM TEMPERATURE (F)   67        88      1948
                                             1946
 MINIMUM TEMPERATURE (F)   44        25      1937


SUNRISE AND SUNSET
JANUARY 23 2018.......SUNRISE   652 AM PST   SUNSET   512 PM PST
JANUARY 24 2018.......SUNRISE   652 AM PST   SUNSET   513 PM PST


-  INDICATES NEGATIVE NUMBERS.
R  INDICATES RECORD WAS SET OR TIED.
MM INDICATES DATA IS MISSING.
T  INDICATES TRACE AMOUNT.




$$
