000
CDUS46 KSGX 300017
CLIRAL


CLIMATE REPORT
NATIONAL WEATHER SERVICE SAN DIEGO, CA
517 PM PDT SUN MAR 29 2015


...................................

...THE RIVERSIDE MUNI AIRPORT CA CLIMATE SUMMARY FOR MARCH 29 2015...
VALID TODAY AS OF 0500 PM LOCAL TIME.

CLIMATE NORMAL PERIOD 1981 TO 2010
CLIMATE RECORD PERIOD 1893 TO 2015


WEATHER ITEM   OBSERVED TIME   RECORD YEAR NORMAL DEPARTURE LAST
                VALUE   (LST)  VALUE       VALUE  FROM      YEAR
                                                  NORMAL
..................................................................
TEMPERATURE (F)
 TODAY
  MAXIMUM         88    204 PM  93    2004  73     15       81
  MINIMUM         55    536 AM  32    1944  48      7       49
  AVERAGE         72                        60     12       65

PRECIPITATION (IN)
  TODAY            0.00          0.62 1941   0.03  -0.03     0.00
  MONTH TO DATE    0.24                      1.97  -1.73     0.26
  SINCE OCT 1      4.78                     10.76  -5.98     2.35
  SINCE JAN 1      1.55                      7.95  -6.40     1.36

SNOWFALL (IN)
  TODAY            0.0
  MONTH TO DATE    0.0
  SINCE MAR 1      0.0
  SINCE JUL 1      0.0
  SNOW DEPTH       0

DEGREE DAYS
 HEATING
  TODAY            0                         5     -5        0
  MONTH TO DATE   55                       194   -139       67
  SINCE MAR 1     55                       194   -139       67
  SINCE JUL 1    662                      1302   -640      729

 COOLING
  TODAY            7                         0      7        0
  MONTH TO DATE  119                         4    115       30
  SINCE MAR 1    119                         4    115       30
  SINCE JAN 1    143                        13    130       59
..................................................................


WIND (MPH)
  RESULTANT WIND SPEED   1   RESULTANT WIND DIRECTION   W (270)
  HIGHEST WIND SPEED    16   HIGHEST WIND DIRECTION     W (250)
  HIGHEST GUST SPEED    20   HIGHEST GUST DIRECTION     W (260)
  AVERAGE WIND SPEED     3.6


SKY COVER
  POSSIBLE SUNSHINE  MM
  AVERAGE SKY COVER 0.3


WEATHER CONDITIONS
 THE FOLLOWING WEATHER WAS RECORDED TODAY.
  NO SIGNIFICANT WEATHER WAS OBSERVED.


RELATIVE HUMIDITY (PERCENT)
 HIGHEST    61           600 AM
 LOWEST     14          1200 PM
 AVERAGE    38

..........................................................


THE RIVERSIDE MUNI AIRPORT CA CLIMATE NORMALS FOR TOMORROW
                         NORMAL    RECORD    YEAR
 MAXIMUM TEMPERATURE (F)   73        93      1966
                                             1918
 MINIMUM TEMPERATURE (F)   48        30      1949


SUNRISE AND SUNSET
MARCH 29 2015.........SUNRISE   642 AM PDT   SUNSET   708 PM PDT
MARCH 30 2015.........SUNRISE   640 AM PDT   SUNSET   709 PM PDT


-  INDICATES NEGATIVE NUMBERS.
R  INDICATES RECORD WAS SET OR TIED.
MM INDICATES DATA IS MISSING.
T  INDICATES TRACE AMOUNT.




$$
