000
CDUS43 KUNR 260833
CLIRAP


CLIMATE REPORT
NATIONAL WEATHER SERVICE RAPID CITY SD
132 AM MST SUN FEB 26 2017


...................................

...THE RAPID CITY AIRPORT SD CLIMATE SUMMARY FOR FEBRUARY 25 2017...

CLIMATE NORMAL PERIOD 1981 TO 2010
CLIMATE RECORD PERIOD 1942 TO 2017


WEATHER ITEM   OBSERVED TIME   RECORD YEAR NORMAL DEPARTURE LAST
                VALUE   (LST)  VALUE       VALUE  FROM      YEAR
                                                  NORMAL
..................................................................
TEMPERATURE (F)
 YESTERDAY
  MAXIMUM         33    337 PM  72    1999  42     -9       44
  MINIMUM          9    150 AM -16    2011  17     -8       14
  AVERAGE         21                        30     -9       29

PRECIPITATION (IN)
  YESTERDAY        0.01          0.75 1998   0.02  -0.01     0.00
  MONTH TO DATE    0.46                      0.37   0.09     0.52
  SINCE DEC 1      1.58                      1.09   0.49     1.36
  SINCE JAN 1      0.81                      0.67   0.14     0.73

SNOWFALL (IN)
  YESTERDAY        0.1           3.8  1963   0.3   -0.2      0.0
  MONTH TO DATE    6.8                       5.0    1.8      3.4
  SINCE DEC 1     26.6                      14.8   11.8     18.2
  SINCE JUL 1     29.4                      22.6    6.8     24.8
  SNOW DEPTH       2

DEGREE DAYS
 HEATING
  YESTERDAY       44                        35      9       36
  MONTH TO DATE  811                       948   -137      737
  SINCE DEC 1   3717                      3429    288     3160
  SINCE JUL 1   4940                      5104   -164     4605

 COOLING
  YESTERDAY        0                         0      0        0
  MONTH TO DATE    0                         0      0        0
  SINCE DEC 1      0                         0      0        0
  SINCE JAN 1      0                         0      0        0
..................................................................


WIND (MPH)
  HIGHEST WIND SPEED    18   HIGHEST WIND DIRECTION    SW (210)
  HIGHEST GUST SPEED    21   HIGHEST GUST DIRECTION    SW (210)
  AVERAGE WIND SPEED     6.5


SKY COVER
  AVERAGE SKY COVER 0.5


WEATHER CONDITIONS
 THE FOLLOWING WEATHER WAS RECORDED YESTERDAY.
  LIGHT SNOW
  FOG


RELATIVE HUMIDITY (PERCENT)
 HIGHEST    92          1200 AM
 LOWEST     47          1200 PM
 AVERAGE    70

..........................................................


THE RAPID CITY AIRPORT SD CLIMATE NORMALS FOR TODAY
                         NORMAL    RECORD    YEAR
 MAXIMUM TEMPERATURE (F)   42        66      1976
                                             1974
                                             1965
 MINIMUM TEMPERATURE (F)   18       -10      2015


SUNRISE AND SUNSET
FEBRUARY 26 2017......SUNRISE   634 AM MST   SUNSET   537 PM MST
FEBRUARY 27 2017......SUNRISE   632 AM MST   SUNSET   538 PM MST


-  INDICATES NEGATIVE NUMBERS.
R  INDICATES RECORD WAS SET OR TIED.
MM INDICATES DATA IS MISSING.
T  INDICATES TRACE AMOUNT.




$$
