000
CDUS43 KUNR 050037
CLIRAP


CLIMATE REPORT
NATIONAL WEATHER SERVICE RAPID CITY SD
637 PM MDT FRI SEP 4 2015


...................................

...THE RAPID CITY AIRPORT SD CLIMATE SUMMARY FOR SEPTEMBER 4 2015...
VALID TODAY AS OF 0500 PM LOCAL TIME.

CLIMATE NORMAL PERIOD 1981 TO 2010
CLIMATE RECORD PERIOD 1942 TO 2015


WEATHER ITEM   OBSERVED TIME   RECORD YEAR NORMAL DEPARTURE LAST
                VALUE   (LST)  VALUE       VALUE  FROM      YEAR
                                                  NORMAL
..................................................................
TEMPERATURE (F)
 TODAY
  MAXIMUM         90    332 PM 104    1960  81      9       68
  MINIMUM         63    351 AM  34    1962  51     12       47
  AVERAGE         77                        66     11       58

PRECIPITATION (IN)
  TODAY            0.00          1.11 1971   0.04  -0.04     0.00
  MONTH TO DATE    0.00                      0.17  -0.17     0.05
  SINCE SEP 1      0.00                      0.17  -0.17     0.05
  SINCE JAN 1     22.59                     12.80   9.79    16.65

SNOWFALL (IN)
  TODAY            0.0           0.0    MM   0.0    0.0      0.0
  MONTH TO DATE    0.0                       0.0    0.0      0.0
  SINCE SEP 1      0.0                       0.0    0.0      0.0
  SINCE JUL 1      0.0                       0.0    0.0      0.0
  SNOW DEPTH       0

DEGREE DAYS
 HEATING
  TODAY            0                         3     -3        7
  MONTH TO DATE    0                        10    -10       16
  SINCE SEP 1      0                        10    -10       16
  SINCE JUL 1     45                        47     -2       52

 COOLING
  TODAY           12                         4      8        0
  MONTH TO DATE   40                        16     24        6
  SINCE SEP 1     40                        16     24        6
  SINCE JAN 1    530                       588    -58      369
..................................................................


WIND (MPH)
  HIGHEST WIND SPEED    13   HIGHEST WIND DIRECTION    SE (130)
  HIGHEST GUST SPEED    17   HIGHEST GUST DIRECTION    SE (120)
  AVERAGE WIND SPEED     4.3


SKY COVER
  AVERAGE SKY COVER 0.0


WEATHER CONDITIONS
 THE FOLLOWING WEATHER WAS RECORDED TODAY.
  NO SIGNIFICANT WEATHER WAS OBSERVED.


RELATIVE HUMIDITY (PERCENT)
 HIGHEST    73           700 AM
 LOWEST     31           100 PM
 AVERAGE    52

..........................................................


THE RAPID CITY AIRPORT SD CLIMATE NORMALS FOR TOMORROW
                         NORMAL    RECORD    YEAR
 MAXIMUM TEMPERATURE (F)   81       101      1978
 MINIMUM TEMPERATURE (F)   51        37      1999
                                             1968


SUNRISE AND SUNSET
SEPTEMBER  4 2015.....SUNRISE   619 AM MDT   SUNSET   723 PM MDT
SEPTEMBER  5 2015.....SUNRISE   620 AM MDT   SUNSET   721 PM MDT


-  INDICATES NEGATIVE NUMBERS.
R  INDICATES RECORD WAS SET OR TIED.
MM INDICATES DATA IS MISSING.
T  INDICATES TRACE AMOUNT.




$$
