000
CDUS43 KUNR 170834
CLIRAP


CLIMATE REPORT
NATIONAL WEATHER SERVICE RAPID CITY SD
134 AM MST TUE JAN 17 2017


...................................

...THE RAPID CITY AIRPORT SD CLIMATE SUMMARY FOR JANUARY 16 2017...

CLIMATE NORMAL PERIOD 1981 TO 2010
CLIMATE RECORD PERIOD 1942 TO 2017


WEATHER ITEM   OBSERVED TIME   RECORD YEAR NORMAL DEPARTURE LAST
                VALUE   (LST)  VALUE       VALUE  FROM      YEAR
                                                  NORMAL
..................................................................
TEMPERATURE (F)
 YESTERDAY
  MAXIMUM         36   1232 PM  68    1973  37     -1       26
  MINIMUM         15   1019 PM -26    1982  13      2       -3
  AVERAGE         26                        25      1       12

PRECIPITATION (IN)
  YESTERDAY        0.00          0.13 1990   0.01  -0.01     0.05
  MONTH TO DATE    0.11                      0.17  -0.06     0.09
  SINCE DEC 1      0.88                      0.59   0.29     0.72
  SINCE JAN 1      0.11                      0.17  -0.06     0.09

SNOWFALL (IN)
  YESTERDAY        0.0           1.4  1990   0.2   -0.2      1.3
  MONTH TO DATE    3.6                       2.3    1.3      1.3
  SINCE DEC 1     14.9                       7.7    7.2     13.8
  SINCE JUL 1     17.7                      15.5    2.2     20.4
  SNOW DEPTH       4

DEGREE DAYS
 HEATING
  YESTERDAY       39                        40     -1       53
  MONTH TO DATE  876                       642    234      680
  SINCE DEC 1   2370                      1883    487     1877
  SINCE JUL 1   3593                      3558     35     3322

 COOLING
  YESTERDAY        0                         0      0        0
  MONTH TO DATE    0                         0      0        0
  SINCE DEC 1      0                         0      0        0
  SINCE JAN 1      0                         0      0        0
..................................................................


WIND (MPH)
  HIGHEST WIND SPEED    24   HIGHEST WIND DIRECTION    NW (330)
  HIGHEST GUST SPEED    28   HIGHEST GUST DIRECTION    NW (330)
  AVERAGE WIND SPEED    12.4


SKY COVER
  AVERAGE SKY COVER 0.0


WEATHER CONDITIONS
 THE FOLLOWING WEATHER WAS RECORDED YESTERDAY.
  NO SIGNIFICANT WEATHER WAS OBSERVED.


RELATIVE HUMIDITY (PERCENT)
 HIGHEST    74          1100 PM
 LOWEST     46           400 AM
 AVERAGE    60

..........................................................


THE RAPID CITY AIRPORT SD CLIMATE NORMALS FOR TODAY
                         NORMAL    RECORD    YEAR
 MAXIMUM TEMPERATURE (F)   37        62      1972
                                             1946
 MINIMUM TEMPERATURE (F)   13       -24      1943


SUNRISE AND SUNSET
JANUARY 17 2017.......SUNRISE   723 AM MST   SUNSET   443 PM MST
JANUARY 18 2017.......SUNRISE   722 AM MST   SUNSET   444 PM MST


-  INDICATES NEGATIVE NUMBERS.
R  INDICATES RECORD WAS SET OR TIED.
MM INDICATES DATA IS MISSING.
T  INDICATES TRACE AMOUNT.




$$
