000
CDUS43 KUNR 030836
CLIRAP


CLIMATE REPORT
NATIONAL WEATHER SERVICE RAPID CITY SD
236 AM MDT WED JUN 3 2015


...................................

...THE RAPID CITY AIRPORT SD CLIMATE SUMMARY FOR JUNE 2 2015...

CLIMATE NORMAL PERIOD 1981 TO 2010
CLIMATE RECORD PERIOD 1942 TO 2015


WEATHER ITEM   OBSERVED TIME   RECORD YEAR NORMAL DEPARTURE LAST
                VALUE   (LST)  VALUE       VALUE  FROM      YEAR
                                                  NORMAL
..................................................................
TEMPERATURE (F)
 YESTERDAY
  MAXIMUM         82    140 PM  91    2011  73      9       76
  MINIMUM         55   1159 PM  31    1951  47      8       44
  AVERAGE         69                        60      9       60

PRECIPITATION (IN)
  YESTERDAY        1.22          1.75 1949   0.11   1.11     0.00
  MONTH TO DATE    1.22                      0.22   1.00     0.37
  SINCE JUN 1      1.22                      0.22   1.00     0.37
  SINCE JAN 1      9.27                      6.91   2.36     5.76

SNOWFALL (IN)
  YESTERDAY        0.0           T    1954   0.0    0.0      0.0
  MONTH TO DATE    0.0                       0.0    0.0      0.0
  SINCE JUN 1      0.0                       0.0    0.0      0.0
  SINCE JUL 1     49.2                      41.1    8.1     63.8
  SNOW DEPTH       0

DEGREE DAYS
 HEATING
  YESTERDAY        0                         6     -6        5
  MONTH TO DATE    0                        12    -12       10
  SINCE JUN 1      0                        12    -12       10
  SINCE JUL 1   6788                      7066   -278     7649

 COOLING
  YESTERDAY        4                         1      3        0
  MONTH TO DATE    7                         2      5        0
  SINCE JUN 1      7                         2      5        0
  SINCE JAN 1      7                        17    -10       20
..................................................................


WIND (MPH)
  HIGHEST WIND SPEED    43   HIGHEST WIND DIRECTION    NW (300)
  HIGHEST GUST SPEED    52   HIGHEST GUST DIRECTION     W (290)
  AVERAGE WIND SPEED    10.6


SKY COVER
  AVERAGE SKY COVER 0.1


WEATHER CONDITIONS
 THE FOLLOWING WEATHER WAS RECORDED YESTERDAY.
  THUNDERSTORM
  HEAVY RAIN
  RAIN
  LIGHT RAIN
  FOG


RELATIVE HUMIDITY (PERCENT)
 HIGHEST    90           800 PM
 LOWEST     48           300 PM
 AVERAGE    69

..........................................................


THE RAPID CITY AIRPORT SD CLIMATE NORMALS FOR TODAY
                         NORMAL    RECORD    YEAR
 MAXIMUM TEMPERATURE (F)   73        94      1968
 MINIMUM TEMPERATURE (F)   48        32      1998


SUNRISE AND SUNSET
JUNE  3 2015..........SUNRISE   511 AM MDT   SUNSET   830 PM MDT
JUNE  4 2015..........SUNRISE   511 AM MDT   SUNSET   831 PM MDT


-  INDICATES NEGATIVE NUMBERS.
R  INDICATES RECORD WAS SET OR TIED.
MM INDICATES DATA IS MISSING.
T  INDICATES TRACE AMOUNT.




$$
