000
CDUS43 KUNR 300042
CLIRAP


CLIMATE REPORT
NATIONAL WEATHER SERVICE RAPID CITY SD
642 PM MDT WED JUL 29 2015


...................................

...THE RAPID CITY AIRPORT SD CLIMATE SUMMARY FOR JULY 29 2015...
VALID TODAY AS OF 0500 PM LOCAL TIME.

CLIMATE NORMAL PERIOD 1981 TO 2010
CLIMATE RECORD PERIOD 1942 TO 2015


WEATHER ITEM   OBSERVED TIME   RECORD YEAR NORMAL DEPARTURE LAST
                VALUE   (LST)  VALUE       VALUE  FROM      YEAR
                                                  NORMAL
..................................................................
TEMPERATURE (F)
 TODAY
  MAXIMUM         84    353 PM 108    2006  89     -5       73
  MINIMUM         48    255 AM  41    1971  59    -11       51
  AVERAGE         66                        74     -8       62

PRECIPITATION (IN)
  TODAY            0.00          2.50 1944   0.06  -0.06      T
  MONTH TO DATE    4.01                      1.71   2.30     1.93
  SINCE JUN 1     11.13                      4.24   6.89     7.18
  SINCE JAN 1     19.18                     10.93   8.25    12.57

SNOWFALL (IN)
  TODAY            0.0           0.0    MM   0.0    0.0      0.0
  MONTH TO DATE    0.0                       0.0    0.0      0.0
  SINCE JUN 1      0.0                       0.0    0.0      0.0
  SINCE JUL 1      0.0                       0.0    0.0      0.0
  SNOW DEPTH       0

DEGREE DAYS
 HEATING
  TODAY            0                         0      0        3
  MONTH TO DATE    1                        10     -9       22
  SINCE JUN 1     28                       109    -81      150
  SINCE JUL 1      1                        10     -9       22

 COOLING
  TODAY            1                         9     -8        0
  MONTH TO DATE  181                       232    -51      158
  SINCE JUN 1    277                       316    -39      180
  SINCE JAN 1    277                       331    -54      200
..................................................................


WIND (MPH)
  HIGHEST WIND SPEED    15   HIGHEST WIND DIRECTION     W (280)
  HIGHEST GUST SPEED    19   HIGHEST GUST DIRECTION     W (280)
  AVERAGE WIND SPEED     6.4


SKY COVER
  AVERAGE SKY COVER 0.0


WEATHER CONDITIONS
 THE FOLLOWING WEATHER WAS RECORDED TODAY.
  NO SIGNIFICANT WEATHER WAS OBSERVED.


RELATIVE HUMIDITY (PERCENT)
 HIGHEST    80           300 AM
 LOWEST     23           400 PM
 AVERAGE    52

..........................................................


THE RAPID CITY AIRPORT SD CLIMATE NORMALS FOR TOMORROW
                         NORMAL    RECORD    YEAR
 MAXIMUM TEMPERATURE (F)   89       109      2006
 MINIMUM TEMPERATURE (F)   59        43      1971


SUNRISE AND SUNSET
JULY 29 2015..........SUNRISE   537 AM MDT   SUNSET   820 PM MDT
JULY 30 2015..........SUNRISE   538 AM MDT   SUNSET   819 PM MDT


-  INDICATES NEGATIVE NUMBERS.
R  INDICATES RECORD WAS SET OR TIED.
MM INDICATES DATA IS MISSING.
T  INDICATES TRACE AMOUNT.




$$
