355
CDUS43 KUNR 260832
CLIRAP


CLIMATE REPORT
NATIONAL WEATHER SERVICE RAPID CITY SD
232 AM MDT FRI MAY 26 2017


...................................

...THE RAPID CITY AIRPORT SD CLIMATE SUMMARY FOR MAY 25 2017...

CLIMATE NORMAL PERIOD 1981 TO 2010
CLIMATE RECORD PERIOD 1942 TO 2017


WEATHER ITEM   OBSERVED TIME   RECORD YEAR NORMAL DEPARTURE LAST
                VALUE   (LST)  VALUE       VALUE  FROM      YEAR
                                                  NORMAL
..................................................................
TEMPERATURE (F)
 YESTERDAY
  MAXIMUM         71    426 PM  86    1985  70      1       68
  MINIMUM         43   1159 PM  30    1992  45     -2       44
  AVERAGE         57                        58     -1       56

PRECIPITATION (IN)
  YESTERDAY        T             1.85 1997   0.11  -0.11     0.08
  MONTH TO DATE    1.09                      2.56  -1.47     0.70
  SINCE MAR 1      3.39                      5.29  -1.90     3.64
  SINCE JAN 1      4.20                      6.03  -1.83     4.50

SNOWFALL (IN)
  YESTERDAY        0.0           0.0    MM   0.0    0.0      0.0
  MONTH TO DATE    0.0                       1.1   -1.1       T
  SINCE MAR 1      5.2                      17.7  -12.5     10.2
  SINCE JUL 1     35.7                      41.1   -5.4     36.3
  SNOW DEPTH       0

DEGREE DAYS
 HEATING
  YESTERDAY        8                         8      0        9
  MONTH TO DATE  259                       283    -24      292
  SINCE MAR 1   1624                      1802   -178     1575
  SINCE JUL 1   6680                      7012   -332     6270

 COOLING
  YESTERDAY        0                         1     -1        0
  MONTH TO DATE   12                         1     11        0
  SINCE MAR 1     12                         3      9        0
  SINCE JAN 1     12                         3      9        0
..................................................................


WIND (MPH)
  HIGHEST WIND SPEED    36   HIGHEST WIND DIRECTION    NW (320)
  HIGHEST GUST SPEED    42   HIGHEST GUST DIRECTION     N (340)
  AVERAGE WIND SPEED    13.4


SKY COVER
  AVERAGE SKY COVER 0.3


WEATHER CONDITIONS
 THE FOLLOWING WEATHER WAS RECORDED YESTERDAY.
  LIGHT RAIN


RELATIVE HUMIDITY (PERCENT)
 HIGHEST    80           300 AM
 LOWEST     22          1100 AM
 AVERAGE    51

..........................................................


THE RAPID CITY AIRPORT SD CLIMATE NORMALS FOR TODAY
                         NORMAL    RECORD    YEAR
 MAXIMUM TEMPERATURE (F)   71        95      1969
 MINIMUM TEMPERATURE (F)   45        30      1992
                                             1984


SUNRISE AND SUNSET
MAY 26 2017...........SUNRISE   516 AM MDT   SUNSET   823 PM MDT
MAY 27 2017...........SUNRISE   515 AM MDT   SUNSET   824 PM MDT


-  INDICATES NEGATIVE NUMBERS.
R  INDICATES RECORD WAS SET OR TIED.
MM INDICATES DATA IS MISSING.
T  INDICATES TRACE AMOUNT.




$$
