000
CDUS43 KUNR 260040
CLIRAP


CLIMATE REPORT
NATIONAL WEATHER SERVICE RAPID CITY SD
539 PM MST THU DEC 25 2014


...................................

...THE RAPID CITY AIRPORT SD CLIMATE SUMMARY FOR DECEMBER 25 2014...
VALID TODAY AS OF 0500 PM LOCAL TIME.

CLIMATE NORMAL PERIOD 1981 TO 2010
CLIMATE RECORD PERIOD 1942 TO 2014


WEATHER ITEM   OBSERVED TIME   RECORD YEAR NORMAL DEPARTURE LAST
                VALUE   (LST)  VALUE       VALUE  FROM      YEAR
                                                  NORMAL
..................................................................
TEMPERATURE (F)
 TODAY
  MAXIMUM         34    109 AM  60    1963  36     -2       35
  MINIMUM         25    459 PM -21    1983  12     13       18
  AVERAGE         30                        24      6       27

PRECIPITATION (IN)
  TODAY            0.14          0.20 2009   0.01   0.13     0.00
  MONTH TO DATE    0.29                      0.33  -0.04     0.55
  SINCE DEC 1      0.29                      0.33  -0.04     0.55
  SINCE JAN 1     21.41                     16.20   5.21    21.69

SNOWFALL (IN)
  TODAY            3.1           3.9  1988   0.2    2.9      0.0
  MONTH TO DATE    6.0                       4.4    1.6      8.5
  SINCE DEC 1      6.0                       4.4    1.6      8.5
  SINCE JUL 1     21.5                      12.2    9.3     33.3
  SNOW DEPTH       3

DEGREE DAYS
 HEATING
  TODAY           35                        41     -6       38
  MONTH TO DATE  786                       998   -212     1199
  SINCE DEC 1    786                       998   -212     1199
  SINCE JUL 1   2594                      2673    -79     2919

 COOLING
  TODAY            0                         0      0        0
  MONTH TO DATE    0                         0      0        0
  SINCE DEC 1      0                         0      0        0
  SINCE JAN 1    424                       636   -212      724
..................................................................


WIND (MPH)
  HIGHEST WIND SPEED    28   HIGHEST WIND DIRECTION     N (350)
  HIGHEST GUST SPEED    34   HIGHEST GUST DIRECTION     N (360)
  AVERAGE WIND SPEED    17.1


SKY COVER
  AVERAGE SKY COVER 1.0


WEATHER CONDITIONS
 THE FOLLOWING WEATHER WAS RECORDED TODAY.
  SNOW
  LIGHT SNOW
  FOG
  BLOWING SNOW


RELATIVE HUMIDITY (PERCENT)
 HIGHEST   100           300 AM
 LOWEST     69          1200 AM
 AVERAGE    85

..........................................................


THE RAPID CITY AIRPORT SD CLIMATE NORMALS FOR TOMORROW
                         NORMAL    RECORD    YEAR
 MAXIMUM TEMPERATURE (F)   36        62      1947
                                             1946
 MINIMUM TEMPERATURE (F)   12       -23      1996


SUNRISE AND SUNSET
DECEMBER 25 2014......SUNRISE   726 AM MST   SUNSET   419 PM MST
DECEMBER 26 2014......SUNRISE   726 AM MST   SUNSET   420 PM MST


-  INDICATES NEGATIVE NUMBERS.
R  INDICATES RECORD WAS SET OR TIED.
MM INDICATES DATA IS MISSING.
T  INDICATES TRACE AMOUNT.




$$
