000
CDUS46 KMFR 070849
CLIRBG


CLIMATE REPORT
NATIONAL WEATHER SERVICE MEDFORD, OR
149 AM PDT TUE JUL 7 2015


...................................

...THE ROSEBURG OR CLIMATE SUMMARY FOR JULY 6 2015...

CLIMATE NORMAL PERIOD 1981 TO 2010
CLIMATE RECORD PERIOD 1931 TO 2015


WEATHER ITEM   OBSERVED TIME   RECORD YEAR NORMAL DEPARTURE LAST
                VALUE   (LST)  VALUE       VALUE  FROM      YEAR
                                                  NORMAL
..................................................................
TEMPERATURE (F)
 YESTERDAY
  MAXIMUM         94    319 PM 102    1960  82     12       93
  MINIMUM         64   1159 PM  41    1955  55      9       56
  AVERAGE         79                        69     10       75

PRECIPITATION (IN)
  YESTERDAY        0.00          0.22 1992   0.02  -0.02     0.00
  MONTH TO DATE    0.00                      0.12  -0.12     0.00
  SINCE OCT 1     24.94                     34.53  -9.59    20.12
  SINCE JAN 1     10.66                     18.88  -8.22    16.42

SNOWFALL (IN)
  YESTERDAY       MM                        MM     MM       MM
  MONTH TO DATE   MM                        MM     MM       MM
  SINCE JUL 1     MM                        MM     MM       MM
  SNOW DEPTH      MM

DEGREE DAYS
 HEATING
  YESTERDAY        0                         1     -1        0
  MONTH TO DATE    0                         6     -6        0
  SINCE JUN 1     12                        89    -77       35
  SINCE JUL 1      0                         6     -6        0

 COOLING
  YESTERDAY       14                         4     10       10
  MONTH TO DATE  102                        24     78       49
  SINCE JUN 1    333                        74    259      120
  SINCE JAN 1    363                        94    269      165
..................................................................


WIND (MPH)
  RESULTANT WIND SPEED   6   RESULTANT WIND DIRECTION   N (350)
  HIGHEST WIND SPEED    17   HIGHEST WIND DIRECTION    NW (320)
  HIGHEST GUST SPEED    23   HIGHEST GUST DIRECTION     N (10)
  AVERAGE WIND SPEED     6.9


SKY COVER
  POSSIBLE SUNSHINE  MM
  AVERAGE SKY COVER 0.0


WEATHER CONDITIONS
 THE FOLLOWING WEATHER WAS RECORDED YESTERDAY.
  NO SIGNIFICANT WEATHER WAS OBSERVED.


RELATIVE HUMIDITY (PERCENT)
 HIGHEST    73           600 AM
 LOWEST     28           200 PM
 AVERAGE    51

..........................................................


THE ROSEBURG OR CLIMATE NORMALS FOR TODAY
                         NORMAL    RECORD    YEAR
 MAXIMUM TEMPERATURE (F)   83       100      2010
 MINIMUM TEMPERATURE (F)   56        42      1971


SUNRISE AND SUNSET
JULY  7 2015..........SUNRISE   541 AM PDT   SUNSET   856 PM PDT
JULY  8 2015..........SUNRISE   542 AM PDT   SUNSET   855 PM PDT


-  INDICATES NEGATIVE NUMBERS.
R  INDICATES RECORD WAS SET OR TIED.
MM INDICATES DATA IS MISSING.
T  INDICATES TRACE AMOUNT.




$$
