000
CDUS46 KMFR 260836
CLIRBG


CLIMATE REPORT
NATIONAL WEATHER SERVICE MEDFORD, OR
136 AM PDT MON JUN 26 2017


...................................

...THE ROSEBURG OR CLIMATE SUMMARY FOR JUNE 25 2017...

CLIMATE NORMAL PERIOD 1981 TO 2010
CLIMATE RECORD PERIOD 1931 TO 2017


WEATHER ITEM   OBSERVED TIME   RECORD YEAR NORMAL DEPARTURE LAST
                VALUE   (LST)  VALUE       VALUE  FROM      YEAR
                                                  NORMAL
..................................................................
TEMPERATURE (F)
 YESTERDAY
  MAXIMUM         94    233 PM  99    2006  79     15       84
                                      1987
  MINIMUM         65    515 AM  39    1956  53     12       50
  AVERAGE         80                        66     14       67

PRECIPITATION (IN)
  YESTERDAY        0.00          0.77 2014   0.01  -0.01     0.00
  MONTH TO DATE    0.83                      1.09  -0.26     0.86
  SINCE OCT 1     42.38                     34.37   8.01    37.68
  SINCE JAN 1     23.46                     18.72   4.74    18.49

SNOWFALL (IN)
  YESTERDAY       MM                        MM     MM       MM
  MONTH TO DATE   MM                        MM     MM       MM
  SINCE JUL 1     MM                        MM     MM        0.0
  SNOW DEPTH      MM

DEGREE DAYS
 HEATING
  YESTERDAY        0                         2     -2        0
  MONTH TO DATE   64                        77    -13       64
  SINCE JUN 1     64                        77    -13       64
  SINCE JUL 1   3749                      4060   -311     3153

 COOLING
  YESTERDAY       15                         2     13        2
  MONTH TO DATE   86                        32     54      100
  SINCE JUN 1     86                        32     54      100
  SINCE JAN 1    135                        52     83      143
..................................................................


WIND (MPH)
  RESULTANT WIND SPEED   3   RESULTANT WIND DIRECTION   N (360)
  HIGHEST WIND SPEED    16   HIGHEST WIND DIRECTION     N (10)
  HIGHEST GUST SPEED    20   HIGHEST GUST DIRECTION     N (10)
  AVERAGE WIND SPEED     4.8


SKY COVER
  POSSIBLE SUNSHINE  MM
  AVERAGE SKY COVER 0.0


WEATHER CONDITIONS
 THE FOLLOWING WEATHER WAS RECORDED YESTERDAY.
  NO SIGNIFICANT WEATHER WAS OBSERVED.


RELATIVE HUMIDITY (PERCENT)
 HIGHEST    84           500 AM
 LOWEST     34           500 PM
 AVERAGE    59

..........................................................


THE ROSEBURG OR CLIMATE NORMALS FOR TODAY
                         NORMAL    RECORD    YEAR
 MAXIMUM TEMPERATURE (F)   79       102      2006
 MINIMUM TEMPERATURE (F)   54        42      1962


SUNRISE AND SUNSET
JUNE 26 2017..........SUNRISE   535 AM PDT   SUNSET   858 PM PDT
JUNE 27 2017..........SUNRISE   536 AM PDT   SUNSET   858 PM PDT


-  INDICATES NEGATIVE NUMBERS.
R  INDICATES RECORD WAS SET OR TIED.
MM INDICATES DATA IS MISSING.
T  INDICATES TRACE AMOUNT.




$$
