511
CDUS46 KMFR 250836
CLIRBG


CLIMATE REPORT
NATIONAL WEATHER SERVICE MEDFORD, OR
135 AM PDT THU AUG 25 2016


...................................

...THE ROSEBURG OR CLIMATE SUMMARY FOR AUGUST 24 2016...

CLIMATE NORMAL PERIOD 1981 TO 2010
CLIMATE RECORD PERIOD 1931 TO 2016


WEATHER ITEM   OBSERVED TIME   RECORD YEAR NORMAL DEPARTURE LAST
                VALUE   (LST)  VALUE       VALUE  FROM      YEAR
                                                  NORMAL
..................................................................
TEMPERATURE (F)
 YESTERDAY
  MAXIMUM         93    502 PM  99    2010  84      9       89
  MINIMUM         53    604 AM  43    1963  55     -2       56
  AVERAGE         73                        69      4       73

PRECIPITATION (IN)
  YESTERDAY        0.00          1.30 1977   0.02  -0.02     0.00
  MONTH TO DATE    0.00                      0.29  -0.29     0.01
  SINCE OCT 1     38.45                     35.12   3.33    24.96
  SINCE JAN 1     19.26                     19.47  -0.21    10.68

SNOWFALL (IN)
  YESTERDAY       MM                        MM     MM       MM
  MONTH TO DATE   MM                        MM     MM       MM
  SINCE JUL 1     MM                        MM     MM        0.0
  SNOW DEPTH      MM

DEGREE DAYS
 HEATING
  YESTERDAY        0                         0      0        0
  MONTH TO DATE    0                         0      0        0
  SINCE JUN 1     67                        94    -27       12
  SINCE JUL 1      3                        11     -8        0

 COOLING
  YESTERDAY        8                         5      3        8
  MONTH TO DATE  232                       138     94      229
  SINCE JUN 1    562                       361    201      810
  SINCE JAN 1    605                       381    224      840
..................................................................


WIND (MPH)
  RESULTANT WIND SPEED   3   RESULTANT WIND DIRECTION   N (10)
  HIGHEST WIND SPEED    16   HIGHEST WIND DIRECTION     N (10)
  HIGHEST GUST SPEED    21   HIGHEST GUST DIRECTION     N (10)
  AVERAGE WIND SPEED     4.2


SKY COVER
  POSSIBLE SUNSHINE  MM
  AVERAGE SKY COVER 0.0


WEATHER CONDITIONS
 THE FOLLOWING WEATHER WAS RECORDED YESTERDAY.
  NO SIGNIFICANT WEATHER WAS OBSERVED.


RELATIVE HUMIDITY (PERCENT)
 HIGHEST    71           600 AM
 LOWEST     16           500 PM
 AVERAGE    44

..........................................................


THE ROSEBURG OR CLIMATE NORMALS FOR TODAY
                         NORMAL    RECORD    YEAR
 MAXIMUM TEMPERATURE (F)   84       103      2010
 MINIMUM TEMPERATURE (F)   55        44      1955


SUNRISE AND SUNSET
AUGUST 25 2016........SUNRISE   631 AM PDT   SUNSET   759 PM PDT
AUGUST 26 2016........SUNRISE   632 AM PDT   SUNSET   758 PM PDT


-  INDICATES NEGATIVE NUMBERS.
R  INDICATES RECORD WAS SET OR TIED.
MM INDICATES DATA IS MISSING.
T  INDICATES TRACE AMOUNT.




$$
