000
CDUS46 KMFR 190836
CLIRBG


CLIMATE REPORT
NATIONAL WEATHER SERVICE MEDFORD, OR
1236 AM PST THU JAN 19 2017


...................................

...THE ROSEBURG OR CLIMATE SUMMARY FOR JANUARY 18 2017...

CLIMATE NORMAL PERIOD 1981 TO 2010
CLIMATE RECORD PERIOD 1931 TO 2017


WEATHER ITEM   OBSERVED TIME   RECORD YEAR NORMAL DEPARTURE LAST
                VALUE   (LST)  VALUE       VALUE  FROM      YEAR
                                                  NORMAL
..................................................................
TEMPERATURE (F)
 YESTERDAY
  MAXIMUM         58    153 AM  70    2005  50      8       54
                                      1981
  MINIMUM         43   1028 PM  15    1943  37      6       36
  AVERAGE         51                        43      8       45

PRECIPITATION (IN)
  YESTERDAY        0.92          2.19 1971   0.14   0.78     0.23
  MONTH TO DATE    4.75                      3.50   1.25     3.83
  SINCE OCT 1     23.67                     19.15   4.52    23.02
  SINCE JAN 1      4.75                      3.50   1.25     3.83

SNOWFALL (IN)
  YESTERDAY       MM                        MM     MM       MM
  MONTH TO DATE   MM                        MM     MM       MM
  SINCE JUL 1     MM                        MM     MM        0.0
  SNOW DEPTH      MM

DEGREE DAYS
 HEATING
  YESTERDAY       14                        22     -8       20
  MONTH TO DATE  494                       403     91      400
  SINCE DEC 1   1262                      1114    148      987
  SINCE JUL 1   1901                      2043   -142     1715

 COOLING
  YESTERDAY        0                         0      0        0
  MONTH TO DATE    0                         0      0        0
  SINCE DEC 1      0                         0      0        0
  SINCE JAN 1      0                         0      0        0
..................................................................


WIND (MPH)
  RESULTANT WIND SPEED   9   RESULTANT WIND DIRECTION   S (160)
  HIGHEST WIND SPEED    22   HIGHEST WIND DIRECTION    SE (140)
  HIGHEST GUST SPEED    33   HIGHEST GUST DIRECTION    SE (130)
  AVERAGE WIND SPEED     8.7


SKY COVER
  POSSIBLE SUNSHINE  MM
  AVERAGE SKY COVER 1.0


WEATHER CONDITIONS
 THE FOLLOWING WEATHER WAS RECORDED YESTERDAY.
  RAIN
  LIGHT RAIN
  FOG


RELATIVE HUMIDITY (PERCENT)
 HIGHEST    92           800 PM
 LOWEST     71           800 AM
 AVERAGE    82

..........................................................


THE ROSEBURG OR CLIMATE NORMALS FOR TODAY
                         NORMAL    RECORD    YEAR
 MAXIMUM TEMPERATURE (F)   50        63      1934
 MINIMUM TEMPERATURE (F)   37        17      1963


SUNRISE AND SUNSET
JANUARY 19 2017.......SUNRISE   740 AM PST   SUNSET   509 PM PST
JANUARY 20 2017.......SUNRISE   739 AM PST   SUNSET   510 PM PST


-  INDICATES NEGATIVE NUMBERS.
R  INDICATES RECORD WAS SET OR TIED.
MM INDICATES DATA IS MISSING.
T  INDICATES TRACE AMOUNT.




$$
