000
CDUS46 KSTO 190842
CLIRDD

CLIMATE REPORT
NATIONAL WEATHER SERVICE SACRAMENTO, CA
1240 AM PST FRI DEC 19 2014


.........................................................

...THE REDDING AIRPORT CA CLIMATE SUMMARY FOR DECEMBER 18 2014...

CLIMATE NORMAL PERIOD 1981 TO 2010
CLIMATE RECORD PERIOD 1986 TO 2014


WEATHER ITEM   OBSERVED RECORD YEAR NORMAL DEPARTURE LAST
                VALUE   VALUE       VALUE  FROM      YEAR
                                           NORMAL
...........................................................
TEMPERATURE (F)
 YESTERDAY
  MAXIMUM         52     67    2009  54     -2       66
                               2000
  MINIMUM         48     23    2008  36     12       29
  AVERAGE         50

PRECIPITATION (IN)
  YESTERDAY        0.42   1.67 2005   0.22   0.20     0.00
  MONTH TO DATE    9.10               3.46   5.64     0.38
  SINCE JUL 1     18.40              10.95   7.45     3.50
  SINCE JAN 1     32.67              31.81   0.86    12.80

SNOWFALL (IN)
  YESTERDAY       MM     MM      MM  MM               0.0
  MONTH TO DATE    0.0               MM               5.0
  SINCE DEC 1      0.0               MM               5.0
  SINCE JUL 1      0.0               MM               5.0

DEGREE DAYS
 HEATING
  YESTERDAY       15

 COOLING
  YESTERDAY        0
...........................................................


WIND (MPH)
  RESULTANT WIND SPEED   1   RESULTANT WIND DIRECTION  SE (130)
  HIGHEST WIND SPEED    12   HIGHEST WIND DIRECTION     S (180)
  HIGHEST GUST SPEED    17   HIGHEST GUST DIRECTION     S (200)


SKY COVER
  POSSIBLE SUNSHINE  MM
  AVERAGE SKY COVER 1.0


WEATHER CONDITIONS
 THE FOLLOWING WEATHER WAS RECORDED YESTERDAY.
  RAIN
  LIGHT RAIN
  FOG


RELATIVE HUMIDITY (PERCENT)
 HIGHEST   100
 LOWEST     89
 AVERAGE    95

..........................................................


THE REDDING AIRPORT CA CLIMATE NORMALS FOR TODAY
                         NORMAL    RECORD    YEAR
 MAXIMUM TEMPERATURE (F)   54        69      1999
 MINIMUM TEMPERATURE (F)   36        24      1990
                                             1989


SUNRISE AND SUNSET
DECEMBER 19 2014......SUNRISE   728 AM PST   SUNSET   445 PM PST
DECEMBER 20 2014......SUNRISE   729 AM PST   SUNSET   445 PM PST


-  INDICATES NEGATIVE NUMBERS.
R  INDICATES RECORD WAS SET OR TIED.
MM INDICATES DATA IS MISSING.
T  INDICATES TRACE AMOUNT.






&&
....................................................................

REDDING CITY CLIMATE DATA FOR DECEMBER 18

CLIMATE RECORD PERIOD 1897-1986

RECORD HIGH..............     72 IN 1956
RECORD LOW...............     24 IN 1924

RECORD RAINFALL..........   2.31 IN 1981

$$
