000
CDUS46 KSTO 300839
CLIRDD

CLIMATE REPORT
NATIONAL WEATHER SERVICE SACRAMENTO, CA
139 AM PDT TUE JUN 30 2015


...................................

...THE REDDING AIRPORT CA CLIMATE SUMMARY FOR JUNE 29 2015...

CLIMATE NORMAL PERIOD 1981 TO 2010
CLIMATE RECORD PERIOD 1986 TO 2015


WEATHER ITEM   OBSERVED RECORD YEAR NORMAL DEPARTURE LAST
                VALUE   VALUE       VALUE  FROM      YEAR
                                           NORMAL
...........................................................
TEMPERATURE (F)
 YESTERDAY
  MAXIMUM        105    108    2013  95     10      102
  MINIMUM         67     55    1998  65      2       64
  AVERAGE         86

PRECIPITATION (IN)
  YESTERDAY        0.00   0.48 1992   0.01  -0.01     0.00
  MONTH TO DATE    0.57               0.69  -0.12     0.00
  SINCE OCT 1     23.04              33.71 -10.67    16.38
  SINCE JAN 1      6.79              20.86 -14.07    14.27

SNOWFALL (IN)
  YESTERDAY        0.0   MM      MM  MM               0.0
  MONTH TO DATE    0.0               MM               0.0
  SINCE JUN 1      0.0               MM               0.0
  SINCE JUL 1      0.0               MM               5.0

DEGREE DAYS
 HEATING
  YESTERDAY        0

 COOLING
  YESTERDAY       21
...........................................................


WIND (MPH)
  RESULTANT WIND SPEED   1   RESULTANT WIND DIRECTION  SE (150)
  HIGHEST WIND SPEED    14   HIGHEST WIND DIRECTION     S (160)
  HIGHEST GUST SPEED    16   HIGHEST GUST DIRECTION    SE (150)


SKY COVER
  POSSIBLE SUNSHINE  MM
  AVERAGE SKY COVER 0.0


WEATHER CONDITIONS
 THE FOLLOWING WEATHER WAS RECORDED YESTERDAY.
  NO SIGNIFICANT WEATHER WAS OBSERVED.


RELATIVE HUMIDITY (PERCENT)
 HIGHEST    61
 LOWEST     11
 AVERAGE    36

..........................................................


THE REDDING AIRPORT CA CLIMATE NORMALS FOR TODAY
                         NORMAL    RECORD    YEAR
 MAXIMUM TEMPERATURE (F)   95       111      2014
 MINIMUM TEMPERATURE (F)   65        52      1997


SUNRISE AND SUNSET
JUNE 30 2015..........SUNRISE   542 AM PDT   SUNSET   844 PM PDT
JULY  1 2015..........SUNRISE   542 AM PDT   SUNSET   844 PM PDT


-  INDICATES NEGATIVE NUMBERS.
R  INDICATES RECORD WAS SET OR TIED.
MM INDICATES DATA IS MISSING.
T  INDICATES TRACE AMOUNT.




&&
....................................................................

REDDING CITY CLIMATE DATA FOR JUNE 29

CLIMATE RECORD PERIOD 1897-1986

RECORD HIGH..............    111 IN 1974
RECORD LOW...............     50 IN 1963

RECORD RAINFALL..........   1.94 IN 1952

$$
