000
CDUS46 KSTO 300045
CLIRDD

CLIMATE REPORT
NATIONAL WEATHER SERVICE SACRAMENTO, CA
438 PM PST THU JAN 29 2015


...................................

...THE REDDING AIRPORT CA CLIMATE SUMMARY FOR JANUARY 29 2015...
VALID TODAY AS OF 0400 PM LOCAL TIME.

CLIMATE NORMAL PERIOD 1981 TO 2010
CLIMATE RECORD PERIOD 1986 TO 2015


WEATHER ITEM   OBSERVED RECORD YEAR NORMAL DEPARTURE LAST
                VALUE   VALUE       VALUE  FROM      YEAR
                                           NORMAL
...........................................................
TEMPERATURE (F)
 TODAY
  MAXIMUM         74     76    1989  57     17       56
  MINIMUM         37     28    2007  37      0       47
                               2002
  AVERAGE         56

PRECIPITATION (IN)
  TODAY            0.00   1.08 1998   0.18  -0.18     0.34
  MONTH TO DATE    0.26               5.60  -5.34     0.42
  SINCE OCT 1     16.51              18.45  -1.94     2.53
  SINCE JAN 1      0.26               5.60  -5.34     0.42

SNOWFALL (IN)
  TODAY            0.0    0.0  2002  MM              MM
  MONTH TO DATE    0.0               MM               0.0
  SINCE DEC 1      0.0               MM               5.0
  SINCE JUL 1      0.0               MM               5.0

DEGREE DAYS
 HEATING
  TODAY            9

 COOLING
  TODAY            0
...........................................................


WIND (MPH)
  RESULTANT WIND SPEED   1   RESULTANT WIND DIRECTION  NE (40)
  HIGHEST WIND SPEED    10   HIGHEST WIND DIRECTION    NE (30)
  HIGHEST GUST SPEED    14   HIGHEST GUST DIRECTION     N (20)


SKY COVER
  POSSIBLE SUNSHINE  MM
  AVERAGE SKY COVER 0.0


WEATHER CONDITIONS
 THE FOLLOWING WEATHER WAS RECORDED TODAY.
  NO SIGNIFICANT WEATHER WAS OBSERVED.


RELATIVE HUMIDITY (PERCENT)
 HIGHEST    93
 LOWEST     29
 AVERAGE    61

..........................................................


THE REDDING AIRPORT CA CLIMATE NORMALS FOR TOMORROW
                         NORMAL    RECORD    YEAR
 MAXIMUM TEMPERATURE (F)   57        74      2009
 MINIMUM TEMPERATURE (F)   37        24      1991


SUNRISE AND SUNSET
JANUARY 29 2015.......SUNRISE   722 AM PST   SUNSET   524 PM PST
JANUARY 30 2015.......SUNRISE   721 AM PST   SUNSET   525 PM PST


-  INDICATES NEGATIVE NUMBERS.
R  INDICATES RECORD WAS SET OR TIED.
MM INDICATES DATA IS MISSING.
T  INDICATES TRACE AMOUNT.

&&
....................................................................

REDDING CITY CLIMATE DATA FOR JANUARY 29

CLIMATE RECORD PERIOD 1897-1986

RECORD HIGH..............     78 IN 1962
RECORD LOW...............     24 IN 1946

RECORD RAINFALL..........   2.71 IN 1968

$$

NNNN
