000
CDUS46 KSTO 020038
CLIRDD

CLIMATE REPORT
NATIONAL WEATHER SERVICE SACRAMENTO, CA
538 PM PDT WED OCT 1 2014


...................................

...THE REDDING AIRPORT CA CLIMATE SUMMARY FOR OCTOBER 1 2014...
VALID TODAY AS OF 0500 PM LOCAL TIME.

CLIMATE NORMAL PERIOD 1981 TO 2010
CLIMATE RECORD PERIOD 1986 TO 2014


WEATHER ITEM   OBSERVED RECORD YEAR NORMAL DEPARTURE LAST
                VALUE   VALUE       VALUE  FROM      YEAR
                                           NORMAL
...........................................................
TEMPERATURE (F)
 TODAY
  MAXIMUM         86    104    2001  86      0       78
  MINIMUM         64     49    2006  54     10       58
  AVERAGE         75

PRECIPITATION (IN)
  TODAY            0.00   0.28 1992   0.03  -0.03     0.00
  MONTH TO DATE    0.00               0.03  -0.03     0.00
  SINCE JUL 1      3.44               0.94   2.50     1.39
  SINCE JAN 1     17.71              21.80  -4.09    10.69

SNOWFALL (IN)
  TODAY            0.0    0.0  2002  MM               0.0
                               2001
  MONTH TO DATE    0.0               MM               0.0
  SINCE SEP 1      0.0               MM               0.0
  SINCE JUL 1      0.0               MM               0.0

DEGREE DAYS
 HEATING
  TODAY            0

 COOLING
  TODAY           10
...........................................................


WIND (MPH)
  RESULTANT WIND SPEED  14   RESULTANT WIND DIRECTION   N (360)
  HIGHEST WIND SPEED    28   HIGHEST WIND DIRECTION     N (10)
  HIGHEST GUST SPEED    35   HIGHEST GUST DIRECTION     N (10)


SKY COVER
  POSSIBLE SUNSHINE  MM
  AVERAGE SKY COVER 0.0


WEATHER CONDITIONS
 THE FOLLOWING WEATHER WAS RECORDED TODAY.
  NO SIGNIFICANT WEATHER WAS OBSERVED.


RELATIVE HUMIDITY (PERCENT)
 HIGHEST    40
 LOWEST     13
 AVERAGE    27

..........................................................


THE REDDING AIRPORT CA CLIMATE NORMALS FOR TOMORROW
                         NORMAL    RECORD    YEAR
 MAXIMUM TEMPERATURE (F)   85       103      1991
 MINIMUM TEMPERATURE (F)   54        45      2005


SUNRISE AND SUNSET
OCTOBER  1 2014.......SUNRISE   706 AM PDT   SUNSET   651 PM PDT
OCTOBER  2 2014.......SUNRISE   707 AM PDT   SUNSET   650 PM PDT


-  INDICATES NEGATIVE NUMBERS.
R  INDICATES RECORD WAS SET OR TIED.
MM INDICATES DATA IS MISSING.
T  INDICATES TRACE AMOUNT.






&&
....................................................................

REDDING CITY CLIMATE DATA FOR OCTOBER 01

CLIMATE RECORD PERIOD 1897-1986

RECORD HIGH..............    105 IN 1952
RECORD LOW...............     37 IN 1898

RECORD RAINFALL..........   1.51 IN 1937

$$
