000
CDUS46 KSTO 040042 RRA
CLIRDD

CLIMATE REPORT
NATIONAL WEATHER SERVICE SACRAMENTO, CA
540 PM PDT TUE MAY 3 2016


...................................

...THE REDDING AIRPORT CA CLIMATE SUMMARY FOR MAY 3 2016...
VALID TODAY AS OF 0500 PM LOCAL TIME.

CLIMATE NORMAL PERIOD 1981 TO 2010
CLIMATE RECORD PERIOD 1986 TO 2016


WEATHER ITEM   OBSERVED RECORD YEAR NORMAL DEPARTURE LAST
                VALUE   VALUE       VALUE  FROM      YEAR
                                           NORMAL
...........................................................
TEMPERATURE (F)
 TODAY
  MAXIMUM         84     95    2013  76      8       88
                               1992
  MINIMUM         55     40    2007  50      5       56
                               1996
  AVERAGE         70

PRECIPITATION (IN)
  TODAY            0.00   0.60 2003   0.06  -0.06     0.00
  MONTH TO DATE    0.00               0.19  -0.19     0.00
  SINCE OCT 1     37.06              31.36   5.70    22.13
  SINCE JAN 1     27.20              18.51   8.69     5.88

SNOWFALL (IN)
  TODAY            0.0   MM      MM  MM               0.0
  MONTH TO DATE    0.0               MM               0.0
  SINCE MAR 1      0.0               MM               0.0
  SINCE JUL 1      0.0               MM               0.0

DEGREE DAYS
 HEATING
  TODAY            0

 COOLING
  TODAY            5
...........................................................


WIND (MPH)
  RESULTANT WIND SPEED   2   RESULTANT WIND DIRECTION   N (340)
  HIGHEST WIND SPEED     8   HIGHEST WIND DIRECTION     N (10)
  HIGHEST GUST SPEED    10   HIGHEST GUST DIRECTION     N (20)


SKY COVER
  POSSIBLE SUNSHINE  MM
  AVERAGE SKY COVER 0.1


WEATHER CONDITIONS
 THE FOLLOWING WEATHER WAS RECORDED TODAY.
  NO SIGNIFICANT WEATHER WAS OBSERVED.


RELATIVE HUMIDITY (PERCENT)
 HIGHEST    77
 LOWEST     26
 AVERAGE    52

..........................................................


THE REDDING AIRPORT CA CLIMATE NORMALS FOR TOMORROW
                         NORMAL    RECORD    YEAR
 MAXIMUM TEMPERATURE (F)   77       100      1992
 MINIMUM TEMPERATURE (F)   50        36      1999


SUNRISE AND SUNSET
MAY  3 2016...........SUNRISE   605 AM PDT   SUNSET   808 PM PDT
MAY  4 2016...........SUNRISE   604 AM PDT   SUNSET   809 PM PDT


-  INDICATES NEGATIVE NUMBERS.
R  INDICATES RECORD WAS SET OR TIED.
MM INDICATES DATA IS MISSING.
T  INDICATES TRACE AMOUNT.




&&
....................................................................

REDDING CITY CLIMATE DATA FOR MAY 03

CLIMATE RECORD PERIOD 1897-1986

RECORD HIGH..............     97 IN 1966
RECORD LOW...............     32 IN 1950

RECORD RAINFALL..........   2.65 IN 1896

$$

NNNN
