000
CDUS46 KSTO 011510
CLIRDD

CLIMATE REPORT
NATIONAL WEATHER SERVICE SACRAMENTO, CA
800 AM PDT FRI AUG 1 2014

..........................................................

...THE REDDING AIRPORT CA CLIMATE SUMMARY FOR JULY 31 2014...

CLIMATE NORMAL PERIOD 1981 TO 2010
CLIMATE RECORD PERIOD 1986 TO 2014


WEATHER ITEM   OBSERVED RECORD YEAR NORMAL DEPARTURE LAST
                VALUE   VALUE       VALUE  FROM      YEAR
                                           NORMAL
...........................................................
TEMPERATURE (F)
 YESTERDAY
  MAXIMUM        108    110    2000  99      9       94
  MINIMUM         72     57    1992  65      7       65
  AVERAGE         90

PRECIPITATION (IN)
  YESTERDAY        0.00   0.00 2007   0.00   0.00     0.00
                               2006
                               2005
  MONTH TO DATE    0.09               0.09   0.00      T
  SINCE JUL 1      0.09               0.09   0.00      T
  SINCE JAN 1     14.36              20.95  -6.59     9.30

SNOWFALL (IN)
  YESTERDAY        0.0   MM      MM  MM               0.0
  MONTH TO DATE    0.0               MM               0.0
  SINCE JUN 1      0.0               MM               0.0
  SINCE JUL 1      0.0               MM               0.0

DEGREE DAYS
 HEATING
  YESTERDAY        0

 COOLING
  YESTERDAY       25
...........................................................


WIND (MPH)
  RESULTANT WIND SPEED   4   RESULTANT WIND DIRECTION   S (170)
  HIGHEST WIND SPEED    20   HIGHEST WIND DIRECTION     S (180)
  HIGHEST GUST SPEED    23   HIGHEST GUST DIRECTION     S (180)


SKY COVER
  POSSIBLE SUNSHINE  MM
  AVERAGE SKY COVER 0.0


WEATHER CONDITIONS
 THE FOLLOWING WEATHER WAS RECORDED YESTERDAY.
  NO SIGNIFICANT WEATHER WAS OBSERVED.


RELATIVE HUMIDITY (PERCENT)
 HIGHEST    53
 LOWEST     10
 AVERAGE    32

..........................................................


THE REDDING AIRPORT CA CLIMATE NORMALS FOR TODAY
                         NORMAL    RECORD    YEAR
 MAXIMUM TEMPERATURE (F)   99       113      1993
 MINIMUM TEMPERATURE (F)   65        54      1989


SUNRISE AND SUNSET
AUGUST  1 2014........SUNRISE   606 AM PDT   SUNSET   824 PM PDT
AUGUST  2 2014........SUNRISE   607 AM PDT   SUNSET   823 PM PDT


-  INDICATES NEGATIVE NUMBERS.
R  INDICATES RECORD WAS SET OR TIED.
MM INDICATES DATA IS MISSING.
T  INDICATES TRACE AMOUNT.

&&
....................................................................

REDDING CITY CLIMATE DATA FOR JULY 31

CLIMATE RECORD PERIOD 1897-1986

RECORD HIGH..............    113 IN 1977
RECORD LOW...............     56 IN 1981

RECORD RAINFALL..........   0.02 IN 1952

$$
POWELL
