000
CDUS41 KPHI 210631
CLIRDG


CLIMATE REPORT
NATIONAL WEATHER SERVICE MOUNT HOLLY NJ
130 AM EST SAT JAN 21 2017


...................................

...THE READING PA CLIMATE SUMMARY FOR JANUARY 20 2017...

CLIMATE NORMAL PERIOD 1981 TO 2010
CLIMATE RECORD PERIOD 1869 TO 2017


WEATHER ITEM   OBSERVED TIME   RECORD YEAR NORMAL DEPARTURE LAST
                VALUE   (LST)  VALUE       VALUE  FROM      YEAR
                                                  NORMAL
..................................................................
TEMPERATURE (F)
 YESTERDAY
  MAXIMUM         39   1159 PM  68    1951  38      1       33
  MINIMUM         28    619 AM -11    1994  21      7       20
  AVERAGE         34                        29      5       27

PRECIPITATION (IN)
  YESTERDAY        0.22          1.06 1947   0.09   0.13     0.00
  MONTH TO DATE    1.81                      2.10  -0.29     1.38
  SINCE DEC 1      3.94                      5.39  -1.45     4.94
  SINCE JAN 1      1.81                      2.10  -0.29     1.38

DEGREE DAYS
 HEATING
  YESTERDAY       31                        36     -5       38
  MONTH TO DATE  632                       705    -73      680
  SINCE DEC 1   1548                      1669   -121     1245
  SINCE JUL 1   2402                      2736   -334     2064

 COOLING
  YESTERDAY        0                         0      0        0
  MONTH TO DATE    0                         0      0        0
  SINCE DEC 1      0                         0      0        0
  SINCE JAN 1      0                         0      0        0
..................................................................


WIND (MPH)
  HIGHEST WIND SPEED     7   HIGHEST WIND DIRECTION     S (160)
  HIGHEST GUST SPEED     8   HIGHEST GUST DIRECTION     S (160)
  AVERAGE WIND SPEED     0.9


SKY COVER
  POSSIBLE SUNSHINE  MM
  AVERAGE SKY COVER 0.5


WEATHER CONDITIONS
 THE FOLLOWING WEATHER WAS RECORDED YESTERDAY.
  RAIN
  LIGHT RAIN
  FOG


RELATIVE HUMIDITY (PERCENT)
 HIGHEST   100           100 AM
 LOWEST     92          1200 AM
 AVERAGE    96

..........................................................


THE READING PA CLIMATE NORMALS FOR TODAY
                         NORMAL    RECORD    YEAR
 MAXIMUM TEMPERATURE (F)   38        67      1959
 MINIMUM TEMPERATURE (F)   21       -20      1994


SUNRISE AND SUNSET
JANUARY 21 2017.......SUNRISE   722 AM EST   SUNSET   509 PM EST
JANUARY 22 2017.......SUNRISE   721 AM EST   SUNSET   510 PM EST


-  INDICATES NEGATIVE NUMBERS.
R  INDICATES RECORD WAS SET OR TIED.
MM INDICATES DATA IS MISSING.
T  INDICATES TRACE AMOUNT.




$$
