000
CDUS41 KPHI 240630
CLIRDG


CLIMATE REPORT
NATIONAL WEATHER SERVICE MOUNT HOLLY NJ
129 AM EST FRI FEB 24 2017


...................................

...THE READING PA CLIMATE SUMMARY FOR FEBRUARY 23 2017...

CLIMATE NORMAL PERIOD 1981 TO 2010
CLIMATE RECORD PERIOD 1869 TO 2017


WEATHER ITEM   OBSERVED TIME   RECORD YEAR NORMAL DEPARTURE LAST
                VALUE   (LST)  VALUE       VALUE  FROM      YEAR
                                                  NORMAL
..................................................................
TEMPERATURE (F)
 YESTERDAY
  MAXIMUM         73R   415 PM  72    1932  43     30       37
                                      1922
  MINIMUM         37    551 AM   3    1972  25     12       32
  AVERAGE         55                        34     21       35

PRECIPITATION (IN)
  YESTERDAY        0.00          0.89 1987   0.08  -0.08     0.16
  MONTH TO DATE    0.75                      2.03  -1.28     2.18
  SINCE DEC 1      5.24                      8.37  -3.13     9.27
  SINCE JAN 1      3.11                      5.08  -1.97     5.71

DEGREE DAYS
 HEATING
  YESTERDAY       10                        31    -21       30
  MONTH TO DATE  604                       767   -163      744
  SINCE DEC 1   2431                      2825   -394     2396
  SINCE JUL 1   3285                      3892   -607     3215

 COOLING
  YESTERDAY        0                         0      0        0
  MONTH TO DATE    0                         0      0        0
  SINCE DEC 1      0                         0      0        0
  SINCE JAN 1      0                         0      0        0
..................................................................


WIND (MPH)
  HIGHEST WIND SPEED    14   HIGHEST WIND DIRECTION    SW (210)
  HIGHEST GUST SPEED    20   HIGHEST GUST DIRECTION    SW (220)
  AVERAGE WIND SPEED     4.1


SKY COVER
  POSSIBLE SUNSHINE  MM
  AVERAGE SKY COVER 0.4


WEATHER CONDITIONS
 THE FOLLOWING WEATHER WAS RECORDED YESTERDAY.
  FOG
  FOG W/VISIBILITY <= 1/4 MILE


RELATIVE HUMIDITY (PERCENT)
 HIGHEST   100           300 AM
 LOWEST     53           300 PM
 AVERAGE    77

..........................................................


THE READING PA CLIMATE NORMALS FOR TODAY
                         NORMAL    RECORD    YEAR
 MAXIMUM TEMPERATURE (F)   44        77      1985
 MINIMUM TEMPERATURE (F)   25        -3      2015


SUNRISE AND SUNSET
FEBRUARY 24 2017......SUNRISE   645 AM EST   SUNSET   550 PM EST
FEBRUARY 25 2017......SUNRISE   643 AM EST   SUNSET   551 PM EST


-  INDICATES NEGATIVE NUMBERS.
R  INDICATES RECORD WAS SET OR TIED.
MM INDICATES DATA IS MISSING.
T  INDICATES TRACE AMOUNT.




$$
