000
CDUS41 KPHI 300627
CLIRDG


CLIMATE REPORT
NATIONAL WEATHER SERVICE MOUNT HOLLY NJ
227 AM EDT SUN APR 30 2017


...................................

...THE READING PA CLIMATE SUMMARY FOR APRIL 29 2017...

CLIMATE NORMAL PERIOD 1981 TO 2010
CLIMATE RECORD PERIOD 1869 TO 2017


WEATHER ITEM   OBSERVED TIME   RECORD YEAR NORMAL DEPARTURE LAST
                VALUE   (LST)  VALUE       VALUE  FROM      YEAR
                                                  NORMAL
..................................................................
TEMPERATURE (F)
 YESTERDAY
  MAXIMUM         83    433 PM  88    1970  67     16       52
  MINIMUM         61    412 AM  29    1977  45     16       44
  AVERAGE         72                        56     16       48

PRECIPITATION (IN)
  YESTERDAY        0.20          1.40 1874   0.12   0.08     0.01
  MONTH TO DATE    2.29                      3.66  -1.37     1.77
  SINCE MAR 1      6.31                      7.14  -0.83     2.81
  SINCE JAN 1      9.70                     12.67  -2.97     9.62

DEGREE DAYS
 HEATING
  YESTERDAY        0                        10    -10       17
  MONTH TO DATE  231                       402   -171      409
  SINCE MAR 1   1025                      1145   -120      942
  SINCE JUL 1   4387                      5187   -800     4289

 COOLING
  YESTERDAY        7                         1      6        0
  MONTH TO DATE   27                         2     25       10
  SINCE MAR 1     27                         2     25       13
  SINCE JAN 1     27                         2     25       13
..................................................................


WIND (MPH)
  HIGHEST WIND SPEED    20   HIGHEST WIND DIRECTION     W (290)
  HIGHEST GUST SPEED    27   HIGHEST GUST DIRECTION     W (250)
  AVERAGE WIND SPEED     7.0


SKY COVER
  POSSIBLE SUNSHINE  MM
  AVERAGE SKY COVER 0.1


WEATHER CONDITIONS
 THE FOLLOWING WEATHER WAS RECORDED YESTERDAY.
  THUNDERSTORM
  RAIN
  LIGHT RAIN
  FOG


RELATIVE HUMIDITY (PERCENT)
 HIGHEST   100           500 AM
 LOWEST     51           500 PM
 AVERAGE    76

..........................................................


THE READING PA CLIMATE NORMALS FOR TODAY
                         NORMAL    RECORD    YEAR
 MAXIMUM TEMPERATURE (F)   68        90      1942
 MINIMUM TEMPERATURE (F)   45        28      1977


SUNRISE AND SUNSET
APRIL 30 2017.........SUNRISE   604 AM EDT   SUNSET   759 PM EDT
MAY  1 2017...........SUNRISE   603 AM EDT   SUNSET   800 PM EDT


-  INDICATES NEGATIVE NUMBERS.
R  INDICATES RECORD WAS SET OR TIED.
MM INDICATES DATA IS MISSING.
T  INDICATES TRACE AMOUNT.




$$
