000
CDUS41 KPHI 312127
CLIRDG


CLIMATE REPORT
NATIONAL WEATHER SERVICE MOUNT HOLLY NJ
527 PM EDT TUE MAY 31 2016


...................................

...THE READING PA CLIMATE SUMMARY FOR MAY 31 2016...
VALID TODAY AS OF 0500 PM LOCAL TIME.

CLIMATE NORMAL PERIOD 1981 TO 2010
CLIMATE RECORD PERIOD 1869 TO 2016


WEATHER ITEM   OBSERVED TIME   RECORD YEAR NORMAL DEPARTURE LAST
                VALUE   (LST)  VALUE       VALUE  FROM      YEAR
                                                  NORMAL
..................................................................
TEMPERATURE (F)
 TODAY
  MAXIMUM         86    353 PM  94    2013  77      9       90
                                      2011
  MINIMUM         65    553 AM  41    1915  55     10       67
  AVERAGE         76                        66     10       79

PRECIPITATION (IN)
  TODAY            0.00          3.30 1962   0.16  -0.16     1.03
  MONTH TO DATE    4.38                      4.24   0.14     1.66
  SINCE MAR 1      7.19                     11.49  -4.30     8.17
  SINCE JAN 1     14.00                     17.02  -3.02    11.91

SNOWFALL (IN)
  TODAY           MM            MM      MM  MM     MM       MM
  MONTH TO DATE   MM                        MM     MM       MM
  SINCE MAR 1     MM                        MM     MM       MM
  SINCE JUL 1     MM                        MM     MM       MM
  SNOW DEPTH      MM

DEGREE DAYS
 HEATING
  TODAY            0                         2     -2        0
  MONTH TO DATE  192                       170     22       68
  SINCE MAR 1   1147                      1326   -179     1357
  SINCE JUL 1   4494                      5368   -874     5662

 COOLING
  TODAY           11                         3      8       14
  MONTH TO DATE   81                        51     30      159
  SINCE MAR 1     94                        60     34      159
  SINCE JAN 1     94                        60     34      159
..................................................................


WIND (MPH)
  HIGHEST WIND SPEED    13   HIGHEST WIND DIRECTION    NW (330)
  HIGHEST GUST SPEED    16   HIGHEST GUST DIRECTION     N (10)
  AVERAGE WIND SPEED     3.0


SKY COVER
  POSSIBLE SUNSHINE  MM
  AVERAGE SKY COVER 0.2


WEATHER CONDITIONS
 THE FOLLOWING WEATHER WAS RECORDED TODAY.
  FOG


RELATIVE HUMIDITY (PERCENT)
 HIGHEST    93           100 AM
 LOWEST     32           400 PM
 AVERAGE    63

..........................................................


THE READING PA CLIMATE NORMALS FOR TOMORROW
                         NORMAL    RECORD    YEAR
 MAXIMUM TEMPERATURE (F)   77        95      2011
 MINIMUM TEMPERATURE (F)   55        41      1984


SUNRISE AND SUNSET
MAY 31 2016...........SUNRISE   536 AM EDT   SUNSET   827 PM EDT
JUNE  1 2016..........SUNRISE   536 AM EDT   SUNSET   828 PM EDT


-  INDICATES NEGATIVE NUMBERS.
R  INDICATES RECORD WAS SET OR TIED.
MM INDICATES DATA IS MISSING.
T  INDICATES TRACE AMOUNT.




$$
