000
CDUS41 KPHI 182132
CLIRDG


CLIMATE REPORT
NATIONAL WEATHER SERVICE MOUNT HOLLY NJ
528 PM EDT FRI APR 18 2014


...................................

...THE READING PA CLIMATE SUMMARY FOR APRIL 18 2014...
VALID TODAY AS OF 0500 PM LOCAL TIME.

CLIMATE NORMAL PERIOD 1981 TO 2010
CLIMATE RECORD PERIOD 1869 TO 2014


WEATHER ITEM   OBSERVED TIME   RECORD YEAR NORMAL DEPARTURE LAST
                VALUE   (LST)  VALUE       VALUE  FROM      YEAR
                                                  NORMAL
..................................................................
TEMPERATURE (F)
 TODAY
  MAXIMUM         56    359 PM  96    1976  64     -8       63
  MINIMUM         37    609 AM  31    2001  41     -4       56
                                      1990
  AVERAGE         47                        52     -5       60

PRECIPITATION (IN)
  TODAY            0.00          4.40 1870   0.13  -0.13     0.07
  MONTH TO DATE    2.30                      2.35  -0.05     1.23
  SINCE MAR 1      4.47                      5.83  -1.36     3.33
  SINCE JAN 1     11.15                     11.36  -0.21     8.27

SNOWFALL (IN)
  TODAY           MM            MM      MM  MM     MM       MM
  MONTH TO DATE   MM                        MM     MM       MM
  SINCE MAR 1     MM                        MM     MM       MM
  SINCE JUL 1     MM                        MM     MM       MM
  SNOW DEPTH      MM

DEGREE DAYS
 HEATING
  TODAY           18                        13      5        5
  MONTH TO DATE  262                       280    -18      219
  SINCE MAR 1   1179                      1023    156      995
  SINCE JUL 1   5489                      5065    424     4706

 COOLING
  TODAY            0                         0      0        0
  MONTH TO DATE    9                         0      9       15
  SINCE MAR 1      9                         0      9       15
  SINCE JAN 1      9                         0      9       15
..................................................................


WIND (MPH)
  HIGHEST WIND SPEED    10   HIGHEST WIND DIRECTION     E (90)
  HIGHEST GUST SPEED    14   HIGHEST GUST DIRECTION     E (100)
  AVERAGE WIND SPEED     5.3


SKY COVER
  POSSIBLE SUNSHINE  MM
  AVERAGE SKY COVER 0.5


WEATHER CONDITIONS
 THE FOLLOWING WEATHER WAS RECORDED TODAY.
  NO SIGNIFICANT WEATHER WAS OBSERVED.


RELATIVE HUMIDITY (PERCENT)
 HIGHEST    70          1200 AM
 LOWEST     41           200 PM
 AVERAGE    56

..........................................................


THE READING PA CLIMATE NORMALS FOR TOMORROW
                         NORMAL    RECORD    YEAR
 MAXIMUM TEMPERATURE (F)   64        97      1976
 MINIMUM TEMPERATURE (F)   42        27      2001


SUNRISE AND SUNSET
APRIL 18 2014.........SUNRISE   621 AM EDT   SUNSET   746 PM EDT
APRIL 19 2014.........SUNRISE   620 AM EDT   SUNSET   747 PM EDT


-  INDICATES NEGATIVE NUMBERS.
R  INDICATES RECORD WAS SET OR TIED.
MM INDICATES DATA IS MISSING.
T  INDICATES TRACE AMOUNT.




$$
