000
CDUS41 KPHI 212140
CLIRDG


CLIMATE REPORT
NATIONAL WEATHER SERVICE MOUNT HOLLY NJ
539 PM EDT FRI JUL 21 2017


...................................

...THE READING PA CLIMATE SUMMARY FOR JULY 21 2017...
VALID TODAY AS OF 0500 PM LOCAL TIME.

CLIMATE NORMAL PERIOD 1981 TO 2010
CLIMATE RECORD PERIOD 1869 TO 2017


WEATHER ITEM   OBSERVED TIME   RECORD YEAR NORMAL DEPARTURE LAST
                VALUE   (LST)  VALUE       VALUE  FROM      YEAR
                                                  NORMAL
..................................................................
TEMPERATURE (F)
 TODAY
  MAXIMUM         91    232 PM 102    2011  85      6       91
                                      1926
  MINIMUM         73    534 AM  50    1971  65      8       61
  AVERAGE         82                        75      7       76

PRECIPITATION (IN)
  TODAY            0.00          5.28 1916   0.15  -0.15     0.00
  MONTH TO DATE    4.43                      3.07   1.36     1.92
  SINCE JUN 1      9.70                      6.85   2.85     3.74
  SINCE JAN 1     23.12                     23.87  -0.75    17.74

DEGREE DAYS
 HEATING
  TODAY            0                         0      0        0
  MONTH TO DATE    0                         0      0        0
  SINCE JUN 1     16                        24     -8        9
  SINCE JUL 1      0                         0      0        0

 COOLING
  TODAY           17                        10      7       11
  MONTH TO DATE  266                       207     59      261
  SINCE JUN 1    500                       396    104      487
  SINCE JAN 1    575                       456    119      581
..................................................................


WIND (MPH)
  HIGHEST WIND SPEED    12   HIGHEST WIND DIRECTION    SW (220)
  HIGHEST GUST SPEED    14   HIGHEST GUST DIRECTION    NW (330)
  AVERAGE WIND SPEED     4.5


SKY COVER
  POSSIBLE SUNSHINE  MM
  AVERAGE SKY COVER 0.2


WEATHER CONDITIONS
 THE FOLLOWING WEATHER WAS RECORDED TODAY.
  NO SIGNIFICANT WEATHER WAS OBSERVED.


RELATIVE HUMIDITY (PERCENT)
 HIGHEST    93           200 AM
 LOWEST     56           100 PM
 AVERAGE    75

..........................................................


THE READING PA CLIMATE NORMALS FOR TOMORROW
                         NORMAL    RECORD    YEAR
 MAXIMUM TEMPERATURE (F)   85       106      2011
 MINIMUM TEMPERATURE (F)   64        55      1974
                                             1971


SUNRISE AND SUNSET
JULY 21 2017..........SUNRISE   552 AM EDT   SUNSET   828 PM EDT
JULY 22 2017..........SUNRISE   553 AM EDT   SUNSET   828 PM EDT


-  INDICATES NEGATIVE NUMBERS.
R  INDICATES RECORD WAS SET OR TIED.
MM INDICATES DATA IS MISSING.
T  INDICATES TRACE AMOUNT.




$$
