000
CDUS41 KPHI 310628
CLIRDG


CLIMATE REPORT
NATIONAL WEATHER SERVICE MOUNT HOLLY NJ
228 AM EDT FRI OCT 31 2014


...................................

...THE READING PA CLIMATE SUMMARY FOR OCTOBER 30 2014...

CLIMATE NORMAL PERIOD 1981 TO 2010
CLIMATE RECORD PERIOD 1869 TO 2014


WEATHER ITEM   OBSERVED TIME   RECORD YEAR NORMAL DEPARTURE LAST
                VALUE   (LST)  VALUE       VALUE  FROM      YEAR
                                                  NORMAL
..................................................................
TEMPERATURE (F)
 YESTERDAY
  MAXIMUM         59   1159 AM  82    1946  60     -1       63
  MINIMUM         38   1159 PM  21    1976  39     -1       42
  AVERAGE         49                        50     -1       53

PRECIPITATION (IN)
  YESTERDAY        0.00          1.22 1973   0.07  -0.07     0.00
  MONTH TO DATE    4.44                      3.15   1.29     4.73
  SINCE SEP 1      6.24                      7.49  -1.25     6.04
  SINCE JAN 1     36.67                     36.45   0.22    35.18

SNOWFALL (IN)
  YESTERDAY       MM            MM      MM  MM     MM       MM
  MONTH TO DATE   MM                        MM     MM       MM
  SINCE SEP 1     MM                        MM     MM       MM
  SINCE JUL 1     MM                        MM     MM       MM
  SNOW DEPTH      MM

DEGREE DAYS
 HEATING
  YESTERDAY       16                        16      0       12
  MONTH TO DATE  228                       345   -117      268
  SINCE SEP 1    282                       419   -137      358
  SINCE JUL 1    283                       424   -141      358

 COOLING
  YESTERDAY        0                         0      0        0
  MONTH TO DATE   16                         5     11       42
  SINCE SEP 1    141                        89     52      140
  SINCE JAN 1    962                       892     70     1124
..................................................................


WIND (MPH)
  HIGHEST WIND SPEED    15   HIGHEST WIND DIRECTION     N (350)
  HIGHEST GUST SPEED    20   HIGHEST GUST DIRECTION     N (340)
  AVERAGE WIND SPEED     3.9


SKY COVER
  POSSIBLE SUNSHINE  MM
  AVERAGE SKY COVER 0.6


WEATHER CONDITIONS
 THE FOLLOWING WEATHER WAS RECORDED YESTERDAY.
  FOG
  FOG W/VISIBILITY <= 1/4 MILE


RELATIVE HUMIDITY (PERCENT)
 HIGHEST   100           200 AM
 LOWEST     43           200 PM
 AVERAGE    72

..........................................................


THE READING PA CLIMATE NORMALS FOR TODAY
                         NORMAL    RECORD    YEAR
 MAXIMUM TEMPERATURE (F)   60        81      1946
 MINIMUM TEMPERATURE (F)   39        23      1988


SUNRISE AND SUNSET
OCTOBER 31 2014.......SUNRISE   732 AM EDT   SUNSET   602 PM EDT
NOVEMBER  1 2014......SUNRISE   734 AM EDT   SUNSET   601 PM EDT


-  INDICATES NEGATIVE NUMBERS.
R  INDICATES RECORD WAS SET OR TIED.
MM INDICATES DATA IS MISSING.
T  INDICATES TRACE AMOUNT.




$$
