000
CDUS41 KPHI 240633
CLIRDG


CLIMATE REPORT
NATIONAL WEATHER SERVICE MOUNT HOLLY NJ
231 AM EDT SUN MAY 24 2015


...................................

...THE READING PA CLIMATE SUMMARY FOR MAY 23 2015...

CLIMATE NORMAL PERIOD 1981 TO 2010
CLIMATE RECORD PERIOD 1869 TO 2015


WEATHER ITEM   OBSERVED TIME   RECORD YEAR NORMAL DEPARTURE LAST
                VALUE   (LST)  VALUE       VALUE  FROM      YEAR
                                                  NORMAL
..................................................................
TEMPERATURE (F)
 YESTERDAY
  MAXIMUM         70    450 PM  95    1925  74     -4       74
  MINIMUM         43    518 AM  37    1971  52     -9       52
  AVERAGE         57                        63     -6       63

PRECIPITATION (IN)
  YESTERDAY        0.00          3.30 1873   0.17  -0.17      T
  MONTH TO DATE    0.44                      2.89  -2.45     3.06
  SINCE MAR 1      6.95                     10.14  -3.19    11.70
  SINCE JAN 1     10.69                     15.67  -4.98    18.38

SNOWFALL (IN)
  YESTERDAY       MM            MM      MM  MM     MM       MM
  MONTH TO DATE   MM                        MM     MM       MM
  SINCE MAR 1     MM                        MM     MM       MM
  SINCE JUL 1     MM                        MM     MM       MM
  SNOW DEPTH      MM

DEGREE DAYS
 HEATING
  YESTERDAY        8                         4      4        2
  MONTH TO DATE   66                       145    -79       96
  SINCE MAR 1   1355                      1301     54     1426
  SINCE JUL 1   5660                      5343    317     5736

 COOLING
  YESTERDAY        0                         2     -2        0
  MONTH TO DATE   77                        31     46       31
  SINCE MAR 1     77                        40     37       40
  SINCE JAN 1     77                        40     37       40
..................................................................


WIND (MPH)
  HIGHEST WIND SPEED    15   HIGHEST WIND DIRECTION    NW (320)
  HIGHEST GUST SPEED    21   HIGHEST GUST DIRECTION    NW (320)
  AVERAGE WIND SPEED     6.4


SKY COVER
  POSSIBLE SUNSHINE  MM
  AVERAGE SKY COVER 0.0


WEATHER CONDITIONS
 THE FOLLOWING WEATHER WAS RECORDED YESTERDAY.
  NO SIGNIFICANT WEATHER WAS OBSERVED.


RELATIVE HUMIDITY (PERCENT)
 HIGHEST    54          1100 PM
 LOWEST     18           300 PM
 AVERAGE    36

..........................................................


THE READING PA CLIMATE NORMALS FOR TODAY
                         NORMAL    RECORD    YEAR
 MAXIMUM TEMPERATURE (F)   75        92      1975
 MINIMUM TEMPERATURE (F)   53        38      1963


SUNRISE AND SUNSET
MAY 24 2015...........SUNRISE   541 AM EDT   SUNSET   821 PM EDT
MAY 25 2015...........SUNRISE   540 AM EDT   SUNSET   822 PM EDT


-  INDICATES NEGATIVE NUMBERS.
R  INDICATES RECORD WAS SET OR TIED.
MM INDICATES DATA IS MISSING.
T  INDICATES TRACE AMOUNT.




$$
