000
CDUS46 KPDT 140827 RRA
CLIRDM

CLIMATE REPORT
NATIONAL WEATHER SERVICE PENDLETON OR
1226 AM PST SUN FEB 14 2016


...................................

...THE REDMOND OR CLIMATE SUMMARY FOR FEBRUARY 13 2016...

CLIMATE NORMAL PERIOD 1981 TO 2010
CLIMATE RECORD PERIOD 1949 TO 2016


WEATHER ITEM   OBSERVED TIME   RECORD YEAR NORMAL DEPARTURE LAST
                VALUE   (LST)  VALUE       VALUE  FROM      YEAR
                                                  NORMAL
..................................................................
TEMPERATURE (F)
 YESTERDAY
  MAXIMUM         51    432 PM  63    2015  46      5       63
  MINIMUM         25    606 AM   5    1995  24      1       28
  AVERAGE         38                        35      3       46

PRECIPITATION (IN)
  YESTERDAY        T             0.21 1986   0.02  -0.02     0.00
  MONTH TO DATE    T                         0.32  -0.32     0.54
  SINCE OCT 1      4.79                      4.05   0.74     5.10
  SINCE JAN 1      1.22                      1.29  -0.07     0.82

DEGREE DAYS
 HEATING
  YESTERDAY       27                        30     -3       19
  MONTH TO DATE  315                       397    -82      260
  SINCE DEC 1   2042                      2463   -421     2029
  SINCE JUL 1   3760                      4237   -477     3616

 COOLING
  YESTERDAY        0                         0      0        0
  MONTH TO DATE    0                         0      0        0
  SINCE DEC 1      0                         0      0        0
  SINCE JAN 1      0                         0      0        0
..................................................................


WIND (MPH)
  RESULTANT WIND SPEED   2   RESULTANT WIND DIRECTION   S (180)
  HIGHEST WIND SPEED    14   HIGHEST WIND DIRECTION    SW (210)
  HIGHEST GUST SPEED    19   HIGHEST GUST DIRECTION    SW (230)
  AVERAGE WIND SPEED     4.3


SKY COVER
  POSSIBLE SUNSHINE  MM
  AVERAGE SKY COVER 0.5


WEATHER CONDITIONS
 THE FOLLOWING WEATHER WAS RECORDED YESTERDAY.
  NO SIGNIFICANT WEATHER WAS OBSERVED.


RELATIVE HUMIDITY (PERCENT)
 HIGHEST    89           300 AM
 LOWEST     32           400 PM
 AVERAGE    61

..........................................................


THE REDMOND OR CLIMATE NORMALS FOR TODAY
                         NORMAL    RECORD    YEAR
 MAXIMUM TEMPERATURE (F)   47        70      1991
 MINIMUM TEMPERATURE (F)   24        -8      1995


SUNRISE AND SUNSET
FEBRUARY 14 2016......SUNRISE   706 AM PST   SUNSET   532 PM PST
FEBRUARY 15 2016......SUNRISE   705 AM PST   SUNSET   533 PM PST


-  INDICATES NEGATIVE NUMBERS.
R  INDICATES RECORD WAS SET OR TIED.
MM INDICATES DATA IS MISSING.
T  INDICATES TRACE AMOUNT.




$$
