000
CDUS46 KPDT 190827 RRA
CLIRDM

CLIMATE REPORT
NATIONAL WEATHER SERVICE PENDLETON OR
1226 AM PST THU JAN 19 2017


...................................

...THE REDMOND OR CLIMATE SUMMARY FOR JANUARY 18 2017...

CLIMATE NORMAL PERIOD 1981 TO 2010
CLIMATE RECORD PERIOD 1949 TO 2017


WEATHER ITEM   OBSERVED TIME   RECORD YEAR NORMAL DEPARTURE LAST
                VALUE   (LST)  VALUE       VALUE  FROM      YEAR
                                                  NORMAL
..................................................................
TEMPERATURE (F)
 YESTERDAY
  MAXIMUM         44    446 AM  61    1994  43      1       49
  MINIMUM         39   1159 PM  -3    1957  24     15       27
  AVERAGE         42                        33      9       38

PRECIPITATION (IN)
  YESTERDAY        0.04          0.50 1960   0.04   0.00      T
  MONTH TO DATE    1.51                      0.62   0.89     0.57
  SINCE OCT 1      5.26                      3.38   1.88     4.14
  SINCE JAN 1      1.51                      0.62   0.89     0.57

DEGREE DAYS
 HEATING
  YESTERDAY       23                        32     -9       27
  MONTH TO DATE  889                       593    296      612
  SINCE DEC 1   2148                      1659    489     1393
  SINCE JUL 1   3612                      3433    179     3111

 COOLING
  YESTERDAY        0                         0      0        0
  MONTH TO DATE    0                         0      0        0
  SINCE DEC 1      0                         0      0        0
  SINCE JAN 1      0                         0      0        0
..................................................................


WIND (MPH)
  RESULTANT WIND SPEED  12   RESULTANT WIND DIRECTION   S (160)
  HIGHEST WIND SPEED    30   HIGHEST WIND DIRECTION    SE (150)
  HIGHEST GUST SPEED    38   HIGHEST GUST DIRECTION    SE (150)
  AVERAGE WIND SPEED    13.4


SKY COVER
  POSSIBLE SUNSHINE  MM
  AVERAGE SKY COVER 0.7


WEATHER CONDITIONS
 THE FOLLOWING WEATHER WAS RECORDED YESTERDAY.
  LIGHT RAIN


RELATIVE HUMIDITY (PERCENT)
 HIGHEST    76           600 AM
 LOWEST     57          1200 AM
 AVERAGE    67

..........................................................


THE REDMOND OR CLIMATE NORMALS FOR TODAY
                         NORMAL    RECORD    YEAR
 MAXIMUM TEMPERATURE (F)   43        60      1994
 MINIMUM TEMPERATURE (F)   24        -7      1963


SUNRISE AND SUNSET
JANUARY 19 2017.......SUNRISE   734 AM PST   SUNSET   457 PM PST
JANUARY 20 2017.......SUNRISE   733 AM PST   SUNSET   458 PM PST


-  INDICATES NEGATIVE NUMBERS.
R  INDICATES RECORD WAS SET OR TIED.
MM INDICATES DATA IS MISSING.
T  INDICATES TRACE AMOUNT.




$$
