457
CDUS46 KPDT 200903
CLIRDM

CLIMATE REPORT
NATIONAL WEATHER SERVICE PENDLETON OR
103 AM PST SAT JAN 20 2018


...................................

...THE REDMOND OR CLIMATE SUMMARY FOR JANUARY 19 2018...

CLIMATE NORMAL PERIOD 1981 TO 2010
CLIMATE RECORD PERIOD 1949 TO 2018


WEATHER ITEM   OBSERVED TIME   RECORD YEAR NORMAL DEPARTURE LAST
                VALUE   (LST)  VALUE       VALUE  FROM      YEAR
                                                  NORMAL
..................................................................
TEMPERATURE (F)
 YESTERDAY
  MAXIMUM         45    235 PM  60    1994  43      2       43
  MINIMUM         21   1111 PM  -7    1963  24     -3       28
  AVERAGE         33                        33      0       36

PRECIPITATION (IN)
  YESTERDAY        0.00          0.51 1962   0.03  -0.03     0.00
  MONTH TO DATE    0.17                      0.65  -0.48     1.51
  SINCE OCT 1      1.28                      3.41  -2.13     5.26
  SINCE JAN 1      0.17                      0.65  -0.48     1.51

DEGREE DAYS
 HEATING
  YESTERDAY       32                        32      0       29
  MONTH TO DATE  562                       625    -63      918
  SINCE DEC 1   1694                      1691      3     2177
  SINCE JUL 1   3273                      3465   -192     3641

 COOLING
  YESTERDAY        0                         0      0        0
  MONTH TO DATE    0                         0      0        0
  SINCE DEC 1      0                         0      0        0
  SINCE JAN 1      0                         0      0        0
..................................................................


WIND (MPH)
  RESULTANT WIND SPEED   4   RESULTANT WIND DIRECTION   S (180)
  HIGHEST WIND SPEED    15   HIGHEST WIND DIRECTION     S (200)
  HIGHEST GUST SPEED    20   HIGHEST GUST DIRECTION     S (200)
  AVERAGE WIND SPEED     5.6


SKY COVER
  POSSIBLE SUNSHINE  MM
  AVERAGE SKY COVER 0.1


WEATHER CONDITIONS
 THE FOLLOWING WEATHER WAS RECORDED YESTERDAY.
  NO SIGNIFICANT WEATHER WAS OBSERVED.


RELATIVE HUMIDITY (PERCENT)
 HIGHEST   100           200 AM
 LOWEST     49           200 PM
 AVERAGE    75

..........................................................


THE REDMOND OR CLIMATE NORMALS FOR TODAY
                         NORMAL    RECORD    YEAR
 MAXIMUM TEMPERATURE (F)   43        64      1968
 MINIMUM TEMPERATURE (F)   24        -4      1962


SUNRISE AND SUNSET
JANUARY 20 2018.......SUNRISE   734 AM PST   SUNSET   458 PM PST
JANUARY 21 2018.......SUNRISE   733 AM PST   SUNSET   459 PM PST


-  INDICATES NEGATIVE NUMBERS.
R  INDICATES RECORD WAS SET OR TIED.
MM INDICATES DATA IS MISSING.
T  INDICATES TRACE AMOUNT.

$$
