000
CDUS46 KPDT 020912
CLIRDM

CLIMATE REPORT
NATIONAL WEATHER SERVICE PENDLETON OR
212 AM PDT THU JUL 2 2015


...................................

...THE REDMOND OR CLIMATE SUMMARY FOR JULY 1 2015...

CLIMATE NORMAL PERIOD 1981 TO 2010
CLIMATE RECORD PERIOD 1949 TO 2015


WEATHER ITEM   OBSERVED TIME   RECORD YEAR NORMAL DEPARTURE LAST
                VALUE   (LST)  VALUE       VALUE  FROM      YEAR
                                                  NORMAL
..................................................................
TEMPERATURE (F)
 YESTERDAY
  MAXIMUM         99R   458 PM  99    2013  82     17       93
  MINIMUM         54    441 AM  31    1973  44     10       44
  AVERAGE         77                        63     14       69

PRECIPITATION (IN)
  YESTERDAY        0.00          0.62 1998   0.02  -0.02     0.00
  MONTH TO DATE    0.00                      0.02  -0.02     0.00
  SINCE OCT 1      8.31                      7.46   0.85     4.46
  SINCE JAN 1      4.03                      4.70  -0.67     3.75

DEGREE DAYS
 HEATING
  YESTERDAY        0                         4     -4        0
  MONTH TO DATE    0                         4     -4        0
  SINCE JUN 1     77                       221   -144      223
  SINCE JUL 1      0                         4     -4        0

 COOLING
  YESTERDAY       12                         2     10        4
  MONTH TO DATE   12                         2     10        4
  SINCE JUN 1    119                        26     93        5
  SINCE JAN 1    128                        31     97        5
..................................................................


WIND (MPH)
  RESULTANT WIND SPEED   3   RESULTANT WIND DIRECTION   N (340)
  HIGHEST WIND SPEED    17   HIGHEST WIND DIRECTION     N (350)
  HIGHEST GUST SPEED    21   HIGHEST GUST DIRECTION     N (360)
  AVERAGE WIND SPEED     6.6


SKY COVER
  POSSIBLE SUNSHINE  MM
  AVERAGE SKY COVER 0.0


WEATHER CONDITIONS
 THE FOLLOWING WEATHER WAS RECORDED YESTERDAY.
  NO SIGNIFICANT WEATHER WAS OBSERVED.


RELATIVE HUMIDITY (PERCENT)
 HIGHEST    72           300 AM
 LOWEST     16           500 PM
 AVERAGE    44

..........................................................


THE REDMOND OR CLIMATE NORMALS FOR TODAY
                         NORMAL    RECORD    YEAR
 MAXIMUM TEMPERATURE (F)   82       102      2013
 MINIMUM TEMPERATURE (F)   44        29      1962


SUNRISE AND SUNSET
JULY  2 2015..........SUNRISE   525 AM PDT   SUNSET   852 PM PDT
JULY  3 2015..........SUNRISE   526 AM PDT   SUNSET   852 PM PDT


-  INDICATES NEGATIVE NUMBERS.
R  INDICATES RECORD WAS SET OR TIED.
MM INDICATES DATA IS MISSING.
T  INDICATES TRACE AMOUNT.

$$
