000
CDUS46 KPDT 270827
CLIRDM

CLIMATE REPORT
NATIONAL WEATHER SERVICE PENDLETON OR
125 AM PDT THU AUG 27 2015


...................................

...THE REDMOND OR CLIMATE SUMMARY FOR AUGUST 26 2015...

CLIMATE NORMAL PERIOD 1981 TO 2010
CLIMATE RECORD PERIOD 1949 TO 2015


WEATHER ITEM   OBSERVED TIME   RECORD YEAR NORMAL DEPARTURE LAST
                VALUE   (LST)  VALUE       VALUE  FROM      YEAR
                                                  NORMAL
..................................................................
TEMPERATURE (F)
 YESTERDAY
  MAXIMUM         92    316 PM  95    1999  83      9       85
  MINIMUM         45    523 AM  32    1993  43      2       41
  AVERAGE         69                        63      6       63

PRECIPITATION (IN)
  YESTERDAY        0.00          0.25 1953   0.01  -0.01     0.00
  MONTH TO DATE    0.01                      0.41  -0.40     0.94
  SINCE OCT 1      8.76                      8.40   0.36     5.69
  SINCE JAN 1      4.48                      5.64  -1.16     4.98

DEGREE DAYS
 HEATING
  YESTERDAY        0                         4     -4        2
  MONTH TO DATE   27                        60    -33       30
  SINCE JUN 1    152                       346   -194      284
  SINCE JUL 1     75                       129    -54       61

 COOLING
  YESTERDAY        4                         2      2        0
  MONTH TO DATE   94                        75     19       96
  SINCE JUN 1    335                       196    139      290
  SINCE JAN 1    344                       201    143      290
..................................................................


WIND (MPH)
  RESULTANT WIND SPEED   3   RESULTANT WIND DIRECTION   W (270)
  HIGHEST WIND SPEED    23   HIGHEST WIND DIRECTION     W (280)
  HIGHEST GUST SPEED    28   HIGHEST GUST DIRECTION     W (290)
  AVERAGE WIND SPEED     6.9


SKY COVER
  POSSIBLE SUNSHINE  MM
  AVERAGE SKY COVER 0.1


WEATHER CONDITIONS
 THE FOLLOWING WEATHER WAS RECORDED YESTERDAY.
  HAZE


RELATIVE HUMIDITY (PERCENT)
 HIGHEST    61           500 AM
 LOWEST     14           300 PM
 AVERAGE    38

..........................................................


THE REDMOND OR CLIMATE NORMALS FOR TODAY
                         NORMAL    RECORD    YEAR
 MAXIMUM TEMPERATURE (F)   82        98      1972
 MINIMUM TEMPERATURE (F)   43        33      1964


SUNRISE AND SUNSET
AUGUST 27 2015........SUNRISE   622 AM PDT   SUNSET   750 PM PDT
AUGUST 28 2015........SUNRISE   623 AM PDT   SUNSET   748 PM PDT


-  INDICATES NEGATIVE NUMBERS.
R  INDICATES RECORD WAS SET OR TIED.
MM INDICATES DATA IS MISSING.
T  INDICATES TRACE AMOUNT.




$$
