000
CDUS46 KPDT 240026 RRA
CLIRDM

CLIMATE REPORT
NATIONAL WEATHER SERVICE PENDLETON OR
526 PM PDT MON OCT 23 2017


...................................

...THE REDMOND OR CLIMATE SUMMARY FOR OCTOBER 23 2017...
VALID TODAY AS OF 0500 PM LOCAL TIME.

CLIMATE NORMAL PERIOD 1981 TO 2010
CLIMATE RECORD PERIOD 1949 TO 2017


WEATHER ITEM   OBSERVED TIME   RECORD YEAR NORMAL DEPARTURE LAST
                VALUE   (LST)  VALUE       VALUE  FROM      YEAR
                                                  NORMAL
..................................................................
TEMPERATURE (F)
 TODAY
  MAXIMUM         68    337 PM  82    1965  60      8       59
  MINIMUM         28    542 AM  18    1980  30     -2       33
  AVERAGE         48                        45      3       46

PRECIPITATION (IN)
  TODAY            0.00          0.19 1951   0.02  -0.02     0.00
  MONTH TO DATE    0.52                      0.43   0.09     0.41
  SINCE OCT 1      0.52                      0.43   0.09     0.41
  SINCE JAN 1      5.99                      6.57  -0.58     5.95

DEGREE DAYS
 HEATING
  TODAY           17                        20     -3       19
  MONTH TO DATE  442                       376     66      364
  SINCE SEP 1    664                       626     38      633
  SINCE JUL 1    687                       775    -88      722

 COOLING
  TODAY            0                         0      0        0
  MONTH TO DATE    0                         0      0        0
  SINCE SEP 1     56                        16     40        1
  SINCE JAN 1    434                       222    212      240
..................................................................


WIND (MPH)
  RESULTANT WIND SPEED   1   RESULTANT WIND DIRECTION   E (90)
  HIGHEST WIND SPEED    10   HIGHEST WIND DIRECTION    NE (30)
  HIGHEST GUST SPEED    13   HIGHEST GUST DIRECTION    NE (30)
  AVERAGE WIND SPEED     2.8


SKY COVER
  POSSIBLE SUNSHINE  MM
  AVERAGE SKY COVER 0.0


WEATHER CONDITIONS
 THE FOLLOWING WEATHER WAS RECORDED TODAY.
  NO SIGNIFICANT WEATHER WAS OBSERVED.


RELATIVE HUMIDITY (PERCENT)
 HIGHEST    92           200 AM
 LOWEST     26           200 PM
 AVERAGE    59

..........................................................


THE REDMOND OR CLIMATE NORMALS FOR TOMORROW
                         NORMAL    RECORD    YEAR
 MAXIMUM TEMPERATURE (F)   60        85      1968
 MINIMUM TEMPERATURE (F)   30        15      2002


SUNRISE AND SUNSET
OCTOBER 23 2017.......SUNRISE   730 AM PDT   SUNSET   607 PM PDT
OCTOBER 24 2017.......SUNRISE   731 AM PDT   SUNSET   605 PM PDT


-  INDICATES NEGATIVE NUMBERS.
R  INDICATES RECORD WAS SET OR TIED.
MM INDICATES DATA IS MISSING.
T  INDICATES TRACE AMOUNT.




$$
