000
CDUS46 KPDT 230846
CLIRDM

CLIMATE REPORT
NATIONAL WEATHER SERVICE PENDLETON OR
144 AM PDT SAT MAY 23 2015


...................................

...THE REDMOND OR CLIMATE SUMMARY FOR MAY 22 2015...

CLIMATE NORMAL PERIOD 1981 TO 2010
CLIMATE RECORD PERIOD 1949 TO 2015


WEATHER ITEM   OBSERVED TIME   RECORD YEAR NORMAL DEPARTURE LAST
                VALUE   (LST)  VALUE       VALUE  FROM      YEAR
                                                  NORMAL
..................................................................
TEMPERATURE (F)
 YESTERDAY
  MAXIMUM         66    112 PM  90    1979  69     -3       83
  MINIMUM         50   1159 PM  21    2013  37     13       36
  AVERAGE         58                        53      5       60

PRECIPITATION (IN)
  YESTERDAY        0.38R         0.29 1958   0.04   0.34     0.00
  MONTH TO DATE    2.36                      0.69   1.67     0.33
  SINCE OCT 1      8.17                      6.46   1.71     4.13
  SINCE JAN 1      3.89                      3.70   0.19     3.42

DEGREE DAYS
 HEATING
  YESTERDAY        7                        12     -5        5
  MONTH TO DATE  316                       326    -10      275
  SINCE MAR 1   1594                      1724   -130     1577
  SINCE JUL 1   5627                      6397   -770     6370

 COOLING
  YESTERDAY        0                         0      0        0
  MONTH TO DATE    0                         0      0        0
  SINCE MAR 1      0                         0      0        0
  SINCE JAN 1      0                         0      0        0
..................................................................


WIND (MPH)
  RESULTANT WIND SPEED   3   RESULTANT WIND DIRECTION   W (290)
  HIGHEST WIND SPEED    17   HIGHEST WIND DIRECTION    NW (310)
  HIGHEST GUST SPEED    20   HIGHEST GUST DIRECTION    NW (310)
  AVERAGE WIND SPEED     4.8


SKY COVER
  POSSIBLE SUNSHINE  MM
  AVERAGE SKY COVER 0.9


WEATHER CONDITIONS
 THE FOLLOWING WEATHER WAS RECORDED YESTERDAY.
  THUNDERSTORM
  RAIN
  LIGHT RAIN
  FOG


RELATIVE HUMIDITY (PERCENT)
 HIGHEST   100           200 AM
 LOWEST     63           100 PM
 AVERAGE    82

..........................................................


THE REDMOND OR CLIMATE NORMALS FOR TODAY
                         NORMAL    RECORD    YEAR
 MAXIMUM TEMPERATURE (F)   70        88      1983
 MINIMUM TEMPERATURE (F)   37        18      1964


SUNRISE AND SUNSET
MAY 23 2015...........SUNRISE   530 AM PDT   SUNSET   833 PM PDT
MAY 24 2015...........SUNRISE   529 AM PDT   SUNSET   834 PM PDT


-  INDICATES NEGATIVE NUMBERS.
R  INDICATES RECORD WAS SET OR TIED.
MM INDICATES DATA IS MISSING.
T  INDICATES TRACE AMOUNT.




$$
