000
CDUS46 KPDT 280034
CLIRDM

CLIMATE REPORT
NATIONAL WEATHER SERVICE PENDLETON OR
432 PM PST MON FEB 27 2017


...................................

...THE REDMOND OR CLIMATE SUMMARY FOR FEBRUARY 27 2017...
VALID TODAY AS OF 0400 PM LOCAL TIME.

CLIMATE NORMAL PERIOD 1981 TO 2010
CLIMATE RECORD PERIOD 1949 TO 2017


WEATHER ITEM   OBSERVED TIME   RECORD YEAR NORMAL DEPARTURE LAST
                VALUE   (LST)  VALUE       VALUE  FROM      YEAR
                                                  NORMAL
..................................................................
TEMPERATURE (F)
 TODAY
  MAXIMUM         38    306 PM  63    1967  50    -12       54
  MINIMUM         18    659 AM -12    1960  24     -6       32
  AVERAGE         28                        37     -9       43

PRECIPITATION (IN)
  TODAY            T             0.27 2006   0.02  -0.02     0.01
  MONTH TO DATE    1.14                      0.63   0.51     0.12
  SINCE OCT 1      6.51                      4.36   2.15     4.91
  SINCE JAN 1      2.76                      1.60   1.16     1.34

DEGREE DAYS
 HEATING
  TODAY           37                        28      9       22
  MONTH TO DATE  803                       806     -3      635
  SINCE DEC 1   3382                      2872    510     2362
  SINCE JUL 1   4846                      4646    200     4080

 COOLING
  TODAY            0                         0      0        0
  MONTH TO DATE    0                         0      0        0
  SINCE DEC 1      0                         0      0        0
  SINCE JAN 1      0                         0      0        0
..................................................................


WIND (MPH)
  RESULTANT WIND SPEED   4   RESULTANT WIND DIRECTION  SW (220)
  HIGHEST WIND SPEED    26   HIGHEST WIND DIRECTION     W (280)
  HIGHEST GUST SPEED    31   HIGHEST GUST DIRECTION     W (290)
  AVERAGE WIND SPEED     5.9


SKY COVER
  POSSIBLE SUNSHINE  MM
  AVERAGE SKY COVER 0.6


WEATHER CONDITIONS
 THE FOLLOWING WEATHER WAS RECORDED TODAY.
  LIGHT SNOW


RELATIVE HUMIDITY (PERCENT)
 HIGHEST    81           200 AM
 LOWEST     38          1100 AM
 AVERAGE    60

..........................................................


THE REDMOND OR CLIMATE NORMALS FOR TOMORROW
                         NORMAL    RECORD    YEAR
 MAXIMUM TEMPERATURE (F)   50        65      1959
 MINIMUM TEMPERATURE (F)   24        -7      1960


SUNRISE AND SUNSET
FEBRUARY 27 2017......SUNRISE   644 AM PST   SUNSET   551 PM PST
FEBRUARY 28 2017......SUNRISE   643 AM PST   SUNSET   552 PM PST


-  INDICATES NEGATIVE NUMBERS.
R  INDICATES RECORD WAS SET OR TIED.
MM INDICATES DATA IS MISSING.
T  INDICATES TRACE AMOUNT.




$$
