000
CDUS46 KPDT 020831
CLIRDM

CLIMATE REPORT
NATIONAL WEATHER SERVICE PENDLETON OR
130 AM PDT THU OCT 2 2014


...................................

...THE REDMOND OR CLIMATE SUMMARY FOR OCTOBER 1 2014...

CLIMATE NORMAL PERIOD 1981 TO 2010
CLIMATE RECORD PERIOD 1949 TO 2014


WEATHER ITEM   OBSERVED TIME   RECORD YEAR NORMAL DEPARTURE LAST
                VALUE   (LST)  VALUE       VALUE  FROM      YEAR
                                                  NORMAL
..................................................................
TEMPERATURE (F)
 YESTERDAY
  MAXIMUM         67    356 PM  91    2001  71     -4       53
  MINIMUM         32    612 AM  21    1950  34     -2       29
  AVERAGE         50                        52     -2       41

PRECIPITATION (IN)
  YESTERDAY        0.00          0.80 2005   0.02  -0.02     0.03
  MONTH TO DATE    0.00                      0.02  -0.02     0.03
  SINCE OCT 1      0.00                      0.02  -0.02     0.03
  SINCE JAN 1      5.42                      6.16  -0.74     4.12

DEGREE DAYS
 HEATING
  YESTERDAY       15                        13      2       24
  MONTH TO DATE   15                        13      2       24
  SINCE SEP 1    201                       263    -62      254
  SINCE JUL 1    275                       412   -137      290

 COOLING
  YESTERDAY        0                         0      0        0
  MONTH TO DATE    0                         0      0        0
  SINCE SEP 1     14                        16     -2       36
  SINCE JAN 1    311                       222     89      350
..................................................................


WIND (MPH)
  RESULTANT WIND SPEED   2   RESULTANT WIND DIRECTION   S (180)
  HIGHEST WIND SPEED     9   HIGHEST WIND DIRECTION     S (170)
  HIGHEST GUST SPEED    17   HIGHEST GUST DIRECTION     W (290)
  AVERAGE WIND SPEED     3.8


SKY COVER
  POSSIBLE SUNSHINE  MM
  AVERAGE SKY COVER 0.0


WEATHER CONDITIONS
 THE FOLLOWING WEATHER WAS RECORDED YESTERDAY.
  NO SIGNIFICANT WEATHER WAS OBSERVED.


RELATIVE HUMIDITY (PERCENT)
 HIGHEST    96           400 AM
 LOWEST     15           400 PM
 AVERAGE    56

..........................................................


THE REDMOND OR CLIMATE NORMALS FOR TODAY
                         NORMAL    RECORD    YEAR
 MAXIMUM TEMPERATURE (F)   70        90      1963
 MINIMUM TEMPERATURE (F)   34        21      1973


SUNRISE AND SUNSET
OCTOBER  2 2014.......SUNRISE   704 AM PDT   SUNSET   643 PM PDT
OCTOBER  3 2014.......SUNRISE   705 AM PDT   SUNSET   641 PM PDT


-  INDICATES NEGATIVE NUMBERS.
R  INDICATES RECORD WAS SET OR TIED.
MM INDICATES DATA IS MISSING.
T  INDICATES TRACE AMOUNT.




$$
