000
CDUS42 KRAH 300031
CLIRDU


CLIMATE REPORT
NATIONAL WEATHER SERVICE RALEIGH NC
829 PM EDT FRI JUL 29 2016


...................................

...THE RALEIGH-DURHAM INTL AIRPORT NC CLIMATE SUMMARY FOR JULY 29 2016...
VALID AS OF 0829 PM LOCAL TIME.

CLIMATE NORMAL PERIOD 1981 TO 2010
CLIMATE RECORD PERIOD 1887 TO 2016


WEATHER ITEM   OBSERVED TIME   RECORD YEAR NORMAL DEPARTURE LAST
                VALUE   (LST)  VALUE       VALUE  FROM      YEAR
                                                  NORMAL
..................................................................
TEMPERATURE (F)
 TODAY
  MAXIMUM         92    256 PM 104    2011  90      2       91
                                      1952
  MINIMUM         75    540 AM  55    1946  70      5       75
  AVERAGE         84                        80      4       83

PRECIPITATION (IN)
  TODAY            0.00          2.82 2004   0.16  -0.16     0.00
  MONTH TO DATE    7.95                      4.40   3.55     5.01
  SINCE JUN 1     13.97                      7.92   6.05    11.36
  SINCE JAN 1     33.58                     24.95   8.63    29.20

DEGREE DAYS
 HEATING
  TODAY            0                         0      0        0
  MONTH TO DATE    0                         0      0        0
  SINCE JUN 1      0                         4     -4        0
  SINCE JUL 1      0                         0      0        0

 COOLING
  TODAY           19                        15      4       18
  MONTH TO DATE  496                       435     61      437
  SINCE JUN 1    855                       782     73      874
  SINCE JAN 1   1091                       991    100     1144
..................................................................


WIND (MPH)
  HIGHEST WIND SPEED    10   HIGHEST WIND DIRECTION     N (20)
  HIGHEST GUST SPEED    17   HIGHEST GUST DIRECTION    NE (30)
  AVERAGE WIND SPEED     6.1


SKY COVER
  POSSIBLE SUNSHINE  MM
  AVERAGE SKY COVER 0.3


WEATHER CONDITIONS
 THE FOLLOWING WEATHER WAS RECORDED TODAY.
  NO SIGNIFICANT WEATHER WAS OBSERVED.


RELATIVE HUMIDITY (PERCENT)
 HIGHEST    82           400 AM
 LOWEST     47           500 PM
 AVERAGE    65

..........................................................


THE RALEIGH-DURHAM INTL AIRPORT NC CLIMATE NORMALS FOR TOMORROW
                         NORMAL    RECORD    YEAR
 MAXIMUM TEMPERATURE (F)   90       101      1953
 MINIMUM TEMPERATURE (F)   70        56      1946
                                             1936


SUNRISE AND SUNSET
JULY 29 2016..........SUNRISE   621 AM EDT   SUNSET   822 PM EDT
JULY 30 2016..........SUNRISE   622 AM EDT   SUNSET   821 PM EDT


-  INDICATES NEGATIVE NUMBERS.
R  INDICATES RECORD WAS SET OR TIED.
MM INDICATES DATA IS MISSING.
T  INDICATES TRACE AMOUNT.

&&

CLIMATE REPORT
NWS FORECAST OFFICE
NCSU CENTENNIAL CAMPUS
RALEIGH NC

MAXIMUM TEMPERATURE... 93

MINIMUM TEMPERATURE... 77

PRECIPITATION... 0.00


$$
