000
CDUS42 KRAH 232152
CLIRDU


CLIMATE REPORT
NATIONAL WEATHER SERVICE RALEIGH NC
445 PM EST SUN NOV 23 2014


...................................

...THE RALEIGH-DURHAM INTL AIRPORT NC CLIMATE SUMMARY FOR NOVEMBER 23 2014...
VALID TODAY AS OF 0445 PM LOCAL TIME.

CLIMATE NORMAL PERIOD 1981 TO 2010
CLIMATE RECORD PERIOD 1887 TO 2014


WEATHER ITEM   OBSERVED TIME   RECORD YEAR NORMAL DEPARTURE LAST
                VALUE   (LST)  VALUE       VALUE  FROM      YEAR
                                                  NORMAL
..................................................................
TEMPERATURE (F)
 TODAY
  MAXIMUM         56    439 PM  82    1900  61     -5       61
  MINIMUM         34   1247 AM  18    1971  39     -5       43
  AVERAGE         45                        50     -5       52

PRECIPITATION (IN)
  TODAY            0.04          1.23 1961   0.10  -0.06     0.01
  MONTH TO DATE    1.33                      2.39  -1.06     1.45
  SINCE SEP 1      9.42                     10.00  -0.58     5.77
  SINCE JAN 1     47.83                     39.54   8.29    43.24

SNOWFALL (IN)
  TODAY            0.0           2.6  1975   0.0    0.0      0.0
  MONTH TO DATE    T                         0.1   -0.1       T
  SINCE SEP 1      T                         0.1   -0.1       T
  SINCE JUL 1      T                         0.1   -0.1       T
  SNOW DEPTH       0

DEGREE DAYS
 HEATING
  TODAY           20                        15      5       13
  MONTH TO DATE  420                       277    143      303
  SINCE SEP 1    548                       465     83      462
  SINCE JUL 1    548                       466     82      462

 COOLING
  TODAY            0                         0      0        0
  MONTH TO DATE    0                         1     -1        2
  SINCE SEP 1    298                       280     18      246
  SINCE JAN 1   1656                      1721    -65     1552
..................................................................


WIND (MPH)
  HIGHEST WIND SPEED     8   HIGHEST WIND DIRECTION     E (90)
  HIGHEST GUST SPEED    13   HIGHEST GUST DIRECTION     E (110)
  AVERAGE WIND SPEED     1.4


SKY COVER
  POSSIBLE SUNSHINE  MM
  AVERAGE SKY COVER 1.0


WEATHER CONDITIONS
 THE FOLLOWING WEATHER WAS RECORDED TODAY.
  LIGHT RAIN


RELATIVE HUMIDITY (PERCENT)
 HIGHEST    89           300 PM
 LOWEST     60          1000 AM
 AVERAGE    75

..........................................................


THE RALEIGH-DURHAM INTL AIRPORT NC CLIMATE NORMALS FOR TOMORROW
                         NORMAL    RECORD    YEAR
 MAXIMUM TEMPERATURE (F)   61        82      1973
 MINIMUM TEMPERATURE (F)   39        15      1970


SUNRISE AND SUNSET
NOVEMBER 23 2014......SUNRISE   659 AM EST   SUNSET   504 PM EST
NOVEMBER 24 2014......SUNRISE   700 AM EST   SUNSET   503 PM EST


-  INDICATES NEGATIVE NUMBERS.
R  INDICATES RECORD WAS SET OR TIED.
MM INDICATES DATA IS MISSING.
T  INDICATES TRACE AMOUNT.

&&

CLIMATE REPORT NWS FORECAST OFFICE
NCSU CENTENNIAL CAMPUS
RALEIGH, NC

MAXIMUM TEMPERATURE... 55

MINIMUM TEMPERATURE... 35

PRECIPITATION... 0.05

$$
