000
CDUS42 KRAH 170553
CLIRDU


CLIMATE REPORT
NATIONAL WEATHER SERVICE RALEIGH NC
151 AM EDT WED SEP 17 2014


...................................

...THE RALEIGH-DURHAM INTL AIRPORT NC CLIMATE SUMMARY FOR SEPTEMBER 16 2014...

CLIMATE NORMAL PERIOD 1981 TO 2010
CLIMATE RECORD PERIOD 1887 TO 2014


WEATHER ITEM   OBSERVED TIME   RECORD YEAR NORMAL DEPARTURE LAST
                VALUE   (LST)  VALUE       VALUE  FROM      YEAR
                                                  NORMAL
..................................................................
TEMPERATURE (F)
 YESTERDAY
  MAXIMUM         83    141 PM  97    1956  82      1       86
  MINIMUM         67    609 AM  46    2000  62      5       66
  AVERAGE         75                        72      3       76

PRECIPITATION (IN)
  YESTERDAY        0.01          3.05 1945   0.16  -0.15     0.06
  MONTH TO DATE    2.41                      2.53  -0.12     1.52
  SINCE SEP 1      2.41                      2.53  -0.12     1.52
  SINCE JAN 1     40.82                     32.07   8.75    38.99

DEGREE DAYS
 HEATING
  YESTERDAY        0                         0      0        0
  MONTH TO DATE    0                         0      0        0
  SINCE SEP 1      0                         0      0        0
  SINCE JUL 1      0                         1     -1        0

 COOLING
  YESTERDAY       10                         7      3       11
  MONTH TO DATE  182                       151     31      174
  SINCE SEP 1    182                       151     31      174
  SINCE JAN 1   1540                      1592    -52     1480
..................................................................


WIND (MPH)
  HIGHEST WIND SPEED    10   HIGHEST WIND DIRECTION    NE (40)
  HIGHEST GUST SPEED    23   HIGHEST GUST DIRECTION     E (100)
  AVERAGE WIND SPEED     3.2


SKY COVER
  POSSIBLE SUNSHINE  MM
  AVERAGE SKY COVER 0.7


WEATHER CONDITIONS
 THE FOLLOWING WEATHER WAS RECORDED YESTERDAY.
  LIGHT RAIN
  FOG
  HAZE


RELATIVE HUMIDITY (PERCENT)
 HIGHEST    93           400 AM
 LOWEST     47          1200 PM
 AVERAGE    70

..........................................................


THE RALEIGH-DURHAM INTL AIRPORT NC CLIMATE NORMALS FOR TODAY
                         NORMAL    RECORD    YEAR
 MAXIMUM TEMPERATURE (F)   82        97      1931
 MINIMUM TEMPERATURE (F)   61        43      1966


SUNRISE AND SUNSET
SEPTEMBER 17 2014.....SUNRISE   659 AM EDT   SUNSET   719 PM EDT
SEPTEMBER 18 2014.....SUNRISE   700 AM EDT   SUNSET   718 PM EDT


-  INDICATES NEGATIVE NUMBERS.
R  INDICATES RECORD WAS SET OR TIED.
MM INDICATES DATA IS MISSING.
T  INDICATES TRACE AMOUNT.

&&

CLIMATE REPORT NWS FORECAST OFFICE
NCSU CENTENNIAL CAMPUS
RALEIGH, NC

MAXIMUM TEMPERATURE... 84

MINIMUM TEMPERATURE... 66

PRECIPITATION... T

$$
