000
CDUS42 KRAH 110711
CLIRDU


CLIMATE REPORT
NATIONAL WEATHER SERVICE RALEIGH NC
209 AM EST THU FEB 11 2016


...................................

...THE RALEIGH-DURHAM INTL AIRPORT NC CLIMATE SUMMARY FOR FEBRUARY 10 2016...

CLIMATE NORMAL PERIOD 1981 TO 2010
CLIMATE RECORD PERIOD 1887 TO 2016


WEATHER ITEM   OBSERVED TIME   RECORD YEAR NORMAL DEPARTURE LAST
                VALUE   (LST)  VALUE       VALUE  FROM      YEAR
                                                  NORMAL
..................................................................
TEMPERATURE (F)
 YESTERDAY
  MAXIMUM         40   1246 PM  75    1938  54    -14       45
  MINIMUM         24    507 AM   8    1979  33     -9       36
                                      1934
                                      1899
  AVERAGE         32                        44    -12       41

PRECIPITATION (IN)
  YESTERDAY        0.00          1.75 1946   0.11  -0.11     0.17
                                      1921
  MONTH TO DATE    1.63                      1.10   0.53     0.96
  SINCE DEC 1      9.43                      7.67   1.76     9.28
  SINCE JAN 1      3.36                      4.60  -1.24     4.31

SNOWFALL (IN)
  YESTERDAY        0.0           4.5  1973   0.1   -0.1      0.0
  MONTH TO DATE    0.0                       0.8   -0.8      0.0
  SINCE DEC 1      1.2                       4.3   -3.1       T
  SINCE JUL 1      1.2                       4.4   -3.2       T
  SNOW DEPTH       0

DEGREE DAYS
 HEATING
  YESTERDAY       33                        21     12       24
  MONTH TO DATE  193                       222    -29      222
  SINCE DEC 1   1279                      1638   -359     1619
  SINCE JUL 1   1730                      2219   -489     2283

 COOLING
  YESTERDAY        0                         0      0        0
  MONTH TO DATE    0                         0      0        0
  SINCE DEC 1     27                         2     25        0
  SINCE JAN 1      0                         0      0        0
..................................................................


WIND (MPH)
  HIGHEST WIND SPEED    16   HIGHEST WIND DIRECTION    NW (300)
  HIGHEST GUST SPEED    25   HIGHEST GUST DIRECTION     W (290)
  AVERAGE WIND SPEED     7.4


SKY COVER
  POSSIBLE SUNSHINE  MM
  AVERAGE SKY COVER 0.3


WEATHER CONDITIONS
 THE FOLLOWING WEATHER WAS RECORDED YESTERDAY.
  NO SIGNIFICANT WEATHER WAS OBSERVED.


RELATIVE HUMIDITY (PERCENT)
 HIGHEST    60           400 AM
 LOWEST     35           400 PM
 AVERAGE    48

..........................................................


THE RALEIGH-DURHAM INTL AIRPORT NC CLIMATE NORMALS FOR TODAY
                         NORMAL    RECORD    YEAR
 MAXIMUM TEMPERATURE (F)   54        80      1932
 MINIMUM TEMPERATURE (F)   33        10      1899


SUNRISE AND SUNSET
FEBRUARY 11 2016......SUNRISE   707 AM EST   SUNSET   552 PM EST
FEBRUARY 12 2016......SUNRISE   706 AM EST   SUNSET   553 PM EST


-  INDICATES NEGATIVE NUMBERS.
R  INDICATES RECORD WAS SET OR TIED.
MM INDICATES DATA IS MISSING.
T  INDICATES TRACE AMOUNT.

&&

CLIMATE REPORT NWS FORECAST OFFICE
NCSU CENTENNIAL CAMPUS
RALEIGH...NC

MAXIMUM TEMPERATURE... 40

MINIMUM TEMPERATURE... 25

PRECIPITATION... 0.00

$$
