000
CDUS42 KRAH 272049
CLIRDU


CLIMATE REPORT
NATIONAL WEATHER SERVICE RALEIGH NC
446 PM EDT WED AUG 27 2014


...................................

...THE RALEIGH-DURHAM INTL AIRPORT NC CLIMATE SUMMARY FOR AUGUST 27 2014...
VALID TODAY AS OF 0446 PM LOCAL TIME.

CLIMATE NORMAL PERIOD 1981 TO 2010
CLIMATE RECORD PERIOD 1887 TO 2014


WEATHER ITEM   OBSERVED TIME   RECORD YEAR NORMAL DEPARTURE LAST
                VALUE   (LST)  VALUE       VALUE  FROM      YEAR
                                                  NORMAL
..................................................................
TEMPERATURE (F)
 TODAY
  MAXIMUM         86    344 PM  97    1948  87     -1       89
  MINIMUM         58    439 AM  53    1945  67     -9       62
  AVERAGE         72                        77     -5       76

PRECIPITATION (IN)
  TODAY            0.00          4.16 1887   0.15  -0.15     0.00
  MONTH TO DATE    6.80                      3.70   3.10     4.88
  SINCE JUN 1     19.07                     11.95   7.12    18.44
  SINCE JAN 1     38.34                     28.98   9.36    37.47

DEGREE DAYS
 HEATING
  TODAY            0                         0      0        0
  MONTH TO DATE    0                         0      0        0
  SINCE JUN 1      0                         4     -4        0
  SINCE JUL 1      0                         0      0        0

 COOLING
  TODAY            7                        12     -5       11
  MONTH TO DATE  286                       372    -86      298
  SINCE JUN 1   1086                      1185    -99     1075
  SINCE JAN 1   1299                      1394    -95     1253
..................................................................


WIND (MPH)
  HIGHEST WIND SPEED    12   HIGHEST WIND DIRECTION    NE (50)
  HIGHEST GUST SPEED    16   HIGHEST GUST DIRECTION    NE (40)
  AVERAGE WIND SPEED     4.1


SKY COVER
  POSSIBLE SUNSHINE  MM
  AVERAGE SKY COVER 0.3


WEATHER CONDITIONS
 THE FOLLOWING WEATHER WAS RECORDED TODAY.
  FOG


RELATIVE HUMIDITY (PERCENT)
 HIGHEST    93           400 AM
 LOWEST     40           300 PM
 AVERAGE    67

..........................................................


THE RALEIGH-DURHAM INTL AIRPORT NC CLIMATE NORMALS FOR TOMORROW
                         NORMAL    RECORD    YEAR
 MAXIMUM TEMPERATURE (F)   87       100      1948
 MINIMUM TEMPERATURE (F)   67        52      1986
                                             1969


SUNRISE AND SUNSET
AUGUST 27 2014........SUNRISE   643 AM EDT   SUNSET   749 PM EDT
AUGUST 28 2014........SUNRISE   644 AM EDT   SUNSET   748 PM EDT


-  INDICATES NEGATIVE NUMBERS.
R  INDICATES RECORD WAS SET OR TIED.
MM INDICATES DATA IS MISSING.
T  INDICATES TRACE AMOUNT.

&&

CLIMATE REPORT NWS FORECAST OFFICE
NCSU CENTENNIAL CAMPUS
RALEIGH, NC

MAXIMUM TEMPERATURE...85

MINIMUM TEMPERATURE...59

PRECIPITATION...0.00

$$
