000
CDUS42 KRAH 110558
CLIRDU


CLIMATE REPORT
NATIONAL WEATHER SERVICE RALEIGH NC
156 AM EDT FRI JUL 11 2014


...................................

...THE RALEIGH-DURHAM INTL AIRPORT NC CLIMATE SUMMARY FOR JULY 10 2014...

CLIMATE NORMAL PERIOD 1981 TO 2010
CLIMATE RECORD PERIOD 1887 TO 2014


WEATHER ITEM   OBSERVED TIME   RECORD YEAR NORMAL DEPARTURE LAST
                VALUE   (LST)  VALUE       VALUE  FROM      YEAR
                                                  NORMAL
..................................................................
TEMPERATURE (F)
 YESTERDAY
  MAXIMUM         88    148 PM  99    1993  90     -2       89
                                      1937
                                      1926
  MINIMUM         71   1159 PM  54    1963  70      1       73
                                      1961
  AVERAGE         80                        80      0       81

PRECIPITATION (IN)
  YESTERDAY        0.66          2.21 1970   0.15   0.51     0.04
  MONTH TO DATE    0.68                      1.36  -0.68     1.07
  SINCE JUN 1      3.99                      4.88  -0.89    11.15
  SINCE JAN 1     23.26                     21.91   1.35    30.18

DEGREE DAYS
 HEATING
  YESTERDAY        0                         0      0        0
  MONTH TO DATE    0                         0      0        0
  SINCE JUN 1      0                         4     -4        0
  SINCE JUL 1      0                         0      0        0

 COOLING
  YESTERDAY       15                        15      0       16
  MONTH TO DATE  164                       150     14      146
  SINCE JUN 1    541                       497     44      477
  SINCE JAN 1    754                       706     48      655
..................................................................


WIND (MPH)
  HIGHEST WIND SPEED    17   HIGHEST WIND DIRECTION    SE (120)
  HIGHEST GUST SPEED    21   HIGHEST GUST DIRECTION     E (110)
  AVERAGE WIND SPEED     5.2


SKY COVER
  POSSIBLE SUNSHINE  MM
  AVERAGE SKY COVER 0.9


WEATHER CONDITIONS
 THE FOLLOWING WEATHER WAS RECORDED YESTERDAY.
  THUNDERSTORM
  HEAVY RAIN
  RAIN
  LIGHT RAIN
  FOG
  HAZE


RELATIVE HUMIDITY (PERCENT)
 HIGHEST    93           900 PM
 LOWEST     57           100 PM
 AVERAGE    75

..........................................................


THE RALEIGH-DURHAM INTL AIRPORT NC CLIMATE NORMALS FOR TODAY
                         NORMAL    RECORD    YEAR
 MAXIMUM TEMPERATURE (F)   90        99      1993
 MINIMUM TEMPERATURE (F)   70        49      1963


SUNRISE AND SUNSET
JULY 11 2014..........SUNRISE   608 AM EDT   SUNSET   833 PM EDT
JULY 12 2014..........SUNRISE   608 AM EDT   SUNSET   833 PM EDT


-  INDICATES NEGATIVE NUMBERS.
R  INDICATES RECORD WAS SET OR TIED.
MM INDICATES DATA IS MISSING.
T  INDICATES TRACE AMOUNT.

&&

CLIMATE REPORT NWS FORECAST OFFICE
NCSU CENTENNIAL CAMPUS
RALEIGH, NC

MAXIMUM TEMPERATURE...88

MINIMUM TEMPERATURE...69

PRECIPITATION...1.31

$$
