000
CDUS42 KRAH 190636
CLIRDU


CLIMATE REPORT
NATIONAL WEATHER SERVICE RALEIGH NC
135 AM EST MON FEB 19 2018


...................................

...THE RALEIGH-DURHAM INTL AIRPORT NC CLIMATE SUMMARY FOR FEBRUARY 18 2018...

CLIMATE NORMAL PERIOD 1981 TO 2010
CLIMATE RECORD PERIOD 1887 TO 2018


WEATHER ITEM   OBSERVED TIME   RECORD YEAR NORMAL DEPARTURE LAST
                VALUE   (LST)  VALUE       VALUE  FROM      YEAR
                                                  NORMAL
..................................................................
TEMPERATURE (F)
 YESTERDAY
  MAXIMUM         61    415 PM  78    2011  56      5       73
  MINIMUM         39    728 AM   7    1958  34      5       37
  AVERAGE         50                        45      5       55

PRECIPITATION (IN)
  YESTERDAY        0.02          1.16 1979   0.11  -0.09     0.00
  MONTH TO DATE    1.24                      2.01  -0.77     0.66
  SINCE DEC 1      7.45                      8.58  -1.13     6.62
  SINCE JAN 1      5.16                      5.51  -0.35     4.43

SNOWFALL (IN)
  YESTERDAY        0.0          10.3  1979   0.0    0.0      0.0
  MONTH TO DATE    0.0                       1.3   -1.3       T
  SINCE DEC 1      7.3                       4.8    2.5      0.5
  SINCE JUL 1      7.3                       4.9    2.4      0.5
  SNOW DEPTH       0

DEGREE DAYS
 HEATING
  YESTERDAY       15                        20     -5       10
  MONTH TO DATE  294                       387    -93      265
  SINCE DEC 1   1856                      1803     53     1456
  SINCE JUL 1   2438                      2384     54     1911

 COOLING
  YESTERDAY        0                         0      0        0
  MONTH TO DATE    7                         0      7        6
  SINCE DEC 1      7                         2      5        6
  SINCE JAN 1      7                         0      7        6
..................................................................


WIND (MPH)
  HIGHEST WIND SPEED    14   HIGHEST WIND DIRECTION    SE (130)
  HIGHEST GUST SPEED    21   HIGHEST GUST DIRECTION     E (110)
  AVERAGE WIND SPEED     5.1


SKY COVER
  POSSIBLE SUNSHINE  MM
  AVERAGE SKY COVER 0.5


WEATHER CONDITIONS
 THE FOLLOWING WEATHER WAS RECORDED YESTERDAY.
  LIGHT RAIN
  FOG
  FOG W/VISIBILITY <= 1/4 MILE


RELATIVE HUMIDITY (PERCENT)
 HIGHEST   100           300 AM
 LOWEST     36           300 PM
 AVERAGE    68

..........................................................


THE RALEIGH-DURHAM INTL AIRPORT NC CLIMATE NORMALS FOR TODAY
                         NORMAL    RECORD    YEAR
 MAXIMUM TEMPERATURE (F)   56        76      1939
 MINIMUM TEMPERATURE (F)   34        11      1979


SUNRISE AND SUNSET
FEBRUARY 19 2018......SUNRISE   658 AM EST   SUNSET   601 PM EST
FEBRUARY 20 2018......SUNRISE   656 AM EST   SUNSET   602 PM EST


-  INDICATES NEGATIVE NUMBERS.
R  INDICATES RECORD WAS SET OR TIED.
MM INDICATES DATA IS MISSING.
T  INDICATES TRACE AMOUNT.

&&

CLIMATE REPORT
NWS FORECAST OFFICE
NCSU CENTENNIAL CAMPUS RALEIGH NC

MAXIMUM TEMPERATURE... 60

MINIMUM TEMPERATURE... 41

PRECIPITATION... 0.02


$$
