000
CDUS42 KRAH 180743
CLIRDU


CLIMATE REPORT
NATIONAL WEATHER SERVICE RALEIGH NC
341 AM EDT FRI AUG 18 2017


...................................

...THE RALEIGH-DURHAM INTL AIRPORT NC CLIMATE SUMMARY FOR AUGUST 17 2017...

CLIMATE NORMAL PERIOD 1981 TO 2010
CLIMATE RECORD PERIOD 1887 TO 2017


WEATHER ITEM   OBSERVED TIME   RECORD YEAR NORMAL DEPARTURE LAST
                VALUE   (LST)  VALUE       VALUE  FROM      YEAR
                                                  NORMAL
..................................................................
TEMPERATURE (F)
 YESTERDAY
  MAXIMUM         94    148 PM  99    1997  89      5       97
                                      1988
  MINIMUM         75    609 AM  52    1979  69      6       75
  AVERAGE         85                        79      6       86

PRECIPITATION (IN)
  YESTERDAY        0.24          4.12 1955   0.13   0.11     0.00
  MONTH TO DATE    4.47                      2.25   2.22     2.45
  SINCE JUN 1     13.01                     10.50   2.51    16.58
  SINCE JAN 1     34.87                     27.53   7.34    36.19

DEGREE DAYS
 HEATING
  YESTERDAY        0                         0      0        0
  MONTH TO DATE    0                         0      0        0
  SINCE JUN 1      1                         4     -3        0
  SINCE JUL 1      0                         0      0        0

 COOLING
  YESTERDAY       20                        14      6       21
  MONTH TO DATE  248                       243      5      308
  SINCE JUN 1   1107                      1056     51     1202
  SINCE JAN 1   1446                      1265    181     1438
..................................................................


WIND (MPH)
  HIGHEST WIND SPEED    21   HIGHEST WIND DIRECTION    SW (220)
  HIGHEST GUST SPEED    25   HIGHEST GUST DIRECTION    SW (220)
  AVERAGE WIND SPEED     5.0


SKY COVER
  POSSIBLE SUNSHINE  MM
  AVERAGE SKY COVER 0.6


WEATHER CONDITIONS
 THE FOLLOWING WEATHER WAS RECORDED YESTERDAY.
  HEAVY RAIN
  LIGHT RAIN
  FOG


RELATIVE HUMIDITY (PERCENT)
 HIGHEST    94           400 AM
 LOWEST     56           200 PM
 AVERAGE    75

..........................................................


THE RALEIGH-DURHAM INTL AIRPORT NC CLIMATE NORMALS FOR TODAY
                         NORMAL    RECORD    YEAR
 MAXIMUM TEMPERATURE (F)   88       105      1988
 MINIMUM TEMPERATURE (F)   69        53      1981


SUNRISE AND SUNSET
AUGUST 18 2017........SUNRISE   636 AM EDT   SUNSET   801 PM EDT
AUGUST 19 2017........SUNRISE   637 AM EDT   SUNSET   800 PM EDT


-  INDICATES NEGATIVE NUMBERS.
R  INDICATES RECORD WAS SET OR TIED.
MM INDICATES DATA IS MISSING.
T  INDICATES TRACE AMOUNT.



&&

CLIMATE REPORT
NWS FORECAST OFFICE
NCSU CENTENNIAL CAMPUS
RALEIGH NC

MAXIMUM TEMPERATURE...91

MINIMUM TEMPERATURE...74

PRECIPITATION...0.15


$$
