000
CDUS42 KRAH 300042
CLIRDU


CLIMATE REPORT
NATIONAL WEATHER SERVICE RALEIGH NC
841 PM EDT MON AUG 29 2016


...................................

...THE RALEIGH-DURHAM INTL AIRPORT NC CLIMATE SUMMARY FOR AUGUST 29 2016...
VALID AS OF 0830 PM LOCAL TIME.

CLIMATE NORMAL PERIOD 1981 TO 2010
CLIMATE RECORD PERIOD 1887 TO 2016


WEATHER ITEM   OBSERVED TIME   RECORD YEAR NORMAL DEPARTURE LAST
                VALUE   (LST)  VALUE       VALUE  FROM      YEAR
                                                  NORMAL
..................................................................
TEMPERATURE (F)
 TODAY
  MAXIMUM         90    235 PM 100    1948  87      3       86
  MINIMUM         69    513 AM  49    1986  67      2       60
  AVERAGE         80                        77      3       73

PRECIPITATION (IN)
  TODAY            0.00          2.25 1890   0.15  -0.15     0.00
  MONTH TO DATE    3.01                      3.99  -0.98     3.07
  SINCE JUN 1     17.14                     12.24   4.90    14.43
  SINCE JAN 1     36.75                     29.27   7.48    32.27

DEGREE DAYS
 HEATING
  TODAY            0                         0      0        0
  MONTH TO DATE    0                         0      0        0
  SINCE JUN 1      0                         4     -4        0
  SINCE JUL 1      0                         0      0        0

 COOLING
  TODAY           15                        12      3        8
  MONTH TO DATE  505                       396    109      392
  SINCE JUN 1   1399                      1209    190     1301
  SINCE JAN 1   1635                      1418    217     1571
..................................................................


WIND (MPH)
  HIGHEST WIND SPEED    13   HIGHEST WIND DIRECTION    NE (40)
  HIGHEST GUST SPEED    17   HIGHEST GUST DIRECTION    NE (50)
  AVERAGE WIND SPEED     6.3


SKY COVER
  POSSIBLE SUNSHINE  MM
  AVERAGE SKY COVER 0.7


WEATHER CONDITIONS
 THE FOLLOWING WEATHER WAS RECORDED TODAY.
  NO SIGNIFICANT WEATHER WAS OBSERVED.


RELATIVE HUMIDITY (PERCENT)
 HIGHEST    97           500 AM
 LOWEST     38           200 PM
 AVERAGE    68

..........................................................


THE RALEIGH-DURHAM INTL AIRPORT NC CLIMATE NORMALS FOR TOMORROW
                         NORMAL    RECORD    YEAR
 MAXIMUM TEMPERATURE (F)   87       103      1932
 MINIMUM TEMPERATURE (F)   67        46      1965


SUNRISE AND SUNSET
AUGUST 29 2016........SUNRISE   645 AM EDT   SUNSET   746 PM EDT
AUGUST 30 2016........SUNRISE   646 AM EDT   SUNSET   745 PM EDT


-  INDICATES NEGATIVE NUMBERS.
R  INDICATES RECORD WAS SET OR TIED.
MM INDICATES DATA IS MISSING.
T  INDICATES TRACE AMOUNT.

&&

CLIMATE REPORT
NWS FORECAST OFFICE
NCSU CENTENNIAL CAMPUS
RALEIGH NC

MAXIMUM TEMPERATURE... 89

MINIMUM TEMPERATURE... 72

PRECIPITATION... 0.00

$$
