000
CDUS42 KRAH 170637
CLIRDU

CLIMATE REPORT
NATIONAL WEATHER SERVICE RALEIGH NC
135 AM EST TUE JAN 17 2017
...................................

...THE RALEIGH-DURHAM INTL AIRPORT NC CLIMATE SUMMARY FOR JANUARY 16 2017...

CLIMATE NORMAL PERIOD 1981 TO 2010
CLIMATE RECORD PERIOD 1887 TO 2017


WEATHER ITEM   OBSERVED TIME   RECORD YEAR NORMAL DEPARTURE LAST
                VALUE   (LST)  VALUE       VALUE  FROM      YEAR
                                                  NORMAL
..................................................................
TEMPERATURE (F)
 YESTERDAY
  MAXIMUM         51    500 PM  73    1974  51      0       61
                                      1953
                                      1943
  MINIMUM         44    909 AM   3    1994  31     13       42
  AVERAGE         48                        41      7       52

PRECIPITATION (IN)
  YESTERDAY        0.00          1.70 1924   0.12  -0.12     0.00
  MONTH TO DATE    2.81                      1.81   1.00     0.64
  SINCE DEC 1      5.00                      4.88   0.12     6.71
  SINCE JAN 1      2.81                      1.81   1.00     0.64

SNOWFALL (IN)
  YESTERDAY        0.0           3.7  1965   0.1   -0.1      0.0
  MONTH TO DATE    0.5                       1.4   -0.9       T
  SINCE DEC 1      0.5                       2.0   -1.5       T
  SINCE JUL 1      0.5                       2.1   -1.6       T
  SNOW DEPTH       0

DEGREE DAYS
 HEATING
  YESTERDAY       17                        24     -7       13
  MONTH TO DATE  340                       390    -50      375
  SINCE DEC 1    967                      1060    -93      670
  SINCE JUL 1   1422                      1641   -219     1121

 COOLING
  YESTERDAY        0                         0      0        0
  MONTH TO DATE    0                         0      0        0
  SINCE DEC 1      0                         2     -2       27
  SINCE JAN 1      0                         0      0        0
..................................................................


WIND (MPH)
  HIGHEST WIND SPEED    12   HIGHEST WIND DIRECTION     E (80)
  HIGHEST GUST SPEED    17   HIGHEST GUST DIRECTION     E (100)
  AVERAGE WIND SPEED     4.5


SKY COVER
  POSSIBLE SUNSHINE  MM
  AVERAGE SKY COVER 1.0


WEATHER CONDITIONS
 THE FOLLOWING WEATHER WAS RECORDED YESTERDAY.
  NO SIGNIFICANT WEATHER WAS OBSERVED.


RELATIVE HUMIDITY (PERCENT)
 HIGHEST    77          1000 PM
 LOWEST     36          1200 PM
 AVERAGE    57

..........................................................


THE RALEIGH-DURHAM INTL AIRPORT NC CLIMATE NORMALS FOR TODAY
                         NORMAL    RECORD    YEAR
 MAXIMUM TEMPERATURE (F)   51        77      1943
 MINIMUM TEMPERATURE (F)   31        -1      1977


SUNRISE AND SUNSET
JANUARY 17 2017.......SUNRISE   724 AM EST   SUNSET   527 PM EST
JANUARY 18 2017.......SUNRISE   724 AM EST   SUNSET   528 PM EST


-  INDICATES NEGATIVE NUMBERS.
R  INDICATES RECORD WAS SET OR TIED.
MM INDICATES DATA IS MISSING.
T  INDICATES TRACE AMOUNT.


&&

CLIMATE REPORT
NWS FORECAST OFFICE
NCSU CENTENNIAL CAMPUS
RALEIGH NC

MAXIMUM TEMPERATURE...49

MINIMUM TEMPERATURE...43

PRECIPITATION...T

$$
