000
CDUS42 KRAH 022139
CLIRDU


CLIMATE REPORT
NATIONAL WEATHER SERVICE RALEIGH NC
438 PM EST MON MAR 2 2015


...................................

...THE RALEIGH-DURHAM INTL AIRPORT NC CLIMATE SUMMARY FOR MARCH 2 2015...
VALID TODAY AS OF 0438 PM LOCAL TIME.

CLIMATE NORMAL PERIOD 1981 TO 2010
CLIMATE RECORD PERIOD 1887 TO 2015


WEATHER ITEM   OBSERVED TIME   RECORD YEAR NORMAL DEPARTURE LAST
                VALUE   (LST)  VALUE       VALUE  FROM      YEAR
                                                  NORMAL
..................................................................
TEMPERATURE (F)
 TODAY
  MAXIMUM         61    259 PM  82    1976  59      2       71
  MINIMUM         35    237 AM  11    1980  36     -1       34
  AVERAGE         48                        48      0       53

PRECIPITATION (IN)
  TODAY            T             1.82 1994   0.13  -0.13     0.00
  MONTH TO DATE    0.67                      0.26   0.41     0.00
  SINCE MAR 1      0.67                      0.26   0.41     0.00
  SINCE JAN 1      6.93                      6.99  -0.06     4.96

SNOWFALL (IN)
  TODAY            0.0          17.8  1927   0.1   -0.1      0.0
  MONTH TO DATE    0.0                       0.1   -0.1      0.0
  SINCE MAR 1      0.0                       0.1   -0.1      0.0
  SINCE JUL 1      7.9                       5.6    2.3      5.6
  SNOW DEPTH       0

DEGREE DAYS
 HEATING
  TODAY           17                        17      0       12
  MONTH TO DATE   50                        35     15       35
  SINCE MAR 1     50                        35     15       35
  SINCE JUL 1   2947                      2607    340     2736

 COOLING
  TODAY            0                         0      0        0
  MONTH TO DATE    0                         0      0        0
  SINCE MAR 1      0                         0      0        0
  SINCE JAN 1      0                         1     -1        0
..................................................................


WIND (MPH)
  HIGHEST WIND SPEED    13   HIGHEST WIND DIRECTION    NW (320)
  HIGHEST GUST SPEED    21   HIGHEST GUST DIRECTION     W (280)
  AVERAGE WIND SPEED     6.1


SKY COVER
  POSSIBLE SUNSHINE  MM
  AVERAGE SKY COVER 0.9


WEATHER CONDITIONS
 THE FOLLOWING WEATHER WAS RECORDED TODAY.
  LIGHT RAIN
  FOG
  FOG W/VISIBILITY <= 1/4 MILE


RELATIVE HUMIDITY (PERCENT)
 HIGHEST   100           500 AM
 LOWEST     40           200 PM
 AVERAGE    70

..........................................................


THE RALEIGH-DURHAM INTL AIRPORT NC CLIMATE NORMALS FOR TOMORROW
                         NORMAL    RECORD    YEAR
 MAXIMUM TEMPERATURE (F)   59        87      1976
 MINIMUM TEMPERATURE (F)   37        12      1980


SUNRISE AND SUNSET
MARCH  2 2015.........SUNRISE   644 AM EST   SUNSET   611 PM EST
MARCH  3 2015.........SUNRISE   643 AM EST   SUNSET   612 PM EST


-  INDICATES NEGATIVE NUMBERS.
R  INDICATES RECORD WAS SET OR TIED.
MM INDICATES DATA IS MISSING.
T  INDICATES TRACE AMOUNT.


&&

CLIMATE REPORT NWS FORECAST OFFICE
NCSU CENTENNIAL CAMPUS
RALEIGH, NC

MAXIMUM TEMPERATURE...62

MINIMUM TEMPERATURE...35

PRECIPITATION...0.03


$$
