000
CDUS42 KRAH 030824
CLIRDU


CLIMATE REPORT
NATIONAL WEATHER SERVICE RALEIGH NC
422 AM EDT FRI JUL 3 2015


...................................

...THE RALEIGH-DURHAM INTL AIRPORT NC CLIMATE SUMMARY FOR JULY 2 2015...

CLIMATE NORMAL PERIOD 1981 TO 2010
CLIMATE RECORD PERIOD 1887 TO 2015


WEATHER ITEM   OBSERVED TIME   RECORD YEAR NORMAL DEPARTURE LAST
                VALUE   (LST)  VALUE       VALUE  FROM      YEAR
                                                  NORMAL
..................................................................
TEMPERATURE (F)
 YESTERDAY
  MAXIMUM         87    321 PM 101    1954  90     -3       97
  MINIMUM         72   1147 PM  48    1975  69      3       76
  AVERAGE         80                        80      0       87

PRECIPITATION (IN)
  YESTERDAY        0.24          1.81 1946   0.13   0.11     0.00
  MONTH TO DATE    0.24                      0.26  -0.02     0.00
  SINCE JUN 1      6.59                      3.78   2.81     3.31
  SINCE JAN 1     24.43                     20.81   3.62    22.58

DEGREE DAYS
 HEATING
  YESTERDAY        0                         0      0        0
  MONTH TO DATE    0                         0      0        0
  SINCE JUN 1      0                         4     -4        0
  SINCE JUL 1      0                         0      0        0

 COOLING
  YESTERDAY       15                        15      0       22
  MONTH TO DATE   27                        30     -3       41
  SINCE JUN 1    464                       377     87      418
  SINCE JAN 1    734                       586    148      631
..................................................................


WIND (MPH)
  HIGHEST WIND SPEED    18   HIGHEST WIND DIRECTION    SW (240)
  HIGHEST GUST SPEED    22   HIGHEST GUST DIRECTION     W (250)
  AVERAGE WIND SPEED     6.6


SKY COVER
  POSSIBLE SUNSHINE  MM
  AVERAGE SKY COVER 0.9


WEATHER CONDITIONS
 THE FOLLOWING WEATHER WAS RECORDED YESTERDAY.
  RAIN
  LIGHT RAIN
  FOG
  HAZE


RELATIVE HUMIDITY (PERCENT)
 HIGHEST    93           900 PM
 LOWEST     57           200 PM
 AVERAGE    75

..........................................................


THE RALEIGH-DURHAM INTL AIRPORT NC CLIMATE NORMALS FOR TODAY
                         NORMAL    RECORD    YEAR
 MAXIMUM TEMPERATURE (F)   90       101      2012
 MINIMUM TEMPERATURE (F)   69        56      1957


SUNRISE AND SUNSET
JULY  3 2015..........SUNRISE   603 AM EDT   SUNSET   835 PM EDT
JULY  4 2015..........SUNRISE   604 AM EDT   SUNSET   835 PM EDT


-  INDICATES NEGATIVE NUMBERS.
R  INDICATES RECORD WAS SET OR TIED.
MM INDICATES DATA IS MISSING.
T  INDICATES TRACE AMOUNT.


&&

CLIMATE REPORT NWS FORECAST OFFICE
NCSU CENTENNIAL CAMPUS
RALEIGH, NC

MAXIMUM TEMPERATURE... 86

MINIMUM TEMPERATURE... 72

PRECIPITATION... 0.33

$$
