068
CDUS42 KRAH 220626
CLIRDU


CLIMATE REPORT
NATIONAL WEATHER SERVICE RALEIGH NC
224 AM EDT FRI MAY 22 2015


...................................

...THE RALEIGH-DURHAM INTL AIRPORT NC CLIMATE SUMMARY FOR MAY 21 2015...

CLIMATE NORMAL PERIOD 1981 TO 2010
CLIMATE RECORD PERIOD 1887 TO 2015


WEATHER ITEM   OBSERVED TIME   RECORD YEAR NORMAL DEPARTURE LAST
                VALUE   (LST)  VALUE       VALUE  FROM      YEAR
                                                  NORMAL
..................................................................
TEMPERATURE (F)
 YESTERDAY
  MAXIMUM         71   1117 AM  96    1941  81    -10       87
  MINIMUM         57   1159 PM  44    1994  58     -1       60
                                      1968
  AVERAGE         64                        69     -5       74

PRECIPITATION (IN)
  YESTERDAY        0.24          2.60 1931   0.11   0.13     0.00
  MONTH TO DATE    2.59                      2.09   0.50     3.63
  SINCE MAR 1     11.13                      9.12   2.01    13.92
  SINCE JAN 1     17.39                     15.85   1.54    18.88

DEGREE DAYS
 HEATING
  YESTERDAY        1                         1      0        0
  MONTH TO DATE   18                        45    -27       27
  SINCE MAR 1    585                       662    -77      777
  SINCE JUL 1   3482                      3234    248     3478

 COOLING
  YESTERDAY        0                         5     -5        9
  MONTH TO DATE  128                        81     47      107
  SINCE MAR 1    184                       141     43      138
  SINCE JAN 1    184                       142     42      138
..................................................................


WIND (MPH)
  HIGHEST WIND SPEED    17   HIGHEST WIND DIRECTION    SE (120)
  HIGHEST GUST SPEED    22   HIGHEST GUST DIRECTION     E (110)
  AVERAGE WIND SPEED     6.4


SKY COVER
  POSSIBLE SUNSHINE  MM
  AVERAGE SKY COVER 0.8


WEATHER CONDITIONS
 THE FOLLOWING WEATHER WAS RECORDED YESTERDAY.
  THUNDERSTORM
  HEAVY RAIN
  LIGHT RAIN
  FOG


RELATIVE HUMIDITY (PERCENT)
 HIGHEST    93           300 PM
 LOWEST     73          1200 AM
 AVERAGE    83

..........................................................


THE RALEIGH-DURHAM INTL AIRPORT NC CLIMATE NORMALS FOR TODAY
                         NORMAL    RECORD    YEAR
 MAXIMUM TEMPERATURE (F)   81        97      1941
 MINIMUM TEMPERATURE (F)   58        40      1968


SUNRISE AND SUNSET
MAY 22 2015...........SUNRISE   605 AM EDT   SUNSET   819 PM EDT
MAY 23 2015...........SUNRISE   604 AM EDT   SUNSET   820 PM EDT


-  INDICATES NEGATIVE NUMBERS.
R  INDICATES RECORD WAS SET OR TIED.
MM INDICATES DATA IS MISSING.
T  INDICATES TRACE AMOUNT.


&&

CLIMATE REPORT NWS FORECAST OFFICE
NCSU CENTENNIAL CAMPUS
RALEIGH, NC

MAXIMUM TEMPERATURE...74

MINIMUM TEMPERATURE...57

PRECIPITATION...0.01

$$
