000
CDUS46 KBOI 100932
CLIREO


CLIMATE REPORT
NATIONAL WEATHER SERVICE BOISE ID
232 AM MST SUN DEC 10 2017


...................................

...THE ROME OR CLIMATE SUMMARY FOR DECEMBER 9 2017...

CLIMATE NORMAL PERIOD 1981 TO 2010
CLIMATE RECORD PERIOD 9999 TO 9999


WEATHER ITEM   OBSERVED TIME   NORMAL DEPARTURE LAST
                VALUE   (LST)  VALUE  FROM      YEAR
                                      NORMAL
......................................................
TEMPERATURE (F)
 YESTERDAY
  MAXIMUM         24    233 PM  39    -15       50
  MINIMUM         17    211 AM  18     -1       21
  AVERAGE         21            29     -8       36

PRECIPITATION (IN)
  YESTERDAY        0.00          0.02  -0.02     0.12
  MONTH TO DATE    0.31          0.22   0.09     0.25
  SINCE OCT 1      1.69          1.59   0.10     0.91
  SINCE JAN 1      8.81          8.32   0.49     5.22

DEGREE DAYS
 HEATING
  YESTERDAY       44            36      8       29
  MONTH TO DATE  365           318     47      335
  SINCE DEC 1    365           318     47      335
  SINCE JUL 1   1787          1931   -144     1570

 COOLING
  YESTERDAY        0             0      0        0
  MONTH TO DATE    0             0      0        0
  SINCE DEC 1      0             0      0        0
  SINCE JAN 1   1037           507    530      697
......................................................


WIND (MPH)
  RESULTANT WIND SPEED   2   RESULTANT WIND DIRECTION  NE (50)
  HIGHEST WIND SPEED     8   HIGHEST WIND DIRECTION    NE (30)
  HIGHEST GUST SPEED    10   HIGHEST GUST DIRECTION    NE (30)
  AVERAGE WIND SPEED     2.8


SKY COVER
  AVERAGE SKY COVER 0.0


WEATHER CONDITIONS
 THE FOLLOWING WEATHER WAS RECORDED YESTERDAY.
  NO SIGNIFICANT WEATHER WAS OBSERVED.


RELATIVE HUMIDITY (PERCENT)
 HIGHEST    92          1200 AM
 LOWEST     80           100 AM
 AVERAGE    86

..........................................................


THE ROME OR CLIMATE NORMALS FOR TODAY
                         NORMAL    RECORD    YEAR
 MAXIMUM TEMPERATURE (F)   39        MM        MM
 MINIMUM TEMPERATURE (F)   18        MM        MM


SUNRISE AND SUNSET
DECEMBER 10 2017......SUNRISE   711 AM PST   SUNSET   418 PM PST
DECEMBER 11 2017......SUNRISE   712 AM PST   SUNSET   418 PM PST


-  INDICATES NEGATIVE NUMBERS.
R  INDICATES RECORD WAS SET OR TIED.
MM INDICATES DATA IS MISSING.
T  INDICATES TRACE AMOUNT.




$$
