000
CDUS46 KBOI 210932
CLIREO


CLIMATE REPORT
NATIONAL WEATHER SERVICE BOISE ID
231 AM MST SUN DEC 21 2014


...................................

...THE ROME OR CLIMATE SUMMARY FOR DECEMBER 20 2014...

CLIMATE NORMAL PERIOD 1981 TO 2010
CLIMATE RECORD PERIOD 9999 TO 9999


WEATHER ITEM   OBSERVED TIME   NORMAL DEPARTURE LAST
                VALUE   (LST)  VALUE  FROM      YEAR
                                      NORMAL
......................................................
TEMPERATURE (F)
 YESTERDAY
  MAXIMUM         49   1159 PM  38     11       42
  MINIMUM         36   1203 AM  18     18        5
  AVERAGE         43            28     15       24

PRECIPITATION (IN)
  YESTERDAY        0.20          0.03   0.17     0.01
  MONTH TO DATE    0.48          0.56  -0.08     0.15
  SINCE OCT 1      1.76          1.93  -0.17     0.19
  SINCE JAN 1      5.16          8.66  -3.50     5.29

DEGREE DAYS
 HEATING
  YESTERDAY       22            37    -15       41
  MONTH TO DATE  527           724   -197      859
  SINCE DEC 1    527           724   -197      859
  SINCE JUL 1   1765          2337   -572     2377

 COOLING
  YESTERDAY        0             0      0        0
  MONTH TO DATE    0             0      0        0
  SINCE DEC 1      0             0      0        0
  SINCE JAN 1    690           507    183      878
......................................................


WIND (MPH)
  RESULTANT WIND SPEED  14   RESULTANT WIND DIRECTION   S (180)
  HIGHEST WIND SPEED    26   HIGHEST WIND DIRECTION     S (200)
  HIGHEST GUST SPEED    34   HIGHEST GUST DIRECTION     S (200)
  AVERAGE WIND SPEED    15.1


SKY COVER
  AVERAGE SKY COVER 0.0


WEATHER CONDITIONS
 THE FOLLOWING WEATHER WAS RECORDED YESTERDAY.
  NO SIGNIFICANT WEATHER WAS OBSERVED.


RELATIVE HUMIDITY (PERCENT)
 HIGHEST    85           500 AM
 LOWEST     61          1000 PM
 AVERAGE    73

..........................................................


THE ROME OR CLIMATE NORMALS FOR TODAY
                         NORMAL    RECORD    YEAR
 MAXIMUM TEMPERATURE (F)   37        MM        MM
 MINIMUM TEMPERATURE (F)   18        MM        MM


SUNRISE AND SUNSET
DECEMBER 21 2014......SUNRISE   718 AM PST   SUNSET   421 PM PST
DECEMBER 22 2014......SUNRISE   719 AM PST   SUNSET   422 PM PST


-  INDICATES NEGATIVE NUMBERS.
R  INDICATES RECORD WAS SET OR TIED.
MM INDICATES DATA IS MISSING.
T  INDICATES TRACE AMOUNT.




$$
