000
CDUS46 KBOI 010932
CLIREO


CLIMATE REPORT
NATIONAL WEATHER SERVICE BOISE ID
331 AM MDT MON SEP 1 2014


...................................

...THE ROME OR CLIMATE SUMMARY FOR AUGUST 31 2014...

CLIMATE NORMAL PERIOD 1981 TO 2010
CLIMATE RECORD PERIOD 9999 TO 9999


WEATHER ITEM   OBSERVED TIME   NORMAL DEPARTURE LAST
                VALUE   (LST)  VALUE  FROM      YEAR
                                      NORMAL
......................................................
TEMPERATURE (F)
 YESTERDAY
  MAXIMUM         79    444 PM  86     -7       95
  MINIMUM         47    502 AM  47      0       49
  AVERAGE         63            66     -3       72

PRECIPITATION (IN)
  YESTERDAY        0.00          0.01  -0.01     0.00
  MONTH TO DATE    0.11          0.36  -0.25     0.16
  SINCE OCT 1      2.49          8.52  -6.03     4.69
  SINCE JAN 1      2.30          6.33  -4.03     3.23

DEGREE DAYS
 HEATING
  YESTERDAY        2             2      0        0
  MONTH TO DATE   10            28    -18        0
  SINCE JUN 1     69           166    -97       94
  SINCE JUL 1     10            41    -31        0

 COOLING
  YESTERDAY        0             4     -4        7
  MONTH TO DATE  207           179     28      262
  SINCE JUN 1    615           456    159      778
  SINCE JAN 1    626           466    160      800
......................................................


WIND (MPH)
  RESULTANT WIND SPEED   3   RESULTANT WIND DIRECTION   E (80)
  HIGHEST WIND SPEED    17   HIGHEST WIND DIRECTION    SW (230)
  HIGHEST GUST SPEED    26   HIGHEST GUST DIRECTION     W (290)
  AVERAGE WIND SPEED     7.4


SKY COVER
  AVERAGE SKY COVER 0.0


WEATHER CONDITIONS
 THE FOLLOWING WEATHER WAS RECORDED YESTERDAY.
  NO SIGNIFICANT WEATHER WAS OBSERVED.


RELATIVE HUMIDITY (PERCENT)
 HIGHEST    80           200 AM
 LOWEST     15           300 PM
 AVERAGE    48

..........................................................


THE ROME OR CLIMATE NORMALS FOR TODAY
                         NORMAL    RECORD    YEAR
 MAXIMUM TEMPERATURE (F)   86        MM        MM
 MINIMUM TEMPERATURE (F)   46        MM        MM


SUNRISE AND SUNSET
SEPTEMBER  1 2014.....SUNRISE   616 AM PDT   SUNSET   726 PM PDT
SEPTEMBER  2 2014.....SUNRISE   617 AM PDT   SUNSET   724 PM PDT


-  INDICATES NEGATIVE NUMBERS.
R  INDICATES RECORD WAS SET OR TIED.
MM INDICATES DATA IS MISSING.
T  INDICATES TRACE AMOUNT.




$$
