000
CDUS46 KBOI 010933
CLIREO


CLIMATE REPORT
NATIONAL WEATHER SERVICE BOISE ID
233 AM MST SUN MAR 1 2015


...................................

...THE ROME OR CLIMATE SUMMARY FOR FEBRUARY 28 2015...

CLIMATE NORMAL PERIOD 1981 TO 2010
CLIMATE RECORD PERIOD 9999 TO 9999


WEATHER ITEM   OBSERVED TIME   NORMAL DEPARTURE LAST
                VALUE   (LST)  VALUE  FROM      YEAR
                                      NORMAL
......................................................
TEMPERATURE (F)
 YESTERDAY
  MAXIMUM         42    134 PM  49     -7       51
  MINIMUM         28   1159 PM  24      4       25
  AVERAGE         35            36     -1       38

PRECIPITATION (IN)
  YESTERDAY        0.00          0.03  -0.03     0.00
  MONTH TO DATE    0.45          0.76  -0.31     0.62
  SINCE OCT 1      2.62          3.60  -0.98     0.94
  SINCE JAN 1      0.62          1.41  -0.79     0.75

DEGREE DAYS
 HEATING
  YESTERDAY       30            28      2       27
  MONTH TO DATE  655           883   -228      732
  SINCE DEC 1   2569          3121   -552     2904
  SINCE JUL 1   3807          4734   -927     4422

 COOLING
  YESTERDAY        0             0      0        0
  MONTH TO DATE    0             0      0        0
  SINCE DEC 1      0             0      0        0
  SINCE JAN 1      0             0      0        0
......................................................


WIND (MPH)
  RESULTANT WIND SPEED   6   RESULTANT WIND DIRECTION   N (0)
  HIGHEST WIND SPEED    22   HIGHEST WIND DIRECTION     N (350)
  HIGHEST GUST SPEED    26   HIGHEST GUST DIRECTION     N (350)
  AVERAGE WIND SPEED     7.7


SKY COVER
  AVERAGE SKY COVER 0.0


WEATHER CONDITIONS
 THE FOLLOWING WEATHER WAS RECORDED YESTERDAY.
  NO SIGNIFICANT WEATHER WAS OBSERVED.


RELATIVE HUMIDITY (PERCENT)
 HIGHEST    92          1200 AM
 LOWEST     64           100 PM
 AVERAGE    78

..........................................................


THE ROME OR CLIMATE NORMALS FOR TODAY
                         NORMAL    RECORD    YEAR
 MAXIMUM TEMPERATURE (F)   50        MM        MM
 MINIMUM TEMPERATURE (F)   24        MM        MM


SUNRISE AND SUNSET
MARCH  1 2015.........SUNRISE   627 AM PST   SUNSET   541 PM PST
MARCH  2 2015.........SUNRISE   626 AM PST   SUNSET   542 PM PST


-  INDICATES NEGATIVE NUMBERS.
R  INDICATES RECORD WAS SET OR TIED.
MM INDICATES DATA IS MISSING.
T  INDICATES TRACE AMOUNT.




$$
